Oct 12 12:12:54.711306 dv-cinder-813612-1-smb devstack@c-api.service[101084]: INFO cinder.api.openstack.wsgi [req-acf80e6f-3cd6-4d3f-88ee-fbb170e8fe24 req-21603dd0-a949-4a51-ab96-6ffd729d2fdc tempest-DeleteServersTestJSON-1790947960 tempest-DeleteServersTestJSON-1790947960-project] http://10.222.0.50/volume/v3/81f7862ca6a74a809825796791fa4d12/attachments/2cd14e20-78a9-48aa-8824-dcd3a0f79f24/action returned with HTTP 204
Oct 12 12:12:54.712959 dv-cinder-813612-1-smb devstack@c-api.service[101084]: [pid: 101084|app: 0|req: 89/188] 10.222.0.53 () {64 vars in 1498 bytes} [Tue Oct 12 12:12:54 2021] POST /volume/v3/81f7862ca6a74a809825796791fa4d12/attachments/2cd14e20-78a9-48aa-8824-dcd3a0f79f24/action => generated 0 bytes in 86 msecs (HTTP/1.1 204) 7 headers in 292 bytes (2 switches on core 0)
Oct 12 12:12:54.727407 dv-cinder-813612-1-smb devstack@c-api.service[101083]: DEBUG cinder.quota [None req-6f3fa5bf-8a4c-43d0-93e3-d49dd84f3b3d tempest-SnapshotsActionsTest-280567765 tempest-SnapshotsActionsTest-280567765-project] Created reservations ['02ea527a-56bf-4c09-8c0d-e054f15fa9ec', '33d5484e-7077-499c-9c0b-f10bf19b9c2d', 'dd49519b-9e6c-43ba-89d9-92e5caa963dc', '1113ea2b-9924-420c-b37d-86ae3fe1f0c0'] {{(pid=101083) reserve /opt/stack/cinder/cinder/quota.py:755}}
Oct 12 12:12:54.900248 dv-cinder-813612-1-smb devstack@c-api.service[101083]: INFO cinder.volume.api [None req-6f3fa5bf-8a4c-43d0-93e3-d49dd84f3b3d tempest-SnapshotsActionsTest-280567765 tempest-SnapshotsActionsTest-280567765-project] Snapshot create request issued successfully.
Oct 12 12:12:54.901653 dv-cinder-813612-1-smb devstack@c-api.service[101083]: INFO cinder.api.openstack.wsgi [None req-6f3fa5bf-8a4c-43d0-93e3-d49dd84f3b3d tempest-SnapshotsActionsTest-280567765 tempest-SnapshotsActionsTest-280567765-project] http://10.222.0.50/volume/v3/94434b7c1ad14d2f9d66f7b0e56fd4bf/snapshots returned with HTTP 202
Oct 12 12:12:54.902699 dv-cinder-813612-1-smb devstack@c-api.service[101083]: [pid: 101083|app: 0|req: 100/189] 10.222.0.50 () {60 vars in 1241 bytes} [Tue Oct 12 12:12:54 2021] POST /volume/v3/94434b7c1ad14d2f9d66f7b0e56fd4bf/snapshots => generated 307 bytes in 392 msecs (HTTP/1.1 202) 7 headers in 291 bytes (2 switches on core 0)
Oct 12 12:12:54.920629 dv-cinder-813612-1-smb devstack@c-api.service[101084]: INFO cinder.api.openstack.wsgi [None req-b9f7c6d8-754b-4dcd-a259-c2ae386fe3b3 tempest-SnapshotsActionsTest-280567765 tempest-SnapshotsActionsTest-280567765-project] GET http://10.222.0.50/volume/v3/94434b7c1ad14d2f9d66f7b0e56fd4bf/snapshots/07a381fe-871d-4480-b723-401593442014
Oct 12 12:12:54.921203 dv-cinder-813612-1-smb devstack@c-api.service[101084]: DEBUG cinder.api.openstack.wsgi [None req-b9f7c6d8-754b-4dcd-a259-c2ae386fe3b3 tempest-SnapshotsActionsTest-280567765 tempest-SnapshotsActionsTest-280567765-project] Empty body provided in request {{(pid=101084) get_body /opt/stack/cinder/cinder/api/openstack/wsgi.py:703}}
Oct 12 12:12:54.921982 dv-cinder-813612-1-smb devstack@c-api.service[101084]: /usr/local/lib/python3.8/dist-packages/webob/acceptparse.py:1047: DeprecationWarning: The behavior of AcceptValidHeader.best_match is currently being maintained for backward compatibility, but it will be deprecated in the future, as it does not conform to the RFC.
Oct 12 12:12:54.921982 dv-cinder-813612-1-smb devstack@c-api.service[101084]: warnings.warn(
Oct 12 12:12:54.922376 dv-cinder-813612-1-smb devstack@c-api.service[101084]: DEBUG cinder.api.openstack.wsgi [None req-b9f7c6d8-754b-4dcd-a259-c2ae386fe3b3 tempest-SnapshotsActionsTest-280567765 tempest-SnapshotsActionsTest-280567765-project] Calling method 'show' {{(pid=101084) _process_stack /opt/stack/cinder/cinder/api/openstack/wsgi.py:856}}
Oct 12 12:12:54.939275 dv-cinder-813612-1-smb devstack@c-api.service[101084]: /usr/local/lib/python3.8/dist-packages/oslo_context/context.py:105: DeprecationWarning: Policy enforcement is depending on the value of is_admin. This key is deprecated. Please update your policy file to use the standard policy values.
Oct 12 12:12:54.939275 dv-cinder-813612-1-smb devstack@c-api.service[101084]: warnings.warn('Policy enforcement is depending on the value of '
Oct 12 12:12:54.942079 dv-cinder-813612-1-smb devstack@c-api.service[101084]: INFO cinder.volume.api [None req-b9f7c6d8-754b-4dcd-a259-c2ae386fe3b3 tempest-SnapshotsActionsTest-280567765 tempest-SnapshotsActionsTest-280567765-project] Snapshot retrieved successfully.
Oct 12 12:12:54.945978 dv-cinder-813612-1-smb devstack@c-api.service[101084]: INFO cinder.api.openstack.wsgi [None req-b9f7c6d8-754b-4dcd-a259-c2ae386fe3b3 tempest-SnapshotsActionsTest-280567765 tempest-SnapshotsActionsTest-280567765-project] http://10.222.0.50/volume/v3/94434b7c1ad14d2f9d66f7b0e56fd4bf/snapshots/07a381fe-871d-4480-b723-401593442014 returned with HTTP 200
Oct 12 12:12:54.947005 dv-cinder-813612-1-smb devstack@c-api.service[101084]: [pid: 101084|app: 0|req: 90/190] 10.222.0.50 () {58 vars in 1330 bytes} [Tue Oct 12 12:12:54 2021] GET /volume/v3/94434b7c1ad14d2f9d66f7b0e56fd4bf/snapshots/07a381fe-871d-4480-b723-401593442014 => generated 439 bytes in 36 msecs (HTTP/1.1 200) 7 headers in 285 bytes (1 switches on core 0)
Oct 12 12:12:55.095039 dv-cinder-813612-1-smb devstack@c-api.service[101083]: INFO cinder.api.openstack.wsgi [None req-60666ee1-40dd-4382-80f7-97c6a90d54ee tempest-DeleteServersTestJSON-1790947960 tempest-DeleteServersTestJSON-1790947960-project] GET http://10.222.0.50/volume/v3/81f7862ca6a74a809825796791fa4d12/volumes/27d39650-a631-4eab-aa88-8b95fc41d688
Oct 12 12:12:55.095904 dv-cinder-813612-1-smb devstack@c-api.service[101083]: DEBUG cinder.api.openstack.wsgi [None req-60666ee1-40dd-4382-80f7-97c6a90d54ee tempest-DeleteServersTestJSON-1790947960 tempest-DeleteServersTestJSON-1790947960-project] Empty body provided in request {{(pid=101083) get_body /opt/stack/cinder/cinder/api/openstack/wsgi.py:703}}
Oct 12 12:12:55.096244 dv-cinder-813612-1-smb devstack@c-api.service[101083]: /usr/local/lib/python3.8/dist-packages/webob/acceptparse.py:1047: DeprecationWarning: The behavior of AcceptValidHeader.best_match is currently being maintained for backward compatibility, but it will be deprecated in the future, as it does not conform to the RFC.
Oct 12 12:12:55.096244 dv-cinder-813612-1-smb devstack@c-api.service[101083]: warnings.warn(
Oct 12 12:12:55.096873 dv-cinder-813612-1-smb devstack@c-api.service[101083]: DEBUG cinder.api.openstack.wsgi [None req-60666ee1-40dd-4382-80f7-97c6a90d54ee tempest-DeleteServersTestJSON-1790947960 tempest-DeleteServersTestJSON-1790947960-project] Calling method 'show' {{(pid=101083) _process_stack /opt/stack/cinder/cinder/api/openstack/wsgi.py:856}}
Oct 12 12:12:55.141898 dv-cinder-813612-1-smb devstack@c-api.service[101083]: /usr/local/lib/python3.8/dist-packages/oslo_context/context.py:105: DeprecationWarning: Policy enforcement is depending on the value of is_admin. This key is deprecated. Please update your policy file to use the standard policy values.
Oct 12 12:12:55.141898 dv-cinder-813612-1-smb devstack@c-api.service[101083]: warnings.warn('Policy enforcement is depending on the value of '
Oct 12 12:12:55.161868 dv-cinder-813612-1-smb devstack@c-api.service[101083]: INFO cinder.volume.api [None req-60666ee1-40dd-4382-80f7-97c6a90d54ee tempest-DeleteServersTestJSON-1790947960 tempest-DeleteServersTestJSON-1790947960-project] Volume info retrieved successfully.
Oct 12 12:12:55.182971 dv-cinder-813612-1-smb devstack@c-api.service[101083]: INFO cinder.api.openstack.wsgi [None req-60666ee1-40dd-4382-80f7-97c6a90d54ee tempest-DeleteServersTestJSON-1790947960 tempest-DeleteServersTestJSON-1790947960-project] http://10.222.0.50/volume/v3/81f7862ca6a74a809825796791fa4d12/volumes/27d39650-a631-4eab-aa88-8b95fc41d688 returned with HTTP 200
Oct 12 12:12:55.187861 dv-cinder-813612-1-smb devstack@c-api.service[101083]: [pid: 101083|app: 0|req: 101/191] 10.222.0.50 () {58 vars in 1324 bytes} [Tue Oct 12 12:12:55 2021] GET /volume/v3/81f7862ca6a74a809825796791fa4d12/volumes/27d39650-a631-4eab-aa88-8b95fc41d688 => generated 1206 bytes in 98 msecs (HTTP/1.1 200) 7 headers in 286 bytes (1 switches on core 0)
Oct 12 12:12:55.217502 dv-cinder-813612-1-smb devstack@c-api.service[101084]: INFO cinder.api.openstack.wsgi [None req-87bdb53f-4be8-4276-a8e4-8221d7e6faab tempest-DeleteServersTestJSON-1790947960 tempest-DeleteServersTestJSON-1790947960-project] GET http://10.222.0.50/volume/v3/81f7862ca6a74a809825796791fa4d12/volumes/27d39650-a631-4eab-aa88-8b95fc41d688
Oct 12 12:12:55.218044 dv-cinder-813612-1-smb devstack@c-api.service[101084]: DEBUG cinder.api.openstack.wsgi [None req-87bdb53f-4be8-4276-a8e4-8221d7e6faab tempest-DeleteServersTestJSON-1790947960 tempest-DeleteServersTestJSON-1790947960-project] Empty body provided in request {{(pid=101084) get_body /opt/stack/cinder/cinder/api/openstack/wsgi.py:703}}
Oct 12 12:12:55.220403 dv-cinder-813612-1-smb devstack@c-api.service[101084]: /usr/local/lib/python3.8/dist-packages/webob/acceptparse.py:1047: DeprecationWarning: The behavior of AcceptValidHeader.best_match is currently being maintained for backward compatibility, but it will be deprecated in the future, as it does not conform to the RFC.
Oct 12 12:12:55.220403 dv-cinder-813612-1-smb devstack@c-api.service[101084]: warnings.warn(
Oct 12 12:12:55.220756 dv-cinder-813612-1-smb devstack@c-api.service[101084]: DEBUG cinder.api.openstack.wsgi [None req-87bdb53f-4be8-4276-a8e4-8221d7e6faab tempest-DeleteServersTestJSON-1790947960 tempest-DeleteServersTestJSON-1790947960-project] Calling method 'show' {{(pid=101084) _process_stack /opt/stack/cinder/cinder/api/openstack/wsgi.py:856}}
Oct 12 12:12:55.282626 dv-cinder-813612-1-smb devstack@c-api.service[101084]: /usr/local/lib/python3.8/dist-packages/oslo_context/context.py:105: DeprecationWarning: Policy enforcement is depending on the value of is_admin. This key is deprecated. Please update your policy file to use the standard policy values.
Oct 12 12:12:55.282626 dv-cinder-813612-1-smb devstack@c-api.service[101084]: warnings.warn('Policy enforcement is depending on the value of '
Oct 12 12:12:55.320050 dv-cinder-813612-1-smb devstack@c-api.service[101084]: INFO cinder.volume.api [None req-87bdb53f-4be8-4276-a8e4-8221d7e6faab tempest-DeleteServersTestJSON-1790947960 tempest-DeleteServersTestJSON-1790947960-project] Volume info retrieved successfully.
Oct 12 12:12:55.365659 dv-cinder-813612-1-smb devstack@c-api.service[101084]: INFO cinder.api.openstack.wsgi [None req-87bdb53f-4be8-4276-a8e4-8221d7e6faab tempest-DeleteServersTestJSON-1790947960 tempest-DeleteServersTestJSON-1790947960-project] http://10.222.0.50/volume/v3/81f7862ca6a74a809825796791fa4d12/volumes/27d39650-a631-4eab-aa88-8b95fc41d688 returned with HTTP 200
Oct 12 12:12:55.377630 dv-cinder-813612-1-smb devstack@c-api.service[101084]: [pid: 101084|app: 0|req: 91/192] 10.222.0.50 () {58 vars in 1324 bytes} [Tue Oct 12 12:12:55 2021] GET /volume/v3/81f7862ca6a74a809825796791fa4d12/volumes/27d39650-a631-4eab-aa88-8b95fc41d688 => generated 1206 bytes in 170 msecs (HTTP/1.1 200) 7 headers in 286 bytes (1 switches on core 0)
Oct 12 12:12:55.776733 dv-cinder-813612-1-smb devstack@c-api.service[101083]: INFO cinder.api.openstack.wsgi [None req-9abe7cac-6901-4fd9-bb00-ed1671ce8dc0 tempest-VolumesListAdminTestJSON-1770384256 tempest-VolumesListAdminTestJSON-1770384256-project] GET http://10.222.0.50/volume/v3/da245ccfd0254bdf9ffd327959e3fab2/volumes
Oct 12 12:12:55.777759 dv-cinder-813612-1-smb devstack@c-api.service[101083]: DEBUG cinder.api.openstack.wsgi [None req-9abe7cac-6901-4fd9-bb00-ed1671ce8dc0 tempest-VolumesListAdminTestJSON-1770384256 tempest-VolumesListAdminTestJSON-1770384256-project] Empty body provided in request {{(pid=101083) get_body /opt/stack/cinder/cinder/api/openstack/wsgi.py:703}}
Oct 12 12:12:55.778063 dv-cinder-813612-1-smb devstack@c-api.service[101083]: /usr/local/lib/python3.8/dist-packages/webob/acceptparse.py:1047: DeprecationWarning: The behavior of AcceptValidHeader.best_match is currently being maintained for backward compatibility, but it will be deprecated in the future, as it does not conform to the RFC.
Oct 12 12:12:55.778063 dv-cinder-813612-1-smb devstack@c-api.service[101083]: warnings.warn(
Oct 12 12:12:55.778564 dv-cinder-813612-1-smb devstack@c-api.service[101083]: DEBUG cinder.api.openstack.wsgi [None req-9abe7cac-6901-4fd9-bb00-ed1671ce8dc0 tempest-VolumesListAdminTestJSON-1770384256 tempest-VolumesListAdminTestJSON-1770384256-project] Calling method 'index' {{(pid=101083) _process_stack /opt/stack/cinder/cinder/api/openstack/wsgi.py:856}}
Oct 12 12:12:55.779794 dv-cinder-813612-1-smb devstack@c-api.service[101083]: DEBUG cinder.api.api_utils [None req-9abe7cac-6901-4fd9-bb00-ed1671ce8dc0 tempest-VolumesListAdminTestJSON-1770384256 tempest-VolumesListAdminTestJSON-1770384256-project] Removing options '' from query. {{(pid=101083) remove_invalid_filter_options /opt/stack/cinder/cinder/api/api_utils.py:73}}
Oct 12 12:12:55.781847 dv-cinder-813612-1-smb devstack@c-api.service[101083]: DEBUG cinder.volume.api [None req-9abe7cac-6901-4fd9-bb00-ed1671ce8dc0 tempest-VolumesListAdminTestJSON-1770384256 tempest-VolumesListAdminTestJSON-1770384256-project] Searching by: MultiDict([('no_migration_targets', True)]). {{(pid=101083) get_all /opt/stack/cinder/cinder/volume/api.py:619}}
Oct 12 12:12:55.909155 dv-cinder-813612-1-smb devstack@c-api.service[101083]: INFO cinder.volume.api [None req-9abe7cac-6901-4fd9-bb00-ed1671ce8dc0 tempest-VolumesListAdminTestJSON-1770384256 tempest-VolumesListAdminTestJSON-1770384256-project] Get all volumes completed successfully.
Oct 12 12:12:55.911415 dv-cinder-813612-1-smb devstack@c-api.service[101083]: INFO cinder.api.openstack.wsgi [None req-9abe7cac-6901-4fd9-bb00-ed1671ce8dc0 tempest-VolumesListAdminTestJSON-1770384256 tempest-VolumesListAdminTestJSON-1770384256-project] http://10.222.0.50/volume/v3/da245ccfd0254bdf9ffd327959e3fab2/volumes returned with HTTP 200
Oct 12 12:12:55.914371 dv-cinder-813612-1-smb devstack@c-api.service[101083]: [pid: 101083|app: 0|req: 102/193] 10.222.0.50 () {58 vars in 1213 bytes} [Tue Oct 12 12:12:55 2021] GET /volume/v3/da245ccfd0254bdf9ffd327959e3fab2/volumes => generated 15 bytes in 610 msecs (HTTP/1.1 200) 7 headers in 284 bytes (1 switches on core 0)
Oct 12 12:12:55.923484 dv-cinder-813612-1-smb devstack@c-api.service[101084]: INFO cinder.api.openstack.wsgi [None req-6f6ce0ea-00d7-44d9-a57d-1e6fed5648b3 tempest-VolumesListAdminTestJSON-1770384256 tempest-VolumesListAdminTestJSON-1770384256-project] POST http://10.222.0.50/volume/v3/da245ccfd0254bdf9ffd327959e3fab2/volumes
Oct 12 12:12:55.924967 dv-cinder-813612-1-smb devstack@c-api.service[101084]: /usr/local/lib/python3.8/dist-packages/webob/acceptparse.py:1047: DeprecationWarning: The behavior of AcceptValidHeader.best_match is currently being maintained for backward compatibility, but it will be deprecated in the future, as it does not conform to the RFC.
Oct 12 12:12:55.924967 dv-cinder-813612-1-smb devstack@c-api.service[101084]: warnings.warn(
Oct 12 12:12:55.925518 dv-cinder-813612-1-smb devstack@c-api.service[101084]: DEBUG cinder.api.openstack.wsgi [None req-6f6ce0ea-00d7-44d9-a57d-1e6fed5648b3 tempest-VolumesListAdminTestJSON-1770384256 tempest-VolumesListAdminTestJSON-1770384256-project] Action: 'create', calling method: create, body: {"volume": {"size": 1, "name": "tempest-VolumesListAdminTestJSON-Volume-1247627767"}} {{(pid=101084) _process_stack /opt/stack/cinder/cinder/api/openstack/wsgi.py:854}}
Oct 12 12:12:55.926822 dv-cinder-813612-1-smb devstack@c-api.service[101084]: DEBUG cinder.api.v3.volumes [None req-6f6ce0ea-00d7-44d9-a57d-1e6fed5648b3 tempest-VolumesListAdminTestJSON-1770384256 tempest-VolumesListAdminTestJSON-1770384256-project] Create volume request body: {'volume': {'size': 1, 'name': 'tempest-VolumesListAdminTestJSON-Volume-1247627767'}} {{(pid=101084) create /opt/stack/cinder/cinder/api/v3/volumes.py:298}}
Oct 12 12:12:55.927497 dv-cinder-813612-1-smb devstack@c-api.service[101084]: INFO cinder.api.v3.volumes [None req-6f6ce0ea-00d7-44d9-a57d-1e6fed5648b3 tempest-VolumesListAdminTestJSON-1770384256 tempest-VolumesListAdminTestJSON-1770384256-project] Create volume of 1 GB
Oct 12 12:12:55.940003 dv-cinder-813612-1-smb devstack@c-api.service[101084]: INFO cinder.volume.api [None req-6f6ce0ea-00d7-44d9-a57d-1e6fed5648b3 tempest-VolumesListAdminTestJSON-1770384256 tempest-VolumesListAdminTestJSON-1770384256-project] Availability Zones retrieved successfully.
Oct 12 12:12:55.961040 dv-cinder-813612-1-smb devstack@c-api.service[101083]: INFO cinder.api.openstack.wsgi [None req-0b1db2dd-a0b1-4943-ac96-0560484500c3 tempest-SnapshotsActionsTest-280567765 tempest-SnapshotsActionsTest-280567765-project] GET http://10.222.0.50/volume/v3/94434b7c1ad14d2f9d66f7b0e56fd4bf/snapshots/07a381fe-871d-4480-b723-401593442014
Oct 12 12:12:55.962024 dv-cinder-813612-1-smb devstack@c-api.service[101083]: DEBUG cinder.api.openstack.wsgi [None req-0b1db2dd-a0b1-4943-ac96-0560484500c3 tempest-SnapshotsActionsTest-280567765 tempest-SnapshotsActionsTest-280567765-project] Empty body provided in request {{(pid=101083) get_body /opt/stack/cinder/cinder/api/openstack/wsgi.py:703}}
Oct 12 12:12:55.962783 dv-cinder-813612-1-smb devstack@c-api.service[101083]: DEBUG cinder.api.openstack.wsgi [None req-0b1db2dd-a0b1-4943-ac96-0560484500c3 tempest-SnapshotsActionsTest-280567765 tempest-SnapshotsActionsTest-280567765-project] Calling method 'show' {{(pid=101083) _process_stack /opt/stack/cinder/cinder/api/openstack/wsgi.py:856}}
Oct 12 12:12:55.981001 dv-cinder-813612-1-smb devstack@c-api.service[101083]: /usr/local/lib/python3.8/dist-packages/oslo_context/context.py:105: DeprecationWarning: Policy enforcement is depending on the value of is_admin. This key is deprecated. Please update your policy file to use the standard policy values.
Oct 12 12:12:55.981001 dv-cinder-813612-1-smb devstack@c-api.service[101083]: warnings.warn('Policy enforcement is depending on the value of '
Oct 12 12:12:55.982599 dv-cinder-813612-1-smb devstack@c-api.service[101083]: INFO cinder.volume.api [None req-0b1db2dd-a0b1-4943-ac96-0560484500c3 tempest-SnapshotsActionsTest-280567765 tempest-SnapshotsActionsTest-280567765-project] Snapshot retrieved successfully.
Oct 12 12:12:55.985050 dv-cinder-813612-1-smb devstack@c-api.service[101083]: INFO cinder.api.openstack.wsgi [None req-0b1db2dd-a0b1-4943-ac96-0560484500c3 tempest-SnapshotsActionsTest-280567765 tempest-SnapshotsActionsTest-280567765-project] http://10.222.0.50/volume/v3/94434b7c1ad14d2f9d66f7b0e56fd4bf/snapshots/07a381fe-871d-4480-b723-401593442014 returned with HTTP 200
Oct 12 12:12:55.986414 dv-cinder-813612-1-smb devstack@c-api.service[101083]: [pid: 101083|app: 0|req: 103/194] 10.222.0.50 () {58 vars in 1330 bytes} [Tue Oct 12 12:12:55 2021] GET /volume/v3/94434b7c1ad14d2f9d66f7b0e56fd4bf/snapshots/07a381fe-871d-4480-b723-401593442014 => generated 532 bytes in 32 msecs (HTTP/1.1 200) 7 headers in 285 bytes (2 switches on core 0)
Oct 12 12:12:55.989573 dv-cinder-813612-1-smb devstack@c-api.service[101084]: DEBUG cinder.volume.api [None req-6f6ce0ea-00d7-44d9-a57d-1e6fed5648b3 tempest-VolumesListAdminTestJSON-1770384256 tempest-VolumesListAdminTestJSON-1770384256-project] Flow 'volume_create_api' (f61ddb89-464e-4d2a-8064-33a9a9c0f089) transitioned into state 'RUNNING' from state 'PENDING' {{(pid=101084) _flow_receiver /usr/local/lib/python3.8/dist-packages/taskflow/listeners/logging.py:141}}
Oct 12 12:12:55.994329 dv-cinder-813612-1-smb devstack@c-api.service[101084]: DEBUG cinder.volume.api [None req-6f6ce0ea-00d7-44d9-a57d-1e6fed5648b3 tempest-VolumesListAdminTestJSON-1770384256 tempest-VolumesListAdminTestJSON-1770384256-project] Task 'cinder.volume.flows.api.create_volume.ExtractVolumeRequestTask;volume:create' (d0c7557b-7933-4ffb-8dd9-134ddbda4d62) transitioned into state 'RUNNING' from state 'PENDING' {{(pid=101084) _task_receiver /usr/local/lib/python3.8/dist-packages/taskflow/listeners/logging.py:190}}
Oct 12 12:12:55.997391 dv-cinder-813612-1-smb devstack@c-api.service[101084]: DEBUG cinder.volume.flows.api.create_volume [None req-6f6ce0ea-00d7-44d9-a57d-1e6fed5648b3 tempest-VolumesListAdminTestJSON-1770384256 tempest-VolumesListAdminTestJSON-1770384256-project] Validating volume size '1' using validate_int {{(pid=101084) _extract_size /opt/stack/cinder/cinder/volume/flows/api/create_volume.py:225}}
Oct 12 12:12:56.105779 dv-cinder-813612-1-smb devstack@c-api.service[101084]: DEBUG cinder.volume.api [None req-6f6ce0ea-00d7-44d9-a57d-1e6fed5648b3 tempest-VolumesListAdminTestJSON-1770384256 tempest-VolumesListAdminTestJSON-1770384256-project] Task 'cinder.volume.flows.api.create_volume.ExtractVolumeRequestTask;volume:create' (d0c7557b-7933-4ffb-8dd9-134ddbda4d62) transitioned into state 'SUCCESS' from state 'RUNNING' with result '{'size': 1, 'snapshot_id': None, 'source_volid': None, 'volume_type': VolumeType(created_at=2021-10-12T12:02:24Z,deleted=False,deleted_at=None,description='Default Volume Type',extra_specs={},id=f9acbf6c-0156-41af-a03d-f50eddca32f5,is_public=True,name='__DEFAULT__',projects=[],qos_specs=,qos_specs_id=None,updated_at=2021-10-12T12:02:24Z), 'volume_type_id': 'f9acbf6c-0156-41af-a03d-f50eddca32f5', 'encryption_key_id': None, 'qos_specs': None, 'consistencygroup_id': None, 'cgsnapshot_id': None, 'group_id': None, 'replication_status': 'disabled', 'refresh_az': False, 'backup_id': None, 'multiattach': False, 'availability_zones': ['nova']}' {{(pid=101084) _task_receiver /usr/local/lib/python3.8/dist-packages/taskflow/listeners/logging.py:178}}
Oct 12 12:12:56.108143 dv-cinder-813612-1-smb devstack@c-api.service[101084]: DEBUG cinder.volume.api [None req-6f6ce0ea-00d7-44d9-a57d-1e6fed5648b3 tempest-VolumesListAdminTestJSON-1770384256 tempest-VolumesListAdminTestJSON-1770384256-project] Task 'cinder.volume.flows.api.create_volume.QuotaReserveTask;volume:create' (38dd8369-19e3-44ac-b8b6-29a8e2e8f3f9) transitioned into state 'RUNNING' from state 'PENDING' {{(pid=101084) _task_receiver /usr/local/lib/python3.8/dist-packages/taskflow/listeners/logging.py:190}}
Oct 12 12:12:56.239435 dv-cinder-813612-1-smb devstack@c-api.service[101083]: INFO cinder.api.openstack.wsgi [None req-c0b769bf-0b54-4d76-8f6c-9a8f992af222 tempest-SnapshotsActionsTest-304448622 tempest-SnapshotsActionsTest-304448622-project-admin] POST http://10.222.0.50/volume/v3/b2f240294ff142e2869eda6ee6fda74d/snapshots/07a381fe-871d-4480-b723-401593442014/action
Oct 12 12:12:56.240196 dv-cinder-813612-1-smb devstack@c-api.service[101083]: /usr/local/lib/python3.8/dist-packages/webob/acceptparse.py:1047: DeprecationWarning: The behavior of AcceptValidHeader.best_match is currently being maintained for backward compatibility, but it will be deprecated in the future, as it does not conform to the RFC.
Oct 12 12:12:56.240196 dv-cinder-813612-1-smb devstack@c-api.service[101083]: warnings.warn(
Oct 12 12:12:56.240837 dv-cinder-813612-1-smb devstack@c-api.service[101083]: DEBUG cinder.api.openstack.wsgi [None req-c0b769bf-0b54-4d76-8f6c-9a8f992af222 tempest-SnapshotsActionsTest-304448622 tempest-SnapshotsActionsTest-304448622-project-admin] Action body: b'{"os-reset_status": {"status": "creating"}}' {{(pid=101083) get_method /opt/stack/cinder/cinder/api/openstack/wsgi.py:971}}
Oct 12 12:12:56.241394 dv-cinder-813612-1-smb devstack@c-api.service[101083]: DEBUG cinder.api.openstack.wsgi [None req-c0b769bf-0b54-4d76-8f6c-9a8f992af222 tempest-SnapshotsActionsTest-304448622 tempest-SnapshotsActionsTest-304448622-project-admin] Action: 'action', calling method: _reset_status, body: {"os-reset_status": {"status": "creating"}} {{(pid=101083) _process_stack /opt/stack/cinder/cinder/api/openstack/wsgi.py:854}}
Oct 12 12:12:56.242390 dv-cinder-813612-1-smb devstack@c-api.service[101083]: DEBUG cinder.api.contrib.admin_actions [None req-c0b769bf-0b54-4d76-8f6c-9a8f992af222 tempest-SnapshotsActionsTest-304448622 tempest-SnapshotsActionsTest-304448622-project-admin] Updating snapshot '07a381fe-871d-4480-b723-401593442014' with '{'status': 'creating'}' {{(pid=101083) _reset_status /opt/stack/cinder/cinder/api/contrib/admin_actions.py:100}}
Oct 12 12:12:56.250570 dv-cinder-813612-1-smb devstack@c-api.service[101084]: DEBUG cinder.quota [None req-6f6ce0ea-00d7-44d9-a57d-1e6fed5648b3 tempest-VolumesListAdminTestJSON-1770384256 tempest-VolumesListAdminTestJSON-1770384256-project] Created reservations ['1d3da9d0-5939-4a5a-a2da-cf0cebaf7733', '0fd806f4-f2d7-48c9-8a01-802d16123294', '7ba636ec-3ff8-4dfe-9867-f8cd4d8cf21e', 'e685bdc0-6e43-4d4d-b7d7-db191fc33f9c'] {{(pid=101084) reserve /opt/stack/cinder/cinder/quota.py:755}}
Oct 12 12:12:56.256432 dv-cinder-813612-1-smb devstack@c-api.service[101084]: DEBUG cinder.volume.api [None req-6f6ce0ea-00d7-44d9-a57d-1e6fed5648b3 tempest-VolumesListAdminTestJSON-1770384256 tempest-VolumesListAdminTestJSON-1770384256-project] Task 'cinder.volume.flows.api.create_volume.QuotaReserveTask;volume:create' (38dd8369-19e3-44ac-b8b6-29a8e2e8f3f9) transitioned into state 'SUCCESS' from state 'RUNNING' with result '{'reservations': ['1d3da9d0-5939-4a5a-a2da-cf0cebaf7733', '0fd806f4-f2d7-48c9-8a01-802d16123294', '7ba636ec-3ff8-4dfe-9867-f8cd4d8cf21e', 'e685bdc0-6e43-4d4d-b7d7-db191fc33f9c']}' {{(pid=101084) _task_receiver /usr/local/lib/python3.8/dist-packages/taskflow/listeners/logging.py:178}}
Oct 12 12:12:56.264122 dv-cinder-813612-1-smb devstack@c-api.service[101084]: DEBUG cinder.volume.api [None req-6f6ce0ea-00d7-44d9-a57d-1e6fed5648b3 tempest-VolumesListAdminTestJSON-1770384256 tempest-VolumesListAdminTestJSON-1770384256-project] Task 'cinder.volume.flows.api.create_volume.EntryCreateTask;volume:create' (81ba9d19-a89a-40d7-8fc7-d0c28d9bf987) transitioned into state 'RUNNING' from state 'PENDING' {{(pid=101084) _task_receiver /usr/local/lib/python3.8/dist-packages/taskflow/listeners/logging.py:190}}
Oct 12 12:12:56.277723 dv-cinder-813612-1-smb devstack@c-api.service[101083]: /usr/local/lib/python3.8/dist-packages/oslo_context/context.py:105: DeprecationWarning: Policy enforcement is depending on the value of is_admin. This key is deprecated. Please update your policy file to use the standard policy values.
Oct 12 12:12:56.277723 dv-cinder-813612-1-smb devstack@c-api.service[101083]: warnings.warn('Policy enforcement is depending on the value of '
Oct 12 12:12:56.309102 dv-cinder-813612-1-smb devstack@c-api.service[101083]: INFO cinder.api.openstack.wsgi [None req-c0b769bf-0b54-4d76-8f6c-9a8f992af222 tempest-SnapshotsActionsTest-304448622 tempest-SnapshotsActionsTest-304448622-project-admin] http://10.222.0.50/volume/v3/b2f240294ff142e2869eda6ee6fda74d/snapshots/07a381fe-871d-4480-b723-401593442014/action returned with HTTP 202
Oct 12 12:12:56.314207 dv-cinder-813612-1-smb devstack@c-api.service[101083]: [pid: 101083|app: 0|req: 104/195] 10.222.0.50 () {60 vars in 1372 bytes} [Tue Oct 12 12:12:55 2021] POST /volume/v3/b2f240294ff142e2869eda6ee6fda74d/snapshots/07a381fe-871d-4480-b723-401593442014/action => generated 0 bytes in 320 msecs (HTTP/1.1 202) 7 headers in 289 bytes (2 switches on core 0)
Oct 12 12:12:56.319905 dv-cinder-813612-1-smb devstack@c-api.service[101084]: DEBUG cinder.volume.api [None req-6f6ce0ea-00d7-44d9-a57d-1e6fed5648b3 tempest-VolumesListAdminTestJSON-1770384256 tempest-VolumesListAdminTestJSON-1770384256-project] Task 'cinder.volume.flows.api.create_volume.EntryCreateTask;volume:create' (81ba9d19-a89a-40d7-8fc7-d0c28d9bf987) transitioned into state 'SUCCESS' from state 'RUNNING' with result '{'volume_id': '935aa9cd-d74d-42b1-85fc-1abb68125bfa', 'volume_properties': VolumeProperties(attach_status='detached',availability_zone='nova',cgsnapshot_id=None,consistencygroup_id=None,display_description=None,display_name='tempest-VolumesListAdminTestJSON-Volume-1247627767',encryption_key_id=None,group_id=None,group_type_id=,metadata={},multiattach=False,project_id='da245ccfd0254bdf9ffd327959e3fab2',qos_specs=None,replication_status=,reservations=['1d3da9d0-5939-4a5a-a2da-cf0cebaf7733','0fd806f4-f2d7-48c9-8a01-802d16123294','7ba636ec-3ff8-4dfe-9867-f8cd4d8cf21e','e685bdc0-6e43-4d4d-b7d7-db191fc33f9c'],size=1,snapshot_id=None,source_replicaid=,source_volid=None,status='creating',user_id='157bb6164cb84663abeae0abd6080b08',volume_type_id=f9acbf6c-0156-41af-a03d-f50eddca32f5), 'volume': Volume(_name_id=None,admin_metadata=,attach_status='detached',availability_zone='nova',bootable=False,cluster=,cluster_name=None,consistencygroup=,consistencygroup_id=None,created_at=2021-10-12T12:12:56Z,deleted=False,deleted_at=None,display_description=None,display_name='tempest-VolumesListAdminTestJSON-Volume-1247627767',ec2_id=None,encryption_key_id=None,glance_metadata=,group=,group_id=None,host=None,id=935aa9cd-d74d-42b1-85fc-1abb68125bfa,launched_at=None,metadata={},migration_status=None,multiattach=False,previous_status=None,project_id='da245ccfd0254bdf9ffd327959e3fab2',provider_auth=None,provider_geometry=None,provider_id=None,provider_location=None,replication_driver_data=None,replication_extended_status=None,replication_status=None,scheduled_at=None,service_uuid=None,shared_targets=True,size=1,snapshot_id=None,snapshots=,source_volid=None,status='creating',terminated_at=None,updated_at=None,use_quota=True,user_id='157bb6164cb84663abeae0abd6080b08',volume_attachment=VolumeAttachmentList,volume_type=VolumeType(f9acbf6c-0156-41af-a03d-f50eddca32f5),volume_type_id=f9acbf6c-0156-41af-a03d-f50eddca32f5)}' {{(pid=101084) _task_receiver /usr/local/lib/python3.8/dist-packages/taskflow/listeners/logging.py:178}}
Oct 12 12:12:56.320488 dv-cinder-813612-1-smb devstack@c-api.service[101083]: INFO cinder.api.openstack.wsgi [None req-67fff5ac-70b1-4fb4-8ac6-d9105c22ca19 tempest-SnapshotsActionsTest-280567765 tempest-SnapshotsActionsTest-280567765-project] GET http://10.222.0.50/volume/v3/94434b7c1ad14d2f9d66f7b0e56fd4bf/snapshots/07a381fe-871d-4480-b723-401593442014
Oct 12 12:12:56.321177 dv-cinder-813612-1-smb devstack@c-api.service[101083]: DEBUG cinder.api.openstack.wsgi [None req-67fff5ac-70b1-4fb4-8ac6-d9105c22ca19 tempest-SnapshotsActionsTest-280567765 tempest-SnapshotsActionsTest-280567765-project] Empty body provided in request {{(pid=101083) get_body /opt/stack/cinder/cinder/api/openstack/wsgi.py:703}}
Oct 12 12:12:56.321496 dv-cinder-813612-1-smb devstack@c-api.service[101083]: /usr/local/lib/python3.8/dist-packages/webob/acceptparse.py:1047: DeprecationWarning: The behavior of AcceptValidHeader.best_match is currently being maintained for backward compatibility, but it will be deprecated in the future, as it does not conform to the RFC.
Oct 12 12:12:56.321496 dv-cinder-813612-1-smb devstack@c-api.service[101083]: warnings.warn(
Oct 12 12:12:56.321783 dv-cinder-813612-1-smb devstack@c-api.service[101084]: DEBUG cinder.volume.api [None req-6f6ce0ea-00d7-44d9-a57d-1e6fed5648b3 tempest-VolumesListAdminTestJSON-1770384256 tempest-VolumesListAdminTestJSON-1770384256-project] Task 'cinder.volume.flows.api.create_volume.QuotaCommitTask;volume:create' (6777905a-5dd5-4f81-bf89-3860618b19ce) transitioned into state 'RUNNING' from state 'PENDING' {{(pid=101084) _task_receiver /usr/local/lib/python3.8/dist-packages/taskflow/listeners/logging.py:190}}
Oct 12 12:12:56.322183 dv-cinder-813612-1-smb devstack@c-api.service[101083]: DEBUG cinder.api.openstack.wsgi [None req-67fff5ac-70b1-4fb4-8ac6-d9105c22ca19 tempest-SnapshotsActionsTest-280567765 tempest-SnapshotsActionsTest-280567765-project] Calling method 'show' {{(pid=101083) _process_stack /opt/stack/cinder/cinder/api/openstack/wsgi.py:856}}
Oct 12 12:12:56.342683 dv-cinder-813612-1-smb devstack@c-api.service[101083]: /usr/local/lib/python3.8/dist-packages/oslo_context/context.py:105: DeprecationWarning: Policy enforcement is depending on the value of is_admin. This key is deprecated. Please update your policy file to use the standard policy values.
Oct 12 12:12:56.342683 dv-cinder-813612-1-smb devstack@c-api.service[101083]: warnings.warn('Policy enforcement is depending on the value of '
Oct 12 12:12:56.345110 dv-cinder-813612-1-smb devstack@c-api.service[101083]: INFO cinder.volume.api [None req-67fff5ac-70b1-4fb4-8ac6-d9105c22ca19 tempest-SnapshotsActionsTest-280567765 tempest-SnapshotsActionsTest-280567765-project] Snapshot retrieved successfully.
Oct 12 12:12:56.347467 dv-cinder-813612-1-smb devstack@c-api.service[101083]: INFO cinder.api.openstack.wsgi [None req-67fff5ac-70b1-4fb4-8ac6-d9105c22ca19 tempest-SnapshotsActionsTest-280567765 tempest-SnapshotsActionsTest-280567765-project] http://10.222.0.50/volume/v3/94434b7c1ad14d2f9d66f7b0e56fd4bf/snapshots/07a381fe-871d-4480-b723-401593442014 returned with HTTP 200
Oct 12 12:12:56.348696 dv-cinder-813612-1-smb devstack@c-api.service[101083]: [pid: 101083|app: 0|req: 105/196] 10.222.0.50 () {58 vars in 1330 bytes} [Tue Oct 12 12:12:56 2021] GET /volume/v3/94434b7c1ad14d2f9d66f7b0e56fd4bf/snapshots/07a381fe-871d-4480-b723-401593442014 => generated 531 bytes in 34 msecs (HTTP/1.1 200) 7 headers in 285 bytes (1 switches on core 0)
Oct 12 12:12:56.361822 dv-cinder-813612-1-smb devstack@c-api.service[101083]: INFO cinder.api.openstack.wsgi [None req-d07816c8-a1d4-4713-872e-c1b368b729c0 tempest-SnapshotsActionsTest-304448622 tempest-SnapshotsActionsTest-304448622-project-admin] POST http://10.222.0.50/volume/v3/b2f240294ff142e2869eda6ee6fda74d/snapshots/07a381fe-871d-4480-b723-401593442014/action
Oct 12 12:12:56.362428 dv-cinder-813612-1-smb devstack@c-api.service[101083]: /usr/local/lib/python3.8/dist-packages/webob/acceptparse.py:1047: DeprecationWarning: The behavior of AcceptValidHeader.best_match is currently being maintained for backward compatibility, but it will be deprecated in the future, as it does not conform to the RFC.
Oct 12 12:12:56.362428 dv-cinder-813612-1-smb devstack@c-api.service[101083]: warnings.warn(
Oct 12 12:12:56.363324 dv-cinder-813612-1-smb devstack@c-api.service[101083]: DEBUG cinder.api.openstack.wsgi [None req-d07816c8-a1d4-4713-872e-c1b368b729c0 tempest-SnapshotsActionsTest-304448622 tempest-SnapshotsActionsTest-304448622-project-admin] Action body: b'{"os-reset_status": {"status": "available"}}' {{(pid=101083) get_method /opt/stack/cinder/cinder/api/openstack/wsgi.py:971}}
Oct 12 12:12:56.363929 dv-cinder-813612-1-smb devstack@c-api.service[101083]: DEBUG cinder.api.openstack.wsgi [None req-d07816c8-a1d4-4713-872e-c1b368b729c0 tempest-SnapshotsActionsTest-304448622 tempest-SnapshotsActionsTest-304448622-project-admin] Action: 'action', calling method: _reset_status, body: {"os-reset_status": {"status": "available"}} {{(pid=101083) _process_stack /opt/stack/cinder/cinder/api/openstack/wsgi.py:854}}
Oct 12 12:12:56.365401 dv-cinder-813612-1-smb devstack@c-api.service[101083]: DEBUG cinder.api.contrib.admin_actions [None req-d07816c8-a1d4-4713-872e-c1b368b729c0 tempest-SnapshotsActionsTest-304448622 tempest-SnapshotsActionsTest-304448622-project-admin] Updating snapshot '07a381fe-871d-4480-b723-401593442014' with '{'status': 'available'}' {{(pid=101083) _reset_status /opt/stack/cinder/cinder/api/contrib/admin_actions.py:100}}
Oct 12 12:12:56.403474 dv-cinder-813612-1-smb devstack@c-api.service[101083]: /usr/local/lib/python3.8/dist-packages/oslo_context/context.py:105: DeprecationWarning: Policy enforcement is depending on the value of is_admin. This key is deprecated. Please update your policy file to use the standard policy values.
Oct 12 12:12:56.403474 dv-cinder-813612-1-smb devstack@c-api.service[101083]: warnings.warn('Policy enforcement is depending on the value of '
Oct 12 12:12:56.417346 dv-cinder-813612-1-smb devstack@c-api.service[101084]: DEBUG cinder.volume.api [None req-6f6ce0ea-00d7-44d9-a57d-1e6fed5648b3 tempest-VolumesListAdminTestJSON-1770384256 tempest-VolumesListAdminTestJSON-1770384256-project] Task 'cinder.volume.flows.api.create_volume.QuotaCommitTask;volume:create' (6777905a-5dd5-4f81-bf89-3860618b19ce) transitioned into state 'SUCCESS' from state 'RUNNING' with result '{'volume_properties': VolumeProperties(attach_status='detached',availability_zone='nova',cgsnapshot_id=None,consistencygroup_id=None,display_description=None,display_name='tempest-VolumesListAdminTestJSON-Volume-1247627767',encryption_key_id=None,group_id=None,group_type_id=,metadata={},multiattach=False,project_id='da245ccfd0254bdf9ffd327959e3fab2',qos_specs=None,replication_status=,reservations=['1d3da9d0-5939-4a5a-a2da-cf0cebaf7733','0fd806f4-f2d7-48c9-8a01-802d16123294','7ba636ec-3ff8-4dfe-9867-f8cd4d8cf21e','e685bdc0-6e43-4d4d-b7d7-db191fc33f9c'],size=1,snapshot_id=None,source_replicaid=,source_volid=None,status='creating',user_id='157bb6164cb84663abeae0abd6080b08',volume_type_id=f9acbf6c-0156-41af-a03d-f50eddca32f5)}' {{(pid=101084) _task_receiver /usr/local/lib/python3.8/dist-packages/taskflow/listeners/logging.py:178}}
Oct 12 12:12:56.421197 dv-cinder-813612-1-smb devstack@c-api.service[101084]: DEBUG cinder.volume.api [None req-6f6ce0ea-00d7-44d9-a57d-1e6fed5648b3 tempest-VolumesListAdminTestJSON-1770384256 tempest-VolumesListAdminTestJSON-1770384256-project] Task 'cinder.volume.flows.api.create_volume.VolumeCastTask;volume:create' (b83793b3-2482-4945-9981-c4b17f3919c7) transitioned into state 'RUNNING' from state 'PENDING' {{(pid=101084) _task_receiver /usr/local/lib/python3.8/dist-packages/taskflow/listeners/logging.py:190}}
Oct 12 12:12:56.432148 dv-cinder-813612-1-smb devstack@c-api.service[101083]: INFO cinder.api.openstack.wsgi [None req-d07816c8-a1d4-4713-872e-c1b368b729c0 tempest-SnapshotsActionsTest-304448622 tempest-SnapshotsActionsTest-304448622-project-admin] http://10.222.0.50/volume/v3/b2f240294ff142e2869eda6ee6fda74d/snapshots/07a381fe-871d-4480-b723-401593442014/action returned with HTTP 202
Oct 12 12:12:56.437446 dv-cinder-813612-1-smb devstack@c-api.service[101083]: [pid: 101083|app: 0|req: 106/197] 10.222.0.50 () {60 vars in 1372 bytes} [Tue Oct 12 12:12:56 2021] POST /volume/v3/b2f240294ff142e2869eda6ee6fda74d/snapshots/07a381fe-871d-4480-b723-401593442014/action => generated 0 bytes in 81 msecs (HTTP/1.1 202) 7 headers in 289 bytes (1 switches on core 0)
Oct 12 12:12:56.444483 dv-cinder-813612-1-smb devstack@c-api.service[101083]: INFO cinder.api.openstack.wsgi [None req-690189fc-1819-471d-a31d-08fee6d2e539 tempest-SnapshotsActionsTest-280567765 tempest-SnapshotsActionsTest-280567765-project] GET http://10.222.0.50/volume/v3/94434b7c1ad14d2f9d66f7b0e56fd4bf/snapshots/07a381fe-871d-4480-b723-401593442014
Oct 12 12:12:56.445306 dv-cinder-813612-1-smb devstack@c-api.service[101083]: DEBUG cinder.api.openstack.wsgi [None req-690189fc-1819-471d-a31d-08fee6d2e539 tempest-SnapshotsActionsTest-280567765 tempest-SnapshotsActionsTest-280567765-project] Empty body provided in request {{(pid=101083) get_body /opt/stack/cinder/cinder/api/openstack/wsgi.py:703}}
Oct 12 12:12:56.445717 dv-cinder-813612-1-smb devstack@c-api.service[101083]: /usr/local/lib/python3.8/dist-packages/webob/acceptparse.py:1047: DeprecationWarning: The behavior of AcceptValidHeader.best_match is currently being maintained for backward compatibility, but it will be deprecated in the future, as it does not conform to the RFC.
Oct 12 12:12:56.445717 dv-cinder-813612-1-smb devstack@c-api.service[101083]: warnings.warn(
Oct 12 12:12:56.446478 dv-cinder-813612-1-smb devstack@c-api.service[101083]: DEBUG cinder.api.openstack.wsgi [None req-690189fc-1819-471d-a31d-08fee6d2e539 tempest-SnapshotsActionsTest-280567765 tempest-SnapshotsActionsTest-280567765-project] Calling method 'show' {{(pid=101083) _process_stack /opt/stack/cinder/cinder/api/openstack/wsgi.py:856}}
Oct 12 12:12:56.458787 dv-cinder-813612-1-smb devstack@c-api.service[101083]: /usr/local/lib/python3.8/dist-packages/oslo_context/context.py:105: DeprecationWarning: Policy enforcement is depending on the value of is_admin. This key is deprecated. Please update your policy file to use the standard policy values.
Oct 12 12:12:56.458787 dv-cinder-813612-1-smb devstack@c-api.service[101083]: warnings.warn('Policy enforcement is depending on the value of '
Oct 12 12:12:56.460794 dv-cinder-813612-1-smb devstack@c-api.service[101083]: INFO cinder.volume.api [None req-690189fc-1819-471d-a31d-08fee6d2e539 tempest-SnapshotsActionsTest-280567765 tempest-SnapshotsActionsTest-280567765-project] Snapshot retrieved successfully.
Oct 12 12:12:56.463431 dv-cinder-813612-1-smb devstack@c-api.service[101083]: INFO cinder.api.openstack.wsgi [None req-690189fc-1819-471d-a31d-08fee6d2e539 tempest-SnapshotsActionsTest-280567765 tempest-SnapshotsActionsTest-280567765-project] http://10.222.0.50/volume/v3/94434b7c1ad14d2f9d66f7b0e56fd4bf/snapshots/07a381fe-871d-4480-b723-401593442014 returned with HTTP 200
Oct 12 12:12:56.464557 dv-cinder-813612-1-smb devstack@c-api.service[101083]: [pid: 101083|app: 0|req: 107/198] 10.222.0.50 () {58 vars in 1330 bytes} [Tue Oct 12 12:12:56 2021] GET /volume/v3/94434b7c1ad14d2f9d66f7b0e56fd4bf/snapshots/07a381fe-871d-4480-b723-401593442014 => generated 532 bytes in 26 msecs (HTTP/1.1 200) 7 headers in 285 bytes (1 switches on core 0)
Oct 12 12:12:56.469824 dv-cinder-813612-1-smb devstack@c-api.service[101084]: DEBUG cinder.volume.api [None req-6f6ce0ea-00d7-44d9-a57d-1e6fed5648b3 tempest-VolumesListAdminTestJSON-1770384256 tempest-VolumesListAdminTestJSON-1770384256-project] Task 'cinder.volume.flows.api.create_volume.VolumeCastTask;volume:create' (b83793b3-2482-4945-9981-c4b17f3919c7) transitioned into state 'SUCCESS' from state 'RUNNING' with result 'None' {{(pid=101084) _task_receiver /usr/local/lib/python3.8/dist-packages/taskflow/listeners/logging.py:178}}
Oct 12 12:12:56.478793 dv-cinder-813612-1-smb devstack@c-api.service[101084]: DEBUG cinder.volume.api [None req-6f6ce0ea-00d7-44d9-a57d-1e6fed5648b3 tempest-VolumesListAdminTestJSON-1770384256 tempest-VolumesListAdminTestJSON-1770384256-project] Flow 'volume_create_api' (f61ddb89-464e-4d2a-8064-33a9a9c0f089) transitioned into state 'SUCCESS' from state 'RUNNING' {{(pid=101084) _flow_receiver /usr/local/lib/python3.8/dist-packages/taskflow/listeners/logging.py:141}}
Oct 12 12:12:56.479073 dv-cinder-813612-1-smb devstack@c-api.service[101083]: INFO cinder.api.openstack.wsgi [None req-c9ea592d-4a8e-4ce9-b5d7-0093bf51a1e1 tempest-SnapshotsActionsTest-280567765 tempest-SnapshotsActionsTest-280567765-project] POST http://10.222.0.50/volume/v3/94434b7c1ad14d2f9d66f7b0e56fd4bf/snapshots
Oct 12 12:12:56.479459 dv-cinder-813612-1-smb devstack@c-api.service[101083]: /usr/local/lib/python3.8/dist-packages/webob/acceptparse.py:1047: DeprecationWarning: The behavior of AcceptValidHeader.best_match is currently being maintained for backward compatibility, but it will be deprecated in the future, as it does not conform to the RFC.
Oct 12 12:12:56.479459 dv-cinder-813612-1-smb devstack@c-api.service[101083]: warnings.warn(
Oct 12 12:12:56.480954 dv-cinder-813612-1-smb devstack@c-api.service[101083]: DEBUG cinder.api.openstack.wsgi [None req-c9ea592d-4a8e-4ce9-b5d7-0093bf51a1e1 tempest-SnapshotsActionsTest-280567765 tempest-SnapshotsActionsTest-280567765-project] Action: 'create', calling method: create, body: {"snapshot": {"volume_id": "0437cb02-536f-4366-aeee-ec7c310442d5", "name": "tempest-SnapshotsActionsTest-Snapshot-1362665924"}} {{(pid=101083) _process_stack /opt/stack/cinder/cinder/api/openstack/wsgi.py:854}}
Oct 12 12:12:56.481850 dv-cinder-813612-1-smb devstack@c-api.service[101084]: INFO cinder.volume.api [None req-6f6ce0ea-00d7-44d9-a57d-1e6fed5648b3 tempest-VolumesListAdminTestJSON-1770384256 tempest-VolumesListAdminTestJSON-1770384256-project] Create volume request issued successfully.
Oct 12 12:12:56.484052 dv-cinder-813612-1-smb devstack@c-api.service[101084]: INFO cinder.api.openstack.wsgi [None req-6f6ce0ea-00d7-44d9-a57d-1e6fed5648b3 tempest-VolumesListAdminTestJSON-1770384256 tempest-VolumesListAdminTestJSON-1770384256-project] http://10.222.0.50/volume/v3/da245ccfd0254bdf9ffd327959e3fab2/volumes returned with HTTP 202
Oct 12 12:12:56.490749 dv-cinder-813612-1-smb devstack@c-api.service[101084]: [pid: 101084|app: 0|req: 92/199] 10.222.0.50 () {60 vars in 1234 bytes} [Tue Oct 12 12:12:55 2021] POST /volume/v3/da245ccfd0254bdf9ffd327959e3fab2/volumes => generated 824 bytes in 570 msecs (HTTP/1.1 202) 7 headers in 291 bytes (2 switches on core 0)
Oct 12 12:12:56.499467 dv-cinder-813612-1-smb devstack@c-api.service[101084]: INFO cinder.api.openstack.wsgi [None req-66d0364c-ff53-47ec-a8e9-886c48468b6c tempest-VolumesListAdminTestJSON-1770384256 tempest-VolumesListAdminTestJSON-1770384256-project] GET http://10.222.0.50/volume/v3/da245ccfd0254bdf9ffd327959e3fab2/volumes/935aa9cd-d74d-42b1-85fc-1abb68125bfa
Oct 12 12:12:56.499952 dv-cinder-813612-1-smb devstack@c-api.service[101084]: DEBUG cinder.api.openstack.wsgi [None req-66d0364c-ff53-47ec-a8e9-886c48468b6c tempest-VolumesListAdminTestJSON-1770384256 tempest-VolumesListAdminTestJSON-1770384256-project] Empty body provided in request {{(pid=101084) get_body /opt/stack/cinder/cinder/api/openstack/wsgi.py:703}}
Oct 12 12:12:56.500265 dv-cinder-813612-1-smb devstack@c-api.service[101084]: /usr/local/lib/python3.8/dist-packages/webob/acceptparse.py:1047: DeprecationWarning: The behavior of AcceptValidHeader.best_match is currently being maintained for backward compatibility, but it will be deprecated in the future, as it does not conform to the RFC.
Oct 12 12:12:56.500265 dv-cinder-813612-1-smb devstack@c-api.service[101084]: warnings.warn(
Oct 12 12:12:56.500400 dv-cinder-813612-1-smb devstack@c-api.service[101084]: DEBUG cinder.api.openstack.wsgi [None req-66d0364c-ff53-47ec-a8e9-886c48468b6c tempest-VolumesListAdminTestJSON-1770384256 tempest-VolumesListAdminTestJSON-1770384256-project] Calling method 'show' {{(pid=101084) _process_stack /opt/stack/cinder/cinder/api/openstack/wsgi.py:856}}
Oct 12 12:12:56.527176 dv-cinder-813612-1-smb devstack@c-api.service[101084]: /usr/local/lib/python3.8/dist-packages/oslo_context/context.py:105: DeprecationWarning: Policy enforcement is depending on the value of is_admin. This key is deprecated. Please update your policy file to use the standard policy values.
Oct 12 12:12:56.527176 dv-cinder-813612-1-smb devstack@c-api.service[101084]: warnings.warn('Policy enforcement is depending on the value of '
Oct 12 12:12:56.530637 dv-cinder-813612-1-smb devstack@c-api.service[101083]: /usr/local/lib/python3.8/dist-packages/oslo_context/context.py:105: DeprecationWarning: Policy enforcement is depending on the value of is_admin. This key is deprecated. Please update your policy file to use the standard policy values.
Oct 12 12:12:56.530637 dv-cinder-813612-1-smb devstack@c-api.service[101083]: warnings.warn('Policy enforcement is depending on the value of '
Oct 12 12:12:56.546441 dv-cinder-813612-1-smb devstack@c-api.service[101083]: INFO cinder.volume.api [None req-c9ea592d-4a8e-4ce9-b5d7-0093bf51a1e1 tempest-SnapshotsActionsTest-280567765 tempest-SnapshotsActionsTest-280567765-project] Volume info retrieved successfully.
Oct 12 12:12:56.546755 dv-cinder-813612-1-smb devstack@c-api.service[101083]: INFO cinder.api.v3.snapshots [None req-c9ea592d-4a8e-4ce9-b5d7-0093bf51a1e1 tempest-SnapshotsActionsTest-280567765 tempest-SnapshotsActionsTest-280567765-project] Create snapshot from volume 0437cb02-536f-4366-aeee-ec7c310442d5
Oct 12 12:12:56.551659 dv-cinder-813612-1-smb devstack@c-api.service[101084]: INFO cinder.volume.api [None req-66d0364c-ff53-47ec-a8e9-886c48468b6c tempest-VolumesListAdminTestJSON-1770384256 tempest-VolumesListAdminTestJSON-1770384256-project] Volume info retrieved successfully.
Oct 12 12:12:56.571536 dv-cinder-813612-1-smb devstack@c-api.service[101084]: INFO cinder.api.openstack.wsgi [None req-66d0364c-ff53-47ec-a8e9-886c48468b6c tempest-VolumesListAdminTestJSON-1770384256 tempest-VolumesListAdminTestJSON-1770384256-project] http://10.222.0.50/volume/v3/da245ccfd0254bdf9ffd327959e3fab2/volumes/935aa9cd-d74d-42b1-85fc-1abb68125bfa returned with HTTP 200
Oct 12 12:12:56.574640 dv-cinder-813612-1-smb devstack@c-api.service[101084]: [pid: 101084|app: 0|req: 93/200] 10.222.0.50 () {58 vars in 1324 bytes} [Tue Oct 12 12:12:56 2021] GET /volume/v3/da245ccfd0254bdf9ffd327959e3fab2/volumes/935aa9cd-d74d-42b1-85fc-1abb68125bfa => generated 892 bytes in 80 msecs (HTTP/1.1 200) 7 headers in 285 bytes (2 switches on core 0)
Oct 12 12:12:56.661712 dv-cinder-813612-1-smb devstack@c-api.service[101083]: DEBUG cinder.quota [None req-c9ea592d-4a8e-4ce9-b5d7-0093bf51a1e1 tempest-SnapshotsActionsTest-280567765 tempest-SnapshotsActionsTest-280567765-project] Created reservations ['612b5a24-4716-4e5e-92d8-fc8a5c09ddbd', '8c5de92a-f2ca-4a2a-89fe-05a8f9dd8085', '4c0c5aad-cedb-45c6-a04b-3c820e1fcfa5', 'eb76ee35-097e-4459-ae87-aba4c43af4f6'] {{(pid=101083) reserve /opt/stack/cinder/cinder/quota.py:755}}
Oct 12 12:12:56.764849 dv-cinder-813612-1-smb devstack@c-api.service[101083]: INFO cinder.volume.api [None req-c9ea592d-4a8e-4ce9-b5d7-0093bf51a1e1 tempest-SnapshotsActionsTest-280567765 tempest-SnapshotsActionsTest-280567765-project] Snapshot create request issued successfully.
Oct 12 12:12:56.775103 dv-cinder-813612-1-smb devstack@c-api.service[101083]: INFO cinder.api.openstack.wsgi [None req-c9ea592d-4a8e-4ce9-b5d7-0093bf51a1e1 tempest-SnapshotsActionsTest-280567765 tempest-SnapshotsActionsTest-280567765-project] http://10.222.0.50/volume/v3/94434b7c1ad14d2f9d66f7b0e56fd4bf/snapshots returned with HTTP 202
Oct 12 12:12:56.785802 dv-cinder-813612-1-smb devstack@c-api.service[101083]: [pid: 101083|app: 0|req: 108/201] 10.222.0.50 () {60 vars in 1241 bytes} [Tue Oct 12 12:12:56 2021] POST /volume/v3/94434b7c1ad14d2f9d66f7b0e56fd4bf/snapshots => generated 307 bytes in 310 msecs (HTTP/1.1 202) 7 headers in 291 bytes (1 switches on core 0)
