Oct 11 20:44:12.295150 dv-cinder-813532-1-iscsi neutron-server[105804]: DEBUG neutron.pecan_wsgi.hooks.policy_enforcement [req-35d7b8f9-a9c5-4306-9e1d-e84cc74695b5 req-3c961383-61ad-45fb-b86e-79df3795cbc3 tempest-AttachVolumeTestJSON-1438585979 tempest-AttachVolumeTestJSON-1438585979-project] Attributes excluded by policy engine: ['standard_attr_id', 'binding:profile', 'binding:host_id', 'binding:vif_type', 'binding:vif_details'] {{(pid=105804) _exclude_attributes_by_policy /opt/stack/neutron/neutron/pecan_wsgi/hooks/policy_enforcement.py:255}}
Oct 11 20:44:12.297196 dv-cinder-813532-1-iscsi neutron-server[105804]: INFO neutron.wsgi [req-35d7b8f9-a9c5-4306-9e1d-e84cc74695b5 req-3c961383-61ad-45fb-b86e-79df3795cbc3 tempest-AttachVolumeTestJSON-1438585979 tempest-AttachVolumeTestJSON-1438585979-project] 10.222.0.43 "GET /v2.0/ports?device_id=43ece48e-928d-40ec-8db1-58b4cbd9bfae HTTP/1.1" status: 200 len: 944 time: 0.0678070
Oct 11 20:44:12.325524 dv-cinder-813532-1-iscsi neutron-server[105805]: DEBUG neutron.pecan_wsgi.hooks.policy_enforcement [req-397a7429-3f1c-40c3-895c-bf3cf35eb1e2 req-a7fbaace-f8de-4b67-8fe6-b3dbf4fc13ec service neutron] Attributes excluded by policy engine: ['standard_attr_id'] {{(pid=105805) _exclude_attributes_by_policy /opt/stack/neutron/neutron/pecan_wsgi/hooks/policy_enforcement.py:255}}
Oct 11 20:44:12.327053 dv-cinder-813532-1-iscsi neutron-server[105805]: INFO neutron.wsgi [req-397a7429-3f1c-40c3-895c-bf3cf35eb1e2 req-a7fbaace-f8de-4b67-8fe6-b3dbf4fc13ec service neutron] 10.222.0.46 "GET /v2.0/ports?network_id=f7e520f6-3b02-48f4-980b-3a46702f847e&device_owner=network%3Adhcp HTTP/1.1" status: 200 len: 1175 time: 0.1355085
Oct 11 20:44:12.361797 dv-cinder-813532-1-iscsi neutron-server[105804]: INFO neutron.wsgi [req-35d7b8f9-a9c5-4306-9e1d-e84cc74695b5 req-287170bb-43f5-4d87-84d3-0c1118a76f90 tempest-AttachVolumeTestJSON-1438585979 tempest-AttachVolumeTestJSON-1438585979-project] 10.222.0.43 "GET /v2.0/security-groups?id=f67384a6-2760-4d9c-8ef4-6c7e8a20c8ad&fields=id&fields=name HTTP/1.1" status: 200 len: 313 time: 0.0575650
Oct 11 20:44:12.467943 dv-cinder-813532-1-iscsi neutron-server[105805]: INFO neutron.wsgi [req-397a7429-3f1c-40c3-895c-bf3cf35eb1e2 req-fe092f77-d732-403e-831b-2efe0553036e service neutron] 10.222.0.46 "GET /v2.0/networks/f7e520f6-3b02-48f4-980b-3a46702f847e?fields=segments HTTP/1.1" status: 200 len: 212 time: 0.1336322
Oct 11 20:44:12.576829 dv-cinder-813532-1-iscsi neutron-server[105805]: INFO neutron.wsgi [req-397a7429-3f1c-40c3-895c-bf3cf35eb1e2 req-ac398831-5b9e-48c6-9b91-72d8d3689314 service neutron] 10.222.0.46 "GET /v2.0/networks/f7e520f6-3b02-48f4-980b-3a46702f847e?fields=provider%3Aphysical_network&fields=provider%3Anetwork_type HTTP/1.1" status: 200 len: 281 time: 0.1017892
Oct 11 20:44:12.855068 dv-cinder-813532-1-iscsi neutron-server[105805]: DEBUG neutron.pecan_wsgi.hooks.policy_enforcement [req-d24677ae-6e2f-45f8-8fbc-fc5b70d13be2 req-750e84db-0934-4972-ac98-81332d13243d service neutron] Attributes excluded by policy engine: ['standard_attr_id'] {{(pid=105805) _exclude_attributes_by_policy /opt/stack/neutron/neutron/pecan_wsgi/hooks/policy_enforcement.py:255}}
Oct 11 20:44:12.856545 dv-cinder-813532-1-iscsi neutron-server[105805]: INFO neutron.wsgi [req-d24677ae-6e2f-45f8-8fbc-fc5b70d13be2 req-750e84db-0934-4972-ac98-81332d13243d service neutron] 10.222.0.46 "GET /v2.0/ports?tenant_id=0d17687fb55b4523970da4e2fc53a32d&device_id=43ece48e-928d-40ec-8db1-58b4cbd9bfae HTTP/1.1" status: 200 len: 1097 time: 0.2248099
Oct 11 20:44:13.022199 dv-cinder-813532-1-iscsi neutron-server[105805]: DEBUG neutron.pecan_wsgi.hooks.policy_enforcement [req-d24677ae-6e2f-45f8-8fbc-fc5b70d13be2 req-007857fe-7025-4483-9ddd-846161aef11c service neutron] Attributes excluded by policy engine: ['standard_attr_id', 'vlan_transparent'] {{(pid=105805) _exclude_attributes_by_policy /opt/stack/neutron/neutron/pecan_wsgi/hooks/policy_enforcement.py:255}}
Oct 11 20:44:13.023738 dv-cinder-813532-1-iscsi neutron-server[105805]: INFO neutron.wsgi [req-d24677ae-6e2f-45f8-8fbc-fc5b70d13be2 req-007857fe-7025-4483-9ddd-846161aef11c service neutron] 10.222.0.46 "GET /v2.0/networks?id=f7e520f6-3b02-48f4-980b-3a46702f847e HTTP/1.1" status: 200 len: 911 time: 0.1590514
Oct 11 20:44:13.048728 dv-cinder-813532-1-iscsi neutron-server[105805]: DEBUG neutron.pecan_wsgi.hooks.policy_enforcement [req-2e16602b-9de5-4c0f-84ec-3f38d6345617 req-aee9e841-026a-4d76-8e1f-794de9cb5a8b tempest-ServerRescueNegativeTestJSON-2003652250 tempest-ServerRescueNegativeTestJSON-2003652250-project] Attributes excluded by policy engine: ['standard_attr_id', 'binding:profile', 'binding:host_id', 'binding:vif_type', 'binding:vif_details'] {{(pid=105805) _exclude_attributes_by_policy /opt/stack/neutron/neutron/pecan_wsgi/hooks/policy_enforcement.py:255}}
Oct 11 20:44:13.050189 dv-cinder-813532-1-iscsi neutron-server[105805]: INFO neutron.wsgi [req-2e16602b-9de5-4c0f-84ec-3f38d6345617 req-aee9e841-026a-4d76-8e1f-794de9cb5a8b tempest-ServerRescueNegativeTestJSON-2003652250 tempest-ServerRescueNegativeTestJSON-2003652250-project] 10.222.0.43 "GET /v2.0/ports?device_id=fceaf731-7a89-468b-9b84-b8a502af14a2 HTTP/1.1" status: 200 len: 943 time: 0.0665748
Oct 11 20:44:13.099050 dv-cinder-813532-1-iscsi neutron-server[105805]: INFO neutron.wsgi [req-2e16602b-9de5-4c0f-84ec-3f38d6345617 req-92e7e6ef-0269-4b33-9b25-a7c89d5c7bc4 tempest-ServerRescueNegativeTestJSON-2003652250 tempest-ServerRescueNegativeTestJSON-2003652250-project] 10.222.0.43 "GET /v2.0/security-groups?id=4a062be1-a2a8-4166-b7ce-4c0db0ab9a8e&fields=id&fields=name HTTP/1.1" status: 200 len: 286 time: 0.0397155
Oct 11 20:44:13.159890 dv-cinder-813532-1-iscsi neutron-server[105804]: DEBUG neutron.pecan_wsgi.hooks.policy_enforcement [req-4bce1e4a-7f4a-4ac8-9674-099ab37aaae5 req-fe3b7e07-af44-4a76-b4bb-d9073440fc55 tempest-DeleteServersTestJSON-1108682379 tempest-DeleteServersTestJSON-1108682379-project] Attributes excluded by policy engine: ['standard_attr_id', 'binding:profile', 'binding:host_id', 'binding:vif_type', 'binding:vif_details'] {{(pid=105804) _exclude_attributes_by_policy /opt/stack/neutron/neutron/pecan_wsgi/hooks/policy_enforcement.py:255}}
Oct 11 20:44:13.161747 dv-cinder-813532-1-iscsi neutron-server[105804]: INFO neutron.wsgi [req-4bce1e4a-7f4a-4ac8-9674-099ab37aaae5 req-fe3b7e07-af44-4a76-b4bb-d9073440fc55 tempest-DeleteServersTestJSON-1108682379 tempest-DeleteServersTestJSON-1108682379-project] 10.222.0.43 "GET /v2.0/ports?device_id=1931c040-4410-4bae-91bc-ece6980b8d44 HTTP/1.1" status: 200 len: 943 time: 0.0553203
Oct 11 20:44:13.202244 dv-cinder-813532-1-iscsi neutron-server[105804]: INFO neutron.wsgi [req-4bce1e4a-7f4a-4ac8-9674-099ab37aaae5 req-297b6942-5f7e-43c4-8b42-205fb4a67e20 tempest-DeleteServersTestJSON-1108682379 tempest-DeleteServersTestJSON-1108682379-project] 10.222.0.43 "GET /v2.0/security-groups?id=e05d2813-7dbe-42f1-8f21-16c948496790&fields=id&fields=name HTTP/1.1" status: 200 len: 286 time: 0.0333629
Oct 11 20:44:13.490413 dv-cinder-813532-1-iscsi neutron-server[105805]: DEBUG neutron.pecan_wsgi.hooks.policy_enforcement [req-4733112a-7d5e-45d1-a79f-c714ca6e8554 req-0ba5e0a0-c78c-40f7-892d-a5b2669ab4d5 tempest-AttachVolumeTestJSON-1438585979 tempest-AttachVolumeTestJSON-1438585979-project] Attributes excluded by policy engine: ['standard_attr_id', 'binding:profile', 'binding:host_id', 'binding:vif_type', 'binding:vif_details'] {{(pid=105805) _exclude_attributes_by_policy /opt/stack/neutron/neutron/pecan_wsgi/hooks/policy_enforcement.py:255}}
Oct 11 20:44:13.495021 dv-cinder-813532-1-iscsi neutron-server[105805]: INFO neutron.wsgi [req-4733112a-7d5e-45d1-a79f-c714ca6e8554 req-0ba5e0a0-c78c-40f7-892d-a5b2669ab4d5 tempest-AttachVolumeTestJSON-1438585979 tempest-AttachVolumeTestJSON-1438585979-project] 10.222.0.43 "GET /v2.0/ports?device_id=43ece48e-928d-40ec-8db1-58b4cbd9bfae HTTP/1.1" status: 200 len: 944 time: 0.0567884
Oct 11 20:44:13.532621 dv-cinder-813532-1-iscsi neutron-server[105805]: INFO neutron.wsgi [req-4733112a-7d5e-45d1-a79f-c714ca6e8554 req-a2d3a2b2-a3d6-41de-9c06-e877452d0ac1 tempest-AttachVolumeTestJSON-1438585979 tempest-AttachVolumeTestJSON-1438585979-project] 10.222.0.43 "GET /v2.0/security-groups?id=f67384a6-2760-4d9c-8ef4-6c7e8a20c8ad&fields=id&fields=name HTTP/1.1" status: 200 len: 313 time: 0.0343869
Oct 11 20:44:13.836982 dv-cinder-813532-1-iscsi neutron-server[105806]: DEBUG neutron.plugins.ml2.rpc [None req-b33da563-46a9-4a8c-8588-138e5cfd770b None None] Device 095f86a3-0433-4174-8b9f-57e5af28e353 details requested by agent hyperv_hv-cinder-81353 with host hv-cinder-81353 {{(pid=105806) get_device_details /opt/stack/neutron/neutron/plugins/ml2/rpc.py:102}}
Oct 11 20:44:13.851419 dv-cinder-813532-1-iscsi neutron-server[105805]: INFO neutron.wsgi [req-d24677ae-6e2f-45f8-8fbc-fc5b70d13be2 req-0aa6bd8b-48cc-434b-8e7f-e537856b4e88 service neutron] 10.222.0.46 "GET /v2.0/floatingips?fixed_ip_address=172.20.0.10&port_id=b56fcd95-6fdd-4cf4-b8a4-5ca56a7b0478 HTTP/1.1" status: 200 len: 217 time: 0.0410066
Oct 11 20:44:13.981076 dv-cinder-813532-1-iscsi neutron-server[105806]: DEBUG neutron.plugins.ml2.db [None req-b33da563-46a9-4a8c-8588-138e5cfd770b None None] For port 095f86a3-0433-4174-8b9f-57e5af28e353, host hv-cinder-81353, got binding levels [PortBindingLevel(driver='hyperv',host='hv-cinder-81353',level=0,port_id=095f86a3-0433-4174-8b9f-57e5af28e353,segment=NetworkSegment(5023a942-18fb-46c9-b9b6-074850f3519a),segment_id=5023a942-18fb-46c9-b9b6-074850f3519a)] {{(pid=105806) get_binding_level_objs /opt/stack/neutron/neutron/plugins/ml2/db.py:74}}
Oct 11 20:44:13.999494 dv-cinder-813532-1-iscsi neutron-server[105806]: DEBUG neutron.plugins.ml2.rpc [None req-b33da563-46a9-4a8c-8588-138e5cfd770b None None] Returning: {'device': '095f86a3-0433-4174-8b9f-57e5af28e353', 'network_id': 'aae9f6a5-9114-42e9-b9e4-2bbf24a85650', 'port_id': '095f86a3-0433-4174-8b9f-57e5af28e353', 'mac_address': 'fa:16:3e:37:00:13', 'admin_state_up': True, 'network_type': 'vlan', 'segmentation_id': 420, 'physical_network': 'physnet1', 'mtu': 1500, 'fixed_ips': [{'subnet_id': 'e29670fe-a261-43a9-bcbd-661a07947f8a', 'ip_address': '172.20.0.9'}], 'device_owner': 'compute:nova', 'allowed_address_pairs': [], 'port_security_enabled': True, 'qos_policy_id': None, 'network_qos_policy_id': None, 'profile': {}, 'propagate_uplink_status': False} {{(pid=105806) _get_device_details /opt/stack/neutron/neutron/plugins/ml2/rpc.py:184}}
Oct 11 20:44:14.048011 dv-cinder-813532-1-iscsi neutron-server[105806]: DEBUG neutron_lib.callbacks.manager [None req-b33da563-46a9-4a8c-8588-138e5cfd770b None None] Notify callbacks ['neutron.plugins.ml2.plugin.SecurityGroupDbMixin._ensure_default_security_group_handler-650005'] for port, before_update {{(pid=105806) _notify_loop /usr/local/lib/python3.8/dist-packages/neutron_lib/callbacks/manager.py:192}}
Oct 11 20:44:14.070507 dv-cinder-813532-1-iscsi neutron-server[105806]: DEBUG neutron.notifiers.nova [None req-b33da563-46a9-4a8c-8588-138e5cfd770b None None] Ignoring state change previous_port_status: DOWN current_port_status: BUILD port_id 095f86a3-0433-4174-8b9f-57e5af28e353 {{(pid=105806) record_port_status_changed /opt/stack/neutron/neutron/notifiers/nova.py:224}}
Oct 11 20:44:14.091654 dv-cinder-813532-1-iscsi neutron-server[105806]: DEBUG neutron.plugins.ml2.db [None req-b33da563-46a9-4a8c-8588-138e5cfd770b None None] For port 095f86a3-0433-4174-8b9f-57e5af28e353, host hv-cinder-81353, got binding levels [PortBindingLevel(driver='hyperv',host='hv-cinder-81353',level=0,port_id=095f86a3-0433-4174-8b9f-57e5af28e353,segment=NetworkSegment(5023a942-18fb-46c9-b9b6-074850f3519a),segment_id=5023a942-18fb-46c9-b9b6-074850f3519a)] {{(pid=105806) get_binding_level_objs /opt/stack/neutron/neutron/plugins/ml2/db.py:74}}
Oct 11 20:44:14.099356 dv-cinder-813532-1-iscsi neutron-server[105806]: DEBUG neutron_lib.callbacks.manager [None req-b33da563-46a9-4a8c-8588-138e5cfd770b None None] Notify callbacks ['neutron.plugins.ml2.plugin.SecurityGroupServerNotifierRpcMixin._notify_sg_on_port_change-628207', 'neutron.plugins.ml2.ovo_rpc._ObjectChangeHandler.handle_event-235663', 'neutron.api.rpc.agentnotifiers.dhcp_rpc_agent_api.DhcpAgentNotifyAPI._native_event_send_dhcp_notification-1674006', 'neutron.db.l3_db.L3RpcNotifierMixin._notify_gateway_port_ip_changed-8755377833750', 'neutron.db.l3_dvrscheduler_db._notify_l3_agent_port_update-8755377377293', 'neutron.db.l3_hascheduler_db._notify_l3_agent_ha_port_update-8755377377311'] for port, after_update {{(pid=105806) _notify_loop /usr/local/lib/python3.8/dist-packages/neutron_lib/callbacks/manager.py:192}}
Oct 11 20:44:14.100235 dv-cinder-813532-1-iscsi neutron-server[105806]: DEBUG neutron.plugins.ml2.rpc [None req-b33da563-46a9-4a8c-8588-138e5cfd770b None None] Device dd4b3e9d-dc5f-49f3-a6e2-e3b809e4bca9 details requested by agent hyperv_hv-cinder-81353 with host hv-cinder-81353 {{(pid=105806) get_device_details /opt/stack/neutron/neutron/plugins/ml2/rpc.py:102}}
Oct 11 20:44:14.212765 dv-cinder-813532-1-iscsi neutron-server[105806]: DEBUG neutron.api.rpc.handlers.resources_rpc [None req-b33da563-46a9-4a8c-8588-138e5cfd770b None None] Pushing event updated for resources: {'Port': ['ID=095f86a3-0433-4174-8b9f-57e5af28e353,revision_number=4']} {{(pid=105806) push /opt/stack/neutron/neutron/api/rpc/handlers/resources_rpc.py:237}}
Oct 11 20:44:14.268877 dv-cinder-813532-1-iscsi neutron-server[105804]: DEBUG neutron.pecan_wsgi.hooks.policy_enforcement [req-a5617f22-fe55-49e0-a035-eec38ccaadd8 req-81fe568f-19ba-42f3-aa68-fca2ef1cab96 tempest-ServerRescueNegativeTestJSON-2003652250 tempest-ServerRescueNegativeTestJSON-2003652250-project] Attributes excluded by policy engine: ['standard_attr_id', 'binding:profile', 'binding:host_id', 'binding:vif_type', 'binding:vif_details'] {{(pid=105804) _exclude_attributes_by_policy /opt/stack/neutron/neutron/pecan_wsgi/hooks/policy_enforcement.py:255}}
Oct 11 20:44:14.270557 dv-cinder-813532-1-iscsi neutron-server[105804]: INFO neutron.wsgi [req-a5617f22-fe55-49e0-a035-eec38ccaadd8 req-81fe568f-19ba-42f3-aa68-fca2ef1cab96 tempest-ServerRescueNegativeTestJSON-2003652250 tempest-ServerRescueNegativeTestJSON-2003652250-project] 10.222.0.43 "GET /v2.0/ports?device_id=fceaf731-7a89-468b-9b84-b8a502af14a2 HTTP/1.1" status: 200 len: 943 time: 0.0764120
Oct 11 20:44:14.295712 dv-cinder-813532-1-iscsi neutron-server[105806]: DEBUG neutron.plugins.ml2.db [None req-b33da563-46a9-4a8c-8588-138e5cfd770b None None] For port dd4b3e9d-dc5f-49f3-a6e2-e3b809e4bca9, host hv-cinder-81353, got binding levels [PortBindingLevel(driver='hyperv',host='hv-cinder-81353',level=0,port_id=dd4b3e9d-dc5f-49f3-a6e2-e3b809e4bca9,segment=NetworkSegment(58dd4e90-2f9d-43bc-b8e1-a2e57e6536c7),segment_id=58dd4e90-2f9d-43bc-b8e1-a2e57e6536c7)] {{(pid=105806) get_binding_level_objs /opt/stack/neutron/neutron/plugins/ml2/db.py:74}}
Oct 11 20:44:14.315162 dv-cinder-813532-1-iscsi neutron-server[105806]: DEBUG neutron.plugins.ml2.rpc [None req-b33da563-46a9-4a8c-8588-138e5cfd770b None None] Returning: {'device': 'dd4b3e9d-dc5f-49f3-a6e2-e3b809e4bca9', 'network_id': 'ba20353d-3169-4943-bf79-3223bcb0b4d0', 'port_id': 'dd4b3e9d-dc5f-49f3-a6e2-e3b809e4bca9', 'mac_address': 'fa:16:3e:75:70:c7', 'admin_state_up': True, 'network_type': 'vlan', 'segmentation_id': 405, 'physical_network': 'physnet1', 'mtu': 1500, 'fixed_ips': [{'subnet_id': '11bc31fb-c7a0-4891-a1b6-83c7348cd784', 'ip_address': '172.20.0.9'}], 'device_owner': 'compute:nova', 'allowed_address_pairs': [], 'port_security_enabled': True, 'qos_policy_id': None, 'network_qos_policy_id': None, 'profile': {}, 'propagate_uplink_status': False} {{(pid=105806) _get_device_details /opt/stack/neutron/neutron/plugins/ml2/rpc.py:184}}
Oct 11 20:44:14.338205 dv-cinder-813532-1-iscsi neutron-server[105804]: INFO neutron.wsgi [req-a5617f22-fe55-49e0-a035-eec38ccaadd8 req-d71fae47-78d9-4a7d-955b-84dee1d070ce tempest-ServerRescueNegativeTestJSON-2003652250 tempest-ServerRescueNegativeTestJSON-2003652250-project] 10.222.0.43 "GET /v2.0/security-groups?id=4a062be1-a2a8-4166-b7ce-4c0db0ab9a8e&fields=id&fields=name HTTP/1.1" status: 200 len: 286 time: 0.0606365
Oct 11 20:44:14.362580 dv-cinder-813532-1-iscsi neutron-server[105805]: DEBUG neutron.pecan_wsgi.hooks.policy_enforcement [req-b200c0c8-192c-4be4-a00b-76b3d2f3df02 req-35162bd8-a4f5-4fae-b7d0-ddb29570316e tempest-DeleteServersTestJSON-1108682379 tempest-DeleteServersTestJSON-1108682379-project] Attributes excluded by policy engine: ['standard_attr_id', 'binding:profile', 'binding:host_id', 'binding:vif_type', 'binding:vif_details'] {{(pid=105805) _exclude_attributes_by_policy /opt/stack/neutron/neutron/pecan_wsgi/hooks/policy_enforcement.py:255}}
Oct 11 20:44:14.365737 dv-cinder-813532-1-iscsi neutron-server[105806]: DEBUG neutron_lib.callbacks.manager [None req-b33da563-46a9-4a8c-8588-138e5cfd770b None None] Notify callbacks ['neutron.plugins.ml2.plugin.SecurityGroupDbMixin._ensure_default_security_group_handler-650005'] for port, before_update {{(pid=105806) _notify_loop /usr/local/lib/python3.8/dist-packages/neutron_lib/callbacks/manager.py:192}}
Oct 11 20:44:14.372221 dv-cinder-813532-1-iscsi neutron-server[105805]: INFO neutron.wsgi [req-b200c0c8-192c-4be4-a00b-76b3d2f3df02 req-35162bd8-a4f5-4fae-b7d0-ddb29570316e tempest-DeleteServersTestJSON-1108682379 tempest-DeleteServersTestJSON-1108682379-project] 10.222.0.43 "GET /v2.0/ports?device_id=1931c040-4410-4bae-91bc-ece6980b8d44 HTTP/1.1" status: 200 len: 944 time: 0.0882680
Oct 11 20:44:14.380019 dv-cinder-813532-1-iscsi neutron-server[105806]: DEBUG neutron.notifiers.nova [None req-b33da563-46a9-4a8c-8588-138e5cfd770b None None] Ignoring state change previous_port_status: DOWN current_port_status: BUILD port_id dd4b3e9d-dc5f-49f3-a6e2-e3b809e4bca9 {{(pid=105806) record_port_status_changed /opt/stack/neutron/neutron/notifiers/nova.py:224}}
Oct 11 20:44:14.406810 dv-cinder-813532-1-iscsi neutron-server[105806]: DEBUG neutron.plugins.ml2.db [None req-b33da563-46a9-4a8c-8588-138e5cfd770b None None] For port dd4b3e9d-dc5f-49f3-a6e2-e3b809e4bca9, host hv-cinder-81353, got binding levels [PortBindingLevel(driver='hyperv',host='hv-cinder-81353',level=0,port_id=dd4b3e9d-dc5f-49f3-a6e2-e3b809e4bca9,segment=NetworkSegment(58dd4e90-2f9d-43bc-b8e1-a2e57e6536c7),segment_id=58dd4e90-2f9d-43bc-b8e1-a2e57e6536c7)] {{(pid=105806) get_binding_level_objs /opt/stack/neutron/neutron/plugins/ml2/db.py:74}}
Oct 11 20:44:14.410127 dv-cinder-813532-1-iscsi neutron-server[105805]: INFO neutron.wsgi [req-b200c0c8-192c-4be4-a00b-76b3d2f3df02 req-ad43613a-726d-4ef9-844a-a69dc0e078bc tempest-DeleteServersTestJSON-1108682379 tempest-DeleteServersTestJSON-1108682379-project] 10.222.0.43 "GET /v2.0/security-groups?id=e05d2813-7dbe-42f1-8f21-16c948496790&fields=id&fields=name HTTP/1.1" status: 200 len: 286 time: 0.0368025
Oct 11 20:44:14.412461 dv-cinder-813532-1-iscsi neutron-server[105806]: DEBUG neutron_lib.callbacks.manager [None req-b33da563-46a9-4a8c-8588-138e5cfd770b None None] Notify callbacks ['neutron.plugins.ml2.plugin.SecurityGroupServerNotifierRpcMixin._notify_sg_on_port_change-628207', 'neutron.plugins.ml2.ovo_rpc._ObjectChangeHandler.handle_event-235663', 'neutron.api.rpc.agentnotifiers.dhcp_rpc_agent_api.DhcpAgentNotifyAPI._native_event_send_dhcp_notification-1674006', 'neutron.db.l3_db.L3RpcNotifierMixin._notify_gateway_port_ip_changed-8755377833750', 'neutron.db.l3_dvrscheduler_db._notify_l3_agent_port_update-8755377377293', 'neutron.db.l3_hascheduler_db._notify_l3_agent_ha_port_update-8755377377311'] for port, after_update {{(pid=105806) _notify_loop /usr/local/lib/python3.8/dist-packages/neutron_lib/callbacks/manager.py:192}}
Oct 11 20:44:14.413356 dv-cinder-813532-1-iscsi neutron-server[105806]: DEBUG neutron.plugins.ml2.rpc [None req-b33da563-46a9-4a8c-8588-138e5cfd770b None None] Device 3c8b1485-91ab-4b24-9955-61f02545df0f details requested by agent hyperv_hv-cinder-81353 with host hv-cinder-81353 {{(pid=105806) get_device_details /opt/stack/neutron/neutron/plugins/ml2/rpc.py:102}}
Oct 11 20:44:14.483513 dv-cinder-813532-1-iscsi neutron-server[105806]: DEBUG neutron.plugins.ml2.db [None req-b33da563-46a9-4a8c-8588-138e5cfd770b None None] For port 3c8b1485-91ab-4b24-9955-61f02545df0f, host hv-cinder-81353, got binding levels [PortBindingLevel(driver='hyperv',host='hv-cinder-81353',level=0,port_id=3c8b1485-91ab-4b24-9955-61f02545df0f,segment=NetworkSegment(58dd4e90-2f9d-43bc-b8e1-a2e57e6536c7),segment_id=58dd4e90-2f9d-43bc-b8e1-a2e57e6536c7)] {{(pid=105806) get_binding_level_objs /opt/stack/neutron/neutron/plugins/ml2/db.py:74}}
Oct 11 20:44:14.496800 dv-cinder-813532-1-iscsi neutron-server[105806]: DEBUG neutron.api.rpc.handlers.resources_rpc [None req-b33da563-46a9-4a8c-8588-138e5cfd770b None None] Pushing event updated for resources: {'Port': ['ID=dd4b3e9d-dc5f-49f3-a6e2-e3b809e4bca9,revision_number=4']} {{(pid=105806) push /opt/stack/neutron/neutron/api/rpc/handlers/resources_rpc.py:237}}
Oct 11 20:44:14.508690 dv-cinder-813532-1-iscsi neutron-server[105806]: DEBUG neutron.plugins.ml2.rpc [None req-b33da563-46a9-4a8c-8588-138e5cfd770b None None] Returning: {'device': '3c8b1485-91ab-4b24-9955-61f02545df0f', 'network_id': 'ba20353d-3169-4943-bf79-3223bcb0b4d0', 'port_id': '3c8b1485-91ab-4b24-9955-61f02545df0f', 'mac_address': 'fa:16:3e:80:89:40', 'admin_state_up': True, 'network_type': 'vlan', 'segmentation_id': 405, 'physical_network': 'physnet1', 'mtu': 1500, 'fixed_ips': [{'subnet_id': '11bc31fb-c7a0-4891-a1b6-83c7348cd784', 'ip_address': '172.20.0.12'}], 'device_owner': 'compute:nova', 'allowed_address_pairs': [], 'port_security_enabled': True, 'qos_policy_id': None, 'network_qos_policy_id': None, 'profile': {}, 'propagate_uplink_status': False} {{(pid=105806) _get_device_details /opt/stack/neutron/neutron/plugins/ml2/rpc.py:184}}
Oct 11 20:44:14.557941 dv-cinder-813532-1-iscsi neutron-server[105806]: DEBUG neutron_lib.callbacks.manager [None req-b33da563-46a9-4a8c-8588-138e5cfd770b None None] Notify callbacks ['neutron.plugins.ml2.plugin.SecurityGroupDbMixin._ensure_default_security_group_handler-650005'] for port, before_update {{(pid=105806) _notify_loop /usr/local/lib/python3.8/dist-packages/neutron_lib/callbacks/manager.py:192}}
Oct 11 20:44:14.588292 dv-cinder-813532-1-iscsi neutron-server[105806]: DEBUG neutron.notifiers.nova [None req-b33da563-46a9-4a8c-8588-138e5cfd770b None None] Ignoring state change previous_port_status: DOWN current_port_status: BUILD port_id 3c8b1485-91ab-4b24-9955-61f02545df0f {{(pid=105806) record_port_status_changed /opt/stack/neutron/neutron/notifiers/nova.py:224}}
Oct 11 20:44:14.610940 dv-cinder-813532-1-iscsi neutron-server[105806]: DEBUG neutron.plugins.ml2.db [None req-b33da563-46a9-4a8c-8588-138e5cfd770b None None] For port 3c8b1485-91ab-4b24-9955-61f02545df0f, host hv-cinder-81353, got binding levels [PortBindingLevel(driver='hyperv',host='hv-cinder-81353',level=0,port_id=3c8b1485-91ab-4b24-9955-61f02545df0f,segment=NetworkSegment(58dd4e90-2f9d-43bc-b8e1-a2e57e6536c7),segment_id=58dd4e90-2f9d-43bc-b8e1-a2e57e6536c7)] {{(pid=105806) get_binding_level_objs /opt/stack/neutron/neutron/plugins/ml2/db.py:74}}
Oct 11 20:44:14.615475 dv-cinder-813532-1-iscsi neutron-server[105806]: DEBUG neutron_lib.callbacks.manager [None req-b33da563-46a9-4a8c-8588-138e5cfd770b None None] Notify callbacks ['neutron.plugins.ml2.plugin.SecurityGroupServerNotifierRpcMixin._notify_sg_on_port_change-628207', 'neutron.plugins.ml2.ovo_rpc._ObjectChangeHandler.handle_event-235663', 'neutron.api.rpc.agentnotifiers.dhcp_rpc_agent_api.DhcpAgentNotifyAPI._native_event_send_dhcp_notification-1674006', 'neutron.db.l3_db.L3RpcNotifierMixin._notify_gateway_port_ip_changed-8755377833750', 'neutron.db.l3_dvrscheduler_db._notify_l3_agent_port_update-8755377377293', 'neutron.db.l3_hascheduler_db._notify_l3_agent_ha_port_update-8755377377311'] for port, after_update {{(pid=105806) _notify_loop /usr/local/lib/python3.8/dist-packages/neutron_lib/callbacks/manager.py:192}}
Oct 11 20:44:14.696037 dv-cinder-813532-1-iscsi neutron-server[105804]: DEBUG neutron.pecan_wsgi.hooks.policy_enforcement [req-1f7313f6-b156-45f5-adb0-309760455950 req-3d0c98ca-9b64-4959-93f5-9e5e4ab7011e tempest-AttachVolumeTestJSON-1438585979 tempest-AttachVolumeTestJSON-1438585979-project] Attributes excluded by policy engine: ['standard_attr_id', 'binding:profile', 'binding:host_id', 'binding:vif_type', 'binding:vif_details'] {{(pid=105804) _exclude_attributes_by_policy /opt/stack/neutron/neutron/pecan_wsgi/hooks/policy_enforcement.py:255}}
Oct 11 20:44:14.698210 dv-cinder-813532-1-iscsi neutron-server[105806]: DEBUG neutron.api.rpc.handlers.resources_rpc [None req-b33da563-46a9-4a8c-8588-138e5cfd770b None None] Pushing event updated for resources: {'Port': ['ID=3c8b1485-91ab-4b24-9955-61f02545df0f,revision_number=4']} {{(pid=105806) push /opt/stack/neutron/neutron/api/rpc/handlers/resources_rpc.py:237}}
Oct 11 20:44:14.702988 dv-cinder-813532-1-iscsi neutron-server[105804]: INFO neutron.wsgi [req-1f7313f6-b156-45f5-adb0-309760455950 req-3d0c98ca-9b64-4959-93f5-9e5e4ab7011e tempest-AttachVolumeTestJSON-1438585979 tempest-AttachVolumeTestJSON-1438585979-project] 10.222.0.43 "GET /v2.0/ports?device_id=43ece48e-928d-40ec-8db1-58b4cbd9bfae HTTP/1.1" status: 200 len: 944 time: 0.0841978
Oct 11 20:44:14.719987 dv-cinder-813532-1-iscsi neutron-server[105805]: DEBUG neutron.pecan_wsgi.hooks.policy_enforcement [req-d24677ae-6e2f-45f8-8fbc-fc5b70d13be2 req-5ec430f1-8316-485b-9774-cb67757809e3 service neutron] Attributes excluded by policy engine: ['standard_attr_id', 'shared'] {{(pid=105805) _exclude_attributes_by_policy /opt/stack/neutron/neutron/pecan_wsgi/hooks/policy_enforcement.py:255}}
Oct 11 20:44:14.721850 dv-cinder-813532-1-iscsi neutron-server[105805]: INFO neutron.wsgi [req-d24677ae-6e2f-45f8-8fbc-fc5b70d13be2 req-5ec430f1-8316-485b-9774-cb67757809e3 service neutron] 10.222.0.46 "GET /v2.0/subnets?id=3f3a7e06-d8a7-41ea-88cc-a175f1a636cd HTTP/1.1" status: 200 len: 849 time: 0.0671990
Oct 11 20:44:14.746731 dv-cinder-813532-1-iscsi neutron-server[105804]: INFO neutron.wsgi [req-1f7313f6-b156-45f5-adb0-309760455950 req-8aca40b1-1779-4242-8056-8f562a3b2537 tempest-AttachVolumeTestJSON-1438585979 tempest-AttachVolumeTestJSON-1438585979-project] 10.222.0.43 "GET /v2.0/security-groups?id=f67384a6-2760-4d9c-8ef4-6c7e8a20c8ad&fields=id&fields=name HTTP/1.1" status: 200 len: 313 time: 0.0407825
Oct 11 20:44:15.462250 dv-cinder-813532-1-iscsi neutron-server[105805]: DEBUG neutron.pecan_wsgi.hooks.policy_enforcement [req-5207a1ba-b1b6-43cb-889d-8cd68bdd9565 req-3d36d08a-9b33-473b-ac9e-4b21b9a7bae4 tempest-ServerRescueNegativeTestJSON-2003652250 tempest-ServerRescueNegativeTestJSON-2003652250-project] Attributes excluded by policy engine: ['standard_attr_id', 'binding:profile', 'binding:host_id', 'binding:vif_type', 'binding:vif_details'] {{(pid=105805) _exclude_attributes_by_policy /opt/stack/neutron/neutron/pecan_wsgi/hooks/policy_enforcement.py:255}}
Oct 11 20:44:15.463760 dv-cinder-813532-1-iscsi neutron-server[105805]: INFO neutron.wsgi [req-5207a1ba-b1b6-43cb-889d-8cd68bdd9565 req-3d36d08a-9b33-473b-ac9e-4b21b9a7bae4 tempest-ServerRescueNegativeTestJSON-2003652250 tempest-ServerRescueNegativeTestJSON-2003652250-project] 10.222.0.43 "GET /v2.0/ports?device_id=fceaf731-7a89-468b-9b84-b8a502af14a2 HTTP/1.1" status: 200 len: 944 time: 0.0533700
Oct 11 20:44:15.501778 dv-cinder-813532-1-iscsi neutron-server[105805]: INFO neutron.wsgi [req-5207a1ba-b1b6-43cb-889d-8cd68bdd9565 req-32369cc5-5b58-437c-83b5-230afe87e8e4 tempest-ServerRescueNegativeTestJSON-2003652250 tempest-ServerRescueNegativeTestJSON-2003652250-project] 10.222.0.43 "GET /v2.0/security-groups?id=4a062be1-a2a8-4166-b7ce-4c0db0ab9a8e&fields=id&fields=name HTTP/1.1" status: 200 len: 286 time: 0.0321679
Oct 11 20:44:15.539010 dv-cinder-813532-1-iscsi neutron-server[105804]: DEBUG neutron.pecan_wsgi.hooks.policy_enforcement [req-b8653849-ab4d-4ac0-b864-dae8f85db2c6 req-937c1c39-b943-4111-92a8-6a454d7170b0 tempest-DeleteServersTestJSON-1108682379 tempest-DeleteServersTestJSON-1108682379-project] Attributes excluded by policy engine: ['standard_attr_id', 'binding:profile', 'binding:host_id', 'binding:vif_type', 'binding:vif_details'] {{(pid=105804) _exclude_attributes_by_policy /opt/stack/neutron/neutron/pecan_wsgi/hooks/policy_enforcement.py:255}}
Oct 11 20:44:15.540473 dv-cinder-813532-1-iscsi neutron-server[105804]: INFO neutron.wsgi [req-b8653849-ab4d-4ac0-b864-dae8f85db2c6 req-937c1c39-b943-4111-92a8-6a454d7170b0 tempest-DeleteServersTestJSON-1108682379 tempest-DeleteServersTestJSON-1108682379-project] 10.222.0.43 "GET /v2.0/ports?device_id=1931c040-4410-4bae-91bc-ece6980b8d44 HTTP/1.1" status: 200 len: 944 time: 0.0521491
Oct 11 20:44:15.577864 dv-cinder-813532-1-iscsi neutron-server[105804]: INFO neutron.wsgi [req-b8653849-ab4d-4ac0-b864-dae8f85db2c6 req-e7ee6238-027e-4637-80dd-8286bb086e24 tempest-DeleteServersTestJSON-1108682379 tempest-DeleteServersTestJSON-1108682379-project] 10.222.0.43 "GET /v2.0/security-groups?id=e05d2813-7dbe-42f1-8f21-16c948496790&fields=id&fields=name HTTP/1.1" status: 200 len: 286 time: 0.0315394
Oct 11 20:44:15.659252 dv-cinder-813532-1-iscsi neutron-server[105805]: DEBUG neutron.pecan_wsgi.hooks.policy_enforcement [req-d24677ae-6e2f-45f8-8fbc-fc5b70d13be2 req-304577ca-06ea-4cc1-b365-85b7dc1971ad service neutron] Attributes excluded by policy engine: ['standard_attr_id'] {{(pid=105805) _exclude_attributes_by_policy /opt/stack/neutron/neutron/pecan_wsgi/hooks/policy_enforcement.py:255}}
Oct 11 20:44:15.661361 dv-cinder-813532-1-iscsi neutron-server[105805]: INFO neutron.wsgi [req-d24677ae-6e2f-45f8-8fbc-fc5b70d13be2 req-304577ca-06ea-4cc1-b365-85b7dc1971ad service neutron] 10.222.0.46 "GET /v2.0/ports?network_id=f7e520f6-3b02-48f4-980b-3a46702f847e&device_owner=network%3Adhcp HTTP/1.1" status: 200 len: 1175 time: 0.0433109
Oct 11 20:44:15.756051 dv-cinder-813532-1-iscsi neutron-server[105805]: INFO neutron.wsgi [req-d24677ae-6e2f-45f8-8fbc-fc5b70d13be2 req-e6abea36-31a8-493f-aada-d29e1f6ca0b4 service neutron] 10.222.0.46 "GET /v2.0/networks/f7e520f6-3b02-48f4-980b-3a46702f847e?fields=segments HTTP/1.1" status: 200 len: 212 time: 0.0811868
Oct 11 20:44:15.893072 dv-cinder-813532-1-iscsi neutron-server[105805]: DEBUG neutron.pecan_wsgi.hooks.policy_enforcement [req-ccb6e6f7-336a-41ca-9c92-e98d9f7d2f6c req-17c8b411-344b-47be-bf81-3f169e29f7af tempest-AttachVolumeTestJSON-1438585979 tempest-AttachVolumeTestJSON-1438585979-project] Attributes excluded by policy engine: ['standard_attr_id', 'binding:profile', 'binding:host_id', 'binding:vif_type', 'binding:vif_details'] {{(pid=105805) _exclude_attributes_by_policy /opt/stack/neutron/neutron/pecan_wsgi/hooks/policy_enforcement.py:255}}
Oct 11 20:44:15.895100 dv-cinder-813532-1-iscsi neutron-server[105805]: INFO neutron.wsgi [req-ccb6e6f7-336a-41ca-9c92-e98d9f7d2f6c req-17c8b411-344b-47be-bf81-3f169e29f7af tempest-AttachVolumeTestJSON-1438585979 tempest-AttachVolumeTestJSON-1438585979-project] 10.222.0.43 "GET /v2.0/ports?device_id=43ece48e-928d-40ec-8db1-58b4cbd9bfae HTTP/1.1" status: 200 len: 944 time: 0.0801573
Oct 11 20:44:15.897178 dv-cinder-813532-1-iscsi neutron-server[105805]: INFO neutron.wsgi [req-d24677ae-6e2f-45f8-8fbc-fc5b70d13be2 req-fa90f773-def0-4bdf-bb66-81dfe4d79e7e service neutron] 10.222.0.46 "GET /v2.0/networks/f7e520f6-3b02-48f4-980b-3a46702f847e?fields=provider%3Aphysical_network&fields=provider%3Anetwork_type HTTP/1.1" status: 200 len: 281 time: 0.1335654
Oct 11 20:44:15.936681 dv-cinder-813532-1-iscsi neutron-server[105805]: INFO neutron.wsgi [req-ccb6e6f7-336a-41ca-9c92-e98d9f7d2f6c req-21d48ab1-7ce8-442c-9930-8bde5830ab86 tempest-AttachVolumeTestJSON-1438585979 tempest-AttachVolumeTestJSON-1438585979-project] 10.222.0.43 "GET /v2.0/security-groups?id=f67384a6-2760-4d9c-8ef4-6c7e8a20c8ad&fields=id&fields=name HTTP/1.1" status: 200 len: 313 time: 0.0355432
Oct 11 20:44:15.997207 dv-cinder-813532-1-iscsi neutron-server[105806]: DEBUG neutron.plugins.ml2.db [None req-b33da563-46a9-4a8c-8588-138e5cfd770b None None] get_ports_and_sgs() called for port_ids ['3c8b1485-91ab-4b24-9955-61f02545df0f'] {{(pid=105806) get_ports_and_sgs /opt/stack/neutron/neutron/plugins/ml2/db.py:156}}
Oct 11 20:44:16.043208 dv-cinder-813532-1-iscsi neutron-server[105806]: DEBUG neutron.plugins.ml2.db [None req-b33da563-46a9-4a8c-8588-138e5cfd770b None None] get_ports_and_sgs() called for port_ids ['095f86a3-0433-4174-8b9f-57e5af28e353'] {{(pid=105806) get_ports_and_sgs /opt/stack/neutron/neutron/plugins/ml2/db.py:156}}
Oct 11 20:44:16.051611 dv-cinder-813532-1-iscsi neutron-server[105806]: DEBUG neutron.plugins.ml2.db [None req-b33da563-46a9-4a8c-8588-138e5cfd770b None None] get_ports_and_sgs() called for port_ids ['dd4b3e9d-dc5f-49f3-a6e2-e3b809e4bca9'] {{(pid=105806) get_ports_and_sgs /opt/stack/neutron/neutron/plugins/ml2/db.py:156}}
Oct 11 20:44:16.688887 dv-cinder-813532-1-iscsi neutron-server[105804]: DEBUG neutron.pecan_wsgi.hooks.policy_enforcement [req-c49900dc-46c0-4538-8c48-68c152e472ed req-1ab5b5ff-7a89-42e2-b3b8-75430d752aed tempest-ServerRescueNegativeTestJSON-2003652250 tempest-ServerRescueNegativeTestJSON-2003652250-project] Attributes excluded by policy engine: ['standard_attr_id', 'binding:profile', 'binding:host_id', 'binding:vif_type', 'binding:vif_details'] {{(pid=105804) _exclude_attributes_by_policy /opt/stack/neutron/neutron/pecan_wsgi/hooks/policy_enforcement.py:255}}
Oct 11 20:44:16.690369 dv-cinder-813532-1-iscsi neutron-server[105804]: INFO neutron.wsgi [req-c49900dc-46c0-4538-8c48-68c152e472ed req-1ab5b5ff-7a89-42e2-b3b8-75430d752aed tempest-ServerRescueNegativeTestJSON-2003652250 tempest-ServerRescueNegativeTestJSON-2003652250-project] 10.222.0.43 "GET /v2.0/ports?device_id=fceaf731-7a89-468b-9b84-b8a502af14a2 HTTP/1.1" status: 200 len: 944 time: 0.1080637
Oct 11 20:44:16.745747 dv-cinder-813532-1-iscsi neutron-server[105805]: DEBUG neutron.pecan_wsgi.hooks.policy_enforcement [req-eb25fa64-c8b8-41d5-b3a2-2af921da73b1 req-7053ecb7-1746-4b0e-b73f-407d523871f5 tempest-DeleteServersTestJSON-1108682379 tempest-DeleteServersTestJSON-1108682379-project] Attributes excluded by policy engine: ['standard_attr_id', 'binding:profile', 'binding:host_id', 'binding:vif_type', 'binding:vif_details'] {{(pid=105805) _exclude_attributes_by_policy /opt/stack/neutron/neutron/pecan_wsgi/hooks/policy_enforcement.py:255}}
Oct 11 20:44:16.746873 dv-cinder-813532-1-iscsi neutron-server[105805]: INFO neutron.wsgi [req-eb25fa64-c8b8-41d5-b3a2-2af921da73b1 req-7053ecb7-1746-4b0e-b73f-407d523871f5 tempest-DeleteServersTestJSON-1108682379 tempest-DeleteServersTestJSON-1108682379-project] 10.222.0.43 "GET /v2.0/ports?device_id=1931c040-4410-4bae-91bc-ece6980b8d44 HTTP/1.1" status: 200 len: 944 time: 0.0698128
Oct 11 20:44:16.751158 dv-cinder-813532-1-iscsi neutron-server[105804]: INFO neutron.wsgi [req-c49900dc-46c0-4538-8c48-68c152e472ed req-d404d380-4aee-4c10-810d-25fea7280ce6 tempest-ServerRescueNegativeTestJSON-2003652250 tempest-ServerRescueNegativeTestJSON-2003652250-project] 10.222.0.43 "GET /v2.0/security-groups?id=4a062be1-a2a8-4166-b7ce-4c0db0ab9a8e&fields=id&fields=name HTTP/1.1" status: 200 len: 286 time: 0.0498152
Oct 11 20:44:16.794378 dv-cinder-813532-1-iscsi neutron-server[105805]: INFO neutron.wsgi [req-eb25fa64-c8b8-41d5-b3a2-2af921da73b1 req-6736ed6b-c51b-473e-aedb-639d4ccce39d tempest-DeleteServersTestJSON-1108682379 tempest-DeleteServersTestJSON-1108682379-project] 10.222.0.43 "GET /v2.0/security-groups?id=e05d2813-7dbe-42f1-8f21-16c948496790&fields=id&fields=name HTTP/1.1" status: 200 len: 286 time: 0.0414066
Oct 11 20:44:17.046646 dv-cinder-813532-1-iscsi neutron-server[105804]: DEBUG neutron.pecan_wsgi.hooks.policy_enforcement [req-b7048182-5011-4643-af84-3bd448b72062 req-4d3980a0-5494-4550-bc75-b593d54ca4ee tempest-AttachVolumeTestJSON-1438585979 tempest-AttachVolumeTestJSON-1438585979-project] Attributes excluded by policy engine: ['standard_attr_id', 'binding:profile', 'binding:host_id', 'binding:vif_type', 'binding:vif_details'] {{(pid=105804) _exclude_attributes_by_policy /opt/stack/neutron/neutron/pecan_wsgi/hooks/policy_enforcement.py:255}}
Oct 11 20:44:17.048096 dv-cinder-813532-1-iscsi neutron-server[105804]: INFO neutron.wsgi [req-b7048182-5011-4643-af84-3bd448b72062 req-4d3980a0-5494-4550-bc75-b593d54ca4ee tempest-AttachVolumeTestJSON-1438585979 tempest-AttachVolumeTestJSON-1438585979-project] 10.222.0.43 "GET /v2.0/ports?device_id=43ece48e-928d-40ec-8db1-58b4cbd9bfae HTTP/1.1" status: 200 len: 944 time: 0.0468321
Oct 11 20:44:17.086076 dv-cinder-813532-1-iscsi neutron-server[105804]: INFO neutron.wsgi [req-b7048182-5011-4643-af84-3bd448b72062 req-273044ef-b2f7-48c4-895f-23aef01f84ca tempest-AttachVolumeTestJSON-1438585979 tempest-AttachVolumeTestJSON-1438585979-project] 10.222.0.43 "GET /v2.0/security-groups?id=f67384a6-2760-4d9c-8ef4-6c7e8a20c8ad&fields=id&fields=name HTTP/1.1" status: 200 len: 313 time: 0.0314875
Oct 11 20:44:17.866437 dv-cinder-813532-1-iscsi neutron-server[105805]: DEBUG neutron.pecan_wsgi.hooks.policy_enforcement [req-378e6c09-cb4e-429a-9626-0da0b5922b1f req-08997c7c-4beb-4d56-aae8-45b8b8d4b87a tempest-ServerRescueNegativeTestJSON-2003652250 tempest-ServerRescueNegativeTestJSON-2003652250-project] Attributes excluded by policy engine: ['standard_attr_id', 'binding:profile', 'binding:host_id', 'binding:vif_type', 'binding:vif_details'] {{(pid=105805) _exclude_attributes_by_policy /opt/stack/neutron/neutron/pecan_wsgi/hooks/policy_enforcement.py:255}}
Oct 11 20:44:17.868064 dv-cinder-813532-1-iscsi neutron-server[105805]: INFO neutron.wsgi [req-378e6c09-cb4e-429a-9626-0da0b5922b1f req-08997c7c-4beb-4d56-aae8-45b8b8d4b87a tempest-ServerRescueNegativeTestJSON-2003652250 tempest-ServerRescueNegativeTestJSON-2003652250-project] 10.222.0.43 "GET /v2.0/ports?device_id=fceaf731-7a89-468b-9b84-b8a502af14a2 HTTP/1.1" status: 200 len: 944 time: 0.0488985
Oct 11 20:44:17.906236 dv-cinder-813532-1-iscsi neutron-server[105805]: INFO neutron.wsgi [req-378e6c09-cb4e-429a-9626-0da0b5922b1f req-736ab1b0-9808-4da3-9e8d-4edce3fbfb84 tempest-ServerRescueNegativeTestJSON-2003652250 tempest-ServerRescueNegativeTestJSON-2003652250-project] 10.222.0.43 "GET /v2.0/security-groups?id=4a062be1-a2a8-4166-b7ce-4c0db0ab9a8e&fields=id&fields=name HTTP/1.1" status: 200 len: 286 time: 0.0321207
Oct 11 20:44:17.907496 dv-cinder-813532-1-iscsi neutron-server[105804]: DEBUG neutron.pecan_wsgi.hooks.policy_enforcement [req-b801347b-b350-4d39-b481-3d4c5e321152 req-2f39b89e-1599-4803-99f7-8819ae2705ec tempest-DeleteServersTestJSON-1108682379 tempest-DeleteServersTestJSON-1108682379-project] Attributes excluded by policy engine: ['standard_attr_id', 'binding:profile', 'binding:host_id', 'binding:vif_type', 'binding:vif_details'] {{(pid=105804) _exclude_attributes_by_policy /opt/stack/neutron/neutron/pecan_wsgi/hooks/policy_enforcement.py:255}}
Oct 11 20:44:17.908990 dv-cinder-813532-1-iscsi neutron-server[105804]: INFO neutron.wsgi [req-b801347b-b350-4d39-b481-3d4c5e321152 req-2f39b89e-1599-4803-99f7-8819ae2705ec tempest-DeleteServersTestJSON-1108682379 tempest-DeleteServersTestJSON-1108682379-project] 10.222.0.43 "GET /v2.0/ports?device_id=1931c040-4410-4bae-91bc-ece6980b8d44 HTTP/1.1" status: 200 len: 944 time: 0.0484602
Oct 11 20:44:17.944790 dv-cinder-813532-1-iscsi neutron-server[105806]: DEBUG neutron_lib.callbacks.manager [None req-0daf6db3-19c5-4c27-b5e4-72302d438284 None None] Notify callbacks ['neutron.services.segments.db._update_segment_host_mapping_for_agent-8755377941742', 'neutron.plugins.ml2.plugin.Ml2Plugin._retry_binding_revived_agents-1510504'] for agent, after_update {{(pid=105806) _notify_loop /usr/local/lib/python3.8/dist-packages/neutron_lib/callbacks/manager.py:192}}
Oct 11 20:44:17.960832 dv-cinder-813532-1-iscsi neutron-server[105804]: INFO neutron.wsgi [req-b801347b-b350-4d39-b481-3d4c5e321152 req-b47768ee-e413-45c7-b76e-919b767a37ed tempest-DeleteServersTestJSON-1108682379 tempest-DeleteServersTestJSON-1108682379-project] 10.222.0.43 "GET /v2.0/security-groups?id=e05d2813-7dbe-42f1-8f21-16c948496790&fields=id&fields=name HTTP/1.1" status: 200 len: 286 time: 0.0450361
Oct 11 20:44:18.198076 dv-cinder-813532-1-iscsi neutron-server[105805]: DEBUG neutron.pecan_wsgi.hooks.policy_enforcement [req-b60b5163-a154-4ca6-ba1d-e2bc2c884156 req-ed1bc1c5-f4ec-4279-ac2a-870c63311a84 tempest-AttachVolumeTestJSON-1438585979 tempest-AttachVolumeTestJSON-1438585979-project] Attributes excluded by policy engine: ['standard_attr_id', 'binding:profile', 'binding:host_id', 'binding:vif_type', 'binding:vif_details'] {{(pid=105805) _exclude_attributes_by_policy /opt/stack/neutron/neutron/pecan_wsgi/hooks/policy_enforcement.py:255}}
Oct 11 20:44:18.199524 dv-cinder-813532-1-iscsi neutron-server[105805]: INFO neutron.wsgi [req-b60b5163-a154-4ca6-ba1d-e2bc2c884156 req-ed1bc1c5-f4ec-4279-ac2a-870c63311a84 tempest-AttachVolumeTestJSON-1438585979 tempest-AttachVolumeTestJSON-1438585979-project] 10.222.0.43 "GET /v2.0/ports?device_id=43ece48e-928d-40ec-8db1-58b4cbd9bfae HTTP/1.1" status: 200 len: 944 time: 0.0466726
Oct 11 20:44:18.235709 dv-cinder-813532-1-iscsi neutron-server[105805]: INFO neutron.wsgi [req-b60b5163-a154-4ca6-ba1d-e2bc2c884156 req-afaf6b09-a54c-4491-8816-b9238072f424 tempest-AttachVolumeTestJSON-1438585979 tempest-AttachVolumeTestJSON-1438585979-project] 10.222.0.43 "GET /v2.0/security-groups?id=f67384a6-2760-4d9c-8ef4-6c7e8a20c8ad&fields=id&fields=name HTTP/1.1" status: 200 len: 313 time: 0.0303912
Oct 11 20:44:19.017924 dv-cinder-813532-1-iscsi neutron-server[105804]: DEBUG neutron.pecan_wsgi.hooks.policy_enforcement [req-e729fdea-e6ac-4032-acfc-1b58e06135e0 req-5349c699-e955-4077-992a-80bcb31b9ed0 tempest-ServerRescueNegativeTestJSON-2003652250 tempest-ServerRescueNegativeTestJSON-2003652250-project] Attributes excluded by policy engine: ['standard_attr_id', 'binding:profile', 'binding:host_id', 'binding:vif_type', 'binding:vif_details'] {{(pid=105804) _exclude_attributes_by_policy /opt/stack/neutron/neutron/pecan_wsgi/hooks/policy_enforcement.py:255}}
Oct 11 20:44:19.019342 dv-cinder-813532-1-iscsi neutron-server[105804]: INFO neutron.wsgi [req-e729fdea-e6ac-4032-acfc-1b58e06135e0 req-5349c699-e955-4077-992a-80bcb31b9ed0 tempest-ServerRescueNegativeTestJSON-2003652250 tempest-ServerRescueNegativeTestJSON-2003652250-project] 10.222.0.43 "GET /v2.0/ports?device_id=fceaf731-7a89-468b-9b84-b8a502af14a2 HTTP/1.1" status: 200 len: 944 time: 0.0478334
Oct 11 20:44:19.061809 dv-cinder-813532-1-iscsi neutron-server[105804]: INFO neutron.wsgi [req-e729fdea-e6ac-4032-acfc-1b58e06135e0 req-e7361934-4a7d-4d27-be26-b48ed776dcb5 tempest-ServerRescueNegativeTestJSON-2003652250 tempest-ServerRescueNegativeTestJSON-2003652250-project] 10.222.0.43 "GET /v2.0/security-groups?id=4a062be1-a2a8-4166-b7ce-4c0db0ab9a8e&fields=id&fields=name HTTP/1.1" status: 200 len: 286 time: 0.0363965
Oct 11 20:44:19.083075 dv-cinder-813532-1-iscsi neutron-server[105805]: DEBUG neutron.pecan_wsgi.hooks.policy_enforcement [req-020c465c-e4a9-4e6f-8a43-a01b1362fbf5 req-d0636f81-13ff-4a27-be2c-a81e0da563d8 tempest-DeleteServersTestJSON-1108682379 tempest-DeleteServersTestJSON-1108682379-project] Attributes excluded by policy engine: ['standard_attr_id', 'binding:profile', 'binding:host_id', 'binding:vif_type', 'binding:vif_details'] {{(pid=105805) _exclude_attributes_by_policy /opt/stack/neutron/neutron/pecan_wsgi/hooks/policy_enforcement.py:255}}
Oct 11 20:44:19.084566 dv-cinder-813532-1-iscsi neutron-server[105805]: INFO neutron.wsgi [req-020c465c-e4a9-4e6f-8a43-a01b1362fbf5 req-d0636f81-13ff-4a27-be2c-a81e0da563d8 tempest-DeleteServersTestJSON-1108682379 tempest-DeleteServersTestJSON-1108682379-project] 10.222.0.43 "GET /v2.0/ports?device_id=1931c040-4410-4bae-91bc-ece6980b8d44 HTTP/1.1" status: 200 len: 944 time: 0.0528159
Oct 11 20:44:19.125317 dv-cinder-813532-1-iscsi neutron-server[105805]: INFO neutron.wsgi [req-020c465c-e4a9-4e6f-8a43-a01b1362fbf5 req-c8841d5d-4481-4e64-831b-4dcfc403b3aa tempest-DeleteServersTestJSON-1108682379 tempest-DeleteServersTestJSON-1108682379-project] 10.222.0.43 "GET /v2.0/security-groups?id=e05d2813-7dbe-42f1-8f21-16c948496790&fields=id&fields=name HTTP/1.1" status: 200 len: 286 time: 0.0348673
Oct 11 20:44:19.350917 dv-cinder-813532-1-iscsi neutron-server[105804]: DEBUG neutron.pecan_wsgi.hooks.policy_enforcement [req-345dd8a4-0634-45ea-a00a-1dad519feeae req-5dfa2656-8535-422a-b0eb-74fe6cc0212a tempest-AttachVolumeTestJSON-1438585979 tempest-AttachVolumeTestJSON-1438585979-project] Attributes excluded by policy engine: ['standard_attr_id', 'binding:profile', 'binding:host_id', 'binding:vif_type', 'binding:vif_details'] {{(pid=105804) _exclude_attributes_by_policy /opt/stack/neutron/neutron/pecan_wsgi/hooks/policy_enforcement.py:255}}
Oct 11 20:44:19.352388 dv-cinder-813532-1-iscsi neutron-server[105804]: INFO neutron.wsgi [req-345dd8a4-0634-45ea-a00a-1dad519feeae req-5dfa2656-8535-422a-b0eb-74fe6cc0212a tempest-AttachVolumeTestJSON-1438585979 tempest-AttachVolumeTestJSON-1438585979-project] 10.222.0.43 "GET /v2.0/ports?device_id=43ece48e-928d-40ec-8db1-58b4cbd9bfae HTTP/1.1" status: 200 len: 944 time: 0.0493636
Oct 11 20:44:19.392651 dv-cinder-813532-1-iscsi neutron-server[105804]: INFO neutron.wsgi [req-345dd8a4-0634-45ea-a00a-1dad519feeae req-1cb0c6ea-6a90-450d-95d8-775954c361e0 tempest-AttachVolumeTestJSON-1438585979 tempest-AttachVolumeTestJSON-1438585979-project] 10.222.0.43 "GET /v2.0/security-groups?id=f67384a6-2760-4d9c-8ef4-6c7e8a20c8ad&fields=id&fields=name HTTP/1.1" status: 200 len: 313 time: 0.0343220
Oct 11 20:44:20.209158 dv-cinder-813532-1-iscsi neutron-server[105805]: DEBUG neutron.pecan_wsgi.hooks.policy_enforcement [req-322bb6cf-f9f6-40a2-9299-557f2caf3f64 req-aada832b-ce67-4718-9eec-2bba22f31fec tempest-ServerRescueNegativeTestJSON-2003652250 tempest-ServerRescueNegativeTestJSON-2003652250-project] Attributes excluded by policy engine: ['standard_attr_id', 'binding:profile', 'binding:host_id', 'binding:vif_type', 'binding:vif_details'] {{(pid=105805) _exclude_attributes_by_policy /opt/stack/neutron/neutron/pecan_wsgi/hooks/policy_enforcement.py:255}}
Oct 11 20:44:20.210836 dv-cinder-813532-1-iscsi neutron-server[105805]: INFO neutron.wsgi [req-322bb6cf-f9f6-40a2-9299-557f2caf3f64 req-aada832b-ce67-4718-9eec-2bba22f31fec tempest-ServerRescueNegativeTestJSON-2003652250 tempest-ServerRescueNegativeTestJSON-2003652250-project] 10.222.0.43 "GET /v2.0/ports?device_id=fceaf731-7a89-468b-9b84-b8a502af14a2 HTTP/1.1" status: 200 len: 944 time: 0.0745873
Oct 11 20:44:20.253980 dv-cinder-813532-1-iscsi neutron-server[105805]: INFO neutron.wsgi [req-322bb6cf-f9f6-40a2-9299-557f2caf3f64 req-fb8a8b8e-6eb7-48a0-95b6-c130e8241641 tempest-ServerRescueNegativeTestJSON-2003652250 tempest-ServerRescueNegativeTestJSON-2003652250-project] 10.222.0.43 "GET /v2.0/security-groups?id=4a062be1-a2a8-4166-b7ce-4c0db0ab9a8e&fields=id&fields=name HTTP/1.1" status: 200 len: 286 time: 0.0368612
Oct 11 20:44:20.276739 dv-cinder-813532-1-iscsi neutron-server[105804]: DEBUG neutron.pecan_wsgi.hooks.policy_enforcement [req-c228d2db-ac86-437c-99e6-a8207b82b368 req-2531c4e7-52b4-4742-8074-5fab4577a5c6 tempest-DeleteServersTestJSON-1108682379 tempest-DeleteServersTestJSON-1108682379-project] Attributes excluded by policy engine: ['standard_attr_id', 'binding:profile', 'binding:host_id', 'binding:vif_type', 'binding:vif_details'] {{(pid=105804) _exclude_attributes_by_policy /opt/stack/neutron/neutron/pecan_wsgi/hooks/policy_enforcement.py:255}}
Oct 11 20:44:20.278495 dv-cinder-813532-1-iscsi neutron-server[105804]: INFO neutron.wsgi [req-c228d2db-ac86-437c-99e6-a8207b82b368 req-2531c4e7-52b4-4742-8074-5fab4577a5c6 tempest-DeleteServersTestJSON-1108682379 tempest-DeleteServersTestJSON-1108682379-project] 10.222.0.43 "GET /v2.0/ports?device_id=1931c040-4410-4bae-91bc-ece6980b8d44 HTTP/1.1" status: 200 len: 944 time: 0.0610094
Oct 11 20:44:20.319109 dv-cinder-813532-1-iscsi neutron-server[105804]: INFO neutron.wsgi [req-c228d2db-ac86-437c-99e6-a8207b82b368 req-f9f2fc84-2dd3-4ead-87dd-a878910afcd9 tempest-DeleteServersTestJSON-1108682379 tempest-DeleteServersTestJSON-1108682379-project] 10.222.0.43 "GET /v2.0/security-groups?id=e05d2813-7dbe-42f1-8f21-16c948496790&fields=id&fields=name HTTP/1.1" status: 200 len: 286 time: 0.0345874
Oct 11 20:44:20.506471 dv-cinder-813532-1-iscsi neutron-server[105805]: DEBUG neutron.pecan_wsgi.hooks.policy_enforcement [req-a07c33fb-cb62-4e3c-aedc-8ae0e9416708 req-8047327d-dbeb-4fa2-b60f-06fc6032f3cf tempest-AttachVolumeTestJSON-1438585979 tempest-AttachVolumeTestJSON-1438585979-project] Attributes excluded by policy engine: ['standard_attr_id', 'binding:profile', 'binding:host_id', 'binding:vif_type', 'binding:vif_details'] {{(pid=105805) _exclude_attributes_by_policy /opt/stack/neutron/neutron/pecan_wsgi/hooks/policy_enforcement.py:255}}
Oct 11 20:44:20.507468 dv-cinder-813532-1-iscsi neutron-server[105805]: INFO neutron.wsgi [req-a07c33fb-cb62-4e3c-aedc-8ae0e9416708 req-8047327d-dbeb-4fa2-b60f-06fc6032f3cf tempest-AttachVolumeTestJSON-1438585979 tempest-AttachVolumeTestJSON-1438585979-project] 10.222.0.43 "GET /v2.0/ports?device_id=43ece48e-928d-40ec-8db1-58b4cbd9bfae HTTP/1.1" status: 200 len: 944 time: 0.0479267
Oct 11 20:44:20.545053 dv-cinder-813532-1-iscsi neutron-server[105805]: INFO neutron.wsgi [req-a07c33fb-cb62-4e3c-aedc-8ae0e9416708 req-687e129b-b192-4381-bd35-62a59efa8d8f tempest-AttachVolumeTestJSON-1438585979 tempest-AttachVolumeTestJSON-1438585979-project] 10.222.0.43 "GET /v2.0/security-groups?id=f67384a6-2760-4d9c-8ef4-6c7e8a20c8ad&fields=id&fields=name HTTP/1.1" status: 200 len: 313 time: 0.0317304
