Apr 14 21:52:28.107376 dv-cinder-813229-9-smb devstack@n-api.service[124235]: DEBUG oslo_concurrency.lockutils [None req-307aa515-1423-4172-a1c1-ea6fc2ffeabc tempest-AttachVolumeShelveTestJSON-595887174 tempest-AttachVolumeShelveTestJSON-595887174-project] Lock "8161926d-913f-4821-b63d-ccfb2e87e6ee" acquired by "nova.context.set_target_cell..get_or_set_cached_cell_and_set_connections" :: waited 0.000s {{(pid=124235) inner /usr/local/lib/python3.8/dist-packages/oslo_concurrency/lockutils.py:386}}
Apr 14 21:52:28.107807 dv-cinder-813229-9-smb devstack@n-api.service[124235]: DEBUG oslo_concurrency.lockutils [None req-307aa515-1423-4172-a1c1-ea6fc2ffeabc tempest-AttachVolumeShelveTestJSON-595887174 tempest-AttachVolumeShelveTestJSON-595887174-project] Lock "8161926d-913f-4821-b63d-ccfb2e87e6ee" "released" by "nova.context.set_target_cell..get_or_set_cached_cell_and_set_connections" :: held 0.000s {{(pid=124235) inner /usr/local/lib/python3.8/dist-packages/oslo_concurrency/lockutils.py:400}}
Apr 14 21:52:28.108855 dv-cinder-813229-9-smb devstack@n-api.service[124234]: DEBUG nova.policy [None req-a6a0a298-0fcc-4df0-9565-86b62bc4f538 tempest-VolumesActionsTest-2079848658 tempest-VolumesActionsTest-2079848658-project] Policy check for os_compute_api:os-extended-server-attributes failed with credentials {'is_admin': False, 'user_id': '3400cdc613034e1d85c86cf367aab9fe', 'user_domain_id': 'default', 'system_scope': None, 'domain_id': None, 'project_id': '8ce4b5775f784cedae9b0440db97ef27', 'project_domain_id': 'default', 'roles': ['reader', 'member'], 'is_admin_project': True, 'service_user_id': None, 'service_user_domain_id': None, 'service_project_id': None, 'service_project_domain_id': None, 'service_roles': []} {{(pid=124234) authorize /opt/stack/nova/nova/policy.py:199}}
Apr 14 21:52:28.116516 dv-cinder-813229-9-smb devstack@n-api.service[124234]: INFO nova.api.openstack.requestlog [None req-a6a0a298-0fcc-4df0-9565-86b62bc4f538 tempest-VolumesActionsTest-2079848658 tempest-VolumesActionsTest-2079848658-project] 10.222.0.66 "GET /compute/v2.1/servers/2e41b67d-ea97-4a93-a806-de5a91005396" status: 200 len: 1503 microversion: 2.1 time: 0.240831
Apr 14 21:52:28.117103 dv-cinder-813229-9-smb devstack@n-api.service[124234]: [pid: 124234|app: 0|req: 79/157] 10.222.0.66 () {58 vars in 1235 bytes} [Thu Apr 14 21:52:27 2022] GET /compute/v2.1/servers/2e41b67d-ea97-4a93-a806-de5a91005396 => generated 1503 bytes in 242 msecs (HTTP/1.1 200) 9 headers in 358 bytes (2 switches on core 0)
Apr 14 21:52:28.250233 dv-cinder-813229-9-smb devstack@n-api.service[124235]: DEBUG nova.policy [None req-307aa515-1423-4172-a1c1-ea6fc2ffeabc tempest-AttachVolumeShelveTestJSON-595887174 tempest-AttachVolumeShelveTestJSON-595887174-project] Policy check for os_compute_api:os-extended-server-attributes failed with credentials {'is_admin': False, 'user_id': 'd1e79bc9790f48ac89792b4ed4994dda', 'user_domain_id': 'default', 'system_scope': None, 'domain_id': None, 'project_id': '922001fd6cf244f296a2cc355b0a9c91', 'project_domain_id': 'default', 'roles': ['reader', 'member'], 'is_admin_project': True, 'service_user_id': None, 'service_user_domain_id': None, 'service_project_id': None, 'service_project_domain_id': None, 'service_roles': []} {{(pid=124235) authorize /opt/stack/nova/nova/policy.py:199}}
Apr 14 21:52:28.258863 dv-cinder-813229-9-smb devstack@n-api.service[124235]: DEBUG nova.policy [None req-307aa515-1423-4172-a1c1-ea6fc2ffeabc tempest-AttachVolumeShelveTestJSON-595887174 tempest-AttachVolumeShelveTestJSON-595887174-project] Policy check for os_compute_api:servers:show:host_status failed with credentials {'is_admin': False, 'user_id': 'd1e79bc9790f48ac89792b4ed4994dda', 'user_domain_id': 'default', 'system_scope': None, 'domain_id': None, 'project_id': '922001fd6cf244f296a2cc355b0a9c91', 'project_domain_id': 'default', 'roles': ['reader', 'member'], 'is_admin_project': True, 'service_user_id': None, 'service_user_domain_id': None, 'service_project_id': None, 'service_project_domain_id': None, 'service_roles': []} {{(pid=124235) authorize /opt/stack/nova/nova/policy.py:199}}
Apr 14 21:52:28.260654 dv-cinder-813229-9-smb devstack@n-api.service[124235]: DEBUG nova.policy [None req-307aa515-1423-4172-a1c1-ea6fc2ffeabc tempest-AttachVolumeShelveTestJSON-595887174 tempest-AttachVolumeShelveTestJSON-595887174-project] Policy check for os_compute_api:servers:show:host_status:unknown-only failed with credentials {'is_admin': False, 'user_id': 'd1e79bc9790f48ac89792b4ed4994dda', 'user_domain_id': 'default', 'system_scope': None, 'domain_id': None, 'project_id': '922001fd6cf244f296a2cc355b0a9c91', 'project_domain_id': 'default', 'roles': ['reader', 'member'], 'is_admin_project': True, 'service_user_id': None, 'service_user_domain_id': None, 'service_project_id': None, 'service_project_domain_id': None, 'service_roles': []} {{(pid=124235) authorize /opt/stack/nova/nova/policy.py:199}}
Apr 14 21:52:28.261803 dv-cinder-813229-9-smb devstack@n-api.service[124235]: INFO nova.api.openstack.requestlog [None req-307aa515-1423-4172-a1c1-ea6fc2ffeabc tempest-AttachVolumeShelveTestJSON-595887174 tempest-AttachVolumeShelveTestJSON-595887174-project] 10.222.0.66 "GET /compute/v2.1/servers/4468b30c-6b95-437f-841f-63ddaf6f020e" status: 200 len: 1600 microversion: 2.20 time: 0.165952
Apr 14 21:52:28.262721 dv-cinder-813229-9-smb devstack@n-api.service[124235]: [pid: 124235|app: 0|req: 79/158] 10.222.0.66 () {60 vars in 1276 bytes} [Thu Apr 14 21:52:28 2022] GET /compute/v2.1/servers/4468b30c-6b95-437f-841f-63ddaf6f020e => generated 1600 bytes in 167 msecs (HTTP/1.1 200) 9 headers in 360 bytes (1 switches on core 0)
Apr 14 21:52:28.279962 dv-cinder-813229-9-smb devstack@n-api.service[124234]: DEBUG nova.api.openstack.wsgi [None req-de22f8b8-d86e-439d-9b50-56b614b95b62 tempest-AttachVolumeShelveTestJSON-595887174 tempest-AttachVolumeShelveTestJSON-595887174-project] Calling method '>' {{(pid=124234) _process_stack /opt/stack/nova/nova/api/openstack/wsgi.py:513}}
Apr 14 21:52:28.280560 dv-cinder-813229-9-smb devstack@n-api.service[124234]: DEBUG nova.compute.api [None req-de22f8b8-d86e-439d-9b50-56b614b95b62 tempest-AttachVolumeShelveTestJSON-595887174 tempest-AttachVolumeShelveTestJSON-595887174-project] [instance: 4468b30c-6b95-437f-841f-63ddaf6f020e] Fetching instance by UUID {{(pid=124234) get /opt/stack/nova/nova/compute/api.py:2918}}
Apr 14 21:52:28.286709 dv-cinder-813229-9-smb devstack@n-api.service[124234]: DEBUG oslo_concurrency.lockutils [None req-de22f8b8-d86e-439d-9b50-56b614b95b62 tempest-AttachVolumeShelveTestJSON-595887174 tempest-AttachVolumeShelveTestJSON-595887174-project] Lock "8161926d-913f-4821-b63d-ccfb2e87e6ee" acquired by "nova.context.set_target_cell..get_or_set_cached_cell_and_set_connections" :: waited 0.000s {{(pid=124234) inner /usr/local/lib/python3.8/dist-packages/oslo_concurrency/lockutils.py:386}}
Apr 14 21:52:28.287156 dv-cinder-813229-9-smb devstack@n-api.service[124234]: DEBUG oslo_concurrency.lockutils [None req-de22f8b8-d86e-439d-9b50-56b614b95b62 tempest-AttachVolumeShelveTestJSON-595887174 tempest-AttachVolumeShelveTestJSON-595887174-project] Lock "8161926d-913f-4821-b63d-ccfb2e87e6ee" "released" by "nova.context.set_target_cell..get_or_set_cached_cell_and_set_connections" :: held 0.000s {{(pid=124234) inner /usr/local/lib/python3.8/dist-packages/oslo_concurrency/lockutils.py:400}}
Apr 14 21:52:28.287916 dv-cinder-813229-9-smb devstack@n-api.service[124234]: DEBUG oslo_concurrency.lockutils [None req-de22f8b8-d86e-439d-9b50-56b614b95b62 tempest-AttachVolumeShelveTestJSON-595887174 tempest-AttachVolumeShelveTestJSON-595887174-project] Lock "8161926d-913f-4821-b63d-ccfb2e87e6ee" acquired by "nova.context.set_target_cell..get_or_set_cached_cell_and_set_connections" :: waited 0.000s {{(pid=124234) inner /usr/local/lib/python3.8/dist-packages/oslo_concurrency/lockutils.py:386}}
Apr 14 21:52:28.288376 dv-cinder-813229-9-smb devstack@n-api.service[124234]: DEBUG oslo_concurrency.lockutils [None req-de22f8b8-d86e-439d-9b50-56b614b95b62 tempest-AttachVolumeShelveTestJSON-595887174 tempest-AttachVolumeShelveTestJSON-595887174-project] Lock "8161926d-913f-4821-b63d-ccfb2e87e6ee" "released" by "nova.context.set_target_cell..get_or_set_cached_cell_and_set_connections" :: held 0.000s {{(pid=124234) inner /usr/local/lib/python3.8/dist-packages/oslo_concurrency/lockutils.py:400}}
Apr 14 21:52:28.367549 dv-cinder-813229-9-smb devstack@n-api.service[124234]: INFO nova.api.openstack.requestlog [None req-de22f8b8-d86e-439d-9b50-56b614b95b62 tempest-AttachVolumeShelveTestJSON-595887174 tempest-AttachVolumeShelveTestJSON-595887174-project] 10.222.0.66 "GET /compute/v2.1/servers/4468b30c-6b95-437f-841f-63ddaf6f020e/os-interface" status: 200 len: 285 microversion: 2.20 time: 0.091471
Apr 14 21:52:28.368146 dv-cinder-813229-9-smb devstack@n-api.service[124234]: [pid: 124234|app: 0|req: 80/159] 10.222.0.66 () {60 vars in 1315 bytes} [Thu Apr 14 21:52:28 2022] GET /compute/v2.1/servers/4468b30c-6b95-437f-841f-63ddaf6f020e/os-interface => generated 285 bytes in 93 msecs (HTTP/1.1 200) 9 headers in 359 bytes (1 switches on core 0)
Apr 14 21:52:29.111546 dv-cinder-813229-9-smb devstack@n-api.service[124235]: DEBUG nova.api.openstack.wsgi [None req-84b7ec1b-dc03-45cc-88ca-6d5e63a1c21b tempest-ServerRescueNegativeTestJSON-1717505278 tempest-ServerRescueNegativeTestJSON-1717505278-project] Calling method '>' {{(pid=124235) _process_stack /opt/stack/nova/nova/api/openstack/wsgi.py:513}}
Apr 14 21:52:29.112259 dv-cinder-813229-9-smb devstack@n-api.service[124235]: DEBUG nova.compute.api [None req-84b7ec1b-dc03-45cc-88ca-6d5e63a1c21b tempest-ServerRescueNegativeTestJSON-1717505278 tempest-ServerRescueNegativeTestJSON-1717505278-project] [instance: 5aa701b6-1639-4170-95ba-47c1941bdcd5] Fetching instance by UUID {{(pid=124235) get /opt/stack/nova/nova/compute/api.py:2918}}
Apr 14 21:52:29.118359 dv-cinder-813229-9-smb devstack@n-api.service[124235]: DEBUG oslo_concurrency.lockutils [None req-84b7ec1b-dc03-45cc-88ca-6d5e63a1c21b tempest-ServerRescueNegativeTestJSON-1717505278 tempest-ServerRescueNegativeTestJSON-1717505278-project] Lock "8161926d-913f-4821-b63d-ccfb2e87e6ee" acquired by "nova.context.set_target_cell..get_or_set_cached_cell_and_set_connections" :: waited 0.000s {{(pid=124235) inner /usr/local/lib/python3.8/dist-packages/oslo_concurrency/lockutils.py:386}}
Apr 14 21:52:29.118852 dv-cinder-813229-9-smb devstack@n-api.service[124235]: DEBUG oslo_concurrency.lockutils [None req-84b7ec1b-dc03-45cc-88ca-6d5e63a1c21b tempest-ServerRescueNegativeTestJSON-1717505278 tempest-ServerRescueNegativeTestJSON-1717505278-project] Lock "8161926d-913f-4821-b63d-ccfb2e87e6ee" "released" by "nova.context.set_target_cell..get_or_set_cached_cell_and_set_connections" :: held 0.000s {{(pid=124235) inner /usr/local/lib/python3.8/dist-packages/oslo_concurrency/lockutils.py:400}}
Apr 14 21:52:29.119679 dv-cinder-813229-9-smb devstack@n-api.service[124235]: DEBUG oslo_concurrency.lockutils [None req-84b7ec1b-dc03-45cc-88ca-6d5e63a1c21b tempest-ServerRescueNegativeTestJSON-1717505278 tempest-ServerRescueNegativeTestJSON-1717505278-project] Lock "8161926d-913f-4821-b63d-ccfb2e87e6ee" acquired by "nova.context.set_target_cell..get_or_set_cached_cell_and_set_connections" :: waited 0.000s {{(pid=124235) inner /usr/local/lib/python3.8/dist-packages/oslo_concurrency/lockutils.py:386}}
Apr 14 21:52:29.120318 dv-cinder-813229-9-smb devstack@n-api.service[124235]: DEBUG oslo_concurrency.lockutils [None req-84b7ec1b-dc03-45cc-88ca-6d5e63a1c21b tempest-ServerRescueNegativeTestJSON-1717505278 tempest-ServerRescueNegativeTestJSON-1717505278-project] Lock "8161926d-913f-4821-b63d-ccfb2e87e6ee" "released" by "nova.context.set_target_cell..get_or_set_cached_cell_and_set_connections" :: held 0.000s {{(pid=124235) inner /usr/local/lib/python3.8/dist-packages/oslo_concurrency/lockutils.py:400}}
Apr 14 21:52:29.135320 dv-cinder-813229-9-smb devstack@n-api.service[124234]: DEBUG nova.api.openstack.wsgi [None req-068304f7-6ec7-40b1-a3b9-59879f05e1a8 tempest-VolumesActionsTest-2079848658 tempest-VolumesActionsTest-2079848658-project] Calling method '>' {{(pid=124234) _process_stack /opt/stack/nova/nova/api/openstack/wsgi.py:513}}
Apr 14 21:52:29.136666 dv-cinder-813229-9-smb devstack@n-api.service[124234]: DEBUG nova.compute.api [None req-068304f7-6ec7-40b1-a3b9-59879f05e1a8 tempest-VolumesActionsTest-2079848658 tempest-VolumesActionsTest-2079848658-project] [instance: 2e41b67d-ea97-4a93-a806-de5a91005396] Fetching instance by UUID {{(pid=124234) get /opt/stack/nova/nova/compute/api.py:2918}}
Apr 14 21:52:29.144230 dv-cinder-813229-9-smb devstack@n-api.service[124234]: DEBUG oslo_concurrency.lockutils [None req-068304f7-6ec7-40b1-a3b9-59879f05e1a8 tempest-VolumesActionsTest-2079848658 tempest-VolumesActionsTest-2079848658-project] Lock "8161926d-913f-4821-b63d-ccfb2e87e6ee" acquired by "nova.context.set_target_cell..get_or_set_cached_cell_and_set_connections" :: waited 0.000s {{(pid=124234) inner /usr/local/lib/python3.8/dist-packages/oslo_concurrency/lockutils.py:386}}
Apr 14 21:52:29.144825 dv-cinder-813229-9-smb devstack@n-api.service[124234]: DEBUG oslo_concurrency.lockutils [None req-068304f7-6ec7-40b1-a3b9-59879f05e1a8 tempest-VolumesActionsTest-2079848658 tempest-VolumesActionsTest-2079848658-project] Lock "8161926d-913f-4821-b63d-ccfb2e87e6ee" "released" by "nova.context.set_target_cell..get_or_set_cached_cell_and_set_connections" :: held 0.001s {{(pid=124234) inner /usr/local/lib/python3.8/dist-packages/oslo_concurrency/lockutils.py:400}}
Apr 14 21:52:29.145677 dv-cinder-813229-9-smb devstack@n-api.service[124234]: DEBUG oslo_concurrency.lockutils [None req-068304f7-6ec7-40b1-a3b9-59879f05e1a8 tempest-VolumesActionsTest-2079848658 tempest-VolumesActionsTest-2079848658-project] Lock "8161926d-913f-4821-b63d-ccfb2e87e6ee" acquired by "nova.context.set_target_cell..get_or_set_cached_cell_and_set_connections" :: waited 0.000s {{(pid=124234) inner /usr/local/lib/python3.8/dist-packages/oslo_concurrency/lockutils.py:386}}
Apr 14 21:52:29.146111 dv-cinder-813229-9-smb devstack@n-api.service[124234]: DEBUG oslo_concurrency.lockutils [None req-068304f7-6ec7-40b1-a3b9-59879f05e1a8 tempest-VolumesActionsTest-2079848658 tempest-VolumesActionsTest-2079848658-project] Lock "8161926d-913f-4821-b63d-ccfb2e87e6ee" "released" by "nova.context.set_target_cell..get_or_set_cached_cell_and_set_connections" :: held 0.001s {{(pid=124234) inner /usr/local/lib/python3.8/dist-packages/oslo_concurrency/lockutils.py:400}}
Apr 14 21:52:29.694522 dv-cinder-813229-9-smb devstack@n-api.service[124235]: DEBUG nova.policy [None req-84b7ec1b-dc03-45cc-88ca-6d5e63a1c21b tempest-ServerRescueNegativeTestJSON-1717505278 tempest-ServerRescueNegativeTestJSON-1717505278-project] Policy check for os_compute_api:os-extended-server-attributes failed with credentials {'is_admin': False, 'user_id': 'b4aded58f7bd457ebbc5d11357efc148', 'user_domain_id': 'default', 'system_scope': None, 'domain_id': None, 'project_id': '15ff03e3865f4b1687d9ea17e636fe5f', 'project_domain_id': 'default', 'roles': ['reader', 'member'], 'is_admin_project': True, 'service_user_id': None, 'service_user_domain_id': None, 'service_project_id': None, 'service_project_domain_id': None, 'service_roles': []} {{(pid=124235) authorize /opt/stack/nova/nova/policy.py:199}}
Apr 14 21:52:29.701793 dv-cinder-813229-9-smb devstack@n-api.service[124235]: INFO nova.api.openstack.requestlog [None req-84b7ec1b-dc03-45cc-88ca-6d5e63a1c21b tempest-ServerRescueNegativeTestJSON-1717505278 tempest-ServerRescueNegativeTestJSON-1717505278-project] 10.222.0.66 "GET /compute/v2.1/servers/5aa701b6-1639-4170-95ba-47c1941bdcd5" status: 200 len: 1522 microversion: 2.1 time: 0.594214
Apr 14 21:52:29.702363 dv-cinder-813229-9-smb devstack@n-api.service[124235]: [pid: 124235|app: 0|req: 80/160] 10.222.0.66 () {58 vars in 1235 bytes} [Thu Apr 14 21:52:29 2022] GET /compute/v2.1/servers/5aa701b6-1639-4170-95ba-47c1941bdcd5 => generated 1522 bytes in 596 msecs (HTTP/1.1 200) 9 headers in 358 bytes (1 switches on core 0)
Apr 14 21:52:29.755897 dv-cinder-813229-9-smb devstack@n-api.service[124234]: DEBUG nova.policy [None req-068304f7-6ec7-40b1-a3b9-59879f05e1a8 tempest-VolumesActionsTest-2079848658 tempest-VolumesActionsTest-2079848658-project] Policy check for os_compute_api:os-extended-server-attributes failed with credentials {'is_admin': False, 'user_id': '3400cdc613034e1d85c86cf367aab9fe', 'user_domain_id': 'default', 'system_scope': None, 'domain_id': None, 'project_id': '8ce4b5775f784cedae9b0440db97ef27', 'project_domain_id': 'default', 'roles': ['reader', 'member'], 'is_admin_project': True, 'service_user_id': None, 'service_user_domain_id': None, 'service_project_id': None, 'service_project_domain_id': None, 'service_roles': []} {{(pid=124234) authorize /opt/stack/nova/nova/policy.py:199}}
Apr 14 21:52:29.763320 dv-cinder-813229-9-smb devstack@n-api.service[124234]: INFO nova.api.openstack.requestlog [None req-068304f7-6ec7-40b1-a3b9-59879f05e1a8 tempest-VolumesActionsTest-2079848658 tempest-VolumesActionsTest-2079848658-project] 10.222.0.66 "GET /compute/v2.1/servers/2e41b67d-ea97-4a93-a806-de5a91005396" status: 200 len: 1503 microversion: 2.1 time: 0.632578
Apr 14 21:52:29.763892 dv-cinder-813229-9-smb devstack@n-api.service[124234]: [pid: 124234|app: 0|req: 81/161] 10.222.0.66 () {58 vars in 1235 bytes} [Thu Apr 14 21:52:29 2022] GET /compute/v2.1/servers/2e41b67d-ea97-4a93-a806-de5a91005396 => generated 1503 bytes in 634 msecs (HTTP/1.1 200) 9 headers in 358 bytes (2 switches on core 0)
Apr 14 21:52:30.293966 dv-cinder-813229-9-smb devstack@n-api.service[124235]: DEBUG nova.api.openstack.wsgi [req-16db010b-2f54-4dd3-acaf-6e5c33f79b59 req-320626dc-ecf5-4aad-bd96-88d7ee90643d service nova] Action: 'create', calling method: >, body: {"events": [{"name": "network-changed", "server_uuid": "4468b30c-6b95-437f-841f-63ddaf6f020e", "tag": "636c777c-d20c-493a-876f-a60a6759fa31"}]} {{(pid=124235) _process_stack /opt/stack/nova/nova/api/openstack/wsgi.py:511}}
Apr 14 21:52:30.302220 dv-cinder-813229-9-smb devstack@n-api.service[124235]: DEBUG oslo_concurrency.lockutils [req-16db010b-2f54-4dd3-acaf-6e5c33f79b59 req-320626dc-ecf5-4aad-bd96-88d7ee90643d service nova] Lock "8161926d-913f-4821-b63d-ccfb2e87e6ee" acquired by "nova.context.set_target_cell..get_or_set_cached_cell_and_set_connections" :: waited 0.000s {{(pid=124235) inner /usr/local/lib/python3.8/dist-packages/oslo_concurrency/lockutils.py:386}}
Apr 14 21:52:30.302658 dv-cinder-813229-9-smb devstack@n-api.service[124235]: DEBUG oslo_concurrency.lockutils [req-16db010b-2f54-4dd3-acaf-6e5c33f79b59 req-320626dc-ecf5-4aad-bd96-88d7ee90643d service nova] Lock "8161926d-913f-4821-b63d-ccfb2e87e6ee" "released" by "nova.context.set_target_cell..get_or_set_cached_cell_and_set_connections" :: held 0.000s {{(pid=124235) inner /usr/local/lib/python3.8/dist-packages/oslo_concurrency/lockutils.py:400}}
Apr 14 21:52:30.314166 dv-cinder-813229-9-smb devstack@n-api.service[124235]: INFO nova.api.openstack.compute.server_external_events [req-16db010b-2f54-4dd3-acaf-6e5c33f79b59 req-320626dc-ecf5-4aad-bd96-88d7ee90643d service nova] Creating event network-changed:636c777c-d20c-493a-876f-a60a6759fa31 for instance 4468b30c-6b95-437f-841f-63ddaf6f020e on hv-cinder-81322
Apr 14 21:52:30.320054 dv-cinder-813229-9-smb devstack@n-api.service[124235]: INFO nova.api.openstack.requestlog [req-16db010b-2f54-4dd3-acaf-6e5c33f79b59 req-320626dc-ecf5-4aad-bd96-88d7ee90643d service nova] 10.222.0.66 "POST /compute/v2.1/os-server-external-events" status: 200 len: 179 microversion: 2.1 time: 0.029346
Apr 14 21:52:30.320054 dv-cinder-813229-9-smb devstack@n-api.service[124235]: [pid: 124235|app: 0|req: 81/162] 10.222.0.66 () {64 vars in 1317 bytes} [Thu Apr 14 21:52:30 2022] POST /compute/v2.1/os-server-external-events => generated 179 bytes in 31 msecs (HTTP/1.1 200) 9 headers in 357 bytes (1 switches on core 0)
Apr 14 21:52:30.718895 dv-cinder-813229-9-smb devstack@n-api.service[124234]: DEBUG nova.api.openstack.wsgi [None req-c60e9612-88d1-46ad-9a66-41bb5e4b22d0 tempest-ServerRescueNegativeTestJSON-1717505278 tempest-ServerRescueNegativeTestJSON-1717505278-project] Calling method '>' {{(pid=124234) _process_stack /opt/stack/nova/nova/api/openstack/wsgi.py:513}}
Apr 14 21:52:30.719500 dv-cinder-813229-9-smb devstack@n-api.service[124234]: DEBUG nova.compute.api [None req-c60e9612-88d1-46ad-9a66-41bb5e4b22d0 tempest-ServerRescueNegativeTestJSON-1717505278 tempest-ServerRescueNegativeTestJSON-1717505278-project] [instance: 5aa701b6-1639-4170-95ba-47c1941bdcd5] Fetching instance by UUID {{(pid=124234) get /opt/stack/nova/nova/compute/api.py:2918}}
Apr 14 21:52:30.728493 dv-cinder-813229-9-smb devstack@n-api.service[124234]: DEBUG oslo_concurrency.lockutils [None req-c60e9612-88d1-46ad-9a66-41bb5e4b22d0 tempest-ServerRescueNegativeTestJSON-1717505278 tempest-ServerRescueNegativeTestJSON-1717505278-project] Lock "8161926d-913f-4821-b63d-ccfb2e87e6ee" acquired by "nova.context.set_target_cell..get_or_set_cached_cell_and_set_connections" :: waited 0.000s {{(pid=124234) inner /usr/local/lib/python3.8/dist-packages/oslo_concurrency/lockutils.py:386}}
Apr 14 21:52:30.730558 dv-cinder-813229-9-smb devstack@n-api.service[124234]: DEBUG oslo_concurrency.lockutils [None req-c60e9612-88d1-46ad-9a66-41bb5e4b22d0 tempest-ServerRescueNegativeTestJSON-1717505278 tempest-ServerRescueNegativeTestJSON-1717505278-project] Lock "8161926d-913f-4821-b63d-ccfb2e87e6ee" "released" by "nova.context.set_target_cell..get_or_set_cached_cell_and_set_connections" :: held 0.002s {{(pid=124234) inner /usr/local/lib/python3.8/dist-packages/oslo_concurrency/lockutils.py:400}}
Apr 14 21:52:30.736661 dv-cinder-813229-9-smb devstack@n-api.service[124234]: DEBUG oslo_concurrency.lockutils [None req-c60e9612-88d1-46ad-9a66-41bb5e4b22d0 tempest-ServerRescueNegativeTestJSON-1717505278 tempest-ServerRescueNegativeTestJSON-1717505278-project] Lock "8161926d-913f-4821-b63d-ccfb2e87e6ee" acquired by "nova.context.set_target_cell..get_or_set_cached_cell_and_set_connections" :: waited 0.000s {{(pid=124234) inner /usr/local/lib/python3.8/dist-packages/oslo_concurrency/lockutils.py:386}}
Apr 14 21:52:30.737334 dv-cinder-813229-9-smb devstack@n-api.service[124234]: DEBUG oslo_concurrency.lockutils [None req-c60e9612-88d1-46ad-9a66-41bb5e4b22d0 tempest-ServerRescueNegativeTestJSON-1717505278 tempest-ServerRescueNegativeTestJSON-1717505278-project] Lock "8161926d-913f-4821-b63d-ccfb2e87e6ee" "released" by "nova.context.set_target_cell..get_or_set_cached_cell_and_set_connections" :: held 0.001s {{(pid=124234) inner /usr/local/lib/python3.8/dist-packages/oslo_concurrency/lockutils.py:400}}
Apr 14 21:52:30.780287 dv-cinder-813229-9-smb devstack@n-api.service[124235]: DEBUG nova.api.openstack.wsgi [None req-b72a87e4-e85b-4b86-a49b-40028e48837a tempest-VolumesActionsTest-2079848658 tempest-VolumesActionsTest-2079848658-project] Calling method '>' {{(pid=124235) _process_stack /opt/stack/nova/nova/api/openstack/wsgi.py:513}}
Apr 14 21:52:30.781779 dv-cinder-813229-9-smb devstack@n-api.service[124235]: DEBUG nova.compute.api [None req-b72a87e4-e85b-4b86-a49b-40028e48837a tempest-VolumesActionsTest-2079848658 tempest-VolumesActionsTest-2079848658-project] [instance: 2e41b67d-ea97-4a93-a806-de5a91005396] Fetching instance by UUID {{(pid=124235) get /opt/stack/nova/nova/compute/api.py:2918}}
Apr 14 21:52:30.788391 dv-cinder-813229-9-smb devstack@n-api.service[124235]: DEBUG oslo_concurrency.lockutils [None req-b72a87e4-e85b-4b86-a49b-40028e48837a tempest-VolumesActionsTest-2079848658 tempest-VolumesActionsTest-2079848658-project] Lock "8161926d-913f-4821-b63d-ccfb2e87e6ee" acquired by "nova.context.set_target_cell..get_or_set_cached_cell_and_set_connections" :: waited 0.000s {{(pid=124235) inner /usr/local/lib/python3.8/dist-packages/oslo_concurrency/lockutils.py:386}}
Apr 14 21:52:30.789032 dv-cinder-813229-9-smb devstack@n-api.service[124235]: DEBUG oslo_concurrency.lockutils [None req-b72a87e4-e85b-4b86-a49b-40028e48837a tempest-VolumesActionsTest-2079848658 tempest-VolumesActionsTest-2079848658-project] Lock "8161926d-913f-4821-b63d-ccfb2e87e6ee" "released" by "nova.context.set_target_cell..get_or_set_cached_cell_and_set_connections" :: held 0.001s {{(pid=124235) inner /usr/local/lib/python3.8/dist-packages/oslo_concurrency/lockutils.py:400}}
Apr 14 21:52:30.789942 dv-cinder-813229-9-smb devstack@n-api.service[124235]: DEBUG oslo_concurrency.lockutils [None req-b72a87e4-e85b-4b86-a49b-40028e48837a tempest-VolumesActionsTest-2079848658 tempest-VolumesActionsTest-2079848658-project] Lock "8161926d-913f-4821-b63d-ccfb2e87e6ee" acquired by "nova.context.set_target_cell..get_or_set_cached_cell_and_set_connections" :: waited 0.000s {{(pid=124235) inner /usr/local/lib/python3.8/dist-packages/oslo_concurrency/lockutils.py:386}}
Apr 14 21:52:30.790793 dv-cinder-813229-9-smb devstack@n-api.service[124235]: DEBUG oslo_concurrency.lockutils [None req-b72a87e4-e85b-4b86-a49b-40028e48837a tempest-VolumesActionsTest-2079848658 tempest-VolumesActionsTest-2079848658-project] Lock "8161926d-913f-4821-b63d-ccfb2e87e6ee" "released" by "nova.context.set_target_cell..get_or_set_cached_cell_and_set_connections" :: held 0.001s {{(pid=124235) inner /usr/local/lib/python3.8/dist-packages/oslo_concurrency/lockutils.py:400}}
Apr 14 21:52:30.959048 dv-cinder-813229-9-smb devstack@n-api.service[124235]: DEBUG nova.policy [None req-b72a87e4-e85b-4b86-a49b-40028e48837a tempest-VolumesActionsTest-2079848658 tempest-VolumesActionsTest-2079848658-project] Policy check for os_compute_api:os-extended-server-attributes failed with credentials {'is_admin': False, 'user_id': '3400cdc613034e1d85c86cf367aab9fe', 'user_domain_id': 'default', 'system_scope': None, 'domain_id': None, 'project_id': '8ce4b5775f784cedae9b0440db97ef27', 'project_domain_id': 'default', 'roles': ['reader', 'member'], 'is_admin_project': True, 'service_user_id': None, 'service_user_domain_id': None, 'service_project_id': None, 'service_project_domain_id': None, 'service_roles': []} {{(pid=124235) authorize /opt/stack/nova/nova/policy.py:199}}
Apr 14 21:52:30.978741 dv-cinder-813229-9-smb devstack@n-api.service[124235]: INFO nova.api.openstack.requestlog [None req-b72a87e4-e85b-4b86-a49b-40028e48837a tempest-VolumesActionsTest-2079848658 tempest-VolumesActionsTest-2079848658-project] 10.222.0.66 "GET /compute/v2.1/servers/2e41b67d-ea97-4a93-a806-de5a91005396" status: 200 len: 1298 microversion: 2.1 time: 0.202475
Apr 14 21:52:30.983523 dv-cinder-813229-9-smb devstack@n-api.service[124235]: [pid: 124235|app: 0|req: 82/163] 10.222.0.66 () {58 vars in 1235 bytes} [Thu Apr 14 21:52:30 2022] GET /compute/v2.1/servers/2e41b67d-ea97-4a93-a806-de5a91005396 => generated 1298 bytes in 208 msecs (HTTP/1.1 200) 9 headers in 358 bytes (2 switches on core 0)
Apr 14 21:52:30.987295 dv-cinder-813229-9-smb devstack@n-api.service[124234]: DEBUG nova.policy [None req-c60e9612-88d1-46ad-9a66-41bb5e4b22d0 tempest-ServerRescueNegativeTestJSON-1717505278 tempest-ServerRescueNegativeTestJSON-1717505278-project] Policy check for os_compute_api:os-extended-server-attributes failed with credentials {'is_admin': False, 'user_id': 'b4aded58f7bd457ebbc5d11357efc148', 'user_domain_id': 'default', 'system_scope': None, 'domain_id': None, 'project_id': '15ff03e3865f4b1687d9ea17e636fe5f', 'project_domain_id': 'default', 'roles': ['reader', 'member'], 'is_admin_project': True, 'service_user_id': None, 'service_user_domain_id': None, 'service_project_id': None, 'service_project_domain_id': None, 'service_roles': []} {{(pid=124234) authorize /opt/stack/nova/nova/policy.py:199}}
Apr 14 21:52:30.996780 dv-cinder-813229-9-smb devstack@n-api.service[124234]: INFO nova.api.openstack.requestlog [None req-c60e9612-88d1-46ad-9a66-41bb5e4b22d0 tempest-ServerRescueNegativeTestJSON-1717505278 tempest-ServerRescueNegativeTestJSON-1717505278-project] 10.222.0.66 "GET /compute/v2.1/servers/5aa701b6-1639-4170-95ba-47c1941bdcd5" status: 200 len: 1522 microversion: 2.1 time: 0.281698
Apr 14 21:52:30.998931 dv-cinder-813229-9-smb devstack@n-api.service[124234]: [pid: 124234|app: 0|req: 82/164] 10.222.0.66 () {58 vars in 1235 bytes} [Thu Apr 14 21:52:30 2022] GET /compute/v2.1/servers/5aa701b6-1639-4170-95ba-47c1941bdcd5 => generated 1522 bytes in 284 msecs (HTTP/1.1 200) 9 headers in 358 bytes (1 switches on core 0)
Apr 14 21:52:32.003707 dv-cinder-813229-9-smb devstack@n-api.service[124235]: DEBUG nova.api.openstack.wsgi [None req-2e1033a9-a982-43c9-8816-314a7a985db4 tempest-VolumesActionsTest-2079848658 tempest-VolumesActionsTest-2079848658-project] Calling method '>' {{(pid=124235) _process_stack /opt/stack/nova/nova/api/openstack/wsgi.py:513}}
Apr 14 21:52:32.004442 dv-cinder-813229-9-smb devstack@n-api.service[124235]: DEBUG nova.compute.api [None req-2e1033a9-a982-43c9-8816-314a7a985db4 tempest-VolumesActionsTest-2079848658 tempest-VolumesActionsTest-2079848658-project] [instance: 2e41b67d-ea97-4a93-a806-de5a91005396] Fetching instance by UUID {{(pid=124235) get /opt/stack/nova/nova/compute/api.py:2918}}
Apr 14 21:52:32.010067 dv-cinder-813229-9-smb devstack@n-api.service[124235]: DEBUG oslo_concurrency.lockutils [None req-2e1033a9-a982-43c9-8816-314a7a985db4 tempest-VolumesActionsTest-2079848658 tempest-VolumesActionsTest-2079848658-project] Lock "8161926d-913f-4821-b63d-ccfb2e87e6ee" acquired by "nova.context.set_target_cell..get_or_set_cached_cell_and_set_connections" :: waited 0.000s {{(pid=124235) inner /usr/local/lib/python3.8/dist-packages/oslo_concurrency/lockutils.py:386}}
Apr 14 21:52:32.010502 dv-cinder-813229-9-smb devstack@n-api.service[124235]: DEBUG oslo_concurrency.lockutils [None req-2e1033a9-a982-43c9-8816-314a7a985db4 tempest-VolumesActionsTest-2079848658 tempest-VolumesActionsTest-2079848658-project] Lock "8161926d-913f-4821-b63d-ccfb2e87e6ee" "released" by "nova.context.set_target_cell..get_or_set_cached_cell_and_set_connections" :: held 0.000s {{(pid=124235) inner /usr/local/lib/python3.8/dist-packages/oslo_concurrency/lockutils.py:400}}
Apr 14 21:52:32.011252 dv-cinder-813229-9-smb devstack@n-api.service[124235]: DEBUG oslo_concurrency.lockutils [None req-2e1033a9-a982-43c9-8816-314a7a985db4 tempest-VolumesActionsTest-2079848658 tempest-VolumesActionsTest-2079848658-project] Lock "8161926d-913f-4821-b63d-ccfb2e87e6ee" acquired by "nova.context.set_target_cell..get_or_set_cached_cell_and_set_connections" :: waited 0.000s {{(pid=124235) inner /usr/local/lib/python3.8/dist-packages/oslo_concurrency/lockutils.py:386}}
Apr 14 21:52:32.011673 dv-cinder-813229-9-smb devstack@n-api.service[124235]: DEBUG oslo_concurrency.lockutils [None req-2e1033a9-a982-43c9-8816-314a7a985db4 tempest-VolumesActionsTest-2079848658 tempest-VolumesActionsTest-2079848658-project] Lock "8161926d-913f-4821-b63d-ccfb2e87e6ee" "released" by "nova.context.set_target_cell..get_or_set_cached_cell_and_set_connections" :: held 0.000s {{(pid=124235) inner /usr/local/lib/python3.8/dist-packages/oslo_concurrency/lockutils.py:400}}
Apr 14 21:52:32.015162 dv-cinder-813229-9-smb devstack@n-api.service[124234]: DEBUG nova.api.openstack.wsgi [None req-780c0d9a-7c00-408b-b7c6-0c6928d2f116 tempest-ServerRescueNegativeTestJSON-1717505278 tempest-ServerRescueNegativeTestJSON-1717505278-project] Calling method '>' {{(pid=124234) _process_stack /opt/stack/nova/nova/api/openstack/wsgi.py:513}}
Apr 14 21:52:32.015778 dv-cinder-813229-9-smb devstack@n-api.service[124234]: DEBUG nova.compute.api [None req-780c0d9a-7c00-408b-b7c6-0c6928d2f116 tempest-ServerRescueNegativeTestJSON-1717505278 tempest-ServerRescueNegativeTestJSON-1717505278-project] [instance: 5aa701b6-1639-4170-95ba-47c1941bdcd5] Fetching instance by UUID {{(pid=124234) get /opt/stack/nova/nova/compute/api.py:2918}}
Apr 14 21:52:32.022005 dv-cinder-813229-9-smb devstack@n-api.service[124234]: DEBUG oslo_concurrency.lockutils [None req-780c0d9a-7c00-408b-b7c6-0c6928d2f116 tempest-ServerRescueNegativeTestJSON-1717505278 tempest-ServerRescueNegativeTestJSON-1717505278-project] Lock "8161926d-913f-4821-b63d-ccfb2e87e6ee" acquired by "nova.context.set_target_cell..get_or_set_cached_cell_and_set_connections" :: waited 0.000s {{(pid=124234) inner /usr/local/lib/python3.8/dist-packages/oslo_concurrency/lockutils.py:386}}
Apr 14 21:52:32.022444 dv-cinder-813229-9-smb devstack@n-api.service[124234]: DEBUG oslo_concurrency.lockutils [None req-780c0d9a-7c00-408b-b7c6-0c6928d2f116 tempest-ServerRescueNegativeTestJSON-1717505278 tempest-ServerRescueNegativeTestJSON-1717505278-project] Lock "8161926d-913f-4821-b63d-ccfb2e87e6ee" "released" by "nova.context.set_target_cell..get_or_set_cached_cell_and_set_connections" :: held 0.000s {{(pid=124234) inner /usr/local/lib/python3.8/dist-packages/oslo_concurrency/lockutils.py:400}}
Apr 14 21:52:32.023214 dv-cinder-813229-9-smb devstack@n-api.service[124234]: DEBUG oslo_concurrency.lockutils [None req-780c0d9a-7c00-408b-b7c6-0c6928d2f116 tempest-ServerRescueNegativeTestJSON-1717505278 tempest-ServerRescueNegativeTestJSON-1717505278-project] Lock "8161926d-913f-4821-b63d-ccfb2e87e6ee" acquired by "nova.context.set_target_cell..get_or_set_cached_cell_and_set_connections" :: waited 0.000s {{(pid=124234) inner /usr/local/lib/python3.8/dist-packages/oslo_concurrency/lockutils.py:386}}
Apr 14 21:52:32.023652 dv-cinder-813229-9-smb devstack@n-api.service[124234]: DEBUG oslo_concurrency.lockutils [None req-780c0d9a-7c00-408b-b7c6-0c6928d2f116 tempest-ServerRescueNegativeTestJSON-1717505278 tempest-ServerRescueNegativeTestJSON-1717505278-project] Lock "8161926d-913f-4821-b63d-ccfb2e87e6ee" "released" by "nova.context.set_target_cell..get_or_set_cached_cell_and_set_connections" :: held 0.000s {{(pid=124234) inner /usr/local/lib/python3.8/dist-packages/oslo_concurrency/lockutils.py:400}}
Apr 14 21:52:32.025315 dv-cinder-813229-9-smb devstack@n-api.service[124235]: INFO nova.api.openstack.wsgi [None req-2e1033a9-a982-43c9-8816-314a7a985db4 tempest-VolumesActionsTest-2079848658 tempest-VolumesActionsTest-2079848658-project] HTTP exception thrown: Instance 2e41b67d-ea97-4a93-a806-de5a91005396 could not be found.
Apr 14 21:52:32.025894 dv-cinder-813229-9-smb devstack@n-api.service[124235]: DEBUG nova.api.openstack.wsgi [None req-2e1033a9-a982-43c9-8816-314a7a985db4 tempest-VolumesActionsTest-2079848658 tempest-VolumesActionsTest-2079848658-project] Returning 404 to user: Instance 2e41b67d-ea97-4a93-a806-de5a91005396 could not be found. {{(pid=124235) __call__ /opt/stack/nova/nova/api/openstack/wsgi.py:936}}
Apr 14 21:52:32.026702 dv-cinder-813229-9-smb devstack@n-api.service[124235]: INFO nova.api.openstack.requestlog [None req-2e1033a9-a982-43c9-8816-314a7a985db4 tempest-VolumesActionsTest-2079848658 tempest-VolumesActionsTest-2079848658-project] 10.222.0.66 "GET /compute/v2.1/servers/2e41b67d-ea97-4a93-a806-de5a91005396" status: 404 len: 111 microversion: 2.1 time: 0.026970
Apr 14 21:52:32.027239 dv-cinder-813229-9-smb devstack@n-api.service[124235]: [pid: 124235|app: 0|req: 83/165] 10.222.0.66 () {58 vars in 1235 bytes} [Thu Apr 14 21:52:31 2022] GET /compute/v2.1/servers/2e41b67d-ea97-4a93-a806-de5a91005396 => generated 111 bytes in 28 msecs (HTTP/1.1 404) 9 headers in 379 bytes (1 switches on core 0)
Apr 14 21:52:32.133175 dv-cinder-813229-9-smb devstack@n-api.service[124235]: DEBUG nova.api.openstack.wsgi [None req-f703c5f7-b15c-47f5-8643-0c35d079b2ff tempest-VolumesActionsTest-2079848658 tempest-VolumesActionsTest-2079848658-project] Action: 'create', calling method: >, body: {"server": {"name": "tempest-VolumesActionsTest-instance-390382288", "imageRef": "9a03eeba-4739-4047-9d38-ba86aed95b88", "flavorRef": "452", "networks": [{"uuid": "ca928dba-f81e-40aa-a5c1-c95e7c95da8d"}]}} {{(pid=124235) _process_stack /opt/stack/nova/nova/api/openstack/wsgi.py:511}}
Apr 14 21:52:32.160468 dv-cinder-813229-9-smb devstack@n-api.service[124234]: DEBUG nova.policy [None req-780c0d9a-7c00-408b-b7c6-0c6928d2f116 tempest-ServerRescueNegativeTestJSON-1717505278 tempest-ServerRescueNegativeTestJSON-1717505278-project] Policy check for os_compute_api:os-extended-server-attributes failed with credentials {'is_admin': False, 'user_id': 'b4aded58f7bd457ebbc5d11357efc148', 'user_domain_id': 'default', 'system_scope': None, 'domain_id': None, 'project_id': '15ff03e3865f4b1687d9ea17e636fe5f', 'project_domain_id': 'default', 'roles': ['reader', 'member'], 'is_admin_project': True, 'service_user_id': None, 'service_user_domain_id': None, 'service_project_id': None, 'service_project_domain_id': None, 'service_roles': []} {{(pid=124234) authorize /opt/stack/nova/nova/policy.py:199}}
Apr 14 21:52:32.174408 dv-cinder-813229-9-smb devstack@n-api.service[124234]: INFO nova.api.openstack.requestlog [None req-780c0d9a-7c00-408b-b7c6-0c6928d2f116 tempest-ServerRescueNegativeTestJSON-1717505278 tempest-ServerRescueNegativeTestJSON-1717505278-project] 10.222.0.66 "GET /compute/v2.1/servers/5aa701b6-1639-4170-95ba-47c1941bdcd5" status: 200 len: 1522 microversion: 2.1 time: 0.163266
Apr 14 21:52:32.175399 dv-cinder-813229-9-smb devstack@n-api.service[124234]: [pid: 124234|app: 0|req: 83/166] 10.222.0.66 () {58 vars in 1235 bytes} [Thu Apr 14 21:52:32 2022] GET /compute/v2.1/servers/5aa701b6-1639-4170-95ba-47c1941bdcd5 => generated 1522 bytes in 165 msecs (HTTP/1.1 200) 9 headers in 358 bytes (2 switches on core 0)
Apr 14 21:52:32.196136 dv-cinder-813229-9-smb devstack@n-api.service[124235]: DEBUG nova.network.neutron [None req-f703c5f7-b15c-47f5-8643-0c35d079b2ff tempest-VolumesActionsTest-2079848658 tempest-VolumesActionsTest-2079848658-project] validate_networks() for [('ca928dba-f81e-40aa-a5c1-c95e7c95da8d', None, None, None, None, None)] {{(pid=124235) validate_networks /opt/stack/nova/nova/network/neutron.py:2632}}
Apr 14 21:52:32.333669 dv-cinder-813229-9-smb devstack@n-api.service[124234]: DEBUG nova.api.openstack.wsgi [req-b2cc1a85-21e3-4741-998b-0cd19903a418 req-e8634dc0-65a9-48d8-8ae3-c9384448fd08 service nova] Action: 'create', calling method: >, body: {"events": [{"server_uuid": "2e41b67d-ea97-4a93-a806-de5a91005396", "name": "network-vif-deleted", "tag": "aade2590-931b-4e66-b8c1-275301a7ef38"}]} {{(pid=124234) _process_stack /opt/stack/nova/nova/api/openstack/wsgi.py:511}}
Apr 14 21:52:32.342482 dv-cinder-813229-9-smb devstack@n-api.service[124234]: DEBUG oslo_concurrency.lockutils [req-b2cc1a85-21e3-4741-998b-0cd19903a418 req-e8634dc0-65a9-48d8-8ae3-c9384448fd08 service nova] Lock "8161926d-913f-4821-b63d-ccfb2e87e6ee" acquired by "nova.context.set_target_cell..get_or_set_cached_cell_and_set_connections" :: waited 0.000s {{(pid=124234) inner /usr/local/lib/python3.8/dist-packages/oslo_concurrency/lockutils.py:386}}
Apr 14 21:52:32.342929 dv-cinder-813229-9-smb devstack@n-api.service[124234]: DEBUG oslo_concurrency.lockutils [req-b2cc1a85-21e3-4741-998b-0cd19903a418 req-e8634dc0-65a9-48d8-8ae3-c9384448fd08 service nova] Lock "8161926d-913f-4821-b63d-ccfb2e87e6ee" "released" by "nova.context.set_target_cell..get_or_set_cached_cell_and_set_connections" :: held 0.001s {{(pid=124234) inner /usr/local/lib/python3.8/dist-packages/oslo_concurrency/lockutils.py:400}}
Apr 14 21:52:32.353734 dv-cinder-813229-9-smb devstack@n-api.service[124234]: INFO nova.api.openstack.compute.server_external_events [req-b2cc1a85-21e3-4741-998b-0cd19903a418 req-e8634dc0-65a9-48d8-8ae3-c9384448fd08 service nova] Creating event network-vif-deleted:aade2590-931b-4e66-b8c1-275301a7ef38 for instance 2e41b67d-ea97-4a93-a806-de5a91005396 on hv-cinder-81322
Apr 14 21:52:32.359292 dv-cinder-813229-9-smb devstack@n-api.service[124234]: INFO nova.api.openstack.requestlog [req-b2cc1a85-21e3-4741-998b-0cd19903a418 req-e8634dc0-65a9-48d8-8ae3-c9384448fd08 service nova] 10.222.0.66 "POST /compute/v2.1/os-server-external-events" status: 200 len: 183 microversion: 2.1 time: 0.029312
Apr 14 21:52:32.359901 dv-cinder-813229-9-smb devstack@n-api.service[124234]: [pid: 124234|app: 0|req: 84/167] 10.222.0.66 () {64 vars in 1317 bytes} [Thu Apr 14 21:52:32 2022] POST /compute/v2.1/os-server-external-events => generated 183 bytes in 31 msecs (HTTP/1.1 200) 9 headers in 357 bytes (1 switches on core 0)
Apr 14 21:52:32.557687 dv-cinder-813229-9-smb devstack@n-api.service[124235]: DEBUG nova.virt.hardware [None req-f703c5f7-b15c-47f5-8643-0c35d079b2ff tempest-VolumesActionsTest-2079848658 tempest-VolumesActionsTest-2079848658-project] Flavor limits 0:0:0 {{(pid=124235) get_cpu_topology_constraints /opt/stack/nova/nova/virt/hardware.py:343}}
Apr 14 21:52:32.558272 dv-cinder-813229-9-smb devstack@n-api.service[124235]: DEBUG nova.virt.hardware [None req-f703c5f7-b15c-47f5-8643-0c35d079b2ff tempest-VolumesActionsTest-2079848658 tempest-VolumesActionsTest-2079848658-project] Image limits 0:0:0 {{(pid=124235) get_cpu_topology_constraints /opt/stack/nova/nova/virt/hardware.py:347}}
Apr 14 21:52:32.558843 dv-cinder-813229-9-smb devstack@n-api.service[124235]: DEBUG nova.virt.hardware [None req-f703c5f7-b15c-47f5-8643-0c35d079b2ff tempest-VolumesActionsTest-2079848658 tempest-VolumesActionsTest-2079848658-project] Flavor pref 0:0:0 {{(pid=124235) get_cpu_topology_constraints /opt/stack/nova/nova/virt/hardware.py:383}}
Apr 14 21:52:32.559346 dv-cinder-813229-9-smb devstack@n-api.service[124235]: DEBUG nova.virt.hardware [None req-f703c5f7-b15c-47f5-8643-0c35d079b2ff tempest-VolumesActionsTest-2079848658 tempest-VolumesActionsTest-2079848658-project] Image pref 0:0:0 {{(pid=124235) get_cpu_topology_constraints /opt/stack/nova/nova/virt/hardware.py:387}}
Apr 14 21:52:32.560104 dv-cinder-813229-9-smb devstack@n-api.service[124235]: DEBUG nova.virt.hardware [None req-f703c5f7-b15c-47f5-8643-0c35d079b2ff tempest-VolumesActionsTest-2079848658 tempest-VolumesActionsTest-2079848658-project] Chose sockets=0, cores=0, threads=0; limits were sockets=65536, cores=65536, threads=65536 {{(pid=124235) get_cpu_topology_constraints /opt/stack/nova/nova/virt/hardware.py:425}}
Apr 14 21:52:32.569532 dv-cinder-813229-9-smb devstack@n-api.service[124235]: DEBUG oslo_concurrency.lockutils [None req-f703c5f7-b15c-47f5-8643-0c35d079b2ff tempest-VolumesActionsTest-2079848658 tempest-VolumesActionsTest-2079848658-project] Lock "00000000-0000-0000-0000-000000000000" acquired by "nova.context.set_target_cell..get_or_set_cached_cell_and_set_connections" :: waited 0.000s {{(pid=124235) inner /usr/local/lib/python3.8/dist-packages/oslo_concurrency/lockutils.py:386}}
Apr 14 21:52:32.571803 dv-cinder-813229-9-smb devstack@n-api.service[124235]: DEBUG oslo_concurrency.lockutils [None req-f703c5f7-b15c-47f5-8643-0c35d079b2ff tempest-VolumesActionsTest-2079848658 tempest-VolumesActionsTest-2079848658-project] Lock "00000000-0000-0000-0000-000000000000" "released" by "nova.context.set_target_cell..get_or_set_cached_cell_and_set_connections" :: held 0.001s {{(pid=124235) inner /usr/local/lib/python3.8/dist-packages/oslo_concurrency/lockutils.py:400}}
Apr 14 21:52:32.571803 dv-cinder-813229-9-smb devstack@n-api.service[124235]: DEBUG oslo_concurrency.lockutils [None req-f703c5f7-b15c-47f5-8643-0c35d079b2ff tempest-VolumesActionsTest-2079848658 tempest-VolumesActionsTest-2079848658-project] Lock "8161926d-913f-4821-b63d-ccfb2e87e6ee" acquired by "nova.context.set_target_cell..get_or_set_cached_cell_and_set_connections" :: waited 0.000s {{(pid=124235) inner /usr/local/lib/python3.8/dist-packages/oslo_concurrency/lockutils.py:386}}
Apr 14 21:52:32.571803 dv-cinder-813229-9-smb devstack@n-api.service[124235]: DEBUG oslo_concurrency.lockutils [None req-f703c5f7-b15c-47f5-8643-0c35d079b2ff tempest-VolumesActionsTest-2079848658 tempest-VolumesActionsTest-2079848658-project] Lock "8161926d-913f-4821-b63d-ccfb2e87e6ee" "released" by "nova.context.set_target_cell..get_or_set_cached_cell_and_set_connections" :: held 0.000s {{(pid=124235) inner /usr/local/lib/python3.8/dist-packages/oslo_concurrency/lockutils.py:400}}
Apr 14 21:52:32.597207 dv-cinder-813229-9-smb devstack@n-api.service[124235]: DEBUG nova.quota [None req-f703c5f7-b15c-47f5-8643-0c35d079b2ff tempest-VolumesActionsTest-2079848658 tempest-VolumesActionsTest-2079848658-project] Getting quotas for project 8ce4b5775f784cedae9b0440db97ef27. Resources: {'cores', 'instances', 'ram'} {{(pid=124235) _get_quotas /opt/stack/nova/nova/quota.py:393}}
Apr 14 21:52:32.602446 dv-cinder-813229-9-smb devstack@n-api.service[124235]: DEBUG nova.quota [None req-f703c5f7-b15c-47f5-8643-0c35d079b2ff tempest-VolumesActionsTest-2079848658 tempest-VolumesActionsTest-2079848658-project] Getting quotas for user 3400cdc613034e1d85c86cf367aab9fe and project 8ce4b5775f784cedae9b0440db97ef27. Resources: {'cores', 'instances', 'ram'} {{(pid=124235) _get_quotas /opt/stack/nova/nova/quota.py:383}}
Apr 14 21:52:32.623765 dv-cinder-813229-9-smb devstack@n-api.service[124235]: DEBUG nova.compute.api [None req-f703c5f7-b15c-47f5-8643-0c35d079b2ff tempest-VolumesActionsTest-2079848658 tempest-VolumesActionsTest-2079848658-project] Going to run 1 instances... {{(pid=124235) _provision_instances /opt/stack/nova/nova/compute/api.py:1389}}
Apr 14 21:52:32.623765 dv-cinder-813229-9-smb devstack@n-api.service[124235]: DEBUG nova.compute.api [None req-f703c5f7-b15c-47f5-8643-0c35d079b2ff tempest-VolumesActionsTest-2079848658 tempest-VolumesActionsTest-2079848658-project] [instance: b38e4c13-1e67-4218-b7e3-eb273d003ad4] block_device_mapping [BlockDeviceMapping(attachment_id=,boot_index=0,connection_info=None,created_at=,delete_on_termination=True,deleted=,deleted_at=,destination_type='local',device_name=None,device_type='disk',disk_bus=None,guest_format=None,id=,image_id='9a03eeba-4739-4047-9d38-ba86aed95b88',instance=,instance_uuid=,no_device=False,snapshot_id=None,source_type='image',tag=None,updated_at=,uuid=,volume_id=None,volume_size=None,volume_type=None)] {{(pid=124235) _bdm_validate_set_size_and_instance /opt/stack/nova/nova/compute/api.py:1807}}
Apr 14 21:52:32.777168 dv-cinder-813229-9-smb devstack@n-api.service[124235]: INFO nova.api.openstack.requestlog [None req-f703c5f7-b15c-47f5-8643-0c35d079b2ff tempest-VolumesActionsTest-2079848658 tempest-VolumesActionsTest-2079848658-project] 10.222.0.66 "POST /compute/v2.1/servers" status: 202 len: 380 microversion: 2.1 time: 0.648936
Apr 14 21:52:32.778994 dv-cinder-813229-9-smb devstack@n-api.service[124235]: [pid: 124235|app: 0|req: 84/168] 10.222.0.66 () {60 vars in 1146 bytes} [Thu Apr 14 21:52:32 2022] POST /compute/v2.1/servers => generated 380 bytes in 650 msecs (HTTP/1.1 202) 10 headers in 451 bytes (2 switches on core 0)
Apr 14 21:52:32.788921 dv-cinder-813229-9-smb devstack@n-api.service[124234]: DEBUG nova.api.openstack.wsgi [None req-ebe2456b-d8da-43f3-a971-f902cc4e56d0 tempest-VolumesActionsTest-2079848658 tempest-VolumesActionsTest-2079848658-project] Calling method '>' {{(pid=124234) _process_stack /opt/stack/nova/nova/api/openstack/wsgi.py:513}}
Apr 14 21:52:32.789658 dv-cinder-813229-9-smb devstack@n-api.service[124234]: DEBUG nova.compute.api [None req-ebe2456b-d8da-43f3-a971-f902cc4e56d0 tempest-VolumesActionsTest-2079848658 tempest-VolumesActionsTest-2079848658-project] [instance: b38e4c13-1e67-4218-b7e3-eb273d003ad4] Fetching instance by UUID {{(pid=124234) get /opt/stack/nova/nova/compute/api.py:2918}}
Apr 14 21:52:32.861444 dv-cinder-813229-9-smb devstack@n-api.service[124234]: DEBUG nova.policy [None req-ebe2456b-d8da-43f3-a971-f902cc4e56d0 tempest-VolumesActionsTest-2079848658 tempest-VolumesActionsTest-2079848658-project] Policy check for os_compute_api:os-extended-server-attributes failed with credentials {'is_admin': False, 'user_id': '3400cdc613034e1d85c86cf367aab9fe', 'user_domain_id': 'default', 'system_scope': None, 'domain_id': None, 'project_id': '8ce4b5775f784cedae9b0440db97ef27', 'project_domain_id': 'default', 'roles': ['reader', 'member'], 'is_admin_project': True, 'service_user_id': None, 'service_user_domain_id': None, 'service_project_id': None, 'service_project_domain_id': None, 'service_roles': []} {{(pid=124234) authorize /opt/stack/nova/nova/policy.py:199}}
Apr 14 21:52:32.869919 dv-cinder-813229-9-smb devstack@n-api.service[124234]: INFO nova.api.openstack.requestlog [None req-ebe2456b-d8da-43f3-a971-f902cc4e56d0 tempest-VolumesActionsTest-2079848658 tempest-VolumesActionsTest-2079848658-project] 10.222.0.66 "GET /compute/v2.1/servers/b38e4c13-1e67-4218-b7e3-eb273d003ad4" status: 200 len: 1213 microversion: 2.1 time: 0.085101
Apr 14 21:52:32.870759 dv-cinder-813229-9-smb devstack@n-api.service[124234]: [pid: 124234|app: 0|req: 85/169] 10.222.0.66 () {58 vars in 1235 bytes} [Thu Apr 14 21:52:32 2022] GET /compute/v2.1/servers/b38e4c13-1e67-4218-b7e3-eb273d003ad4 => generated 1213 bytes in 87 msecs (HTTP/1.1 200) 9 headers in 358 bytes (1 switches on core 0)
Apr 14 21:52:33.191667 dv-cinder-813229-9-smb devstack@n-api.service[124235]: DEBUG nova.api.openstack.wsgi [None req-5da3fba0-0f90-4f32-b5d0-b15e41f128eb tempest-ServerRescueNegativeTestJSON-1717505278 tempest-ServerRescueNegativeTestJSON-1717505278-project] Calling method '>' {{(pid=124235) _process_stack /opt/stack/nova/nova/api/openstack/wsgi.py:513}}
Apr 14 21:52:33.192316 dv-cinder-813229-9-smb devstack@n-api.service[124235]: DEBUG nova.compute.api [None req-5da3fba0-0f90-4f32-b5d0-b15e41f128eb tempest-ServerRescueNegativeTestJSON-1717505278 tempest-ServerRescueNegativeTestJSON-1717505278-project] [instance: 5aa701b6-1639-4170-95ba-47c1941bdcd5] Fetching instance by UUID {{(pid=124235) get /opt/stack/nova/nova/compute/api.py:2918}}
