Feb 21 00:57:59.866808 dv-cinder-813229-6-smb neutron-server[102731]: DEBUG neutron.plugins.ml2.db [None req-df549a82-8fa7-4e19-bf0d-ec842f2acadd None None] For port 4789b21a-38cd-4515-a7aa-55123807bdbf, host hv-cinder-81322, got binding levels [PortBindingLevel(driver='hyperv',host='hv-cinder-81322',level=0,port_id=4789b21a-38cd-4515-a7aa-55123807bdbf,segment=NetworkSegment(35e07ef9-53f4-43b9-8e71-9b951cdb1ebf),segment_id=35e07ef9-53f4-43b9-8e71-9b951cdb1ebf)] {{(pid=102731) get_binding_level_objs /opt/stack/neutron/neutron/plugins/ml2/db.py:74}}
Feb 21 00:57:59.874576 dv-cinder-813229-6-smb neutron-server[102731]: DEBUG neutron_lib.callbacks.manager [None req-df549a82-8fa7-4e19-bf0d-ec842f2acadd None None] Publish callbacks ['neutron.plugins.ml2.plugin.SecurityGroupServerNotifierRpcMixin._notify_sg_on_port_change-1536298', 'neutron.plugins.ml2.ovo_rpc._ObjectChangeHandler.handle_event-25992', 'neutron.api.rpc.agentnotifiers.dhcp_rpc_agent_api.DhcpAgentNotifyAPI._native_event_send_dhcp_notification-8101888', 'neutron.db.l3_db.L3RpcNotifierMixin._notify_gateway_port_ip_changed-8754020365707', 'neutron.db.l3_dvrscheduler_db._notify_l3_agent_port_update-8754019793722', 'neutron.db.l3_hascheduler_db._notify_l3_agent_ha_port_update-8754019793740'] for port (4789b21a-38cd-4515-a7aa-55123807bdbf), after_update {{(pid=102731) _notify_loop /usr/local/lib/python3.8/dist-packages/neutron_lib/callbacks/manager.py:176}}
Feb 21 00:57:59.886774 dv-cinder-813229-6-smb neutron-server[102729]: DEBUG neutron_lib.callbacks.manager [req-8e160cbf-7062-46a5-a672-651fefb0869c req-87df9b29-47f5-4f49-bbd0-ba07ca89d418 service neutron] Publish callbacks ['neutron.plugins.ml2.plugin.SecurityGroupDbMixin._ensure_default_security_group_handler-1536231'] for port (31533953-0454-4f82-9d6a-d5f0ad90c763), before_update {{(pid=102729) _notify_loop /usr/local/lib/python3.8/dist-packages/neutron_lib/callbacks/manager.py:176}}
Feb 21 00:57:59.939728 dv-cinder-813229-6-smb neutron-server[102731]: DEBUG neutron.api.rpc.handlers.resources_rpc [None req-df549a82-8fa7-4e19-bf0d-ec842f2acadd None None] Pushing event updated for resources: {'Port': ['ID=4789b21a-38cd-4515-a7aa-55123807bdbf,revision_number=5']} {{(pid=102731) push /opt/stack/neutron/neutron/api/rpc/handlers/resources_rpc.py:237}}
Feb 21 00:58:00.022486 dv-cinder-813229-6-smb neutron-server[102730]: INFO neutron.wsgi [req-c358eed5-6393-40c9-9970-0ff2c418dc2d req-a9dd6f13-404c-47c6-bfe4-43b6e3059150 tempest-AttachVolumeShelveTestJSON-1977339204 tempest-AttachVolumeShelveTestJSON-1977339204-project] 10.222.0.97 "GET /v2.0/security-groups?id=5e010e35-a98d-4bdd-9298-5e4cc1fed031&fields=id&fields=name HTTP/1.1" status: 200 len: 313 time: 0.1622546
Feb 21 00:58:00.032420 dv-cinder-813229-6-smb neutron-server[102730]: DEBUG neutron.plugins.ml2.db [req-3873ed51-fbd7-4f80-ae4a-619558c53588 req-351f063e-d3f1-4786-b93f-58233db4a2b2 service neutron] For port ce9830fd-ad6a-460f-86d5-2bd5ede7a8a4, host hv-cinder-81322, cleared binding levels {{(pid=102730) clear_binding_levels /opt/stack/neutron/neutron/plugins/ml2/db.py:87}}
Feb 21 00:58:00.036118 dv-cinder-813229-6-smb neutron-server[102730]: DEBUG neutron.plugins.ml2.db [req-3873ed51-fbd7-4f80-ae4a-619558c53588 req-351f063e-d3f1-4786-b93f-58233db4a2b2 service neutron] For port ce9830fd-ad6a-460f-86d5-2bd5ede7a8a4, host hv-cinder-81322, set binding levels [PortBindingLevel(driver='hyperv',host='hv-cinder-81322',level=0,port_id=ce9830fd-ad6a-460f-86d5-2bd5ede7a8a4,segment=NetworkSegment(27d98177-2310-4849-a495-abb280f066a1),segment_id=27d98177-2310-4849-a495-abb280f066a1)] {{(pid=102730) set_binding_levels /opt/stack/neutron/neutron/plugins/ml2/db.py:59}}
Feb 21 00:58:00.045339 dv-cinder-813229-6-smb neutron-server[102730]: DEBUG neutron_lib.callbacks.manager [req-3873ed51-fbd7-4f80-ae4a-619558c53588 req-351f063e-d3f1-4786-b93f-58233db4a2b2 service neutron] Publish callbacks ['neutron.plugins.ml2.plugin.SecurityGroupServerNotifierRpcMixin._notify_sg_on_port_change-1536298', 'neutron.plugins.ml2.ovo_rpc._ObjectChangeHandler.handle_event-25992', 'neutron.api.rpc.agentnotifiers.dhcp_rpc_agent_api.DhcpAgentNotifyAPI._native_event_send_dhcp_notification-8101888', 'neutron.db.l3_db.L3RpcNotifierMixin._notify_gateway_port_ip_changed-8754020365707', 'neutron.db.l3_dvrscheduler_db._notify_l3_agent_port_update-8754019793722', 'neutron.db.l3_hascheduler_db._notify_l3_agent_ha_port_update-8754019793740', 'neutron.services.segments.plugin.NovaSegmentNotifier._notify_port_updated-5769267'] for port (ce9830fd-ad6a-460f-86d5-2bd5ede7a8a4), after_update {{(pid=102730) _notify_loop /usr/local/lib/python3.8/dist-packages/neutron_lib/callbacks/manager.py:176}}
Feb 21 00:58:00.077043 dv-cinder-813229-6-smb neutron-server[102731]: DEBUG neutron.db.provisioning_blocks [None req-9076309f-abbd-46be-abbf-825b4b0b2f8f None None] Provisioning complete for port 31533953-0454-4f82-9d6a-d5f0ad90c763 triggered by entity DHCP. {{(pid=102731) provisioning_complete /opt/stack/neutron/neutron/db/provisioning_blocks.py:139}}
Feb 21 00:58:00.077420 dv-cinder-813229-6-smb neutron-server[102731]: DEBUG neutron_lib.callbacks.manager [None req-9076309f-abbd-46be-abbf-825b4b0b2f8f None None] Publish callbacks ['neutron.plugins.ml2.plugin.Ml2Plugin._port_provisioned-1173246'] for port (31533953-0454-4f82-9d6a-d5f0ad90c763), provisioning_complete {{(pid=102731) _notify_loop /usr/local/lib/python3.8/dist-packages/neutron_lib/callbacks/manager.py:176}}
Feb 21 00:58:00.093235 dv-cinder-813229-6-smb neutron-server[102730]: DEBUG neutron.pecan_wsgi.hooks.policy_enforcement [req-3873ed51-fbd7-4f80-ae4a-619558c53588 req-351f063e-d3f1-4786-b93f-58233db4a2b2 service neutron] Attributes excluded by policy engine: ['standard_attr_id'] {{(pid=102730) _exclude_attributes_by_policy /opt/stack/neutron/neutron/pecan_wsgi/hooks/policy_enforcement.py:255}}
Feb 21 00:58:00.093788 dv-cinder-813229-6-smb neutron-server[102730]: DEBUG neutron_lib.callbacks.manager [req-3873ed51-fbd7-4f80-ae4a-619558c53588 req-351f063e-d3f1-4786-b93f-58233db4a2b2 service neutron] Publish callbacks ['neutron.notifiers.nova.Notifier._send_nova_notification-433740', 'neutron.api.rpc.agentnotifiers.dhcp_rpc_agent_api.DhcpAgentNotifyAPI._send_dhcp_notification-8101934'] for port (None), before_response {{(pid=102730) _notify_loop /usr/local/lib/python3.8/dist-packages/neutron_lib/callbacks/manager.py:176}}
Feb 21 00:58:00.095447 dv-cinder-813229-6-smb neutron-server[102730]: INFO neutron.wsgi [req-3873ed51-fbd7-4f80-ae4a-619558c53588 req-351f063e-d3f1-4786-b93f-58233db4a2b2 service neutron] 10.222.0.24 "PUT /v2.0/ports/ce9830fd-ad6a-460f-86d5-2bd5ede7a8a4 HTTP/1.1" status: 200 len: 1093 time: 1.5559251
Feb 21 00:58:00.095910 dv-cinder-813229-6-smb neutron-server[102730]: DEBUG neutron.notifiers.nova [-] Sending events: [{'name': 'network-changed', 'server_uuid': 'dfd0e938-80ac-4ea3-80c5-66724a129cb8', 'tag': 'ce9830fd-ad6a-460f-86d5-2bd5ede7a8a4'}] {{(pid=102730) send_events /opt/stack/neutron/neutron/notifiers/nova.py:271}}
Feb 21 00:58:00.099635 dv-cinder-813229-6-smb neutron-server[102730]: DEBUG novaclient.v2.client [-] REQ: curl -g -i --cacert "/opt/stack/data/ca-bundle.pem" -X POST http://10.222.0.97/compute/v2.1/os-server-external-events -H "Accept: application/json" -H "Content-Type: application/json" -H "User-Agent: python-novaclient" -H "X-Auth-Token: {SHA256}4cf0043edf425227bdb9bde34f6b79719ec07a85f56418471aab7f93bc752c9a" -H "X-OpenStack-Nova-API-Version: 2.1" -H "X-OpenStack-Request-ID: req-4c1267a4-994c-43aa-b14f-81dc7b398d7f" -d '{"events": [{"name": "network-changed", "server_uuid": "dfd0e938-80ac-4ea3-80c5-66724a129cb8", "tag": "ce9830fd-ad6a-460f-86d5-2bd5ede7a8a4"}]}' {{(pid=102730) _http_log_request /usr/local/lib/python3.8/dist-packages/keystoneauth1/session.py:519}}
Feb 21 00:58:00.176358 dv-cinder-813229-6-smb neutron-server[102731]: DEBUG neutron.plugins.ml2.plugin [None req-9076309f-abbd-46be-abbf-825b4b0b2f8f None None] Port 31533953-0454-4f82-9d6a-d5f0ad90c763 cannot update to ACTIVE because it is not bound. {{(pid=102731) _port_provisioned /opt/stack/neutron/neutron/plugins/ml2/plugin.py:343}}
Feb 21 00:58:00.176668 dv-cinder-813229-6-smb neutron-server[102729]: DEBUG neutron_lib.callbacks.manager [None req-fb118702-7b06-4808-93fa-dfb040a08b9a admin admin] Publish callbacks [] for security_group (None), before_create {{(pid=102729) _notify_loop /usr/local/lib/python3.8/dist-packages/neutron_lib/callbacks/manager.py:176}}
Feb 21 00:58:00.186186 dv-cinder-813229-6-smb neutron-server[102730]: DEBUG novaclient.v2.client [-] RESP: [200] Connection: close Content-Length: 179 Content-Type: application/json Date: Mon, 21 Feb 2022 00:58:00 GMT OpenStack-API-Version: compute 2.1 Server: Apache/2.4.41 (Ubuntu) Vary: OpenStack-API-Version,X-OpenStack-Nova-API-Version X-OpenStack-Nova-API-Version: 2.1 x-compute-request-id: req-2f13804f-aa2d-4ad0-a420-7950d1117987 x-openstack-request-id: req-2f13804f-aa2d-4ad0-a420-7950d1117987 {{(pid=102730) _http_log_response /usr/local/lib/python3.8/dist-packages/keystoneauth1/session.py:550}}
Feb 21 00:58:00.186741 dv-cinder-813229-6-smb neutron-server[102730]: DEBUG novaclient.v2.client [-] RESP BODY: {"events": [{"name": "network-changed", "server_uuid": "dfd0e938-80ac-4ea3-80c5-66724a129cb8", "tag": "ce9830fd-ad6a-460f-86d5-2bd5ede7a8a4", "status": "completed", "code": 200}]} {{(pid=102730) _http_log_response /usr/local/lib/python3.8/dist-packages/keystoneauth1/session.py:582}}
Feb 21 00:58:00.187318 dv-cinder-813229-6-smb neutron-server[102730]: DEBUG novaclient.v2.client [-] POST call to compute for http://10.222.0.97/compute/v2.1/os-server-external-events used request id req-2f13804f-aa2d-4ad0-a420-7950d1117987 {{(pid=102730) request /usr/local/lib/python3.8/dist-packages/keystoneauth1/session.py:954}}
Feb 21 00:58:00.187928 dv-cinder-813229-6-smb neutron-server[102730]: INFO neutron.notifiers.nova [-] Nova event response: {'name': 'network-changed', 'server_uuid': 'dfd0e938-80ac-4ea3-80c5-66724a129cb8', 'tag': 'ce9830fd-ad6a-460f-86d5-2bd5ede7a8a4', 'status': 'completed', 'code': 200}
Feb 21 00:58:00.226938 dv-cinder-813229-6-smb neutron-server[102730]: DEBUG neutron.api.rpc.handlers.resources_rpc [None req-351f063e-d3f1-4786-b93f-58233db4a2b2 service neutron] Pushing event updated for resources: {'Port': ['ID=ce9830fd-ad6a-460f-86d5-2bd5ede7a8a4,revision_number=3']} {{(pid=102730) push /opt/stack/neutron/neutron/api/rpc/handlers/resources_rpc.py:237}}
Feb 21 00:58:00.260068 dv-cinder-813229-6-smb neutron-server[102730]: DEBUG neutron.pecan_wsgi.hooks.policy_enforcement [req-3873ed51-fbd7-4f80-ae4a-619558c53588 req-21551ef5-ac7f-40b2-a0e9-0056ff0512df service neutron] Attributes excluded by policy engine: ['standard_attr_id'] {{(pid=102730) _exclude_attributes_by_policy /opt/stack/neutron/neutron/pecan_wsgi/hooks/policy_enforcement.py:255}}
Feb 21 00:58:00.262020 dv-cinder-813229-6-smb neutron-server[102730]: INFO neutron.wsgi [req-3873ed51-fbd7-4f80-ae4a-619558c53588 req-21551ef5-ac7f-40b2-a0e9-0056ff0512df service neutron] 10.222.0.24 "GET /v2.0/ports?tenant_id=10f4a121b3704a8ea0c7352d8d6b36ad&device_id=dfd0e938-80ac-4ea3-80c5-66724a129cb8 HTTP/1.1" status: 200 len: 1127 time: 0.0959640
Feb 21 00:58:00.339894 dv-cinder-813229-6-smb neutron-server[102731]: DEBUG novaclient.v2.client [-] RESP: [200] Connection: close Content-Length: 183 Content-Type: application/json Date: Mon, 21 Feb 2022 00:57:59 GMT OpenStack-API-Version: compute 2.1 Server: Apache/2.4.41 (Ubuntu) Vary: OpenStack-API-Version,X-OpenStack-Nova-API-Version X-OpenStack-Nova-API-Version: 2.1 x-compute-request-id: req-bc4cacea-3efe-4e1d-9147-1dbd838388b7 x-openstack-request-id: req-bc4cacea-3efe-4e1d-9147-1dbd838388b7 {{(pid=102731) _http_log_response /usr/local/lib/python3.8/dist-packages/keystoneauth1/session.py:550}}
Feb 21 00:58:00.340663 dv-cinder-813229-6-smb neutron-server[102731]: DEBUG novaclient.v2.client [-] RESP BODY: {"events": [{"server_uuid": "c98a5614-d933-427e-a0a3-8fbdba06e7f0", "name": "network-vif-plugged", "status": "completed", "tag": "64cf9555-f797-4946-b205-a26d241755ec", "code": 200}]} {{(pid=102731) _http_log_response /usr/local/lib/python3.8/dist-packages/keystoneauth1/session.py:582}}
Feb 21 00:58:00.341098 dv-cinder-813229-6-smb neutron-server[102731]: DEBUG novaclient.v2.client [-] POST call to compute for http://10.222.0.97/compute/v2.1/os-server-external-events used request id req-bc4cacea-3efe-4e1d-9147-1dbd838388b7 {{(pid=102731) request /usr/local/lib/python3.8/dist-packages/keystoneauth1/session.py:954}}
Feb 21 00:58:00.341697 dv-cinder-813229-6-smb neutron-server[102731]: INFO neutron.notifiers.nova [-] Nova event response: {'server_uuid': 'c98a5614-d933-427e-a0a3-8fbdba06e7f0', 'name': 'network-vif-plugged', 'status': 'completed', 'tag': '64cf9555-f797-4946-b205-a26d241755ec', 'code': 200}
Feb 21 00:58:00.353221 dv-cinder-813229-6-smb neutron-server[102730]: INFO neutron.wsgi [req-3873ed51-fbd7-4f80-ae4a-619558c53588 req-ec852de9-b745-4922-8631-bd18a1239300 service neutron] 10.222.0.24 "GET /v2.0/floatingips?fixed_ip_address=172.20.0.8&port_id=ce9830fd-ad6a-460f-86d5-2bd5ede7a8a4 HTTP/1.1" status: 200 len: 217 time: 0.0819206
Feb 21 00:58:00.366106 dv-cinder-813229-6-smb neutron-server[102730]: DEBUG neutron.wsgi [-] (102730) accepted ('10.222.0.97', 35284) {{(pid=102730) server /usr/local/lib/python3.8/dist-packages/eventlet/wsgi.py:1004}}
Feb 21 00:58:00.420547 dv-cinder-813229-6-smb neutron-server[102729]: DEBUG neutron.notifiers.nova [req-8e160cbf-7062-46a5-a672-651fefb0869c req-87df9b29-47f5-4f49-bbd0-ba07ca89d418 service neutron] Ignoring state change previous_port_status: DOWN current_port_status: DOWN port_id 31533953-0454-4f82-9d6a-d5f0ad90c763 {{(pid=102729) record_port_status_changed /opt/stack/neutron/neutron/notifiers/nova.py:233}}
Feb 21 00:58:00.441608 dv-cinder-813229-6-smb neutron-server[102729]: DEBUG neutron_lib.callbacks.manager [req-8e160cbf-7062-46a5-a672-651fefb0869c req-87df9b29-47f5-4f49-bbd0-ba07ca89d418 service neutron] Publish callbacks [] for port (31533953-0454-4f82-9d6a-d5f0ad90c763), precommit_update {{(pid=102729) _notify_loop /usr/local/lib/python3.8/dist-packages/neutron_lib/callbacks/manager.py:176}}
Feb 21 00:58:00.450130 dv-cinder-813229-6-smb neutron-server[102730]: DEBUG neutron_lib.callbacks.manager [None req-92745579-bba7-42a4-9a9a-1f8cd231fc23 admin admin] Publish callbacks [] for security_group (None), before_create {{(pid=102730) _notify_loop /usr/local/lib/python3.8/dist-packages/neutron_lib/callbacks/manager.py:176}}
Feb 21 00:58:00.503608 dv-cinder-813229-6-smb neutron-server[102729]: DEBUG neutron_lib.callbacks.manager [None req-fb118702-7b06-4808-93fa-dfb040a08b9a admin admin] Publish callbacks [] for security_group (27e0209d-5a5f-49f8-8272-0c8a6914c87b), precommit_create {{(pid=102729) _notify_loop /usr/local/lib/python3.8/dist-packages/neutron_lib/callbacks/manager.py:176}}
Feb 21 00:58:00.504377 dv-cinder-813229-6-smb neutron-server[102730]: DEBUG neutron.pecan_wsgi.hooks.policy_enforcement [req-3873ed51-fbd7-4f80-ae4a-619558c53588 req-a574ec1c-ad72-44b3-b2b6-dd68db2c1d18 service neutron] Attributes excluded by policy engine: ['standard_attr_id', 'shared', 'segment_id'] {{(pid=102730) _exclude_attributes_by_policy /opt/stack/neutron/neutron/pecan_wsgi/hooks/policy_enforcement.py:255}}
Feb 21 00:58:00.506943 dv-cinder-813229-6-smb neutron-server[102730]: INFO neutron.wsgi [req-3873ed51-fbd7-4f80-ae4a-619558c53588 req-a574ec1c-ad72-44b3-b2b6-dd68db2c1d18 service neutron] 10.222.0.24 "GET /v2.0/subnets?id=685183e6-04ce-46d4-b8e5-14fe6ad45955 HTTP/1.1" status: 200 len: 850 time: 0.1371267
Feb 21 00:58:00.512353 dv-cinder-813229-6-smb neutron-server[102729]: DEBUG neutron.db.provisioning_blocks [req-8e160cbf-7062-46a5-a672-651fefb0869c req-87df9b29-47f5-4f49-bbd0-ba07ca89d418 service neutron] Transition to ACTIVE for port object 31533953-0454-4f82-9d6a-d5f0ad90c763 will not be triggered until provisioned by entity L2. {{(pid=102729) add_provisioning_component /opt/stack/neutron/neutron/db/provisioning_blocks.py:73}}
Feb 21 00:58:00.514915 dv-cinder-813229-6-smb neutron-server[102729]: DEBUG neutron_lib.callbacks.manager [None req-fb118702-7b06-4808-93fa-dfb040a08b9a admin admin] Publish callbacks ['neutron.plugins.ml2.ovo_rpc._ObjectChangeHandler.handle_event-7897470'] for security_group (27e0209d-5a5f-49f8-8272-0c8a6914c87b), after_create {{(pid=102729) _notify_loop /usr/local/lib/python3.8/dist-packages/neutron_lib/callbacks/manager.py:176}}
Feb 21 00:58:00.549942 dv-cinder-813229-6-smb neutron-server[102729]: DEBUG neutron_lib.callbacks.manager [req-8e160cbf-7062-46a5-a672-651fefb0869c req-87df9b29-47f5-4f49-bbd0-ba07ca89d418 service neutron] Publish callbacks ['neutron.plugins.ml2.plugin.SecurityGroupServerNotifierRpcMixin._notify_sg_on_port_change-1536298', 'neutron.plugins.ml2.ovo_rpc._ObjectChangeHandler.handle_event-25992', 'neutron.api.rpc.agentnotifiers.dhcp_rpc_agent_api.DhcpAgentNotifyAPI._native_event_send_dhcp_notification-8101888', 'neutron.db.l3_db.L3RpcNotifierMixin._notify_gateway_port_ip_changed-8754020365707', 'neutron.db.l3_dvrscheduler_db._notify_l3_agent_port_update-8754019793722', 'neutron.db.l3_hascheduler_db._notify_l3_agent_ha_port_update-8754019793740'] for port (31533953-0454-4f82-9d6a-d5f0ad90c763), after_update {{(pid=102729) _notify_loop /usr/local/lib/python3.8/dist-packages/neutron_lib/callbacks/manager.py:176}}
Feb 21 00:58:00.826084 dv-cinder-813229-6-smb neutron-server[102730]: DEBUG neutron.pecan_wsgi.hooks.policy_enforcement [req-2250a173-758f-4747-b537-489e458f4f4f req-c709c523-99ae-4bfc-85b2-33f29e9cf6bd tempest-DeleteServersTestJSON-1943636874 tempest-DeleteServersTestJSON-1943636874-project] Attributes excluded by policy engine: ['standard_attr_id', 'binding:profile', 'binding:host_id', 'binding:vif_type', 'binding:vif_details'] {{(pid=102730) _exclude_attributes_by_policy /opt/stack/neutron/neutron/pecan_wsgi/hooks/policy_enforcement.py:255}}
Feb 21 00:58:00.830956 dv-cinder-813229-6-smb neutron-server[102730]: INFO neutron.wsgi [req-2250a173-758f-4747-b537-489e458f4f4f req-c709c523-99ae-4bfc-85b2-33f29e9cf6bd tempest-DeleteServersTestJSON-1943636874 tempest-DeleteServersTestJSON-1943636874-project] 10.222.0.97 "GET /v2.0/ports?device_id=c98a5614-d933-427e-a0a3-8fbdba06e7f0 HTTP/1.1" status: 200 len: 946 time: 0.4665818
Feb 21 00:58:00.855456 dv-cinder-813229-6-smb neutron-server[102729]: INFO neutron.wsgi [None req-fb118702-7b06-4808-93fa-dfb040a08b9a admin admin] 10.222.0.97 "GET /v2.0/security-groups?tenant_id=cec3cec12cc84d46b79d7d9f393e5b0a&name=default HTTP/1.1" status: 200 len: 2996 time: 1.1501651
Feb 21 00:58:00.863107 dv-cinder-813229-6-smb neutron-server[102729]: DEBUG neutron.wsgi [-] (102729) accepted ('10.222.0.97', 35316) {{(pid=102729) server /usr/local/lib/python3.8/dist-packages/eventlet/wsgi.py:1004}}
Feb 21 00:58:00.917245 dv-cinder-813229-6-smb neutron-server[102730]: DEBUG neutron.pecan_wsgi.hooks.policy_enforcement [req-3873ed51-fbd7-4f80-ae4a-619558c53588 req-3f831886-1d24-44ed-a587-747409872a18 service neutron] Attributes excluded by policy engine: ['standard_attr_id'] {{(pid=102730) _exclude_attributes_by_policy /opt/stack/neutron/neutron/pecan_wsgi/hooks/policy_enforcement.py:255}}
Feb 21 00:58:00.919904 dv-cinder-813229-6-smb neutron-server[102730]: INFO neutron.wsgi [req-3873ed51-fbd7-4f80-ae4a-619558c53588 req-3f831886-1d24-44ed-a587-747409872a18 service neutron] 10.222.0.24 "GET /v2.0/ports?network_id=db19dba0-c5fa-4121-8ee8-4b48e601ae47&device_owner=network%3Adhcp HTTP/1.1" status: 200 len: 1210 time: 0.4060836
Feb 21 00:58:00.929022 dv-cinder-813229-6-smb neutron-server[102729]: DEBUG neutron.wsgi [-] (102729) accepted ('10.222.0.97', 35318) {{(pid=102729) server /usr/local/lib/python3.8/dist-packages/eventlet/wsgi.py:1004}}
Feb 21 00:58:00.934485 dv-cinder-813229-6-smb neutron-server[102729]: DEBUG neutron.api.rpc.handlers.resources_rpc [None req-fb118702-7b06-4808-93fa-dfb040a08b9a admin admin] Pushing event updated for resources: {'SecurityGroup': ['ID=27e0209d-5a5f-49f8-8272-0c8a6914c87b,revision_number=1']} {{(pid=102729) push /opt/stack/neutron/neutron/api/rpc/handlers/resources_rpc.py:237}}
Feb 21 00:58:00.978360 dv-cinder-813229-6-smb neutron-server[102730]: DEBUG neutron.pecan_wsgi.hooks.policy_enforcement [req-8263f798-657e-400e-ad30-c66a34d39abd req-9cadf5db-d201-4c47-bc9f-f80889a58832 tempest-AttachVolumeTestJSON-1984308983 tempest-AttachVolumeTestJSON-1984308983-project] Attributes excluded by policy engine: ['standard_attr_id', 'binding:profile', 'binding:host_id', 'binding:vif_type', 'binding:vif_details'] {{(pid=102730) _exclude_attributes_by_policy /opt/stack/neutron/neutron/pecan_wsgi/hooks/policy_enforcement.py:255}}
Feb 21 00:58:00.980680 dv-cinder-813229-6-smb neutron-server[102730]: INFO neutron.wsgi [req-8263f798-657e-400e-ad30-c66a34d39abd req-9cadf5db-d201-4c47-bc9f-f80889a58832 tempest-AttachVolumeTestJSON-1984308983 tempest-AttachVolumeTestJSON-1984308983-project] 10.222.0.97 "GET /v2.0/ports?device_id=dfd0e938-80ac-4ea3-80c5-66724a129cb8 HTTP/1.1" status: 200 len: 943 time: 0.2296672
Feb 21 00:58:00.980932 dv-cinder-813229-6-smb neutron-server[102729]: DEBUG neutron.api.rpc.handlers.resources_rpc [None req-87df9b29-47f5-4f49-bbd0-ba07ca89d418 service neutron] Pushing event updated for resources: {'Port': ['ID=31533953-0454-4f82-9d6a-d5f0ad90c763,revision_number=2']} {{(pid=102729) push /opt/stack/neutron/neutron/api/rpc/handlers/resources_rpc.py:237}}
Feb 21 00:58:00.985956 dv-cinder-813229-6-smb neutron-server[102730]: INFO neutron.wsgi [req-2250a173-758f-4747-b537-489e458f4f4f req-f320a957-5f54-4e8b-892b-3f55441346c1 tempest-DeleteServersTestJSON-1943636874 tempest-DeleteServersTestJSON-1943636874-project] 10.222.0.97 "GET /v2.0/security-groups?id=0e2aac0f-74a8-434f-84f4-56beea7eed0f&fields=id&fields=name HTTP/1.1" status: 200 len: 286 time: 0.1383529
Feb 21 00:58:01.012533 dv-cinder-813229-6-smb neutron-server[102730]: DEBUG neutron_lib.callbacks.manager [None req-92745579-bba7-42a4-9a9a-1f8cd231fc23 admin admin] Publish callbacks [] for security_group (fe9e3c91-ee34-4d93-8c80-84ed1f1f2fd8), precommit_create {{(pid=102730) _notify_loop /usr/local/lib/python3.8/dist-packages/neutron_lib/callbacks/manager.py:176}}
Feb 21 00:58:01.059379 dv-cinder-813229-6-smb neutron-server[102730]: DEBUG neutron_lib.callbacks.manager [None req-92745579-bba7-42a4-9a9a-1f8cd231fc23 admin admin] Publish callbacks ['neutron.plugins.ml2.ovo_rpc._ObjectChangeHandler.handle_event-7897470'] for security_group (fe9e3c91-ee34-4d93-8c80-84ed1f1f2fd8), after_create {{(pid=102730) _notify_loop /usr/local/lib/python3.8/dist-packages/neutron_lib/callbacks/manager.py:176}}
Feb 21 00:58:01.066378 dv-cinder-813229-6-smb neutron-server[102729]: DEBUG neutron.plugins.ml2.managers [req-8e160cbf-7062-46a5-a672-651fefb0869c req-87df9b29-47f5-4f49-bbd0-ba07ca89d418 service neutron] Attempting to bind port 31533953-0454-4f82-9d6a-d5f0ad90c763 on host hv-cinder-81322 for vnic_type normal with profile {{(pid=102729) bind_port /opt/stack/neutron/neutron/plugins/ml2/managers.py:795}}
Feb 21 00:58:01.068043 dv-cinder-813229-6-smb neutron-server[102729]: DEBUG neutron.plugins.ml2.managers [req-8e160cbf-7062-46a5-a672-651fefb0869c req-87df9b29-47f5-4f49-bbd0-ba07ca89d418 service neutron] Attempting to bind port 31533953-0454-4f82-9d6a-d5f0ad90c763 by drivers openvswitch,hyperv on host hv-cinder-81322 at level 0 using segments [{'id': '1cd0d6b6-d523-4ea2-98fa-18a05469a474', 'network_type': 'vlan', 'physical_network': 'physnet1', 'segmentation_id': 686, 'network_id': 'f31a8335-0fd5-4a10-9d61-878428357019'}] {{(pid=102729) _bind_port_level /opt/stack/neutron/neutron/plugins/ml2/managers.py:820}}
Feb 21 00:58:01.068437 dv-cinder-813229-6-smb neutron-server[102729]: DEBUG neutron.plugins.ml2.drivers.mech_agent [req-8e160cbf-7062-46a5-a672-651fefb0869c req-87df9b29-47f5-4f49-bbd0-ba07ca89d418 service neutron] Attempting to bind port 31533953-0454-4f82-9d6a-d5f0ad90c763 on network f31a8335-0fd5-4a10-9d61-878428357019 {{(pid=102729) bind_port /opt/stack/neutron/neutron/plugins/ml2/drivers/mech_agent.py:91}}
Feb 21 00:58:01.107563 dv-cinder-813229-6-smb neutron-server[102730]: DEBUG neutron.api.rpc.handlers.resources_rpc [None req-92745579-bba7-42a4-9a9a-1f8cd231fc23 admin admin] Pushing event updated for resources: {'SecurityGroup': ['ID=fe9e3c91-ee34-4d93-8c80-84ed1f1f2fd8,revision_number=1']} {{(pid=102730) push /opt/stack/neutron/neutron/api/rpc/handlers/resources_rpc.py:237}}
Feb 21 00:58:01.108717 dv-cinder-813229-6-smb neutron-server[102729]: DEBUG neutron.pecan_wsgi.hooks.policy_enforcement [req-f0cbfcb3-ed34-431c-8d0c-1220c924cb11 req-66125252-eaf3-494c-8eab-f1c5998b7aee service neutron] Attributes excluded by policy engine: ['standard_attr_id'] {{(pid=102729) _exclude_attributes_by_policy /opt/stack/neutron/neutron/pecan_wsgi/hooks/policy_enforcement.py:255}}
Feb 21 00:58:01.110256 dv-cinder-813229-6-smb neutron-server[102729]: INFO neutron.wsgi [req-f0cbfcb3-ed34-431c-8d0c-1220c924cb11 req-66125252-eaf3-494c-8eab-f1c5998b7aee service neutron] 10.222.0.24 "GET /v2.0/ports?device_id=c98a5614-d933-427e-a0a3-8fbdba06e7f0 HTTP/1.1" status: 200 len: 1130 time: 0.5864806
Feb 21 00:58:01.110942 dv-cinder-813229-6-smb neutron-server[102729]: DEBUG neutron.plugins.ml2.drivers.mech_agent [req-8e160cbf-7062-46a5-a672-651fefb0869c req-87df9b29-47f5-4f49-bbd0-ba07ca89d418 service neutron] Port 31533953-0454-4f82-9d6a-d5f0ad90c763 on network f31a8335-0fd5-4a10-9d61-878428357019 not bound, no agent of type Open vSwitch agent registered on host hv-cinder-81322 {{(pid=102729) bind_port /opt/stack/neutron/neutron/plugins/ml2/drivers/mech_agent.py:103}}
Feb 21 00:58:01.111255 dv-cinder-813229-6-smb neutron-server[102729]: DEBUG neutron.plugins.ml2.drivers.mech_agent [req-8e160cbf-7062-46a5-a672-651fefb0869c req-87df9b29-47f5-4f49-bbd0-ba07ca89d418 service neutron] Attempting to bind port 31533953-0454-4f82-9d6a-d5f0ad90c763 on network f31a8335-0fd5-4a10-9d61-878428357019 {{(pid=102729) bind_port /opt/stack/neutron/neutron/plugins/ml2/drivers/mech_agent.py:91}}
Feb 21 00:58:01.123233 dv-cinder-813229-6-smb neutron-server[102729]: DEBUG neutron_lib.callbacks.manager [None req-c1904c50-d066-45e5-90ac-a319d6abdce5 admin admin] Publish callbacks [] for security_group (27e0209d-5a5f-49f8-8272-0c8a6914c87b), before_delete {{(pid=102729) _notify_loop /usr/local/lib/python3.8/dist-packages/neutron_lib/callbacks/manager.py:176}}
Feb 21 00:58:01.138968 dv-cinder-813229-6-smb neutron-server[102729]: DEBUG neutron.plugins.ml2.drivers.mech_agent [req-8e160cbf-7062-46a5-a672-651fefb0869c req-87df9b29-47f5-4f49-bbd0-ba07ca89d418 service neutron] Checking agent: {'id': 'a3d9c7f1-25a7-40bd-b7a3-0435a237207e', 'agent_type': 'HyperV agent', 'binary': 'neutron-hyperv-agent', 'topic': 'N/A', 'host': 'hv-cinder-81322', 'admin_state_up': True, 'created_at': datetime.datetime(2022, 2, 21, 0, 55, 22), 'started_at': datetime.datetime(2022, 2, 21, 0, 55, 22), 'heartbeat_timestamp': datetime.datetime(2022, 2, 21, 0, 57, 52), 'description': None, 'resources_synced': None, 'availability_zone': None, 'alive': True, 'configurations': {'vswitch_mappings': {'physnet1$': 'br-data'}}, 'resource_versions': {}} {{(pid=102729) bind_port /opt/stack/neutron/neutron/plugins/ml2/drivers/mech_agent.py:110}}
Feb 21 00:58:01.139310 dv-cinder-813229-6-smb neutron-server[102729]: DEBUG neutron.plugins.ml2.drivers.mech_agent [req-8e160cbf-7062-46a5-a672-651fefb0869c req-87df9b29-47f5-4f49-bbd0-ba07ca89d418 service neutron] Checking segment: {'id': '1cd0d6b6-d523-4ea2-98fa-18a05469a474', 'network_type': 'vlan', 'physical_network': 'physnet1', 'segmentation_id': 686, 'network_id': 'f31a8335-0fd5-4a10-9d61-878428357019'} for mappings: {'physnet1$': 'br-data'} with network types: ['local', 'flat', 'vlan'] {{(pid=102729) check_segment_for_agent /opt/stack/neutron/neutron/plugins/ml2/drivers/mech_agent.py:373}}
Feb 21 00:58:01.139736 dv-cinder-813229-6-smb neutron-server[102729]: DEBUG neutron.plugins.ml2.drivers.mech_agent [req-8e160cbf-7062-46a5-a672-651fefb0869c req-87df9b29-47f5-4f49-bbd0-ba07ca89d418 service neutron] Bound using segment: {'id': '1cd0d6b6-d523-4ea2-98fa-18a05469a474', 'network_type': 'vlan', 'physical_network': 'physnet1', 'segmentation_id': 686, 'network_id': 'f31a8335-0fd5-4a10-9d61-878428357019'} {{(pid=102729) bind_port /opt/stack/neutron/neutron/plugins/ml2/drivers/mech_agent.py:120}}
Feb 21 00:58:01.140192 dv-cinder-813229-6-smb neutron-server[102729]: DEBUG neutron.plugins.ml2.managers [req-8e160cbf-7062-46a5-a672-651fefb0869c req-87df9b29-47f5-4f49-bbd0-ba07ca89d418 service neutron] Bound port: 31533953-0454-4f82-9d6a-d5f0ad90c763, host: hv-cinder-81322, vif_type: hyperv, vif_details: {"connectivity": "legacy", "port_filter": false}, binding_levels: [{'bound_driver': 'hyperv', 'bound_segment': {'id': '1cd0d6b6-d523-4ea2-98fa-18a05469a474', 'network_type': 'vlan', 'physical_network': 'physnet1', 'segmentation_id': 686, 'network_id': 'f31a8335-0fd5-4a10-9d61-878428357019'}}] {{(pid=102729) _bind_port_level /opt/stack/neutron/neutron/plugins/ml2/managers.py:932}}
Feb 21 00:58:01.140516 dv-cinder-813229-6-smb neutron-server[102729]: DEBUG neutron_lib.callbacks.manager [req-8e160cbf-7062-46a5-a672-651fefb0869c req-87df9b29-47f5-4f49-bbd0-ba07ca89d418 service neutron] Publish callbacks ['neutron.plugins.ml2.plugin.SecurityGroupDbMixin._ensure_default_security_group_handler-1536231'] for port (31533953-0454-4f82-9d6a-d5f0ad90c763), before_update {{(pid=102729) _notify_loop /usr/local/lib/python3.8/dist-packages/neutron_lib/callbacks/manager.py:176}}
Feb 21 00:58:01.177897 dv-cinder-813229-6-smb neutron-server[102729]: DEBUG neutron_lib.callbacks.manager [None req-c1904c50-d066-45e5-90ac-a319d6abdce5 admin admin] Publish callbacks [] for security_group (27e0209d-5a5f-49f8-8272-0c8a6914c87b), precommit_delete {{(pid=102729) _notify_loop /usr/local/lib/python3.8/dist-packages/neutron_lib/callbacks/manager.py:176}}
Feb 21 00:58:01.191441 dv-cinder-813229-6-smb neutron-server[102729]: DEBUG neutron_lib.callbacks.manager [None req-085748e5-7a5b-4eeb-a44c-04a1c804f6a4 admin admin] Publish callbacks [] for security_group (None), before_create {{(pid=102729) _notify_loop /usr/local/lib/python3.8/dist-packages/neutron_lib/callbacks/manager.py:176}}
Feb 21 00:58:01.193169 dv-cinder-813229-6-smb neutron-server[102729]: DEBUG neutron_lib.callbacks.manager [req-f0cbfcb3-ed34-431c-8d0c-1220c924cb11 req-e0483231-d95c-4585-a9fd-509232e53618 service neutron] Publish callbacks [] for security_group (None), before_create {{(pid=102729) _notify_loop /usr/local/lib/python3.8/dist-packages/neutron_lib/callbacks/manager.py:176}}
Feb 21 00:58:01.198147 dv-cinder-813229-6-smb neutron-server[102730]: INFO neutron.wsgi [None req-92745579-bba7-42a4-9a9a-1f8cd231fc23 admin admin] 10.222.0.97 "GET /v2.0/security-groups?tenant_id=1b883080d6b8495b91be68f18666f9ff&name=default HTTP/1.1" status: 200 len: 2996 time: 0.8254094
Feb 21 00:58:01.207780 dv-cinder-813229-6-smb neutron-server[102730]: DEBUG neutron.wsgi [-] (102730) accepted ('10.222.0.97', 35324) {{(pid=102730) server /usr/local/lib/python3.8/dist-packages/eventlet/wsgi.py:1004}}
Feb 21 00:58:01.258316 dv-cinder-813229-6-smb neutron-server[102730]: INFO neutron.wsgi [req-8263f798-657e-400e-ad30-c66a34d39abd req-d52464fc-d47e-439b-9c7d-40db1607b6f1 tempest-AttachVolumeTestJSON-1984308983 tempest-AttachVolumeTestJSON-1984308983-project] 10.222.0.97 "GET /v2.0/security-groups?id=489c5021-d4fd-4317-a388-0cbb5d536bea&fields=id&fields=name HTTP/1.1" status: 200 len: 313 time: 0.2412097
Feb 21 00:58:01.268078 dv-cinder-813229-6-smb neutron-server[102730]: INFO neutron.wsgi [req-3873ed51-fbd7-4f80-ae4a-619558c53588 req-d647eaea-0a45-4937-b681-2af1c0366260 service neutron] 10.222.0.24 "GET /v2.0/networks/db19dba0-c5fa-4121-8ee8-4b48e601ae47?fields=segments HTTP/1.1" status: 200 len: 212 time: 0.3329101
Feb 21 00:58:01.329889 dv-cinder-813229-6-smb neutron-server[102729]: DEBUG neutron_lib.callbacks.manager [None req-c1904c50-d066-45e5-90ac-a319d6abdce5 admin admin] Publish callbacks ['neutron.plugins.ml2.ovo_rpc._ObjectChangeHandler.handle_event-7897470'] for security_group (27e0209d-5a5f-49f8-8272-0c8a6914c87b), after_delete {{(pid=102729) _notify_loop /usr/local/lib/python3.8/dist-packages/neutron_lib/callbacks/manager.py:176}}
Feb 21 00:58:01.332461 dv-cinder-813229-6-smb neutron-server[102729]: DEBUG neutron_lib.callbacks.manager [None req-c1904c50-d066-45e5-90ac-a319d6abdce5 admin admin] Publish callbacks [] for security_group (None), before_response {{(pid=102729) _notify_loop /usr/local/lib/python3.8/dist-packages/neutron_lib/callbacks/manager.py:176}}
Feb 21 00:58:01.333611 dv-cinder-813229-6-smb neutron-server[102729]: INFO neutron.wsgi [None req-c1904c50-d066-45e5-90ac-a319d6abdce5 admin admin] 10.222.0.97 "DELETE /v2.0/security-groups/27e0209d-5a5f-49f8-8272-0c8a6914c87b HTTP/1.1" status: 204 len: 168 time: 0.4633813
Feb 21 00:58:01.348821 dv-cinder-813229-6-smb neutron-server[102729]: DEBUG neutron.plugins.ml2.db [req-8e160cbf-7062-46a5-a672-651fefb0869c req-87df9b29-47f5-4f49-bbd0-ba07ca89d418 service neutron] For port 31533953-0454-4f82-9d6a-d5f0ad90c763, host hv-cinder-81322, cleared binding levels {{(pid=102729) clear_binding_levels /opt/stack/neutron/neutron/plugins/ml2/db.py:87}}
Feb 21 00:58:01.349032 dv-cinder-813229-6-smb neutron-server[102730]: DEBUG neutron.pecan_wsgi.hooks.policy_enforcement [req-b9366e50-8b97-4f50-b77d-ec72df780411 req-e1d3c184-ce31-46fd-ad00-353c280063ac tempest-ServerRescueNegativeTestJSON-278036354 tempest-ServerRescueNegativeTestJSON-278036354-project] Attributes excluded by policy engine: ['standard_attr_id', 'binding:profile', 'binding:host_id', 'binding:vif_type', 'binding:vif_details'] {{(pid=102730) _exclude_attributes_by_policy /opt/stack/neutron/neutron/pecan_wsgi/hooks/policy_enforcement.py:255}}
Feb 21 00:58:01.350689 dv-cinder-813229-6-smb neutron-server[102730]: INFO neutron.wsgi [req-b9366e50-8b97-4f50-b77d-ec72df780411 req-e1d3c184-ce31-46fd-ad00-353c280063ac tempest-ServerRescueNegativeTestJSON-278036354 tempest-ServerRescueNegativeTestJSON-278036354-project] 10.222.0.97 "GET /v2.0/ports?device_id=ec059966-a4b7-4bf5-bdda-182604ca8d0c HTTP/1.1" status: 200 len: 944 time: 0.2388406
Feb 21 00:58:01.355780 dv-cinder-813229-6-smb neutron-server[102729]: DEBUG neutron.plugins.ml2.db [req-8e160cbf-7062-46a5-a672-651fefb0869c req-87df9b29-47f5-4f49-bbd0-ba07ca89d418 service neutron] For port 31533953-0454-4f82-9d6a-d5f0ad90c763, host hv-cinder-81322, set binding levels [PortBindingLevel(driver='hyperv',host='hv-cinder-81322',level=0,port_id=31533953-0454-4f82-9d6a-d5f0ad90c763,segment=NetworkSegment(1cd0d6b6-d523-4ea2-98fa-18a05469a474),segment_id=1cd0d6b6-d523-4ea2-98fa-18a05469a474)] {{(pid=102729) set_binding_levels /opt/stack/neutron/neutron/plugins/ml2/db.py:59}}
Feb 21 00:58:01.377057 dv-cinder-813229-6-smb neutron-server[102729]: DEBUG neutron_lib.callbacks.manager [req-8e160cbf-7062-46a5-a672-651fefb0869c req-87df9b29-47f5-4f49-bbd0-ba07ca89d418 service neutron] Publish callbacks ['neutron.plugins.ml2.plugin.SecurityGroupServerNotifierRpcMixin._notify_sg_on_port_change-1536298', 'neutron.plugins.ml2.ovo_rpc._ObjectChangeHandler.handle_event-25992', 'neutron.api.rpc.agentnotifiers.dhcp_rpc_agent_api.DhcpAgentNotifyAPI._native_event_send_dhcp_notification-8101888', 'neutron.db.l3_db.L3RpcNotifierMixin._notify_gateway_port_ip_changed-8754020365707', 'neutron.db.l3_dvrscheduler_db._notify_l3_agent_port_update-8754019793722', 'neutron.db.l3_hascheduler_db._notify_l3_agent_ha_port_update-8754019793740'] for port (31533953-0454-4f82-9d6a-d5f0ad90c763), after_update {{(pid=102729) _notify_loop /usr/local/lib/python3.8/dist-packages/neutron_lib/callbacks/manager.py:176}}
Feb 21 00:58:01.379492 dv-cinder-813229-6-smb neutron-server[102729]: DEBUG neutron.api.rpc.handlers.resources_rpc [None req-c1904c50-d066-45e5-90ac-a319d6abdce5 admin admin] Pushing event deleted for resources: {'SecurityGroup': ['ID=27e0209d-5a5f-49f8-8272-0c8a6914c87b,revision_number=None']} {{(pid=102729) push /opt/stack/neutron/neutron/api/rpc/handlers/resources_rpc.py:237}}
Feb 21 00:58:01.430092 dv-cinder-813229-6-smb neutron-server[102730]: DEBUG neutron_lib.callbacks.manager [None req-a20eb6e6-5db9-45ae-97b6-783f63941513 admin admin] Publish callbacks [] for security_group (fe9e3c91-ee34-4d93-8c80-84ed1f1f2fd8), before_delete {{(pid=102730) _notify_loop /usr/local/lib/python3.8/dist-packages/neutron_lib/callbacks/manager.py:176}}
Feb 21 00:58:01.447335 dv-cinder-813229-6-smb neutron-server[102729]: DEBUG neutron.pecan_wsgi.hooks.policy_enforcement [req-8e160cbf-7062-46a5-a672-651fefb0869c req-87df9b29-47f5-4f49-bbd0-ba07ca89d418 service neutron] Attributes excluded by policy engine: ['standard_attr_id'] {{(pid=102729) _exclude_attributes_by_policy /opt/stack/neutron/neutron/pecan_wsgi/hooks/policy_enforcement.py:255}}
Feb 21 00:58:01.448081 dv-cinder-813229-6-smb neutron-server[102729]: DEBUG neutron_lib.callbacks.manager [req-8e160cbf-7062-46a5-a672-651fefb0869c req-87df9b29-47f5-4f49-bbd0-ba07ca89d418 service neutron] Publish callbacks ['neutron.notifiers.nova.Notifier._send_nova_notification-433740', 'neutron.api.rpc.agentnotifiers.dhcp_rpc_agent_api.DhcpAgentNotifyAPI._send_dhcp_notification-8101934'] for port (None), before_response {{(pid=102729) _notify_loop /usr/local/lib/python3.8/dist-packages/neutron_lib/callbacks/manager.py:176}}
Feb 21 00:58:01.450496 dv-cinder-813229-6-smb neutron-server[102729]: INFO neutron.wsgi [req-8e160cbf-7062-46a5-a672-651fefb0869c req-87df9b29-47f5-4f49-bbd0-ba07ca89d418 service neutron] 10.222.0.24 "PUT /v2.0/ports/31533953-0454-4f82-9d6a-d5f0ad90c763 HTTP/1.1" status: 200 len: 1094 time: 1.7160950
Feb 21 00:58:01.453431 dv-cinder-813229-6-smb neutron-server[102729]: DEBUG neutron.notifiers.nova [-] Sending events: [{'name': 'network-changed', 'server_uuid': 'fe704e60-d665-4e00-a9d6-253cb2580e76', 'tag': '31533953-0454-4f82-9d6a-d5f0ad90c763'}] {{(pid=102729) send_events /opt/stack/neutron/neutron/notifiers/nova.py:271}}
Feb 21 00:58:01.456091 dv-cinder-813229-6-smb neutron-server[102729]: DEBUG novaclient.v2.client [-] REQ: curl -g -i --cacert "/opt/stack/data/ca-bundle.pem" -X POST http://10.222.0.97/compute/v2.1/os-server-external-events -H "Accept: application/json" -H "Content-Type: application/json" -H "User-Agent: python-novaclient" -H "X-Auth-Token: {SHA256}77e0c582bc1ae29a8e416c0ec394ff7f570c794d0b42d5cea0edd3ee1c2f7ed7" -H "X-OpenStack-Nova-API-Version: 2.1" -H "X-OpenStack-Request-ID: req-9794d125-708a-4576-9e2d-19f255c73f1c" -d '{"events": [{"name": "network-changed", "server_uuid": "fe704e60-d665-4e00-a9d6-253cb2580e76", "tag": "31533953-0454-4f82-9d6a-d5f0ad90c763"}]}' {{(pid=102729) _http_log_request /usr/local/lib/python3.8/dist-packages/keystoneauth1/session.py:519}}
Feb 21 00:58:01.513185 dv-cinder-813229-6-smb neutron-server[102730]: INFO neutron.wsgi [req-3873ed51-fbd7-4f80-ae4a-619558c53588 req-36e58310-1efd-4676-965b-61c81eac88ac service neutron] 10.222.0.24 "GET /v2.0/networks/db19dba0-c5fa-4121-8ee8-4b48e601ae47?fields=provider%3Aphysical_network&fields=provider%3Anetwork_type HTTP/1.1" status: 200 len: 281 time: 0.2386725
Feb 21 00:58:01.516053 dv-cinder-813229-6-smb neutron-server[102730]: DEBUG neutron_lib.callbacks.manager [None req-a20eb6e6-5db9-45ae-97b6-783f63941513 admin admin] Publish callbacks [] for security_group (fe9e3c91-ee34-4d93-8c80-84ed1f1f2fd8), precommit_delete {{(pid=102730) _notify_loop /usr/local/lib/python3.8/dist-packages/neutron_lib/callbacks/manager.py:176}}
Feb 21 00:58:01.529702 dv-cinder-813229-6-smb neutron-server[102729]: DEBUG neutron_lib.callbacks.manager [None req-085748e5-7a5b-4eeb-a44c-04a1c804f6a4 admin admin] Publish callbacks [] for security_group (c426057b-38f3-4712-8a7d-a2f970cb23be), precommit_create {{(pid=102729) _notify_loop /usr/local/lib/python3.8/dist-packages/neutron_lib/callbacks/manager.py:176}}
Feb 21 00:58:01.529946 dv-cinder-813229-6-smb neutron-server[102730]: INFO neutron.wsgi [req-b9366e50-8b97-4f50-b77d-ec72df780411 req-065df067-882b-4591-b7cf-583cda5e8291 tempest-ServerRescueNegativeTestJSON-278036354 tempest-ServerRescueNegativeTestJSON-278036354-project] 10.222.0.97 "GET /v2.0/security-groups?id=8a067638-d7c0-4f27-a46f-e4f2f38b0d59&fields=id&fields=name HTTP/1.1" status: 200 len: 286 time: 0.1573813
Feb 21 00:58:01.540691 dv-cinder-813229-6-smb neutron-server[102730]: DEBUG neutron.pecan_wsgi.hooks.policy_enforcement [req-8677c310-5bd4-49e8-816f-c1b08fd831ed req-f3389711-3255-4d6d-a099-3522421bb5d8 tempest-AttachVolumeShelveTestJSON-1977339204 tempest-AttachVolumeShelveTestJSON-1977339204-project] Attributes excluded by policy engine: ['standard_attr_id', 'binding:profile', 'binding:host_id', 'binding:vif_type', 'binding:vif_details'] {{(pid=102730) _exclude_attributes_by_policy /opt/stack/neutron/neutron/pecan_wsgi/hooks/policy_enforcement.py:255}}
Feb 21 00:58:01.542147 dv-cinder-813229-6-smb neutron-server[102730]: INFO neutron.wsgi [req-8677c310-5bd4-49e8-816f-c1b08fd831ed req-f3389711-3255-4d6d-a099-3522421bb5d8 tempest-AttachVolumeShelveTestJSON-1977339204 tempest-AttachVolumeShelveTestJSON-1977339204-project] 10.222.0.97 "GET /v2.0/ports?device_id=fe704e60-d665-4e00-a9d6-253cb2580e76 HTTP/1.1" status: 200 len: 944 time: 0.1860673
Feb 21 00:58:01.575638 dv-cinder-813229-6-smb neutron-server[102729]: DEBUG neutron_lib.callbacks.manager [req-f0cbfcb3-ed34-431c-8d0c-1220c924cb11 req-e0483231-d95c-4585-a9fd-509232e53618 service neutron] Publish callbacks [] for security_group (12cb6b63-bf5a-450e-ae32-68981f664dd3), precommit_create {{(pid=102729) _notify_loop /usr/local/lib/python3.8/dist-packages/neutron_lib/callbacks/manager.py:176}}
Feb 21 00:58:01.578230 dv-cinder-813229-6-smb neutron-server[102729]: DEBUG neutron_lib.callbacks.manager [None req-085748e5-7a5b-4eeb-a44c-04a1c804f6a4 admin admin] Publish callbacks ['neutron.plugins.ml2.ovo_rpc._ObjectChangeHandler.handle_event-7897470'] for security_group (c426057b-38f3-4712-8a7d-a2f970cb23be), after_create {{(pid=102729) _notify_loop /usr/local/lib/python3.8/dist-packages/neutron_lib/callbacks/manager.py:176}}
Feb 21 00:58:01.594839 dv-cinder-813229-6-smb neutron-server[102729]: DEBUG neutron_lib.callbacks.manager [req-f0cbfcb3-ed34-431c-8d0c-1220c924cb11 req-e0483231-d95c-4585-a9fd-509232e53618 service neutron] Publish callbacks ['neutron.plugins.ml2.ovo_rpc._ObjectChangeHandler.handle_event-7897470'] for security_group (12cb6b63-bf5a-450e-ae32-68981f664dd3), after_create {{(pid=102729) _notify_loop /usr/local/lib/python3.8/dist-packages/neutron_lib/callbacks/manager.py:176}}
Feb 21 00:58:01.598115 dv-cinder-813229-6-smb neutron-server[102729]: DEBUG neutron.api.rpc.handlers.resources_rpc [None req-87df9b29-47f5-4f49-bbd0-ba07ca89d418 service neutron] Pushing event updated for resources: {'Port': ['ID=31533953-0454-4f82-9d6a-d5f0ad90c763,revision_number=3']} {{(pid=102729) push /opt/stack/neutron/neutron/api/rpc/handlers/resources_rpc.py:237}}
Feb 21 00:58:01.634740 dv-cinder-813229-6-smb neutron-server[102729]: DEBUG novaclient.v2.client [-] RESP: [200] Connection: close Content-Length: 179 Content-Type: application/json Date: Mon, 21 Feb 2022 00:58:01 GMT OpenStack-API-Version: compute 2.1 Server: Apache/2.4.41 (Ubuntu) Vary: OpenStack-API-Version,X-OpenStack-Nova-API-Version X-OpenStack-Nova-API-Version: 2.1 x-compute-request-id: req-c51ec6e7-df22-4ae9-bb53-8f9fc73603be x-openstack-request-id: req-c51ec6e7-df22-4ae9-bb53-8f9fc73603be {{(pid=102729) _http_log_response /usr/local/lib/python3.8/dist-packages/keystoneauth1/session.py:550}}
Feb 21 00:58:01.635058 dv-cinder-813229-6-smb neutron-server[102729]: DEBUG novaclient.v2.client [-] RESP BODY: {"events": [{"name": "network-changed", "server_uuid": "fe704e60-d665-4e00-a9d6-253cb2580e76", "tag": "31533953-0454-4f82-9d6a-d5f0ad90c763", "status": "completed", "code": 200}]} {{(pid=102729) _http_log_response /usr/local/lib/python3.8/dist-packages/keystoneauth1/session.py:582}}
Feb 21 00:58:01.635285 dv-cinder-813229-6-smb neutron-server[102729]: DEBUG novaclient.v2.client [-] POST call to compute for http://10.222.0.97/compute/v2.1/os-server-external-events used request id req-c51ec6e7-df22-4ae9-bb53-8f9fc73603be {{(pid=102729) request /usr/local/lib/python3.8/dist-packages/keystoneauth1/session.py:954}}
Feb 21 00:58:01.635686 dv-cinder-813229-6-smb neutron-server[102729]: INFO neutron.notifiers.nova [-] Nova event response: {'name': 'network-changed', 'server_uuid': 'fe704e60-d665-4e00-a9d6-253cb2580e76', 'tag': '31533953-0454-4f82-9d6a-d5f0ad90c763', 'status': 'completed', 'code': 200}
Feb 21 00:58:01.667857 dv-cinder-813229-6-smb neutron-server[102729]: INFO neutron.wsgi [None req-085748e5-7a5b-4eeb-a44c-04a1c804f6a4 admin admin] 10.222.0.97 "GET /v2.0/security-groups?tenant_id=945712fac0dd4696a6b015efe0b4643d&name=default HTTP/1.1" status: 200 len: 2996 time: 0.7310278
Feb 21 00:58:01.668115 dv-cinder-813229-6-smb neutron-server[102729]: DEBUG neutron.api.rpc.handlers.resources_rpc [None req-085748e5-7a5b-4eeb-a44c-04a1c804f6a4 admin admin] Pushing event updated for resources: {'SecurityGroup': ['ID=c426057b-38f3-4712-8a7d-a2f970cb23be,revision_number=1']} {{(pid=102729) push /opt/stack/neutron/neutron/api/rpc/handlers/resources_rpc.py:237}}
Feb 21 00:58:01.670783 dv-cinder-813229-6-smb neutron-server[102730]: DEBUG neutron.wsgi [-] (102730) accepted ('10.222.0.97', 35332) {{(pid=102730) server /usr/local/lib/python3.8/dist-packages/eventlet/wsgi.py:1004}}
Feb 21 00:58:01.679604 dv-cinder-813229-6-smb neutron-server[102729]: INFO neutron.wsgi [req-f0cbfcb3-ed34-431c-8d0c-1220c924cb11 req-e0483231-d95c-4585-a9fd-509232e53618 service neutron] 10.222.0.24 "GET /v2.0/security-groups?id=0e2aac0f-74a8-434f-84f4-56beea7eed0f&fields=id&fields=name HTTP/1.1" status: 200 len: 286 time: 0.5615907
Feb 21 00:58:01.702871 dv-cinder-813229-6-smb neutron-server[102729]: DEBUG neutron.pecan_wsgi.hooks.policy_enforcement [req-8e160cbf-7062-46a5-a672-651fefb0869c req-600db853-3f19-4875-84e2-1b2d641a6b4c service neutron] Attributes excluded by policy engine: ['standard_attr_id'] {{(pid=102729) _exclude_attributes_by_policy /opt/stack/neutron/neutron/pecan_wsgi/hooks/policy_enforcement.py:255}}
Feb 21 00:58:01.704438 dv-cinder-813229-6-smb neutron-server[102729]: INFO neutron.wsgi [req-8e160cbf-7062-46a5-a672-651fefb0869c req-600db853-3f19-4875-84e2-1b2d641a6b4c service neutron] 10.222.0.24 "GET /v2.0/ports?tenant_id=d4060b958f2a4bbd920fabd794344d2d&device_id=fe704e60-d665-4e00-a9d6-253cb2580e76 HTTP/1.1" status: 200 len: 1128 time: 0.2071822
Feb 21 00:58:01.711755 dv-cinder-813229-6-smb neutron-server[102729]: DEBUG neutron.api.rpc.handlers.resources_rpc [None req-e0483231-d95c-4585-a9fd-509232e53618 service neutron] Pushing event updated for resources: {'SecurityGroup': ['ID=12cb6b63-bf5a-450e-ae32-68981f664dd3,revision_number=1']} {{(pid=102729) push /opt/stack/neutron/neutron/api/rpc/handlers/resources_rpc.py:237}}
Feb 21 00:58:01.749362 dv-cinder-813229-6-smb neutron-server[102729]: DEBUG neutron.wsgi [-] (102729) accepted ('10.222.0.97', 35334) {{(pid=102729) server /usr/local/lib/python3.8/dist-packages/eventlet/wsgi.py:1004}}
Feb 21 00:58:01.764354 dv-cinder-813229-6-smb neutron-server[102729]: DEBUG neutron_lib.callbacks.manager [None req-0faaf661-0282-4ea9-a5c6-50f502ce09c4 admin admin] Publish callbacks [] for security_group (None), before_create {{(pid=102729) _notify_loop /usr/local/lib/python3.8/dist-packages/neutron_lib/callbacks/manager.py:176}}
Feb 21 00:58:01.778233 dv-cinder-813229-6-smb neutron-server[102730]: INFO neutron.wsgi [req-8677c310-5bd4-49e8-816f-c1b08fd831ed req-9e096f8c-101d-4df9-882b-ff8717662c20 tempest-AttachVolumeShelveTestJSON-1977339204 tempest-AttachVolumeShelveTestJSON-1977339204-project] 10.222.0.97 "GET /v2.0/security-groups?id=5e010e35-a98d-4bdd-9298-5e4cc1fed031&fields=id&fields=name HTTP/1.1" status: 200 len: 313 time: 0.2127688
Feb 21 00:58:01.792244 dv-cinder-813229-6-smb neutron-server[102730]: DEBUG neutron.pecan_wsgi.hooks.policy_enforcement [req-4c1267a4-994c-43aa-b14f-81dc7b398d7f req-d40a9c22-0c1e-4870-8a9b-369d487067cb service neutron] Attributes excluded by policy engine: ['standard_attr_id'] {{(pid=102730) _exclude_attributes_by_policy /opt/stack/neutron/neutron/pecan_wsgi/hooks/policy_enforcement.py:255}}
Feb 21 00:58:01.793741 dv-cinder-813229-6-smb neutron-server[102730]: INFO neutron.wsgi [req-4c1267a4-994c-43aa-b14f-81dc7b398d7f req-d40a9c22-0c1e-4870-8a9b-369d487067cb service neutron] 10.222.0.24 "GET /v2.0/ports?tenant_id=10f4a121b3704a8ea0c7352d8d6b36ad&device_id=dfd0e938-80ac-4ea3-80c5-66724a129cb8 HTTP/1.1" status: 200 len: 1127 time: 0.1971989
Feb 21 00:58:01.794621 dv-cinder-813229-6-smb neutron-server[102730]: DEBUG neutron_lib.callbacks.manager [None req-a20eb6e6-5db9-45ae-97b6-783f63941513 admin admin] Publish callbacks ['neutron.plugins.ml2.ovo_rpc._ObjectChangeHandler.handle_event-7897470'] for security_group (fe9e3c91-ee34-4d93-8c80-84ed1f1f2fd8), after_delete {{(pid=102730) _notify_loop /usr/local/lib/python3.8/dist-packages/neutron_lib/callbacks/manager.py:176}}
Feb 21 00:58:01.797131 dv-cinder-813229-6-smb neutron-server[102730]: DEBUG neutron_lib.callbacks.manager [None req-a20eb6e6-5db9-45ae-97b6-783f63941513 admin admin] Publish callbacks [] for security_group (None), before_response {{(pid=102730) _notify_loop /usr/local/lib/python3.8/dist-packages/neutron_lib/callbacks/manager.py:176}}
Feb 21 00:58:01.798126 dv-cinder-813229-6-smb neutron-server[102730]: INFO neutron.wsgi [None req-a20eb6e6-5db9-45ae-97b6-783f63941513 admin admin] 10.222.0.97 "DELETE /v2.0/security-groups/fe9e3c91-ee34-4d93-8c80-84ed1f1f2fd8 HTTP/1.1" status: 204 len: 168 time: 0.5880980
