Jan 31 20:59:44.616584 dv-cinder-813229-5-smb devstack@c-api.service[121754]: DEBUG cinder.volume.api [None req-4932d4ee-1343-4100-b90f-88859f59f169 tempest-VolumesActionsTest-1573677725 tempest-VolumesActionsTest-1573677725-project] Task 'cinder.volume.flows.api.create_volume.ExtractVolumeRequestTask;volume:create' (b18d35c2-ead2-473d-9cb5-0a97d1aa3de7) transitioned into state 'SUCCESS' from state 'RUNNING' with result '{'size': 1, 'snapshot_id': None, 'source_volid': None, 'volume_type': VolumeType(created_at=2022-01-31T20:43:26Z,deleted=False,deleted_at=None,description='Default Volume Type',extra_specs={},id=844a1b8b-c68d-4bb4-a471-b136498e7c4f,is_public=True,name='__DEFAULT__',projects=[],qos_specs=,qos_specs_id=None,updated_at=2022-01-31T20:43:26Z), 'volume_type_id': '844a1b8b-c68d-4bb4-a471-b136498e7c4f', 'encryption_key_id': None, 'qos_specs': None, 'consistencygroup_id': None, 'cgsnapshot_id': None, 'group_id': None, 'replication_status': 'disabled', 'refresh_az': False, 'backup_id': None, 'multiattach': False, 'availability_zones': ['nova']}' {{(pid=121754) _task_receiver /usr/local/lib/python3.8/dist-packages/taskflow/listeners/logging.py:178}}
Jan 31 20:59:44.619393 dv-cinder-813229-5-smb devstack@c-api.service[121754]: DEBUG cinder.volume.api [None req-4932d4ee-1343-4100-b90f-88859f59f169 tempest-VolumesActionsTest-1573677725 tempest-VolumesActionsTest-1573677725-project] Task 'cinder.volume.flows.api.create_volume.QuotaReserveTask;volume:create' (072ae116-6438-4380-8eff-fcc3b9de92a3) transitioned into state 'RUNNING' from state 'PENDING' {{(pid=121754) _task_receiver /usr/local/lib/python3.8/dist-packages/taskflow/listeners/logging.py:190}}
Jan 31 20:59:44.717351 dv-cinder-813229-5-smb devstack@c-api.service[121753]: INFO cinder.volume.api [None req-92fcca13-5a8b-46c6-8239-55bc6c9e9829 tempest-SnapshotsActionsTest-241731615 tempest-SnapshotsActionsTest-241731615-project] Snapshot create request issued successfully.
Jan 31 20:59:44.718161 dv-cinder-813229-5-smb devstack@c-api.service[121753]: INFO cinder.api.openstack.wsgi [None req-92fcca13-5a8b-46c6-8239-55bc6c9e9829 tempest-SnapshotsActionsTest-241731615 tempest-SnapshotsActionsTest-241731615-project] http://10.222.0.13/volume/v3/54103fcc54de409ba5d22c54fefc9dde/snapshots returned with HTTP 202
Jan 31 20:59:44.719696 dv-cinder-813229-5-smb devstack@c-api.service[121753]: [pid: 121753|app: 0|req: 198/409] 10.222.0.13 () {60 vars in 1241 bytes} [Mon Jan 31 20:59:44 2022] POST /volume/v3/54103fcc54de409ba5d22c54fefc9dde/snapshots => generated 306 bytes in 466 msecs (HTTP/1.1 202) 7 headers in 291 bytes (1 switches on core 0)
Jan 31 20:59:44.729623 dv-cinder-813229-5-smb devstack@c-api.service[121753]: INFO cinder.api.openstack.wsgi [None req-8517f517-d0d7-4b79-aaf1-beadbb2e46f6 tempest-SnapshotsActionsTest-241731615 tempest-SnapshotsActionsTest-241731615-project] GET http://10.222.0.13/volume/v3/54103fcc54de409ba5d22c54fefc9dde/snapshots/967c68a5-7725-4dbc-89d4-e79321731a0d
Jan 31 20:59:44.730417 dv-cinder-813229-5-smb devstack@c-api.service[121753]: DEBUG cinder.api.openstack.wsgi [None req-8517f517-d0d7-4b79-aaf1-beadbb2e46f6 tempest-SnapshotsActionsTest-241731615 tempest-SnapshotsActionsTest-241731615-project] Empty body provided in request {{(pid=121753) get_body /opt/stack/cinder/cinder/api/openstack/wsgi.py:715}}
Jan 31 20:59:44.731148 dv-cinder-813229-5-smb devstack@c-api.service[121753]: DEBUG cinder.api.openstack.wsgi [None req-8517f517-d0d7-4b79-aaf1-beadbb2e46f6 tempest-SnapshotsActionsTest-241731615 tempest-SnapshotsActionsTest-241731615-project] Calling method 'show' {{(pid=121753) _process_stack /opt/stack/cinder/cinder/api/openstack/wsgi.py:868}}
Jan 31 20:59:44.743220 dv-cinder-813229-5-smb devstack@c-api.service[121753]: /usr/local/lib/python3.8/dist-packages/oslo_context/context.py:105: DeprecationWarning: Policy enforcement is depending on the value of is_admin. This key is deprecated. Please update your policy file to use the standard policy values.
Jan 31 20:59:44.743220 dv-cinder-813229-5-smb devstack@c-api.service[121753]: warnings.warn('Policy enforcement is depending on the value of '
Jan 31 20:59:44.745044 dv-cinder-813229-5-smb devstack@c-api.service[121753]: INFO cinder.volume.api [None req-8517f517-d0d7-4b79-aaf1-beadbb2e46f6 tempest-SnapshotsActionsTest-241731615 tempest-SnapshotsActionsTest-241731615-project] Snapshot retrieved successfully.
Jan 31 20:59:44.747476 dv-cinder-813229-5-smb devstack@c-api.service[121753]: INFO cinder.api.openstack.wsgi [None req-8517f517-d0d7-4b79-aaf1-beadbb2e46f6 tempest-SnapshotsActionsTest-241731615 tempest-SnapshotsActionsTest-241731615-project] http://10.222.0.13/volume/v3/54103fcc54de409ba5d22c54fefc9dde/snapshots/967c68a5-7725-4dbc-89d4-e79321731a0d returned with HTTP 200
Jan 31 20:59:44.753997 dv-cinder-813229-5-smb devstack@c-api.service[121753]: [pid: 121753|app: 0|req: 199/410] 10.222.0.13 () {58 vars in 1330 bytes} [Mon Jan 31 20:59:44 2022] GET /volume/v3/54103fcc54de409ba5d22c54fefc9dde/snapshots/967c68a5-7725-4dbc-89d4-e79321731a0d => generated 438 bytes in 24 msecs (HTTP/1.1 200) 7 headers in 285 bytes (1 switches on core 0)
Jan 31 20:59:44.865307 dv-cinder-813229-5-smb devstack@c-api.service[121754]: DEBUG cinder.quota [None req-4932d4ee-1343-4100-b90f-88859f59f169 tempest-VolumesActionsTest-1573677725 tempest-VolumesActionsTest-1573677725-project] Created reservations ['2c7ff016-a698-4e04-a844-24c0423953c4', '38594986-38ab-40b8-83e1-3dde145b3f15', '653555bd-473c-4ef8-b4b1-3438093dc34c', '3be18fc8-a283-4d4a-8523-9d871738b173'] {{(pid=121754) reserve /opt/stack/cinder/cinder/quota.py:755}}
Jan 31 20:59:44.867101 dv-cinder-813229-5-smb devstack@c-api.service[121754]: DEBUG cinder.volume.api [None req-4932d4ee-1343-4100-b90f-88859f59f169 tempest-VolumesActionsTest-1573677725 tempest-VolumesActionsTest-1573677725-project] Task 'cinder.volume.flows.api.create_volume.QuotaReserveTask;volume:create' (072ae116-6438-4380-8eff-fcc3b9de92a3) transitioned into state 'SUCCESS' from state 'RUNNING' with result '{'reservations': ['2c7ff016-a698-4e04-a844-24c0423953c4', '38594986-38ab-40b8-83e1-3dde145b3f15', '653555bd-473c-4ef8-b4b1-3438093dc34c', '3be18fc8-a283-4d4a-8523-9d871738b173']}' {{(pid=121754) _task_receiver /usr/local/lib/python3.8/dist-packages/taskflow/listeners/logging.py:178}}
Jan 31 20:59:44.870010 dv-cinder-813229-5-smb devstack@c-api.service[121754]: DEBUG cinder.volume.api [None req-4932d4ee-1343-4100-b90f-88859f59f169 tempest-VolumesActionsTest-1573677725 tempest-VolumesActionsTest-1573677725-project] Task 'cinder.volume.flows.api.create_volume.EntryCreateTask;volume:create' (076543b2-8e48-4e73-b24f-ea34be1e7427) transitioned into state 'RUNNING' from state 'PENDING' {{(pid=121754) _task_receiver /usr/local/lib/python3.8/dist-packages/taskflow/listeners/logging.py:190}}
Jan 31 20:59:44.954741 dv-cinder-813229-5-smb devstack@c-api.service[121754]: DEBUG cinder.volume.api [None req-4932d4ee-1343-4100-b90f-88859f59f169 tempest-VolumesActionsTest-1573677725 tempest-VolumesActionsTest-1573677725-project] Task 'cinder.volume.flows.api.create_volume.EntryCreateTask;volume:create' (076543b2-8e48-4e73-b24f-ea34be1e7427) transitioned into state 'SUCCESS' from state 'RUNNING' with result '{'volume_id': 'c1baa8a7-c7fb-47e1-a79c-dd27f650d800', 'volume_properties': VolumeProperties(attach_status='detached',availability_zone='nova',cgsnapshot_id=None,consistencygroup_id=None,display_description=None,display_name='tempest-VolumesActionsTest-Volume-477414469',encryption_key_id=None,group_id=None,group_type_id=,metadata={},multiattach=False,project_id='469f3b90d3a442978a2454cb120904a1',qos_specs=None,replication_status=,reservations=['2c7ff016-a698-4e04-a844-24c0423953c4','38594986-38ab-40b8-83e1-3dde145b3f15','653555bd-473c-4ef8-b4b1-3438093dc34c','3be18fc8-a283-4d4a-8523-9d871738b173'],size=1,snapshot_id=None,source_replicaid=,source_volid=None,status='creating',user_id='fa15e62137fb4a39bab184397b0dbb74',volume_type_id=844a1b8b-c68d-4bb4-a471-b136498e7c4f), 'volume': Volume(_name_id=None,admin_metadata=,attach_status='detached',availability_zone='nova',bootable=False,cluster=,cluster_name=None,consistencygroup=,consistencygroup_id=None,created_at=2022-01-31T20:59:44Z,deleted=False,deleted_at=None,display_description=None,display_name='tempest-VolumesActionsTest-Volume-477414469',ec2_id=None,encryption_key_id=None,glance_metadata=,group=,group_id=None,host=None,id=c1baa8a7-c7fb-47e1-a79c-dd27f650d800,launched_at=None,metadata={},migration_status=None,multiattach=False,previous_status=None,project_id='469f3b90d3a442978a2454cb120904a1',provider_auth=None,provider_geometry=None,provider_id=None,provider_location=None,replication_driver_data=None,replication_extended_status=None,replication_status=None,scheduled_at=None,service_uuid=None,shared_targets=True,size=1,snapshot_id=None,snapshots=,source_volid=None,status='creating',terminated_at=None,updated_at=None,use_quota=True,user_id='fa15e62137fb4a39bab184397b0dbb74',volume_attachment=VolumeAttachmentList,volume_type=VolumeType(844a1b8b-c68d-4bb4-a471-b136498e7c4f),volume_type_id=844a1b8b-c68d-4bb4-a471-b136498e7c4f)}' {{(pid=121754) _task_receiver /usr/local/lib/python3.8/dist-packages/taskflow/listeners/logging.py:178}}
Jan 31 20:59:44.956672 dv-cinder-813229-5-smb devstack@c-api.service[121754]: DEBUG cinder.volume.api [None req-4932d4ee-1343-4100-b90f-88859f59f169 tempest-VolumesActionsTest-1573677725 tempest-VolumesActionsTest-1573677725-project] Task 'cinder.volume.flows.api.create_volume.QuotaCommitTask;volume:create' (ae1fcae4-47e5-4be1-bec6-5c76d0d3499c) transitioned into state 'RUNNING' from state 'PENDING' {{(pid=121754) _task_receiver /usr/local/lib/python3.8/dist-packages/taskflow/listeners/logging.py:190}}
Jan 31 20:59:45.085981 dv-cinder-813229-5-smb devstack@c-api.service[121754]: DEBUG cinder.volume.api [None req-4932d4ee-1343-4100-b90f-88859f59f169 tempest-VolumesActionsTest-1573677725 tempest-VolumesActionsTest-1573677725-project] Task 'cinder.volume.flows.api.create_volume.QuotaCommitTask;volume:create' (ae1fcae4-47e5-4be1-bec6-5c76d0d3499c) transitioned into state 'SUCCESS' from state 'RUNNING' with result '{'volume_properties': VolumeProperties(attach_status='detached',availability_zone='nova',cgsnapshot_id=None,consistencygroup_id=None,display_description=None,display_name='tempest-VolumesActionsTest-Volume-477414469',encryption_key_id=None,group_id=None,group_type_id=,metadata={},multiattach=False,project_id='469f3b90d3a442978a2454cb120904a1',qos_specs=None,replication_status=,reservations=['2c7ff016-a698-4e04-a844-24c0423953c4','38594986-38ab-40b8-83e1-3dde145b3f15','653555bd-473c-4ef8-b4b1-3438093dc34c','3be18fc8-a283-4d4a-8523-9d871738b173'],size=1,snapshot_id=None,source_replicaid=,source_volid=None,status='creating',user_id='fa15e62137fb4a39bab184397b0dbb74',volume_type_id=844a1b8b-c68d-4bb4-a471-b136498e7c4f)}' {{(pid=121754) _task_receiver /usr/local/lib/python3.8/dist-packages/taskflow/listeners/logging.py:178}}
Jan 31 20:59:45.093549 dv-cinder-813229-5-smb devstack@c-api.service[121754]: DEBUG cinder.volume.api [None req-4932d4ee-1343-4100-b90f-88859f59f169 tempest-VolumesActionsTest-1573677725 tempest-VolumesActionsTest-1573677725-project] Task 'cinder.volume.flows.api.create_volume.VolumeCastTask;volume:create' (41285cfb-3a2c-4866-8697-1a44dcf4535c) transitioned into state 'RUNNING' from state 'PENDING' {{(pid=121754) _task_receiver /usr/local/lib/python3.8/dist-packages/taskflow/listeners/logging.py:190}}
Jan 31 20:59:45.179233 dv-cinder-813229-5-smb devstack@c-api.service[121754]: DEBUG cinder.volume.api [None req-4932d4ee-1343-4100-b90f-88859f59f169 tempest-VolumesActionsTest-1573677725 tempest-VolumesActionsTest-1573677725-project] Task 'cinder.volume.flows.api.create_volume.VolumeCastTask;volume:create' (41285cfb-3a2c-4866-8697-1a44dcf4535c) transitioned into state 'SUCCESS' from state 'RUNNING' with result 'None' {{(pid=121754) _task_receiver /usr/local/lib/python3.8/dist-packages/taskflow/listeners/logging.py:178}}
Jan 31 20:59:45.183506 dv-cinder-813229-5-smb devstack@c-api.service[121754]: DEBUG cinder.volume.api [None req-4932d4ee-1343-4100-b90f-88859f59f169 tempest-VolumesActionsTest-1573677725 tempest-VolumesActionsTest-1573677725-project] Flow 'volume_create_api' (4a34d601-b125-4efa-8870-d4ccef032ec6) transitioned into state 'SUCCESS' from state 'RUNNING' {{(pid=121754) _flow_receiver /usr/local/lib/python3.8/dist-packages/taskflow/listeners/logging.py:141}}
Jan 31 20:59:45.184386 dv-cinder-813229-5-smb devstack@c-api.service[121754]: INFO cinder.volume.api [None req-4932d4ee-1343-4100-b90f-88859f59f169 tempest-VolumesActionsTest-1573677725 tempest-VolumesActionsTest-1573677725-project] Create volume request issued successfully.
Jan 31 20:59:45.186107 dv-cinder-813229-5-smb devstack@c-api.service[121754]: INFO cinder.api.openstack.wsgi [None req-4932d4ee-1343-4100-b90f-88859f59f169 tempest-VolumesActionsTest-1573677725 tempest-VolumesActionsTest-1573677725-project] http://10.222.0.13/volume/v3/469f3b90d3a442978a2454cb120904a1/volumes returned with HTTP 202
Jan 31 20:59:45.187654 dv-cinder-813229-5-smb devstack@c-api.service[121754]: [pid: 121754|app: 0|req: 212/411] 10.222.0.13 () {60 vars in 1234 bytes} [Mon Jan 31 20:59:44 2022] POST /volume/v3/469f3b90d3a442978a2454cb120904a1/volumes => generated 817 bytes in 641 msecs (HTTP/1.1 202) 7 headers in 291 bytes (2 switches on core 0)
Jan 31 20:59:45.200123 dv-cinder-813229-5-smb devstack@c-api.service[121753]: INFO cinder.api.openstack.wsgi [None req-4e1679a1-2f9a-4d6a-a6f9-8778cc2a7cd4 tempest-VolumesActionsTest-1573677725 tempest-VolumesActionsTest-1573677725-project] GET http://10.222.0.13/volume/v3/469f3b90d3a442978a2454cb120904a1/volumes/c1baa8a7-c7fb-47e1-a79c-dd27f650d800
Jan 31 20:59:45.200647 dv-cinder-813229-5-smb devstack@c-api.service[121753]: DEBUG cinder.api.openstack.wsgi [None req-4e1679a1-2f9a-4d6a-a6f9-8778cc2a7cd4 tempest-VolumesActionsTest-1573677725 tempest-VolumesActionsTest-1573677725-project] Empty body provided in request {{(pid=121753) get_body /opt/stack/cinder/cinder/api/openstack/wsgi.py:715}}
Jan 31 20:59:45.201321 dv-cinder-813229-5-smb devstack@c-api.service[121753]: DEBUG cinder.api.openstack.wsgi [None req-4e1679a1-2f9a-4d6a-a6f9-8778cc2a7cd4 tempest-VolumesActionsTest-1573677725 tempest-VolumesActionsTest-1573677725-project] Calling method 'show' {{(pid=121753) _process_stack /opt/stack/cinder/cinder/api/openstack/wsgi.py:868}}
Jan 31 20:59:45.223837 dv-cinder-813229-5-smb devstack@c-api.service[121753]: /usr/local/lib/python3.8/dist-packages/oslo_context/context.py:105: DeprecationWarning: Policy enforcement is depending on the value of is_admin. This key is deprecated. Please update your policy file to use the standard policy values.
Jan 31 20:59:45.223837 dv-cinder-813229-5-smb devstack@c-api.service[121753]: warnings.warn('Policy enforcement is depending on the value of '
Jan 31 20:59:45.233252 dv-cinder-813229-5-smb devstack@c-api.service[121753]: INFO cinder.volume.api [None req-4e1679a1-2f9a-4d6a-a6f9-8778cc2a7cd4 tempest-VolumesActionsTest-1573677725 tempest-VolumesActionsTest-1573677725-project] Volume info retrieved successfully.
Jan 31 20:59:45.245552 dv-cinder-813229-5-smb devstack@c-api.service[121753]: INFO cinder.api.openstack.wsgi [None req-4e1679a1-2f9a-4d6a-a6f9-8778cc2a7cd4 tempest-VolumesActionsTest-1573677725 tempest-VolumesActionsTest-1573677725-project] http://10.222.0.13/volume/v3/469f3b90d3a442978a2454cb120904a1/volumes/c1baa8a7-c7fb-47e1-a79c-dd27f650d800 returned with HTTP 200
Jan 31 20:59:45.246319 dv-cinder-813229-5-smb devstack@c-api.service[121753]: [pid: 121753|app: 0|req: 200/412] 10.222.0.13 () {58 vars in 1324 bytes} [Mon Jan 31 20:59:45 2022] GET /volume/v3/469f3b90d3a442978a2454cb120904a1/volumes/c1baa8a7-c7fb-47e1-a79c-dd27f650d800 => generated 885 bytes in 50 msecs (HTTP/1.1 200) 7 headers in 285 bytes (2 switches on core 0)
Jan 31 20:59:45.564153 dv-cinder-813229-5-smb devstack@c-api.service[121754]: INFO cinder.api.openstack.wsgi [None req-77813332-9d39-4489-abb9-989adc717643 tempest-VolumesCloneTest-71623793 tempest-VolumesCloneTest-71623793-project] GET http://10.222.0.13/volume/v3/05173835e91543029b2a86db28ffa1d3/volumes/e6820a40-e1fb-45e4-9c52-6336108f8fcf
Jan 31 20:59:45.565245 dv-cinder-813229-5-smb devstack@c-api.service[121754]: DEBUG cinder.api.openstack.wsgi [None req-77813332-9d39-4489-abb9-989adc717643 tempest-VolumesCloneTest-71623793 tempest-VolumesCloneTest-71623793-project] Empty body provided in request {{(pid=121754) get_body /opt/stack/cinder/cinder/api/openstack/wsgi.py:715}}
Jan 31 20:59:45.565697 dv-cinder-813229-5-smb devstack@c-api.service[121754]: DEBUG cinder.api.openstack.wsgi [None req-77813332-9d39-4489-abb9-989adc717643 tempest-VolumesCloneTest-71623793 tempest-VolumesCloneTest-71623793-project] Calling method 'show' {{(pid=121754) _process_stack /opt/stack/cinder/cinder/api/openstack/wsgi.py:868}}
Jan 31 20:59:45.580270 dv-cinder-813229-5-smb devstack@c-api.service[121754]: /usr/local/lib/python3.8/dist-packages/oslo_context/context.py:105: DeprecationWarning: Policy enforcement is depending on the value of is_admin. This key is deprecated. Please update your policy file to use the standard policy values.
Jan 31 20:59:45.580270 dv-cinder-813229-5-smb devstack@c-api.service[121754]: warnings.warn('Policy enforcement is depending on the value of '
Jan 31 20:59:45.594283 dv-cinder-813229-5-smb devstack@c-api.service[121754]: INFO cinder.volume.api [None req-77813332-9d39-4489-abb9-989adc717643 tempest-VolumesCloneTest-71623793 tempest-VolumesCloneTest-71623793-project] Volume info retrieved successfully.
Jan 31 20:59:45.604538 dv-cinder-813229-5-smb devstack@c-api.service[121754]: INFO cinder.api.openstack.wsgi [None req-77813332-9d39-4489-abb9-989adc717643 tempest-VolumesCloneTest-71623793 tempest-VolumesCloneTest-71623793-project] http://10.222.0.13/volume/v3/05173835e91543029b2a86db28ffa1d3/volumes/e6820a40-e1fb-45e4-9c52-6336108f8fcf returned with HTTP 200
Jan 31 20:59:45.605429 dv-cinder-813229-5-smb devstack@c-api.service[121754]: [pid: 121754|app: 0|req: 213/413] 10.222.0.13 () {58 vars in 1324 bytes} [Mon Jan 31 20:59:45 2022] GET /volume/v3/05173835e91543029b2a86db28ffa1d3/volumes/e6820a40-e1fb-45e4-9c52-6336108f8fcf => generated 968 bytes in 45 msecs (HTTP/1.1 200) 7 headers in 285 bytes (1 switches on core 0)
Jan 31 20:59:45.764918 dv-cinder-813229-5-smb devstack@c-api.service[121753]: INFO cinder.api.openstack.wsgi [None req-6172e6e1-8600-4bae-b7dc-871639ff5239 tempest-SnapshotsActionsTest-241731615 tempest-SnapshotsActionsTest-241731615-project] GET http://10.222.0.13/volume/v3/54103fcc54de409ba5d22c54fefc9dde/snapshots/967c68a5-7725-4dbc-89d4-e79321731a0d
Jan 31 20:59:45.765998 dv-cinder-813229-5-smb devstack@c-api.service[121753]: DEBUG cinder.api.openstack.wsgi [None req-6172e6e1-8600-4bae-b7dc-871639ff5239 tempest-SnapshotsActionsTest-241731615 tempest-SnapshotsActionsTest-241731615-project] Empty body provided in request {{(pid=121753) get_body /opt/stack/cinder/cinder/api/openstack/wsgi.py:715}}
Jan 31 20:59:45.766456 dv-cinder-813229-5-smb devstack@c-api.service[121753]: DEBUG cinder.api.openstack.wsgi [None req-6172e6e1-8600-4bae-b7dc-871639ff5239 tempest-SnapshotsActionsTest-241731615 tempest-SnapshotsActionsTest-241731615-project] Calling method 'show' {{(pid=121753) _process_stack /opt/stack/cinder/cinder/api/openstack/wsgi.py:868}}
Jan 31 20:59:45.778899 dv-cinder-813229-5-smb devstack@c-api.service[121753]: /usr/local/lib/python3.8/dist-packages/oslo_context/context.py:105: DeprecationWarning: Policy enforcement is depending on the value of is_admin. This key is deprecated. Please update your policy file to use the standard policy values.
Jan 31 20:59:45.778899 dv-cinder-813229-5-smb devstack@c-api.service[121753]: warnings.warn('Policy enforcement is depending on the value of '
Jan 31 20:59:45.780134 dv-cinder-813229-5-smb devstack@c-api.service[121753]: INFO cinder.volume.api [None req-6172e6e1-8600-4bae-b7dc-871639ff5239 tempest-SnapshotsActionsTest-241731615 tempest-SnapshotsActionsTest-241731615-project] Snapshot retrieved successfully.
Jan 31 20:59:45.782300 dv-cinder-813229-5-smb devstack@c-api.service[121753]: INFO cinder.api.openstack.wsgi [None req-6172e6e1-8600-4bae-b7dc-871639ff5239 tempest-SnapshotsActionsTest-241731615 tempest-SnapshotsActionsTest-241731615-project] http://10.222.0.13/volume/v3/54103fcc54de409ba5d22c54fefc9dde/snapshots/967c68a5-7725-4dbc-89d4-e79321731a0d returned with HTTP 200
Jan 31 20:59:45.783232 dv-cinder-813229-5-smb devstack@c-api.service[121753]: [pid: 121753|app: 0|req: 201/414] 10.222.0.13 () {58 vars in 1330 bytes} [Mon Jan 31 20:59:45 2022] GET /volume/v3/54103fcc54de409ba5d22c54fefc9dde/snapshots/967c68a5-7725-4dbc-89d4-e79321731a0d => generated 438 bytes in 22 msecs (HTTP/1.1 200) 7 headers in 285 bytes (1 switches on core 0)
Jan 31 20:59:46.262856 dv-cinder-813229-5-smb devstack@c-api.service[121754]: INFO cinder.api.openstack.wsgi [None req-77aa93e5-cba6-4e68-8e9a-43237a3b48b6 tempest-VolumesActionsTest-1573677725 tempest-VolumesActionsTest-1573677725-project] GET http://10.222.0.13/volume/v3/469f3b90d3a442978a2454cb120904a1/volumes/c1baa8a7-c7fb-47e1-a79c-dd27f650d800
Jan 31 20:59:46.263649 dv-cinder-813229-5-smb devstack@c-api.service[121754]: DEBUG cinder.api.openstack.wsgi [None req-77aa93e5-cba6-4e68-8e9a-43237a3b48b6 tempest-VolumesActionsTest-1573677725 tempest-VolumesActionsTest-1573677725-project] Empty body provided in request {{(pid=121754) get_body /opt/stack/cinder/cinder/api/openstack/wsgi.py:715}}
Jan 31 20:59:46.264456 dv-cinder-813229-5-smb devstack@c-api.service[121754]: DEBUG cinder.api.openstack.wsgi [None req-77aa93e5-cba6-4e68-8e9a-43237a3b48b6 tempest-VolumesActionsTest-1573677725 tempest-VolumesActionsTest-1573677725-project] Calling method 'show' {{(pid=121754) _process_stack /opt/stack/cinder/cinder/api/openstack/wsgi.py:868}}
Jan 31 20:59:46.289790 dv-cinder-813229-5-smb devstack@c-api.service[121754]: /usr/local/lib/python3.8/dist-packages/oslo_context/context.py:105: DeprecationWarning: Policy enforcement is depending on the value of is_admin. This key is deprecated. Please update your policy file to use the standard policy values.
Jan 31 20:59:46.289790 dv-cinder-813229-5-smb devstack@c-api.service[121754]: warnings.warn('Policy enforcement is depending on the value of '
Jan 31 20:59:46.305112 dv-cinder-813229-5-smb devstack@c-api.service[121754]: INFO cinder.volume.api [None req-77aa93e5-cba6-4e68-8e9a-43237a3b48b6 tempest-VolumesActionsTest-1573677725 tempest-VolumesActionsTest-1573677725-project] Volume info retrieved successfully.
Jan 31 20:59:46.328498 dv-cinder-813229-5-smb devstack@c-api.service[121754]: INFO cinder.api.openstack.wsgi [None req-77aa93e5-cba6-4e68-8e9a-43237a3b48b6 tempest-VolumesActionsTest-1573677725 tempest-VolumesActionsTest-1573677725-project] http://10.222.0.13/volume/v3/469f3b90d3a442978a2454cb120904a1/volumes/c1baa8a7-c7fb-47e1-a79c-dd27f650d800 returned with HTTP 200
Jan 31 20:59:46.332819 dv-cinder-813229-5-smb devstack@c-api.service[121754]: [pid: 121754|app: 0|req: 214/415] 10.222.0.13 () {58 vars in 1324 bytes} [Mon Jan 31 20:59:46 2022] GET /volume/v3/469f3b90d3a442978a2454cb120904a1/volumes/c1baa8a7-c7fb-47e1-a79c-dd27f650d800 => generated 909 bytes in 75 msecs (HTTP/1.1 200) 7 headers in 285 bytes (1 switches on core 0)
Jan 31 20:59:46.620592 dv-cinder-813229-5-smb devstack@c-api.service[121753]: INFO cinder.api.openstack.wsgi [None req-5f9fd40c-1ea9-4e15-9bdb-8e876a0307cf tempest-VolumesCloneTest-71623793 tempest-VolumesCloneTest-71623793-project] GET http://10.222.0.13/volume/v3/05173835e91543029b2a86db28ffa1d3/volumes/e6820a40-e1fb-45e4-9c52-6336108f8fcf
Jan 31 20:59:46.621135 dv-cinder-813229-5-smb devstack@c-api.service[121753]: DEBUG cinder.api.openstack.wsgi [None req-5f9fd40c-1ea9-4e15-9bdb-8e876a0307cf tempest-VolumesCloneTest-71623793 tempest-VolumesCloneTest-71623793-project] Empty body provided in request {{(pid=121753) get_body /opt/stack/cinder/cinder/api/openstack/wsgi.py:715}}
Jan 31 20:59:46.621588 dv-cinder-813229-5-smb devstack@c-api.service[121753]: DEBUG cinder.api.openstack.wsgi [None req-5f9fd40c-1ea9-4e15-9bdb-8e876a0307cf tempest-VolumesCloneTest-71623793 tempest-VolumesCloneTest-71623793-project] Calling method 'show' {{(pid=121753) _process_stack /opt/stack/cinder/cinder/api/openstack/wsgi.py:868}}
Jan 31 20:59:46.638157 dv-cinder-813229-5-smb devstack@c-api.service[121753]: /usr/local/lib/python3.8/dist-packages/oslo_context/context.py:105: DeprecationWarning: Policy enforcement is depending on the value of is_admin. This key is deprecated. Please update your policy file to use the standard policy values.
Jan 31 20:59:46.638157 dv-cinder-813229-5-smb devstack@c-api.service[121753]: warnings.warn('Policy enforcement is depending on the value of '
Jan 31 20:59:46.646030 dv-cinder-813229-5-smb devstack@c-api.service[121753]: INFO cinder.volume.api [None req-5f9fd40c-1ea9-4e15-9bdb-8e876a0307cf tempest-VolumesCloneTest-71623793 tempest-VolumesCloneTest-71623793-project] Volume info retrieved successfully.
Jan 31 20:59:46.655808 dv-cinder-813229-5-smb devstack@c-api.service[121753]: INFO cinder.api.openstack.wsgi [None req-5f9fd40c-1ea9-4e15-9bdb-8e876a0307cf tempest-VolumesCloneTest-71623793 tempest-VolumesCloneTest-71623793-project] http://10.222.0.13/volume/v3/05173835e91543029b2a86db28ffa1d3/volumes/e6820a40-e1fb-45e4-9c52-6336108f8fcf returned with HTTP 200
Jan 31 20:59:46.656527 dv-cinder-813229-5-smb devstack@c-api.service[121753]: [pid: 121753|app: 0|req: 202/416] 10.222.0.13 () {58 vars in 1324 bytes} [Mon Jan 31 20:59:46 2022] GET /volume/v3/05173835e91543029b2a86db28ffa1d3/volumes/e6820a40-e1fb-45e4-9c52-6336108f8fcf => generated 968 bytes in 41 msecs (HTTP/1.1 200) 7 headers in 285 bytes (1 switches on core 0)
Jan 31 20:59:46.795318 dv-cinder-813229-5-smb devstack@c-api.service[121754]: INFO cinder.api.openstack.wsgi [None req-74168cb0-e9f9-44c1-b161-e130b2e96369 tempest-SnapshotsActionsTest-241731615 tempest-SnapshotsActionsTest-241731615-project] GET http://10.222.0.13/volume/v3/54103fcc54de409ba5d22c54fefc9dde/snapshots/967c68a5-7725-4dbc-89d4-e79321731a0d
Jan 31 20:59:46.796756 dv-cinder-813229-5-smb devstack@c-api.service[121754]: DEBUG cinder.api.openstack.wsgi [None req-74168cb0-e9f9-44c1-b161-e130b2e96369 tempest-SnapshotsActionsTest-241731615 tempest-SnapshotsActionsTest-241731615-project] Empty body provided in request {{(pid=121754) get_body /opt/stack/cinder/cinder/api/openstack/wsgi.py:715}}
Jan 31 20:59:46.798153 dv-cinder-813229-5-smb devstack@c-api.service[121754]: DEBUG cinder.api.openstack.wsgi [None req-74168cb0-e9f9-44c1-b161-e130b2e96369 tempest-SnapshotsActionsTest-241731615 tempest-SnapshotsActionsTest-241731615-project] Calling method 'show' {{(pid=121754) _process_stack /opt/stack/cinder/cinder/api/openstack/wsgi.py:868}}
Jan 31 20:59:46.808840 dv-cinder-813229-5-smb devstack@c-api.service[121754]: /usr/local/lib/python3.8/dist-packages/oslo_context/context.py:105: DeprecationWarning: Policy enforcement is depending on the value of is_admin. This key is deprecated. Please update your policy file to use the standard policy values.
Jan 31 20:59:46.808840 dv-cinder-813229-5-smb devstack@c-api.service[121754]: warnings.warn('Policy enforcement is depending on the value of '
Jan 31 20:59:46.810658 dv-cinder-813229-5-smb devstack@c-api.service[121754]: INFO cinder.volume.api [None req-74168cb0-e9f9-44c1-b161-e130b2e96369 tempest-SnapshotsActionsTest-241731615 tempest-SnapshotsActionsTest-241731615-project] Snapshot retrieved successfully.
Jan 31 20:59:46.812725 dv-cinder-813229-5-smb devstack@c-api.service[121754]: INFO cinder.api.openstack.wsgi [None req-74168cb0-e9f9-44c1-b161-e130b2e96369 tempest-SnapshotsActionsTest-241731615 tempest-SnapshotsActionsTest-241731615-project] http://10.222.0.13/volume/v3/54103fcc54de409ba5d22c54fefc9dde/snapshots/967c68a5-7725-4dbc-89d4-e79321731a0d returned with HTTP 200
Jan 31 20:59:46.814081 dv-cinder-813229-5-smb devstack@c-api.service[121754]: [pid: 121754|app: 0|req: 215/417] 10.222.0.13 () {58 vars in 1330 bytes} [Mon Jan 31 20:59:46 2022] GET /volume/v3/54103fcc54de409ba5d22c54fefc9dde/snapshots/967c68a5-7725-4dbc-89d4-e79321731a0d => generated 531 bytes in 24 msecs (HTTP/1.1 200) 7 headers in 285 bytes (1 switches on core 0)
Jan 31 20:59:47.042826 dv-cinder-813229-5-smb devstack@c-api.service[121753]: INFO cinder.api.openstack.wsgi [None req-864502a1-a63d-4341-97f3-624a8c4a22a9 tempest-SnapshotsActionsTest-1392958585 tempest-SnapshotsActionsTest-1392958585-project-admin] POST http://10.222.0.13/volume/v3/b4baced3787c4b4fa56146871effbd76/snapshots/967c68a5-7725-4dbc-89d4-e79321731a0d/action
Jan 31 20:59:47.043543 dv-cinder-813229-5-smb devstack@c-api.service[121753]: DEBUG cinder.api.openstack.wsgi [None req-864502a1-a63d-4341-97f3-624a8c4a22a9 tempest-SnapshotsActionsTest-1392958585 tempest-SnapshotsActionsTest-1392958585-project-admin] Action body: b'{"os-reset_status": {"status": "creating"}}' {{(pid=121753) get_method /opt/stack/cinder/cinder/api/openstack/wsgi.py:983}}
Jan 31 20:59:47.043861 dv-cinder-813229-5-smb devstack@c-api.service[121753]: DEBUG cinder.api.openstack.wsgi [None req-864502a1-a63d-4341-97f3-624a8c4a22a9 tempest-SnapshotsActionsTest-1392958585 tempest-SnapshotsActionsTest-1392958585-project-admin] Action: 'action', calling method: _reset_status, body: {"os-reset_status": {"status": "creating"}} {{(pid=121753) _process_stack /opt/stack/cinder/cinder/api/openstack/wsgi.py:866}}
Jan 31 20:59:47.044666 dv-cinder-813229-5-smb devstack@c-api.service[121753]: DEBUG cinder.api.contrib.admin_actions [None req-864502a1-a63d-4341-97f3-624a8c4a22a9 tempest-SnapshotsActionsTest-1392958585 tempest-SnapshotsActionsTest-1392958585-project-admin] Updating snapshot '967c68a5-7725-4dbc-89d4-e79321731a0d' with '{'status': 'creating'}' {{(pid=121753) _reset_status /opt/stack/cinder/cinder/api/contrib/admin_actions.py:100}}
Jan 31 20:59:47.079734 dv-cinder-813229-5-smb devstack@c-api.service[121753]: /usr/local/lib/python3.8/dist-packages/oslo_context/context.py:105: DeprecationWarning: Policy enforcement is depending on the value of is_admin. This key is deprecated. Please update your policy file to use the standard policy values.
Jan 31 20:59:47.079734 dv-cinder-813229-5-smb devstack@c-api.service[121753]: warnings.warn('Policy enforcement is depending on the value of '
Jan 31 20:59:47.143701 dv-cinder-813229-5-smb devstack@c-api.service[121753]: INFO cinder.api.openstack.wsgi [None req-864502a1-a63d-4341-97f3-624a8c4a22a9 tempest-SnapshotsActionsTest-1392958585 tempest-SnapshotsActionsTest-1392958585-project-admin] http://10.222.0.13/volume/v3/b4baced3787c4b4fa56146871effbd76/snapshots/967c68a5-7725-4dbc-89d4-e79321731a0d/action returned with HTTP 202
Jan 31 20:59:47.146995 dv-cinder-813229-5-smb devstack@c-api.service[121753]: [pid: 121753|app: 0|req: 203/418] 10.222.0.13 () {60 vars in 1372 bytes} [Mon Jan 31 20:59:46 2022] POST /volume/v3/b4baced3787c4b4fa56146871effbd76/snapshots/967c68a5-7725-4dbc-89d4-e79321731a0d/action => generated 0 bytes in 326 msecs (HTTP/1.1 202) 7 headers in 289 bytes (1 switches on core 0)
Jan 31 20:59:47.157866 dv-cinder-813229-5-smb devstack@c-api.service[121754]: INFO cinder.api.openstack.wsgi [None req-83f8cf39-e05c-4e32-bbd5-9e9bd53c814a tempest-SnapshotsActionsTest-241731615 tempest-SnapshotsActionsTest-241731615-project] GET http://10.222.0.13/volume/v3/54103fcc54de409ba5d22c54fefc9dde/snapshots/967c68a5-7725-4dbc-89d4-e79321731a0d
Jan 31 20:59:47.160147 dv-cinder-813229-5-smb devstack@c-api.service[121754]: DEBUG cinder.api.openstack.wsgi [None req-83f8cf39-e05c-4e32-bbd5-9e9bd53c814a tempest-SnapshotsActionsTest-241731615 tempest-SnapshotsActionsTest-241731615-project] Empty body provided in request {{(pid=121754) get_body /opt/stack/cinder/cinder/api/openstack/wsgi.py:715}}
Jan 31 20:59:47.161284 dv-cinder-813229-5-smb devstack@c-api.service[121754]: DEBUG cinder.api.openstack.wsgi [None req-83f8cf39-e05c-4e32-bbd5-9e9bd53c814a tempest-SnapshotsActionsTest-241731615 tempest-SnapshotsActionsTest-241731615-project] Calling method 'show' {{(pid=121754) _process_stack /opt/stack/cinder/cinder/api/openstack/wsgi.py:868}}
Jan 31 20:59:47.176278 dv-cinder-813229-5-smb devstack@c-api.service[121754]: /usr/local/lib/python3.8/dist-packages/oslo_context/context.py:105: DeprecationWarning: Policy enforcement is depending on the value of is_admin. This key is deprecated. Please update your policy file to use the standard policy values.
Jan 31 20:59:47.176278 dv-cinder-813229-5-smb devstack@c-api.service[121754]: warnings.warn('Policy enforcement is depending on the value of '
Jan 31 20:59:47.178342 dv-cinder-813229-5-smb devstack@c-api.service[121754]: INFO cinder.volume.api [None req-83f8cf39-e05c-4e32-bbd5-9e9bd53c814a tempest-SnapshotsActionsTest-241731615 tempest-SnapshotsActionsTest-241731615-project] Snapshot retrieved successfully.
Jan 31 20:59:47.185055 dv-cinder-813229-5-smb devstack@c-api.service[121754]: INFO cinder.api.openstack.wsgi [None req-83f8cf39-e05c-4e32-bbd5-9e9bd53c814a tempest-SnapshotsActionsTest-241731615 tempest-SnapshotsActionsTest-241731615-project] http://10.222.0.13/volume/v3/54103fcc54de409ba5d22c54fefc9dde/snapshots/967c68a5-7725-4dbc-89d4-e79321731a0d returned with HTTP 200
Jan 31 20:59:47.186436 dv-cinder-813229-5-smb devstack@c-api.service[121754]: [pid: 121754|app: 0|req: 216/419] 10.222.0.13 () {58 vars in 1330 bytes} [Mon Jan 31 20:59:47 2022] GET /volume/v3/54103fcc54de409ba5d22c54fefc9dde/snapshots/967c68a5-7725-4dbc-89d4-e79321731a0d => generated 530 bytes in 36 msecs (HTTP/1.1 200) 7 headers in 285 bytes (1 switches on core 0)
Jan 31 20:59:47.202592 dv-cinder-813229-5-smb devstack@c-api.service[121753]: INFO cinder.api.openstack.wsgi [None req-7ab279a9-46ee-4221-92e2-49e1ae0205f8 tempest-SnapshotsActionsTest-1392958585 tempest-SnapshotsActionsTest-1392958585-project-admin] POST http://10.222.0.13/volume/v3/b4baced3787c4b4fa56146871effbd76/snapshots/967c68a5-7725-4dbc-89d4-e79321731a0d/action
Jan 31 20:59:47.203428 dv-cinder-813229-5-smb devstack@c-api.service[121753]: DEBUG cinder.api.openstack.wsgi [None req-7ab279a9-46ee-4221-92e2-49e1ae0205f8 tempest-SnapshotsActionsTest-1392958585 tempest-SnapshotsActionsTest-1392958585-project-admin] Action body: b'{"os-reset_status": {"status": "available"}}' {{(pid=121753) get_method /opt/stack/cinder/cinder/api/openstack/wsgi.py:983}}
Jan 31 20:59:47.203841 dv-cinder-813229-5-smb devstack@c-api.service[121753]: DEBUG cinder.api.openstack.wsgi [None req-7ab279a9-46ee-4221-92e2-49e1ae0205f8 tempest-SnapshotsActionsTest-1392958585 tempest-SnapshotsActionsTest-1392958585-project-admin] Action: 'action', calling method: _reset_status, body: {"os-reset_status": {"status": "available"}} {{(pid=121753) _process_stack /opt/stack/cinder/cinder/api/openstack/wsgi.py:866}}
Jan 31 20:59:47.205703 dv-cinder-813229-5-smb devstack@c-api.service[121753]: DEBUG cinder.api.contrib.admin_actions [None req-7ab279a9-46ee-4221-92e2-49e1ae0205f8 tempest-SnapshotsActionsTest-1392958585 tempest-SnapshotsActionsTest-1392958585-project-admin] Updating snapshot '967c68a5-7725-4dbc-89d4-e79321731a0d' with '{'status': 'available'}' {{(pid=121753) _reset_status /opt/stack/cinder/cinder/api/contrib/admin_actions.py:100}}
Jan 31 20:59:47.244614 dv-cinder-813229-5-smb devstack@c-api.service[121753]: /usr/local/lib/python3.8/dist-packages/oslo_context/context.py:105: DeprecationWarning: Policy enforcement is depending on the value of is_admin. This key is deprecated. Please update your policy file to use the standard policy values.
Jan 31 20:59:47.244614 dv-cinder-813229-5-smb devstack@c-api.service[121753]: warnings.warn('Policy enforcement is depending on the value of '
Jan 31 20:59:47.351895 dv-cinder-813229-5-smb devstack@c-api.service[121754]: INFO cinder.api.openstack.wsgi [None req-b5b8b43a-d7d3-4cbf-871c-eda2d7a9a82c tempest-VolumesActionsTest-1573677725 tempest-VolumesActionsTest-1573677725-project] GET http://10.222.0.13/volume/v3/469f3b90d3a442978a2454cb120904a1/volumes/c1baa8a7-c7fb-47e1-a79c-dd27f650d800
Jan 31 20:59:47.352350 dv-cinder-813229-5-smb devstack@c-api.service[121754]: DEBUG cinder.api.openstack.wsgi [None req-b5b8b43a-d7d3-4cbf-871c-eda2d7a9a82c tempest-VolumesActionsTest-1573677725 tempest-VolumesActionsTest-1573677725-project] Empty body provided in request {{(pid=121754) get_body /opt/stack/cinder/cinder/api/openstack/wsgi.py:715}}
Jan 31 20:59:47.352801 dv-cinder-813229-5-smb devstack@c-api.service[121754]: DEBUG cinder.api.openstack.wsgi [None req-b5b8b43a-d7d3-4cbf-871c-eda2d7a9a82c tempest-VolumesActionsTest-1573677725 tempest-VolumesActionsTest-1573677725-project] Calling method 'show' {{(pid=121754) _process_stack /opt/stack/cinder/cinder/api/openstack/wsgi.py:868}}
Jan 31 20:59:47.393821 dv-cinder-813229-5-smb devstack@c-api.service[121753]: INFO cinder.api.openstack.wsgi [None req-7ab279a9-46ee-4221-92e2-49e1ae0205f8 tempest-SnapshotsActionsTest-1392958585 tempest-SnapshotsActionsTest-1392958585-project-admin] http://10.222.0.13/volume/v3/b4baced3787c4b4fa56146871effbd76/snapshots/967c68a5-7725-4dbc-89d4-e79321731a0d/action returned with HTTP 202
Jan 31 20:59:47.394885 dv-cinder-813229-5-smb devstack@c-api.service[121753]: [pid: 121753|app: 0|req: 204/420] 10.222.0.13 () {60 vars in 1372 bytes} [Mon Jan 31 20:59:47 2022] POST /volume/v3/b4baced3787c4b4fa56146871effbd76/snapshots/967c68a5-7725-4dbc-89d4-e79321731a0d/action => generated 0 bytes in 198 msecs (HTTP/1.1 202) 7 headers in 289 bytes (2 switches on core 0)
Jan 31 20:59:47.397908 dv-cinder-813229-5-smb devstack@c-api.service[121754]: /usr/local/lib/python3.8/dist-packages/oslo_context/context.py:105: DeprecationWarning: Policy enforcement is depending on the value of is_admin. This key is deprecated. Please update your policy file to use the standard policy values.
Jan 31 20:59:47.397908 dv-cinder-813229-5-smb devstack@c-api.service[121754]: warnings.warn('Policy enforcement is depending on the value of '
Jan 31 20:59:47.404170 dv-cinder-813229-5-smb devstack@c-api.service[121753]: INFO cinder.api.openstack.wsgi [None req-450f6486-8993-4e5c-83fe-24cab60eb2ed tempest-SnapshotsActionsTest-241731615 tempest-SnapshotsActionsTest-241731615-project] GET http://10.222.0.13/volume/v3/54103fcc54de409ba5d22c54fefc9dde/snapshots/967c68a5-7725-4dbc-89d4-e79321731a0d
Jan 31 20:59:47.404863 dv-cinder-813229-5-smb devstack@c-api.service[121753]: DEBUG cinder.api.openstack.wsgi [None req-450f6486-8993-4e5c-83fe-24cab60eb2ed tempest-SnapshotsActionsTest-241731615 tempest-SnapshotsActionsTest-241731615-project] Empty body provided in request {{(pid=121753) get_body /opt/stack/cinder/cinder/api/openstack/wsgi.py:715}}
Jan 31 20:59:47.405631 dv-cinder-813229-5-smb devstack@c-api.service[121753]: DEBUG cinder.api.openstack.wsgi [None req-450f6486-8993-4e5c-83fe-24cab60eb2ed tempest-SnapshotsActionsTest-241731615 tempest-SnapshotsActionsTest-241731615-project] Calling method 'show' {{(pid=121753) _process_stack /opt/stack/cinder/cinder/api/openstack/wsgi.py:868}}
Jan 31 20:59:47.410791 dv-cinder-813229-5-smb devstack@c-api.service[121754]: INFO cinder.volume.api [None req-b5b8b43a-d7d3-4cbf-871c-eda2d7a9a82c tempest-VolumesActionsTest-1573677725 tempest-VolumesActionsTest-1573677725-project] Volume info retrieved successfully.
Jan 31 20:59:47.442404 dv-cinder-813229-5-smb devstack@c-api.service[121754]: INFO cinder.api.openstack.wsgi [None req-b5b8b43a-d7d3-4cbf-871c-eda2d7a9a82c tempest-VolumesActionsTest-1573677725 tempest-VolumesActionsTest-1573677725-project] http://10.222.0.13/volume/v3/469f3b90d3a442978a2454cb120904a1/volumes/c1baa8a7-c7fb-47e1-a79c-dd27f650d800 returned with HTTP 200
Jan 31 20:59:47.450204 dv-cinder-813229-5-smb devstack@c-api.service[121753]: /usr/local/lib/python3.8/dist-packages/oslo_context/context.py:105: DeprecationWarning: Policy enforcement is depending on the value of is_admin. This key is deprecated. Please update your policy file to use the standard policy values.
Jan 31 20:59:47.450204 dv-cinder-813229-5-smb devstack@c-api.service[121753]: warnings.warn('Policy enforcement is depending on the value of '
Jan 31 20:59:47.452101 dv-cinder-813229-5-smb devstack@c-api.service[121753]: INFO cinder.volume.api [None req-450f6486-8993-4e5c-83fe-24cab60eb2ed tempest-SnapshotsActionsTest-241731615 tempest-SnapshotsActionsTest-241731615-project] Snapshot retrieved successfully.
Jan 31 20:59:47.454956 dv-cinder-813229-5-smb devstack@c-api.service[121754]: [pid: 121754|app: 0|req: 217/421] 10.222.0.13 () {58 vars in 1324 bytes} [Mon Jan 31 20:59:47 2022] GET /volume/v3/469f3b90d3a442978a2454cb120904a1/volumes/c1baa8a7-c7fb-47e1-a79c-dd27f650d800 => generated 910 bytes in 107 msecs (HTTP/1.1 200) 7 headers in 285 bytes (2 switches on core 0)
Jan 31 20:59:47.463555 dv-cinder-813229-5-smb devstack@c-api.service[121754]: INFO cinder.api.openstack.wsgi [None req-f35ddf21-6686-4ff2-a9b5-21270d475403 tempest-VolumesActionsTest-1573677725 tempest-VolumesActionsTest-1573677725-project] POST http://10.222.0.13/volume/v3/469f3b90d3a442978a2454cb120904a1/volumes/c1baa8a7-c7fb-47e1-a79c-dd27f650d800/action
Jan 31 20:59:47.465509 dv-cinder-813229-5-smb devstack@c-api.service[121754]: DEBUG cinder.api.openstack.wsgi [None req-f35ddf21-6686-4ff2-a9b5-21270d475403 tempest-VolumesActionsTest-1573677725 tempest-VolumesActionsTest-1573677725-project] Action body: b'{"os-attach": {"instance_uuid": "334c155d-af91-41d4-a676-62e65b34101d", "mountpoint": "/dev/sdb"}}' {{(pid=121754) get_method /opt/stack/cinder/cinder/api/openstack/wsgi.py:983}}
Jan 31 20:59:47.465926 dv-cinder-813229-5-smb devstack@c-api.service[121753]: INFO cinder.api.openstack.wsgi [None req-450f6486-8993-4e5c-83fe-24cab60eb2ed tempest-SnapshotsActionsTest-241731615 tempest-SnapshotsActionsTest-241731615-project] http://10.222.0.13/volume/v3/54103fcc54de409ba5d22c54fefc9dde/snapshots/967c68a5-7725-4dbc-89d4-e79321731a0d returned with HTTP 200
Jan 31 20:59:47.466789 dv-cinder-813229-5-smb devstack@c-api.service[121754]: DEBUG cinder.api.openstack.wsgi [None req-f35ddf21-6686-4ff2-a9b5-21270d475403 tempest-VolumesActionsTest-1573677725 tempest-VolumesActionsTest-1573677725-project] Action: 'action', calling method: _attach, body: {"os-attach": {"instance_uuid": "334c155d-af91-41d4-a676-62e65b34101d", "mountpoint": "/dev/sdb"}} {{(pid=121754) _process_stack /opt/stack/cinder/cinder/api/openstack/wsgi.py:866}}
Jan 31 20:59:47.466943 dv-cinder-813229-5-smb devstack@c-api.service[121753]: [pid: 121753|app: 0|req: 205/422] 10.222.0.13 () {58 vars in 1330 bytes} [Mon Jan 31 20:59:47 2022] GET /volume/v3/54103fcc54de409ba5d22c54fefc9dde/snapshots/967c68a5-7725-4dbc-89d4-e79321731a0d => generated 531 bytes in 68 msecs (HTTP/1.1 200) 7 headers in 285 bytes (1 switches on core 0)
Jan 31 20:59:47.497074 dv-cinder-813229-5-smb devstack@c-api.service[121753]: INFO cinder.api.openstack.wsgi [None req-aa2a62b2-06c8-4c66-924c-99576e284503 tempest-SnapshotsActionsTest-241731615 tempest-SnapshotsActionsTest-241731615-project] POST http://10.222.0.13/volume/v3/54103fcc54de409ba5d22c54fefc9dde/snapshots
Jan 31 20:59:47.498098 dv-cinder-813229-5-smb devstack@c-api.service[121753]: DEBUG cinder.api.openstack.wsgi [None req-aa2a62b2-06c8-4c66-924c-99576e284503 tempest-SnapshotsActionsTest-241731615 tempest-SnapshotsActionsTest-241731615-project] Action: 'create', calling method: create, body: {"snapshot": {"volume_id": "a6dfa0e5-ec6d-47a9-8a41-58c7877c1684", "name": "tempest-SnapshotsActionsTest-Snapshot-1670032879"}} {{(pid=121753) _process_stack /opt/stack/cinder/cinder/api/openstack/wsgi.py:866}}
Jan 31 20:59:47.498263 dv-cinder-813229-5-smb devstack@c-api.service[121754]: /usr/local/lib/python3.8/dist-packages/oslo_context/context.py:105: DeprecationWarning: Policy enforcement is depending on the value of is_admin. This key is deprecated. Please update your policy file to use the standard policy values.
Jan 31 20:59:47.498263 dv-cinder-813229-5-smb devstack@c-api.service[121754]: warnings.warn('Policy enforcement is depending on the value of '
Jan 31 20:59:47.499344 dv-cinder-813229-5-smb devstack@c-api.service[121754]: INFO cinder.volume.api [None req-f35ddf21-6686-4ff2-a9b5-21270d475403 tempest-VolumesActionsTest-1573677725 tempest-VolumesActionsTest-1573677725-project] Volume info retrieved successfully.
Jan 31 20:59:47.520693 dv-cinder-813229-5-smb devstack@c-api.service[121753]: /usr/local/lib/python3.8/dist-packages/oslo_context/context.py:105: DeprecationWarning: Policy enforcement is depending on the value of is_admin. This key is deprecated. Please update your policy file to use the standard policy values.
Jan 31 20:59:47.520693 dv-cinder-813229-5-smb devstack@c-api.service[121753]: warnings.warn('Policy enforcement is depending on the value of '
Jan 31 20:59:47.522718 dv-cinder-813229-5-smb devstack@c-api.service[121753]: INFO cinder.volume.api [None req-aa2a62b2-06c8-4c66-924c-99576e284503 tempest-SnapshotsActionsTest-241731615 tempest-SnapshotsActionsTest-241731615-project] Volume info retrieved successfully.
Jan 31 20:59:47.523374 dv-cinder-813229-5-smb devstack@c-api.service[121753]: INFO cinder.api.v3.snapshots [None req-aa2a62b2-06c8-4c66-924c-99576e284503 tempest-SnapshotsActionsTest-241731615 tempest-SnapshotsActionsTest-241731615-project] Create snapshot from volume a6dfa0e5-ec6d-47a9-8a41-58c7877c1684
Jan 31 20:59:47.621447 dv-cinder-813229-5-smb devstack@c-api.service[121754]: INFO cinder.volume.api [None req-f35ddf21-6686-4ff2-a9b5-21270d475403 tempest-VolumesActionsTest-1573677725 tempest-VolumesActionsTest-1573677725-project] Update volume admin metadata completed successfully.
Jan 31 20:59:47.650818 dv-cinder-813229-5-smb devstack@c-api.service[121753]: DEBUG cinder.quota [None req-aa2a62b2-06c8-4c66-924c-99576e284503 tempest-SnapshotsActionsTest-241731615 tempest-SnapshotsActionsTest-241731615-project] Created reservations ['cffd94e1-8f6a-411f-bc3a-e0654aaaf189', '2551ceb6-5692-43f1-821b-47c0903d3da9', '6a8f099f-3ecb-4fcf-b34f-88290bab375a', '8afdf997-548d-485e-b7cb-c29c9b0a05af'] {{(pid=121753) reserve /opt/stack/cinder/cinder/quota.py:755}}
Jan 31 20:59:47.909839 dv-cinder-813229-5-smb devstack@c-api.service[121753]: INFO cinder.volume.api [None req-aa2a62b2-06c8-4c66-924c-99576e284503 tempest-SnapshotsActionsTest-241731615 tempest-SnapshotsActionsTest-241731615-project] Snapshot create request issued successfully.
Jan 31 20:59:47.913863 dv-cinder-813229-5-smb devstack@c-api.service[121753]: INFO cinder.api.openstack.wsgi [None req-aa2a62b2-06c8-4c66-924c-99576e284503 tempest-SnapshotsActionsTest-241731615 tempest-SnapshotsActionsTest-241731615-project] http://10.222.0.13/volume/v3/54103fcc54de409ba5d22c54fefc9dde/snapshots returned with HTTP 202
Jan 31 20:59:47.913863 dv-cinder-813229-5-smb devstack@c-api.service[121753]: [pid: 121753|app: 0|req: 206/423] 10.222.0.13 () {60 vars in 1241 bytes} [Mon Jan 31 20:59:47 2022] POST /volume/v3/54103fcc54de409ba5d22c54fefc9dde/snapshots => generated 307 bytes in 430 msecs (HTTP/1.1 202) 7 headers in 291 bytes (1 switches on core 0)
Jan 31 20:59:47.915292 dv-cinder-813229-5-smb devstack@c-api.service[121753]: INFO cinder.api.openstack.wsgi [None req-03b17a4c-ae55-4b44-b75d-fa680b42375c tempest-VolumesCloneTest-71623793 tempest-VolumesCloneTest-71623793-project] GET http://10.222.0.13/volume/v3/05173835e91543029b2a86db28ffa1d3/volumes/e6820a40-e1fb-45e4-9c52-6336108f8fcf
Jan 31 20:59:47.915734 dv-cinder-813229-5-smb devstack@c-api.service[121753]: DEBUG cinder.api.openstack.wsgi [None req-03b17a4c-ae55-4b44-b75d-fa680b42375c tempest-VolumesCloneTest-71623793 tempest-VolumesCloneTest-71623793-project] Empty body provided in request {{(pid=121753) get_body /opt/stack/cinder/cinder/api/openstack/wsgi.py:715}}
Jan 31 20:59:47.916181 dv-cinder-813229-5-smb devstack@c-api.service[121753]: DEBUG cinder.api.openstack.wsgi [None req-03b17a4c-ae55-4b44-b75d-fa680b42375c tempest-VolumesCloneTest-71623793 tempest-VolumesCloneTest-71623793-project] Calling method 'show' {{(pid=121753) _process_stack /opt/stack/cinder/cinder/api/openstack/wsgi.py:868}}
Jan 31 20:59:47.929876 dv-cinder-813229-5-smb devstack@c-api.service[121753]: /usr/local/lib/python3.8/dist-packages/oslo_context/context.py:105: DeprecationWarning: Policy enforcement is depending on the value of is_admin. This key is deprecated. Please update your policy file to use the standard policy values.
Jan 31 20:59:47.929876 dv-cinder-813229-5-smb devstack@c-api.service[121753]: warnings.warn('Policy enforcement is depending on the value of '
Jan 31 20:59:47.938409 dv-cinder-813229-5-smb devstack@c-api.service[121753]: INFO cinder.volume.api [None req-03b17a4c-ae55-4b44-b75d-fa680b42375c tempest-VolumesCloneTest-71623793 tempest-VolumesCloneTest-71623793-project] Volume info retrieved successfully.
Jan 31 20:59:47.948151 dv-cinder-813229-5-smb devstack@c-api.service[121753]: INFO cinder.api.openstack.wsgi [None req-03b17a4c-ae55-4b44-b75d-fa680b42375c tempest-VolumesCloneTest-71623793 tempest-VolumesCloneTest-71623793-project] http://10.222.0.13/volume/v3/05173835e91543029b2a86db28ffa1d3/volumes/e6820a40-e1fb-45e4-9c52-6336108f8fcf returned with HTTP 200
Jan 31 20:59:47.948938 dv-cinder-813229-5-smb devstack@c-api.service[121753]: [pid: 121753|app: 0|req: 207/424] 10.222.0.13 () {58 vars in 1324 bytes} [Mon Jan 31 20:59:47 2022] GET /volume/v3/05173835e91543029b2a86db28ffa1d3/volumes/e6820a40-e1fb-45e4-9c52-6336108f8fcf => generated 968 bytes in 37 msecs (HTTP/1.1 200) 7 headers in 285 bytes (1 switches on core 0)
