Jan 31 20:54:32.463925 dv-cinder-813229-5-iscsi devstack@c-api.service[109415]: [pid: 109415|app: 0|req: 126/230] 10.222.0.46 () {60 vars in 1350 bytes} [Mon Jan 31 20:54:32 2022] PUT /volume/v3/34c916ea4f1f44dcb5e389da42c7b583/os-quota-sets/b8621b2a7be5409783170c786fc7ca5c => generated 503 bytes in 138 msecs (HTTP/1.1 200) 7 headers in 285 bytes (1 switches on core 0)
Jan 31 20:54:32.473865 dv-cinder-813229-5-iscsi devstack@c-api.service[109414]: INFO cinder.api.openstack.wsgi [None req-24456fd0-f984-4d8d-bc40-3b0351b5f5e7 tempest-VolumeQuotasNegativeTestJSON-1409679092 tempest-VolumeQuotasNegativeTestJSON-1409679092-project] POST http://10.222.0.46/volume/v3/b8621b2a7be5409783170c786fc7ca5c/volumes
Jan 31 20:54:32.474912 dv-cinder-813229-5-iscsi devstack@c-api.service[109414]: DEBUG cinder.api.openstack.wsgi [None req-24456fd0-f984-4d8d-bc40-3b0351b5f5e7 tempest-VolumeQuotasNegativeTestJSON-1409679092 tempest-VolumeQuotasNegativeTestJSON-1409679092-project] Action: 'create', calling method: create, body: {"volume": {"size": 1}} {{(pid=109414) _process_stack /opt/stack/cinder/cinder/api/openstack/wsgi.py:866}}
Jan 31 20:54:32.488071 dv-cinder-813229-5-iscsi devstack@c-api.service[109414]: DEBUG cinder.api.v3.volumes [None req-24456fd0-f984-4d8d-bc40-3b0351b5f5e7 tempest-VolumeQuotasNegativeTestJSON-1409679092 tempest-VolumeQuotasNegativeTestJSON-1409679092-project] Create volume request body: {'volume': {'size': 1}} {{(pid=109414) create /opt/stack/cinder/cinder/api/v3/volumes.py:298}}
Jan 31 20:54:32.488673 dv-cinder-813229-5-iscsi devstack@c-api.service[109414]: INFO cinder.api.v3.volumes [None req-24456fd0-f984-4d8d-bc40-3b0351b5f5e7 tempest-VolumeQuotasNegativeTestJSON-1409679092 tempest-VolumeQuotasNegativeTestJSON-1409679092-project] Create volume of 1 GB
Jan 31 20:54:32.489571 dv-cinder-813229-5-iscsi devstack@c-api.service[109414]: /usr/local/lib/python3.8/dist-packages/oslo_context/context.py:105: DeprecationWarning: Policy enforcement is depending on the value of is_admin. This key is deprecated. Please update your policy file to use the standard policy values.
Jan 31 20:54:32.489571 dv-cinder-813229-5-iscsi devstack@c-api.service[109414]: warnings.warn('Policy enforcement is depending on the value of '
Jan 31 20:54:32.504175 dv-cinder-813229-5-iscsi devstack@c-api.service[109414]: INFO cinder.volume.api [None req-24456fd0-f984-4d8d-bc40-3b0351b5f5e7 tempest-VolumeQuotasNegativeTestJSON-1409679092 tempest-VolumeQuotasNegativeTestJSON-1409679092-project] Availability Zones retrieved successfully.
Jan 31 20:54:32.520310 dv-cinder-813229-5-iscsi devstack@c-api.service[109414]: DEBUG cinder.volume.api [None req-24456fd0-f984-4d8d-bc40-3b0351b5f5e7 tempest-VolumeQuotasNegativeTestJSON-1409679092 tempest-VolumeQuotasNegativeTestJSON-1409679092-project] Flow 'volume_create_api' (0d5a1c62-35a5-4b3c-8af3-b78bec98929e) transitioned into state 'RUNNING' from state 'PENDING' {{(pid=109414) _flow_receiver /usr/local/lib/python3.8/dist-packages/taskflow/listeners/logging.py:141}}
Jan 31 20:54:32.523627 dv-cinder-813229-5-iscsi devstack@c-api.service[109414]: DEBUG cinder.volume.api [None req-24456fd0-f984-4d8d-bc40-3b0351b5f5e7 tempest-VolumeQuotasNegativeTestJSON-1409679092 tempest-VolumeQuotasNegativeTestJSON-1409679092-project] Task 'cinder.volume.flows.api.create_volume.ExtractVolumeRequestTask;volume:create' (492aa053-96e3-4713-baad-fb234431734a) transitioned into state 'RUNNING' from state 'PENDING' {{(pid=109414) _task_receiver /usr/local/lib/python3.8/dist-packages/taskflow/listeners/logging.py:190}}
Jan 31 20:54:32.526196 dv-cinder-813229-5-iscsi devstack@c-api.service[109414]: DEBUG cinder.volume.flows.api.create_volume [None req-24456fd0-f984-4d8d-bc40-3b0351b5f5e7 tempest-VolumeQuotasNegativeTestJSON-1409679092 tempest-VolumeQuotasNegativeTestJSON-1409679092-project] Validating volume size '1' using validate_int {{(pid=109414) _extract_size /opt/stack/cinder/cinder/volume/flows/api/create_volume.py:225}}
Jan 31 20:54:32.569391 dv-cinder-813229-5-iscsi devstack@c-api.service[109414]: DEBUG cinder.volume.api [None req-24456fd0-f984-4d8d-bc40-3b0351b5f5e7 tempest-VolumeQuotasNegativeTestJSON-1409679092 tempest-VolumeQuotasNegativeTestJSON-1409679092-project] Task 'cinder.volume.flows.api.create_volume.ExtractVolumeRequestTask;volume:create' (492aa053-96e3-4713-baad-fb234431734a) transitioned into state 'SUCCESS' from state 'RUNNING' with result '{'size': 1, 'snapshot_id': None, 'source_volid': None, 'volume_type': VolumeType(created_at=2022-01-31T20:44:21Z,deleted=False,deleted_at=None,description='Default Volume Type',extra_specs={},id=de3a3144-16a2-4cfd-894d-0abe2e5a5583,is_public=True,name='__DEFAULT__',projects=[],qos_specs=,qos_specs_id=None,updated_at=2022-01-31T20:44:21Z), 'volume_type_id': 'de3a3144-16a2-4cfd-894d-0abe2e5a5583', 'encryption_key_id': None, 'qos_specs': None, 'consistencygroup_id': None, 'cgsnapshot_id': None, 'group_id': None, 'replication_status': 'disabled', 'refresh_az': False, 'backup_id': None, 'multiattach': False, 'availability_zones': ['nova']}' {{(pid=109414) _task_receiver /usr/local/lib/python3.8/dist-packages/taskflow/listeners/logging.py:178}}
Jan 31 20:54:32.571858 dv-cinder-813229-5-iscsi devstack@c-api.service[109414]: DEBUG cinder.volume.api [None req-24456fd0-f984-4d8d-bc40-3b0351b5f5e7 tempest-VolumeQuotasNegativeTestJSON-1409679092 tempest-VolumeQuotasNegativeTestJSON-1409679092-project] Task 'cinder.volume.flows.api.create_volume.QuotaReserveTask;volume:create' (6b68ac37-c72a-491a-961d-54173788b852) transitioned into state 'RUNNING' from state 'PENDING' {{(pid=109414) _task_receiver /usr/local/lib/python3.8/dist-packages/taskflow/listeners/logging.py:190}}
Jan 31 20:54:32.635624 dv-cinder-813229-5-iscsi devstack@c-api.service[109414]: WARNING cinder.quota_utils [None req-24456fd0-f984-4d8d-bc40-3b0351b5f5e7 tempest-VolumeQuotasNegativeTestJSON-1409679092 tempest-VolumeQuotasNegativeTestJSON-1409679092-project] Quota exceeded for b8621b2a7be5409783170c786fc7ca5c, tried to create volume (1 volumes already consumed).: cinder.exception.OverQuota: Quota exceeded for resources: ['volumes']
Jan 31 20:54:32.639435 dv-cinder-813229-5-iscsi devstack@c-api.service[109414]: WARNING cinder.volume.api [None req-24456fd0-f984-4d8d-bc40-3b0351b5f5e7 tempest-VolumeQuotasNegativeTestJSON-1409679092 tempest-VolumeQuotasNegativeTestJSON-1409679092-project] Task 'cinder.volume.flows.api.create_volume.QuotaReserveTask;volume:create' (6b68ac37-c72a-491a-961d-54173788b852) transitioned into state 'FAILURE' from state 'RUNNING'
Jan 31 20:54:32.639435 dv-cinder-813229-5-iscsi devstack@c-api.service[109414]: Failure: cinder.exception.VolumeLimitExceeded: Maximum number of volumes allowed (1) exceeded for quota 'volumes'.
Jan 31 20:54:32.651234 dv-cinder-813229-5-iscsi devstack@c-api.service[109414]: DEBUG cinder.volume.api [None req-24456fd0-f984-4d8d-bc40-3b0351b5f5e7 tempest-VolumeQuotasNegativeTestJSON-1409679092 tempest-VolumeQuotasNegativeTestJSON-1409679092-project] Task 'cinder.volume.flows.api.create_volume.QuotaReserveTask;volume:create' (6b68ac37-c72a-491a-961d-54173788b852) transitioned into state 'REVERTING' from state 'FAILURE' {{(pid=109414) _task_receiver /usr/local/lib/python3.8/dist-packages/taskflow/listeners/logging.py:190}}
Jan 31 20:54:32.655822 dv-cinder-813229-5-iscsi devstack@c-api.service[109414]: WARNING cinder.volume.api [None req-24456fd0-f984-4d8d-bc40-3b0351b5f5e7 tempest-VolumeQuotasNegativeTestJSON-1409679092 tempest-VolumeQuotasNegativeTestJSON-1409679092-project] Task 'cinder.volume.flows.api.create_volume.QuotaReserveTask;volume:create' (6b68ac37-c72a-491a-961d-54173788b852) transitioned into state 'REVERTED' from state 'REVERTING' with result 'None'
Jan 31 20:54:32.667001 dv-cinder-813229-5-iscsi devstack@c-api.service[109414]: DEBUG cinder.volume.api [None req-24456fd0-f984-4d8d-bc40-3b0351b5f5e7 tempest-VolumeQuotasNegativeTestJSON-1409679092 tempest-VolumeQuotasNegativeTestJSON-1409679092-project] Task 'cinder.volume.flows.api.create_volume.ExtractVolumeRequestTask;volume:create' (492aa053-96e3-4713-baad-fb234431734a) transitioned into state 'REVERTING' from state 'SUCCESS' {{(pid=109414) _task_receiver /usr/local/lib/python3.8/dist-packages/taskflow/listeners/logging.py:190}}
Jan 31 20:54:32.672075 dv-cinder-813229-5-iscsi devstack@c-api.service[109414]: WARNING cinder.volume.api [None req-24456fd0-f984-4d8d-bc40-3b0351b5f5e7 tempest-VolumeQuotasNegativeTestJSON-1409679092 tempest-VolumeQuotasNegativeTestJSON-1409679092-project] Task 'cinder.volume.flows.api.create_volume.ExtractVolumeRequestTask;volume:create' (492aa053-96e3-4713-baad-fb234431734a) transitioned into state 'REVERTED' from state 'REVERTING' with result 'None'
Jan 31 20:54:32.678088 dv-cinder-813229-5-iscsi devstack@c-api.service[109414]: WARNING cinder.volume.api [None req-24456fd0-f984-4d8d-bc40-3b0351b5f5e7 tempest-VolumeQuotasNegativeTestJSON-1409679092 tempest-VolumeQuotasNegativeTestJSON-1409679092-project] Flow 'volume_create_api' (0d5a1c62-35a5-4b3c-8af3-b78bec98929e) transitioned into state 'REVERTED' from state 'RUNNING'
Jan 31 20:54:32.680003 dv-cinder-813229-5-iscsi devstack@c-api.service[109414]: INFO cinder.api.middleware.fault [None req-24456fd0-f984-4d8d-bc40-3b0351b5f5e7 tempest-VolumeQuotasNegativeTestJSON-1409679092 tempest-VolumeQuotasNegativeTestJSON-1409679092-project] http://10.222.0.46/volume/v3/b8621b2a7be5409783170c786fc7ca5c/volumes returned with HTTP 413
Jan 31 20:54:32.683947 dv-cinder-813229-5-iscsi devstack@c-api.service[109414]: [pid: 109414|app: 0|req: 105/231] 10.222.0.46 () {60 vars in 1234 bytes} [Mon Jan 31 20:54:32 2022] POST /volume/v3/b8621b2a7be5409783170c786fc7ca5c/volumes => generated 150 bytes in 215 msecs (HTTP/1.1 413) 8 headers in 323 bytes (2 switches on core 0)
Jan 31 20:54:32.702262 dv-cinder-813229-5-iscsi devstack@c-api.service[109415]: INFO cinder.api.openstack.wsgi [None req-eb7c5df3-05dc-45f0-9b3d-f324f4b6e00f tempest-VolumeQuotasNegativeTestJSON-1600805980 tempest-VolumeQuotasNegativeTestJSON-1600805980-project-admin] PUT http://10.222.0.46/volume/v3/34c916ea4f1f44dcb5e389da42c7b583/os-quota-sets/b8621b2a7be5409783170c786fc7ca5c
Jan 31 20:54:32.705646 dv-cinder-813229-5-iscsi devstack@c-api.service[109415]: DEBUG cinder.api.openstack.wsgi [None req-eb7c5df3-05dc-45f0-9b3d-f324f4b6e00f tempest-VolumeQuotasNegativeTestJSON-1600805980 tempest-VolumeQuotasNegativeTestJSON-1600805980-project-admin] Action: 'update', calling method: update, body: {"quota_set": {"gigabytes": 1}} {{(pid=109415) _process_stack /opt/stack/cinder/cinder/api/openstack/wsgi.py:866}}
Jan 31 20:54:32.822403 dv-cinder-813229-5-iscsi devstack@c-api.service[109415]: INFO cinder.api.openstack.wsgi [None req-eb7c5df3-05dc-45f0-9b3d-f324f4b6e00f tempest-VolumeQuotasNegativeTestJSON-1600805980 tempest-VolumeQuotasNegativeTestJSON-1600805980-project-admin] http://10.222.0.46/volume/v3/34c916ea4f1f44dcb5e389da42c7b583/os-quota-sets/b8621b2a7be5409783170c786fc7ca5c returned with HTTP 200
Jan 31 20:54:32.823245 dv-cinder-813229-5-iscsi devstack@c-api.service[109415]: [pid: 109415|app: 0|req: 127/232] 10.222.0.46 () {60 vars in 1350 bytes} [Mon Jan 31 20:54:32 2022] PUT /volume/v3/34c916ea4f1f44dcb5e389da42c7b583/os-quota-sets/b8621b2a7be5409783170c786fc7ca5c => generated 502 bytes in 134 msecs (HTTP/1.1 200) 7 headers in 285 bytes (1 switches on core 0)
Jan 31 20:54:32.840831 dv-cinder-813229-5-iscsi devstack@c-api.service[109414]: INFO cinder.api.openstack.wsgi [None req-f3a22329-4423-4bed-a0aa-60f4c3fdd447 tempest-VolumeQuotasNegativeTestJSON-1409679092 tempest-VolumeQuotasNegativeTestJSON-1409679092-project] POST http://10.222.0.46/volume/v3/b8621b2a7be5409783170c786fc7ca5c/volumes/e0782a18-959b-4c35-aca5-b78aad27099d/action
Jan 31 20:54:32.842692 dv-cinder-813229-5-iscsi devstack@c-api.service[109414]: DEBUG cinder.api.openstack.wsgi [None req-f3a22329-4423-4bed-a0aa-60f4c3fdd447 tempest-VolumeQuotasNegativeTestJSON-1409679092 tempest-VolumeQuotasNegativeTestJSON-1409679092-project] Action body: b'{"os-extend": {"new_size": 2}}' {{(pid=109414) get_method /opt/stack/cinder/cinder/api/openstack/wsgi.py:983}}
Jan 31 20:54:32.843373 dv-cinder-813229-5-iscsi devstack@c-api.service[109414]: DEBUG cinder.api.openstack.wsgi [None req-f3a22329-4423-4bed-a0aa-60f4c3fdd447 tempest-VolumeQuotasNegativeTestJSON-1409679092 tempest-VolumeQuotasNegativeTestJSON-1409679092-project] Action: 'action', calling method: _extend, body: {"os-extend": {"new_size": 2}} {{(pid=109414) _process_stack /opt/stack/cinder/cinder/api/openstack/wsgi.py:866}}
Jan 31 20:54:32.875480 dv-cinder-813229-5-iscsi devstack@c-api.service[109414]: /usr/local/lib/python3.8/dist-packages/oslo_context/context.py:105: DeprecationWarning: Policy enforcement is depending on the value of is_admin. This key is deprecated. Please update your policy file to use the standard policy values.
Jan 31 20:54:32.875480 dv-cinder-813229-5-iscsi devstack@c-api.service[109414]: warnings.warn('Policy enforcement is depending on the value of '
Jan 31 20:54:32.876496 dv-cinder-813229-5-iscsi devstack@c-api.service[109414]: INFO cinder.volume.api [None req-f3a22329-4423-4bed-a0aa-60f4c3fdd447 tempest-VolumeQuotasNegativeTestJSON-1409679092 tempest-VolumeQuotasNegativeTestJSON-1409679092-project] Volume info retrieved successfully.
Jan 31 20:54:32.880436 dv-cinder-813229-5-iscsi devstack@c-api.service[109415]: INFO cinder.api.openstack.wsgi [None req-9a656c2d-1e1d-431c-9fcb-e8734e993691 tempest-DeleteServersTestJSON-1351021097 tempest-DeleteServersTestJSON-1351021097-project] POST http://10.222.0.46/volume/v3/e272497447254ef592fec399ec9421b0/volumes
Jan 31 20:54:32.882145 dv-cinder-813229-5-iscsi devstack@c-api.service[109415]: DEBUG cinder.api.openstack.wsgi [None req-9a656c2d-1e1d-431c-9fcb-e8734e993691 tempest-DeleteServersTestJSON-1351021097 tempest-DeleteServersTestJSON-1351021097-project] Action: 'create', calling method: create, body: {"volume": {"size": 1, "display_name": "tempest-DeleteServersTestJSON-volume-890319965"}} {{(pid=109415) _process_stack /opt/stack/cinder/cinder/api/openstack/wsgi.py:866}}
Jan 31 20:54:32.883842 dv-cinder-813229-5-iscsi devstack@c-api.service[109415]: DEBUG cinder.api.v3.volumes [None req-9a656c2d-1e1d-431c-9fcb-e8734e993691 tempest-DeleteServersTestJSON-1351021097 tempest-DeleteServersTestJSON-1351021097-project] Create volume request body: {'volume': {'size': 1, 'display_name': 'tempest-DeleteServersTestJSON-volume-890319965'}} {{(pid=109415) create /opt/stack/cinder/cinder/api/v3/volumes.py:298}}
Jan 31 20:54:32.884322 dv-cinder-813229-5-iscsi devstack@c-api.service[109415]: INFO cinder.api.v3.volumes [None req-9a656c2d-1e1d-431c-9fcb-e8734e993691 tempest-DeleteServersTestJSON-1351021097 tempest-DeleteServersTestJSON-1351021097-project] Create volume of 1 GB
Jan 31 20:54:32.894263 dv-cinder-813229-5-iscsi devstack@c-api.service[109415]: INFO cinder.volume.api [None req-9a656c2d-1e1d-431c-9fcb-e8734e993691 tempest-DeleteServersTestJSON-1351021097 tempest-DeleteServersTestJSON-1351021097-project] Availability Zones retrieved successfully.
Jan 31 20:54:32.925106 dv-cinder-813229-5-iscsi devstack@c-api.service[109415]: DEBUG cinder.volume.api [None req-9a656c2d-1e1d-431c-9fcb-e8734e993691 tempest-DeleteServersTestJSON-1351021097 tempest-DeleteServersTestJSON-1351021097-project] Flow 'volume_create_api' (8efab330-bcf1-42dd-9a90-dda0ec0d37d0) transitioned into state 'RUNNING' from state 'PENDING' {{(pid=109415) _flow_receiver /usr/local/lib/python3.8/dist-packages/taskflow/listeners/logging.py:141}}
Jan 31 20:54:32.928086 dv-cinder-813229-5-iscsi devstack@c-api.service[109415]: DEBUG cinder.volume.api [None req-9a656c2d-1e1d-431c-9fcb-e8734e993691 tempest-DeleteServersTestJSON-1351021097 tempest-DeleteServersTestJSON-1351021097-project] Task 'cinder.volume.flows.api.create_volume.ExtractVolumeRequestTask;volume:create' (80ecaafc-201c-420d-bfef-8ed204be7b16) transitioned into state 'RUNNING' from state 'PENDING' {{(pid=109415) _task_receiver /usr/local/lib/python3.8/dist-packages/taskflow/listeners/logging.py:190}}
Jan 31 20:54:32.930673 dv-cinder-813229-5-iscsi devstack@c-api.service[109415]: DEBUG cinder.volume.flows.api.create_volume [None req-9a656c2d-1e1d-431c-9fcb-e8734e993691 tempest-DeleteServersTestJSON-1351021097 tempest-DeleteServersTestJSON-1351021097-project] Validating volume size '1' using validate_int {{(pid=109415) _extract_size /opt/stack/cinder/cinder/volume/flows/api/create_volume.py:225}}
Jan 31 20:54:32.977741 dv-cinder-813229-5-iscsi devstack@c-api.service[109414]: ERROR cinder.volume.api [None req-f3a22329-4423-4bed-a0aa-60f4c3fdd447 tempest-VolumeQuotasNegativeTestJSON-1409679092 tempest-VolumeQuotasNegativeTestJSON-1409679092-project] Quota exceeded for b8621b2a7be5409783170c786fc7ca5c, tried to extend volume by 1G, (1G of 1G already consumed).: cinder.exception.OverQuota: Quota exceeded for resources: ['gigabytes']
Jan 31 20:54:32.980274 dv-cinder-813229-5-iscsi devstack@c-api.service[109415]: DEBUG cinder.volume.api [None req-9a656c2d-1e1d-431c-9fcb-e8734e993691 tempest-DeleteServersTestJSON-1351021097 tempest-DeleteServersTestJSON-1351021097-project] Task 'cinder.volume.flows.api.create_volume.ExtractVolumeRequestTask;volume:create' (80ecaafc-201c-420d-bfef-8ed204be7b16) transitioned into state 'SUCCESS' from state 'RUNNING' with result '{'size': 1, 'snapshot_id': None, 'source_volid': None, 'volume_type': VolumeType(created_at=2022-01-31T20:44:21Z,deleted=False,deleted_at=None,description='Default Volume Type',extra_specs={},id=de3a3144-16a2-4cfd-894d-0abe2e5a5583,is_public=True,name='__DEFAULT__',projects=[],qos_specs=,qos_specs_id=None,updated_at=2022-01-31T20:44:21Z), 'volume_type_id': 'de3a3144-16a2-4cfd-894d-0abe2e5a5583', 'encryption_key_id': None, 'qos_specs': None, 'consistencygroup_id': None, 'cgsnapshot_id': None, 'group_id': None, 'replication_status': 'disabled', 'refresh_az': False, 'backup_id': None, 'multiattach': False, 'availability_zones': ['nova']}' {{(pid=109415) _task_receiver /usr/local/lib/python3.8/dist-packages/taskflow/listeners/logging.py:178}}
Jan 31 20:54:32.982339 dv-cinder-813229-5-iscsi devstack@c-api.service[109415]: DEBUG cinder.volume.api [None req-9a656c2d-1e1d-431c-9fcb-e8734e993691 tempest-DeleteServersTestJSON-1351021097 tempest-DeleteServersTestJSON-1351021097-project] Task 'cinder.volume.flows.api.create_volume.QuotaReserveTask;volume:create' (abe65011-9608-43cb-b241-270ecf1b0ee4) transitioned into state 'RUNNING' from state 'PENDING' {{(pid=109415) _task_receiver /usr/local/lib/python3.8/dist-packages/taskflow/listeners/logging.py:190}}
Jan 31 20:54:32.988001 dv-cinder-813229-5-iscsi devstack@c-api.service[109414]: INFO cinder.api.middleware.fault [None req-f3a22329-4423-4bed-a0aa-60f4c3fdd447 tempest-VolumeQuotasNegativeTestJSON-1409679092 tempest-VolumeQuotasNegativeTestJSON-1409679092-project] http://10.222.0.46/volume/v3/b8621b2a7be5409783170c786fc7ca5c/volumes/e0782a18-959b-4c35-aca5-b78aad27099d/action returned with HTTP 413
Jan 31 20:54:32.997095 dv-cinder-813229-5-iscsi devstack@c-api.service[109414]: [pid: 109414|app: 0|req: 106/233] 10.222.0.46 () {60 vars in 1366 bytes} [Mon Jan 31 20:54:32 2022] POST /volume/v3/b8621b2a7be5409783170c786fc7ca5c/volumes/e0782a18-959b-4c35-aca5-b78aad27099d/action => generated 208 bytes in 157 msecs (HTTP/1.1 413) 8 headers in 323 bytes (1 switches on core 0)
Jan 31 20:54:32.997095 dv-cinder-813229-5-iscsi devstack@c-api.service[109414]: INFO cinder.api.openstack.wsgi [None req-d5d20c13-f448-4646-915e-e1f4dbd0fcd7 tempest-GroupsV314Test-1104149387 tempest-GroupsV314Test-1104149387-project] GET http://10.222.0.46/volume/v3/ca6ab47b887048ef8049a3c7cba804d7/groups/072e760a-05f9-4449-a214-4949c715a0cc
Jan 31 20:54:32.997095 dv-cinder-813229-5-iscsi devstack@c-api.service[109414]: DEBUG cinder.api.openstack.wsgi [None req-d5d20c13-f448-4646-915e-e1f4dbd0fcd7 tempest-GroupsV314Test-1104149387 tempest-GroupsV314Test-1104149387-project] Empty body provided in request {{(pid=109414) get_body /opt/stack/cinder/cinder/api/openstack/wsgi.py:715}}
Jan 31 20:54:32.997095 dv-cinder-813229-5-iscsi devstack@c-api.service[109414]: DEBUG cinder.api.openstack.wsgi [None req-d5d20c13-f448-4646-915e-e1f4dbd0fcd7 tempest-GroupsV314Test-1104149387 tempest-GroupsV314Test-1104149387-project] Calling method 'version_select' {{(pid=109414) _process_stack /opt/stack/cinder/cinder/api/openstack/wsgi.py:868}}
Jan 31 20:54:32.997095 dv-cinder-813229-5-iscsi devstack@c-api.service[109414]: DEBUG cinder.api.v3.groups [None req-d5d20c13-f448-4646-915e-e1f4dbd0fcd7 tempest-GroupsV314Test-1104149387 tempest-GroupsV314Test-1104149387-project] show called for member 072e760a-05f9-4449-a214-4949c715a0cc {{(pid=109414) show /opt/stack/cinder/cinder/api/v3/groups.py:58}}
Jan 31 20:54:33.015408 dv-cinder-813229-5-iscsi devstack@c-api.service[109414]: /usr/local/lib/python3.8/dist-packages/oslo_context/context.py:105: DeprecationWarning: Policy enforcement is depending on the value of is_admin. This key is deprecated. Please update your policy file to use the standard policy values.
Jan 31 20:54:33.015408 dv-cinder-813229-5-iscsi devstack@c-api.service[109414]: warnings.warn('Policy enforcement is depending on the value of '
Jan 31 20:54:33.046584 dv-cinder-813229-5-iscsi devstack@c-api.service[109414]: INFO cinder.api.openstack.wsgi [None req-d5d20c13-f448-4646-915e-e1f4dbd0fcd7 tempest-GroupsV314Test-1104149387 tempest-GroupsV314Test-1104149387-project] http://10.222.0.46/volume/v3/ca6ab47b887048ef8049a3c7cba804d7/groups/072e760a-05f9-4449-a214-4949c715a0cc returned with HTTP 200
Jan 31 20:54:33.053963 dv-cinder-813229-5-iscsi devstack@c-api.service[109414]: [pid: 109414|app: 0|req: 107/234] 10.222.0.46 () {60 vars in 1362 bytes} [Mon Jan 31 20:54:32 2022] GET /volume/v3/ca6ab47b887048ef8049a3c7cba804d7/groups/072e760a-05f9-4449-a214-4949c715a0cc => generated 388 bytes in 58 msecs (HTTP/1.1 200) 7 headers in 286 bytes (1 switches on core 0)
Jan 31 20:54:33.055347 dv-cinder-813229-5-iscsi devstack@c-api.service[109414]: INFO cinder.api.openstack.wsgi [None req-626b4354-8835-44c0-9d0b-5f69c794a445 tempest-VolumeQuotasNegativeTestJSON-1409679092 tempest-VolumeQuotasNegativeTestJSON-1409679092-project] DELETE http://10.222.0.46/volume/v3/b8621b2a7be5409783170c786fc7ca5c/volumes/e0782a18-959b-4c35-aca5-b78aad27099d
Jan 31 20:54:33.056240 dv-cinder-813229-5-iscsi devstack@c-api.service[109414]: DEBUG cinder.api.openstack.wsgi [None req-626b4354-8835-44c0-9d0b-5f69c794a445 tempest-VolumeQuotasNegativeTestJSON-1409679092 tempest-VolumeQuotasNegativeTestJSON-1409679092-project] Empty body provided in request {{(pid=109414) get_body /opt/stack/cinder/cinder/api/openstack/wsgi.py:715}}
Jan 31 20:54:33.058191 dv-cinder-813229-5-iscsi devstack@c-api.service[109414]: DEBUG cinder.api.openstack.wsgi [None req-626b4354-8835-44c0-9d0b-5f69c794a445 tempest-VolumeQuotasNegativeTestJSON-1409679092 tempest-VolumeQuotasNegativeTestJSON-1409679092-project] Calling method 'delete' {{(pid=109414) _process_stack /opt/stack/cinder/cinder/api/openstack/wsgi.py:868}}
Jan 31 20:54:33.059042 dv-cinder-813229-5-iscsi devstack@c-api.service[109414]: INFO cinder.api.v3.volumes [None req-626b4354-8835-44c0-9d0b-5f69c794a445 tempest-VolumeQuotasNegativeTestJSON-1409679092 tempest-VolumeQuotasNegativeTestJSON-1409679092-project] Delete volume with id: e0782a18-959b-4c35-aca5-b78aad27099d
Jan 31 20:54:33.088423 dv-cinder-813229-5-iscsi devstack@c-api.service[109414]: /usr/local/lib/python3.8/dist-packages/oslo_context/context.py:105: DeprecationWarning: Policy enforcement is depending on the value of is_admin. This key is deprecated. Please update your policy file to use the standard policy values.
Jan 31 20:54:33.088423 dv-cinder-813229-5-iscsi devstack@c-api.service[109414]: warnings.warn('Policy enforcement is depending on the value of '
Jan 31 20:54:33.090669 dv-cinder-813229-5-iscsi devstack@c-api.service[109414]: INFO cinder.volume.api [None req-626b4354-8835-44c0-9d0b-5f69c794a445 tempest-VolumeQuotasNegativeTestJSON-1409679092 tempest-VolumeQuotasNegativeTestJSON-1409679092-project] Volume info retrieved successfully.
Jan 31 20:54:33.169078 dv-cinder-813229-5-iscsi devstack@c-api.service[109414]: INFO cinder.volume.api [None req-626b4354-8835-44c0-9d0b-5f69c794a445 tempest-VolumeQuotasNegativeTestJSON-1409679092 tempest-VolumeQuotasNegativeTestJSON-1409679092-project] Delete volume request issued successfully.
Jan 31 20:54:33.170258 dv-cinder-813229-5-iscsi devstack@c-api.service[109414]: INFO cinder.api.openstack.wsgi [None req-626b4354-8835-44c0-9d0b-5f69c794a445 tempest-VolumeQuotasNegativeTestJSON-1409679092 tempest-VolumeQuotasNegativeTestJSON-1409679092-project] http://10.222.0.46/volume/v3/b8621b2a7be5409783170c786fc7ca5c/volumes/e0782a18-959b-4c35-aca5-b78aad27099d returned with HTTP 202
Jan 31 20:54:33.171747 dv-cinder-813229-5-iscsi devstack@c-api.service[109414]: [pid: 109414|app: 0|req: 108/235] 10.222.0.46 () {58 vars in 1327 bytes} [Mon Jan 31 20:54:33 2022] DELETE /volume/v3/b8621b2a7be5409783170c786fc7ca5c/volumes/e0782a18-959b-4c35-aca5-b78aad27099d => generated 0 bytes in 123 msecs (HTTP/1.1 202) 6 headers in 233 bytes (1 switches on core 0)
Jan 31 20:54:33.179104 dv-cinder-813229-5-iscsi devstack@c-api.service[109415]: DEBUG cinder.quota [None req-9a656c2d-1e1d-431c-9fcb-e8734e993691 tempest-DeleteServersTestJSON-1351021097 tempest-DeleteServersTestJSON-1351021097-project] Created reservations ['bb3dec23-a585-4906-b27a-eeff60d7bd42', '39d3f159-b126-4681-acdf-dea58664e49f', '4f33f3ad-7a72-44d9-8cca-e7718dadc288', 'c2bdf6fc-b11a-4c9a-b07d-48be9ff4d2c9'] {{(pid=109415) reserve /opt/stack/cinder/cinder/quota.py:755}}
Jan 31 20:54:33.179998 dv-cinder-813229-5-iscsi devstack@c-api.service[109414]: INFO cinder.api.openstack.wsgi [None req-729c7601-1ac6-41ea-a4e2-514059bdb58e tempest-GroupsV314Test-1104149387 tempest-GroupsV314Test-1104149387-project] POST http://10.222.0.46/volume/v3/ca6ab47b887048ef8049a3c7cba804d7/volumes
Jan 31 20:54:33.181320 dv-cinder-813229-5-iscsi devstack@c-api.service[109414]: DEBUG cinder.api.openstack.wsgi [None req-729c7601-1ac6-41ea-a4e2-514059bdb58e tempest-GroupsV314Test-1104149387 tempest-GroupsV314Test-1104149387-project] Action: 'create', calling method: create, body: {"volume": {"volume_type": "8e2f13cd-d9dd-42fa-8c08-65c78541c291", "group_id": "072e760a-05f9-4449-a214-4949c715a0cc", "size": 1, "name": "tempest-GroupsV314Test-Volume-957644940"}} {{(pid=109414) _process_stack /opt/stack/cinder/cinder/api/openstack/wsgi.py:866}}
Jan 31 20:54:33.181504 dv-cinder-813229-5-iscsi devstack@c-api.service[109415]: DEBUG cinder.volume.api [None req-9a656c2d-1e1d-431c-9fcb-e8734e993691 tempest-DeleteServersTestJSON-1351021097 tempest-DeleteServersTestJSON-1351021097-project] Task 'cinder.volume.flows.api.create_volume.QuotaReserveTask;volume:create' (abe65011-9608-43cb-b241-270ecf1b0ee4) transitioned into state 'SUCCESS' from state 'RUNNING' with result '{'reservations': ['bb3dec23-a585-4906-b27a-eeff60d7bd42', '39d3f159-b126-4681-acdf-dea58664e49f', '4f33f3ad-7a72-44d9-8cca-e7718dadc288', 'c2bdf6fc-b11a-4c9a-b07d-48be9ff4d2c9']}' {{(pid=109415) _task_receiver /usr/local/lib/python3.8/dist-packages/taskflow/listeners/logging.py:178}}
Jan 31 20:54:33.183404 dv-cinder-813229-5-iscsi devstack@c-api.service[109414]: DEBUG cinder.api.v3.volumes [None req-729c7601-1ac6-41ea-a4e2-514059bdb58e tempest-GroupsV314Test-1104149387 tempest-GroupsV314Test-1104149387-project] Create volume request body: {'volume': {'volume_type': '8e2f13cd-d9dd-42fa-8c08-65c78541c291', 'group_id': '072e760a-05f9-4449-a214-4949c715a0cc', 'size': 1, 'name': 'tempest-GroupsV314Test-Volume-957644940'}} {{(pid=109414) create /opt/stack/cinder/cinder/api/v3/volumes.py:298}}
Jan 31 20:54:33.184762 dv-cinder-813229-5-iscsi devstack@c-api.service[109415]: DEBUG cinder.volume.api [None req-9a656c2d-1e1d-431c-9fcb-e8734e993691 tempest-DeleteServersTestJSON-1351021097 tempest-DeleteServersTestJSON-1351021097-project] Task 'cinder.volume.flows.api.create_volume.EntryCreateTask;volume:create' (60d14396-2bdc-4770-b602-c9fa0be25be5) transitioned into state 'RUNNING' from state 'PENDING' {{(pid=109415) _task_receiver /usr/local/lib/python3.8/dist-packages/taskflow/listeners/logging.py:190}}
Jan 31 20:54:33.211867 dv-cinder-813229-5-iscsi devstack@c-api.service[109414]: /usr/local/lib/python3.8/dist-packages/oslo_context/context.py:105: DeprecationWarning: Policy enforcement is depending on the value of is_admin. This key is deprecated. Please update your policy file to use the standard policy values.
Jan 31 20:54:33.211867 dv-cinder-813229-5-iscsi devstack@c-api.service[109414]: warnings.warn('Policy enforcement is depending on the value of '
Jan 31 20:54:33.213444 dv-cinder-813229-5-iscsi devstack@c-api.service[109414]: INFO cinder.api.v3.volumes [None req-729c7601-1ac6-41ea-a4e2-514059bdb58e tempest-GroupsV314Test-1104149387 tempest-GroupsV314Test-1104149387-project] Create volume of 1 GB
Jan 31 20:54:33.233106 dv-cinder-813229-5-iscsi devstack@c-api.service[109414]: INFO cinder.volume.api [None req-729c7601-1ac6-41ea-a4e2-514059bdb58e tempest-GroupsV314Test-1104149387 tempest-GroupsV314Test-1104149387-project] Availability Zones retrieved successfully.
Jan 31 20:54:33.238209 dv-cinder-813229-5-iscsi devstack@c-api.service[109415]: DEBUG cinder.volume.api [None req-9a656c2d-1e1d-431c-9fcb-e8734e993691 tempest-DeleteServersTestJSON-1351021097 tempest-DeleteServersTestJSON-1351021097-project] Task 'cinder.volume.flows.api.create_volume.EntryCreateTask;volume:create' (60d14396-2bdc-4770-b602-c9fa0be25be5) transitioned into state 'SUCCESS' from state 'RUNNING' with result '{'volume_id': '99d1e334-10b0-473f-ab15-e0c3f1813778', 'volume_properties': VolumeProperties(attach_status='detached',availability_zone='nova',cgsnapshot_id=None,consistencygroup_id=None,display_description=None,display_name='tempest-DeleteServersTestJSON-volume-890319965',encryption_key_id=None,group_id=None,group_type_id=,metadata={},multiattach=False,project_id='e272497447254ef592fec399ec9421b0',qos_specs=None,replication_status=,reservations=['bb3dec23-a585-4906-b27a-eeff60d7bd42','39d3f159-b126-4681-acdf-dea58664e49f','4f33f3ad-7a72-44d9-8cca-e7718dadc288','c2bdf6fc-b11a-4c9a-b07d-48be9ff4d2c9'],size=1,snapshot_id=None,source_replicaid=,source_volid=None,status='creating',user_id='fabb9be10bc045d284725be82b7262f8',volume_type_id=de3a3144-16a2-4cfd-894d-0abe2e5a5583), 'volume': Volume(_name_id=None,admin_metadata=,attach_status='detached',availability_zone='nova',bootable=False,cluster=,cluster_name=None,consistencygroup=,consistencygroup_id=None,created_at=2022-01-31T20:54:33Z,deleted=False,deleted_at=None,display_description=None,display_name='tempest-DeleteServersTestJSON-volume-890319965',ec2_id=None,encryption_key_id=None,glance_metadata=,group=,group_id=None,host=None,id=99d1e334-10b0-473f-ab15-e0c3f1813778,launched_at=None,metadata={},migration_status=None,multiattach=False,previous_status=None,project_id='e272497447254ef592fec399ec9421b0',provider_auth=None,provider_geometry=None,provider_id=None,provider_location=None,replication_driver_data=None,replication_extended_status=None,replication_status=None,scheduled_at=None,service_uuid=None,shared_targets=True,size=1,snapshot_id=None,snapshots=,source_volid=None,status='creating',terminated_at=None,updated_at=None,use_quota=True,user_id='fabb9be10bc045d284725be82b7262f8',volume_attachment=VolumeAttachmentList,volume_type=VolumeType(de3a3144-16a2-4cfd-894d-0abe2e5a5583),volume_type_id=de3a3144-16a2-4cfd-894d-0abe2e5a5583)}' {{(pid=109415) _task_receiver /usr/local/lib/python3.8/dist-packages/taskflow/listeners/logging.py:178}}
Jan 31 20:54:33.244043 dv-cinder-813229-5-iscsi devstack@c-api.service[109415]: DEBUG cinder.volume.api [None req-9a656c2d-1e1d-431c-9fcb-e8734e993691 tempest-DeleteServersTestJSON-1351021097 tempest-DeleteServersTestJSON-1351021097-project] Task 'cinder.volume.flows.api.create_volume.QuotaCommitTask;volume:create' (8bc659be-f04f-489d-ae3e-f7d4d2dba25f) transitioned into state 'RUNNING' from state 'PENDING' {{(pid=109415) _task_receiver /usr/local/lib/python3.8/dist-packages/taskflow/listeners/logging.py:190}}
Jan 31 20:54:33.268268 dv-cinder-813229-5-iscsi devstack@c-api.service[109414]: DEBUG cinder.volume.api [None req-729c7601-1ac6-41ea-a4e2-514059bdb58e tempest-GroupsV314Test-1104149387 tempest-GroupsV314Test-1104149387-project] Flow 'volume_create_api' (fbe5d2e7-6073-452d-bd30-a0524a18baf8) transitioned into state 'RUNNING' from state 'PENDING' {{(pid=109414) _flow_receiver /usr/local/lib/python3.8/dist-packages/taskflow/listeners/logging.py:141}}
Jan 31 20:54:33.278813 dv-cinder-813229-5-iscsi devstack@c-api.service[109414]: DEBUG cinder.volume.api [None req-729c7601-1ac6-41ea-a4e2-514059bdb58e tempest-GroupsV314Test-1104149387 tempest-GroupsV314Test-1104149387-project] Task 'cinder.volume.flows.api.create_volume.ExtractVolumeRequestTask;volume:create' (a0453657-ec5a-4a7d-b2ac-e37f3f760bf3) transitioned into state 'RUNNING' from state 'PENDING' {{(pid=109414) _task_receiver /usr/local/lib/python3.8/dist-packages/taskflow/listeners/logging.py:190}}
Jan 31 20:54:33.292033 dv-cinder-813229-5-iscsi devstack@c-api.service[109414]: /usr/local/lib/python3.8/dist-packages/oslo_context/context.py:105: DeprecationWarning: Policy enforcement is depending on the value of is_admin. This key is deprecated. Please update your policy file to use the standard policy values.
Jan 31 20:54:33.292033 dv-cinder-813229-5-iscsi devstack@c-api.service[109414]: warnings.warn('Policy enforcement is depending on the value of '
Jan 31 20:54:33.296676 dv-cinder-813229-5-iscsi devstack@c-api.service[109414]: DEBUG cinder.volume.flows.api.create_volume [None req-729c7601-1ac6-41ea-a4e2-514059bdb58e tempest-GroupsV314Test-1104149387 tempest-GroupsV314Test-1104149387-project] Validating volume size '1' using validate_int {{(pid=109414) _extract_size /opt/stack/cinder/cinder/volume/flows/api/create_volume.py:225}}
Jan 31 20:54:33.332038 dv-cinder-813229-5-iscsi devstack@c-api.service[109415]: DEBUG cinder.volume.api [None req-9a656c2d-1e1d-431c-9fcb-e8734e993691 tempest-DeleteServersTestJSON-1351021097 tempest-DeleteServersTestJSON-1351021097-project] Task 'cinder.volume.flows.api.create_volume.QuotaCommitTask;volume:create' (8bc659be-f04f-489d-ae3e-f7d4d2dba25f) transitioned into state 'SUCCESS' from state 'RUNNING' with result '{'volume_properties': VolumeProperties(attach_status='detached',availability_zone='nova',cgsnapshot_id=None,consistencygroup_id=None,display_description=None,display_name='tempest-DeleteServersTestJSON-volume-890319965',encryption_key_id=None,group_id=None,group_type_id=,metadata={},multiattach=False,project_id='e272497447254ef592fec399ec9421b0',qos_specs=None,replication_status=,reservations=['bb3dec23-a585-4906-b27a-eeff60d7bd42','39d3f159-b126-4681-acdf-dea58664e49f','4f33f3ad-7a72-44d9-8cca-e7718dadc288','c2bdf6fc-b11a-4c9a-b07d-48be9ff4d2c9'],size=1,snapshot_id=None,source_replicaid=,source_volid=None,status='creating',user_id='fabb9be10bc045d284725be82b7262f8',volume_type_id=de3a3144-16a2-4cfd-894d-0abe2e5a5583)}' {{(pid=109415) _task_receiver /usr/local/lib/python3.8/dist-packages/taskflow/listeners/logging.py:178}}
Jan 31 20:54:33.336576 dv-cinder-813229-5-iscsi devstack@c-api.service[109415]: DEBUG cinder.volume.api [None req-9a656c2d-1e1d-431c-9fcb-e8734e993691 tempest-DeleteServersTestJSON-1351021097 tempest-DeleteServersTestJSON-1351021097-project] Task 'cinder.volume.flows.api.create_volume.VolumeCastTask;volume:create' (0efc9e27-c8b1-4d9f-8e54-3fcdff3f2587) transitioned into state 'RUNNING' from state 'PENDING' {{(pid=109415) _task_receiver /usr/local/lib/python3.8/dist-packages/taskflow/listeners/logging.py:190}}
Jan 31 20:54:33.362257 dv-cinder-813229-5-iscsi devstack@c-api.service[109414]: DEBUG cinder.volume.api [None req-729c7601-1ac6-41ea-a4e2-514059bdb58e tempest-GroupsV314Test-1104149387 tempest-GroupsV314Test-1104149387-project] Task 'cinder.volume.flows.api.create_volume.ExtractVolumeRequestTask;volume:create' (a0453657-ec5a-4a7d-b2ac-e37f3f760bf3) transitioned into state 'SUCCESS' from state 'RUNNING' with result '{'size': 1, 'snapshot_id': None, 'source_volid': None, 'volume_type': VolumeType(created_at=2022-01-31T20:54:31Z,deleted=False,deleted_at=None,description=None,extra_specs={},id=8e2f13cd-d9dd-42fa-8c08-65c78541c291,is_public=True,name='tempest-GroupsV314Test-volume-type-1110998036',projects=[],qos_specs=,qos_specs_id=None,updated_at=None), 'volume_type_id': '8e2f13cd-d9dd-42fa-8c08-65c78541c291', 'encryption_key_id': None, 'qos_specs': None, 'consistencygroup_id': None, 'cgsnapshot_id': None, 'group_id': '072e760a-05f9-4449-a214-4949c715a0cc', 'replication_status': 'disabled', 'refresh_az': False, 'backup_id': None, 'multiattach': False, 'availability_zones': ['nova']}' {{(pid=109414) _task_receiver /usr/local/lib/python3.8/dist-packages/taskflow/listeners/logging.py:178}}
Jan 31 20:54:33.366727 dv-cinder-813229-5-iscsi devstack@c-api.service[109414]: DEBUG cinder.volume.api [None req-729c7601-1ac6-41ea-a4e2-514059bdb58e tempest-GroupsV314Test-1104149387 tempest-GroupsV314Test-1104149387-project] Task 'cinder.volume.flows.api.create_volume.QuotaReserveTask;volume:create' (c6e1d710-122d-44dc-908f-0c971819cdf3) transitioned into state 'RUNNING' from state 'PENDING' {{(pid=109414) _task_receiver /usr/local/lib/python3.8/dist-packages/taskflow/listeners/logging.py:190}}
Jan 31 20:54:33.387005 dv-cinder-813229-5-iscsi devstack@c-api.service[109415]: DEBUG cinder.volume.api [None req-9a656c2d-1e1d-431c-9fcb-e8734e993691 tempest-DeleteServersTestJSON-1351021097 tempest-DeleteServersTestJSON-1351021097-project] Task 'cinder.volume.flows.api.create_volume.VolumeCastTask;volume:create' (0efc9e27-c8b1-4d9f-8e54-3fcdff3f2587) transitioned into state 'SUCCESS' from state 'RUNNING' with result 'None' {{(pid=109415) _task_receiver /usr/local/lib/python3.8/dist-packages/taskflow/listeners/logging.py:178}}
Jan 31 20:54:33.402837 dv-cinder-813229-5-iscsi devstack@c-api.service[109415]: DEBUG cinder.volume.api [None req-9a656c2d-1e1d-431c-9fcb-e8734e993691 tempest-DeleteServersTestJSON-1351021097 tempest-DeleteServersTestJSON-1351021097-project] Flow 'volume_create_api' (8efab330-bcf1-42dd-9a90-dda0ec0d37d0) transitioned into state 'SUCCESS' from state 'RUNNING' {{(pid=109415) _flow_receiver /usr/local/lib/python3.8/dist-packages/taskflow/listeners/logging.py:141}}
Jan 31 20:54:33.404294 dv-cinder-813229-5-iscsi devstack@c-api.service[109415]: INFO cinder.volume.api [None req-9a656c2d-1e1d-431c-9fcb-e8734e993691 tempest-DeleteServersTestJSON-1351021097 tempest-DeleteServersTestJSON-1351021097-project] Create volume request issued successfully.
Jan 31 20:54:33.406394 dv-cinder-813229-5-iscsi devstack@c-api.service[109415]: INFO cinder.api.openstack.wsgi [None req-9a656c2d-1e1d-431c-9fcb-e8734e993691 tempest-DeleteServersTestJSON-1351021097 tempest-DeleteServersTestJSON-1351021097-project] http://10.222.0.46/volume/v3/e272497447254ef592fec399ec9421b0/volumes returned with HTTP 202
Jan 31 20:54:33.412379 dv-cinder-813229-5-iscsi devstack@c-api.service[109415]: [pid: 109415|app: 0|req: 128/236] 10.222.0.46 () {60 vars in 1234 bytes} [Mon Jan 31 20:54:32 2022] POST /volume/v3/e272497447254ef592fec399ec9421b0/volumes => generated 820 bytes in 539 msecs (HTTP/1.1 202) 7 headers in 291 bytes (2 switches on core 0)
Jan 31 20:54:33.438072 dv-cinder-813229-5-iscsi devstack@c-api.service[109415]: INFO cinder.api.openstack.wsgi [None req-de284cee-bc4a-417f-9d3a-fc0050d4b77a tempest-VolumeQuotasNegativeTestJSON-1409679092 tempest-VolumeQuotasNegativeTestJSON-1409679092-project] GET http://10.222.0.46/volume/v3/b8621b2a7be5409783170c786fc7ca5c/volumes/e0782a18-959b-4c35-aca5-b78aad27099d
Jan 31 20:54:33.438755 dv-cinder-813229-5-iscsi devstack@c-api.service[109415]: DEBUG cinder.api.openstack.wsgi [None req-de284cee-bc4a-417f-9d3a-fc0050d4b77a tempest-VolumeQuotasNegativeTestJSON-1409679092 tempest-VolumeQuotasNegativeTestJSON-1409679092-project] Empty body provided in request {{(pid=109415) get_body /opt/stack/cinder/cinder/api/openstack/wsgi.py:715}}
Jan 31 20:54:33.439595 dv-cinder-813229-5-iscsi devstack@c-api.service[109415]: DEBUG cinder.api.openstack.wsgi [None req-de284cee-bc4a-417f-9d3a-fc0050d4b77a tempest-VolumeQuotasNegativeTestJSON-1409679092 tempest-VolumeQuotasNegativeTestJSON-1409679092-project] Calling method 'show' {{(pid=109415) _process_stack /opt/stack/cinder/cinder/api/openstack/wsgi.py:868}}
Jan 31 20:54:33.469671 dv-cinder-813229-5-iscsi devstack@c-api.service[109415]: /usr/local/lib/python3.8/dist-packages/oslo_context/context.py:105: DeprecationWarning: Policy enforcement is depending on the value of is_admin. This key is deprecated. Please update your policy file to use the standard policy values.
Jan 31 20:54:33.469671 dv-cinder-813229-5-iscsi devstack@c-api.service[109415]: warnings.warn('Policy enforcement is depending on the value of '
Jan 31 20:54:33.477869 dv-cinder-813229-5-iscsi devstack@c-api.service[109415]: INFO cinder.api.openstack.wsgi [None req-de284cee-bc4a-417f-9d3a-fc0050d4b77a tempest-VolumeQuotasNegativeTestJSON-1409679092 tempest-VolumeQuotasNegativeTestJSON-1409679092-project] http://10.222.0.46/volume/v3/b8621b2a7be5409783170c786fc7ca5c/volumes/e0782a18-959b-4c35-aca5-b78aad27099d returned with HTTP 404
Jan 31 20:54:33.484563 dv-cinder-813229-5-iscsi devstack@c-api.service[109415]: [pid: 109415|app: 0|req: 129/237] 10.222.0.46 () {58 vars in 1324 bytes} [Mon Jan 31 20:54:33 2022] GET /volume/v3/b8621b2a7be5409783170c786fc7ca5c/volumes/e0782a18-959b-4c35-aca5-b78aad27099d => generated 109 bytes in 72 msecs (HTTP/1.1 404) 7 headers in 292 bytes (1 switches on core 0)
Jan 31 20:54:33.490684 dv-cinder-813229-5-iscsi devstack@c-api.service[109415]: INFO cinder.api.openstack.wsgi [None req-3c409952-e33b-4a6b-9e60-9e9d091b4828 tempest-DeleteServersTestJSON-1351021097 tempest-DeleteServersTestJSON-1351021097-project] GET http://10.222.0.46/volume/v3/e272497447254ef592fec399ec9421b0/volumes/99d1e334-10b0-473f-ab15-e0c3f1813778
Jan 31 20:54:33.491664 dv-cinder-813229-5-iscsi devstack@c-api.service[109415]: DEBUG cinder.api.openstack.wsgi [None req-3c409952-e33b-4a6b-9e60-9e9d091b4828 tempest-DeleteServersTestJSON-1351021097 tempest-DeleteServersTestJSON-1351021097-project] Empty body provided in request {{(pid=109415) get_body /opt/stack/cinder/cinder/api/openstack/wsgi.py:715}}
Jan 31 20:54:33.492370 dv-cinder-813229-5-iscsi devstack@c-api.service[109415]: DEBUG cinder.api.openstack.wsgi [None req-3c409952-e33b-4a6b-9e60-9e9d091b4828 tempest-DeleteServersTestJSON-1351021097 tempest-DeleteServersTestJSON-1351021097-project] Calling method 'show' {{(pid=109415) _process_stack /opt/stack/cinder/cinder/api/openstack/wsgi.py:868}}
Jan 31 20:54:33.519366 dv-cinder-813229-5-iscsi devstack@c-api.service[109415]: /usr/local/lib/python3.8/dist-packages/oslo_context/context.py:105: DeprecationWarning: Policy enforcement is depending on the value of is_admin. This key is deprecated. Please update your policy file to use the standard policy values.
Jan 31 20:54:33.519366 dv-cinder-813229-5-iscsi devstack@c-api.service[109415]: warnings.warn('Policy enforcement is depending on the value of '
Jan 31 20:54:33.533841 dv-cinder-813229-5-iscsi devstack@c-api.service[109414]: WARNING cinder.quota [None req-729c7601-1ac6-41ea-a4e2-514059bdb58e tempest-GroupsV314Test-1104149387 tempest-GroupsV314Test-1104149387-project] Deprecated: Default quota for resource: volumes_tempest-GroupsV314Test-volume-type-1110998036 is set by the default quota flag: quota_volumes_tempest-GroupsV314Test-volume-type-1110998036, it is now deprecated. Please use the default quota class for default quota.
Jan 31 20:54:33.535724 dv-cinder-813229-5-iscsi devstack@c-api.service[109414]: WARNING cinder.quota [None req-729c7601-1ac6-41ea-a4e2-514059bdb58e tempest-GroupsV314Test-1104149387 tempest-GroupsV314Test-1104149387-project] Deprecated: Default quota for resource: gigabytes_tempest-GroupsV314Test-volume-type-1110998036 is set by the default quota flag: quota_gigabytes_tempest-GroupsV314Test-volume-type-1110998036, it is now deprecated. Please use the default quota class for default quota.
Jan 31 20:54:33.553228 dv-cinder-813229-5-iscsi devstack@c-api.service[109415]: INFO cinder.volume.api [None req-3c409952-e33b-4a6b-9e60-9e9d091b4828 tempest-DeleteServersTestJSON-1351021097 tempest-DeleteServersTestJSON-1351021097-project] Volume info retrieved successfully.
Jan 31 20:54:33.580863 dv-cinder-813229-5-iscsi devstack@c-api.service[109415]: INFO cinder.api.openstack.wsgi [None req-3c409952-e33b-4a6b-9e60-9e9d091b4828 tempest-DeleteServersTestJSON-1351021097 tempest-DeleteServersTestJSON-1351021097-project] http://10.222.0.46/volume/v3/e272497447254ef592fec399ec9421b0/volumes/99d1e334-10b0-473f-ab15-e0c3f1813778 returned with HTTP 200
Jan 31 20:54:33.592401 dv-cinder-813229-5-iscsi devstack@c-api.service[109415]: [pid: 109415|app: 0|req: 130/238] 10.222.0.46 () {58 vars in 1324 bytes} [Mon Jan 31 20:54:33 2022] GET /volume/v3/e272497447254ef592fec399ec9421b0/volumes/99d1e334-10b0-473f-ab15-e0c3f1813778 => generated 888 bytes in 107 msecs (HTTP/1.1 200) 7 headers in 285 bytes (1 switches on core 0)
Jan 31 20:54:33.600695 dv-cinder-813229-5-iscsi devstack@c-api.service[109415]: INFO cinder.api.openstack.wsgi [None req-cde6d3cf-f32f-4056-bb9b-1d6ca4d89c47 tempest-VolumeQuotasNegativeTestJSON-1600805980 tempest-VolumeQuotasNegativeTestJSON-1600805980-project-admin] PUT http://10.222.0.46/volume/v3/34c916ea4f1f44dcb5e389da42c7b583/os-quota-sets/b8621b2a7be5409783170c786fc7ca5c
Jan 31 20:54:33.608180 dv-cinder-813229-5-iscsi devstack@c-api.service[109415]: DEBUG cinder.api.openstack.wsgi [None req-cde6d3cf-f32f-4056-bb9b-1d6ca4d89c47 tempest-VolumeQuotasNegativeTestJSON-1600805980 tempest-VolumeQuotasNegativeTestJSON-1600805980-project-admin] Action: 'update', calling method: update, body: {"quota_set": {"volumes": 10, "per_volume_gigabytes": -1, "snapshots": 10, "gigabytes": 1000, "backups": 10, "backup_gigabytes": 1000}} {{(pid=109415) _process_stack /opt/stack/cinder/cinder/api/openstack/wsgi.py:866}}
Jan 31 20:54:33.725998 dv-cinder-813229-5-iscsi devstack@c-api.service[109414]: DEBUG cinder.quota [None req-729c7601-1ac6-41ea-a4e2-514059bdb58e tempest-GroupsV314Test-1104149387 tempest-GroupsV314Test-1104149387-project] Created reservations ['b78c7059-44fe-4241-bb4b-cfdfd57ee72d', 'f15ef3b9-c77f-4afd-8686-6e4b10ddad43', '54551fd3-7116-4584-a651-c0f98831d708', 'cd3ed278-60d7-4b47-aa68-44b31b378b30'] {{(pid=109414) reserve /opt/stack/cinder/cinder/quota.py:755}}
Jan 31 20:54:33.730097 dv-cinder-813229-5-iscsi devstack@c-api.service[109414]: DEBUG cinder.volume.api [None req-729c7601-1ac6-41ea-a4e2-514059bdb58e tempest-GroupsV314Test-1104149387 tempest-GroupsV314Test-1104149387-project] Task 'cinder.volume.flows.api.create_volume.QuotaReserveTask;volume:create' (c6e1d710-122d-44dc-908f-0c971819cdf3) transitioned into state 'SUCCESS' from state 'RUNNING' with result '{'reservations': ['b78c7059-44fe-4241-bb4b-cfdfd57ee72d', 'f15ef3b9-c77f-4afd-8686-6e4b10ddad43', '54551fd3-7116-4584-a651-c0f98831d708', 'cd3ed278-60d7-4b47-aa68-44b31b378b30']}' {{(pid=109414) _task_receiver /usr/local/lib/python3.8/dist-packages/taskflow/listeners/logging.py:178}}
Jan 31 20:54:33.737006 dv-cinder-813229-5-iscsi devstack@c-api.service[109414]: DEBUG cinder.volume.api [None req-729c7601-1ac6-41ea-a4e2-514059bdb58e tempest-GroupsV314Test-1104149387 tempest-GroupsV314Test-1104149387-project] Task 'cinder.volume.flows.api.create_volume.EntryCreateTask;volume:create' (d9d30244-c419-40ec-9abd-5662137d5de0) transitioned into state 'RUNNING' from state 'PENDING' {{(pid=109414) _task_receiver /usr/local/lib/python3.8/dist-packages/taskflow/listeners/logging.py:190}}
