Dec 15 13:51:38.505180 dv-cinder-813229-4-smb neutron-server[109468]: DEBUG neutron.plugins.ml2.db [None req-de5610fc-4d97-449f-b9a8-859db5da4869 None None] For port 3400c2b1-80cc-4bf1-b8dd-f50eb88116dc, host hv-cinder-81322, got binding levels [PortBindingLevel(driver='hyperv',host='hv-cinder-81322',level=0,port_id=3400c2b1-80cc-4bf1-b8dd-f50eb88116dc,segment=NetworkSegment(4fc119ed-bf4e-4f0f-890f-b6754c23b702),segment_id=4fc119ed-bf4e-4f0f-890f-b6754c23b702)] {{(pid=109468) get_binding_level_objs /opt/stack/neutron/neutron/plugins/ml2/db.py:74}}
Dec 15 13:51:38.516512 dv-cinder-813229-4-smb neutron-server[109468]: DEBUG neutron.plugins.ml2.rpc [None req-de5610fc-4d97-449f-b9a8-859db5da4869 None None] Returning: {'device': '3400c2b1-80cc-4bf1-b8dd-f50eb88116dc', 'network_id': 'd05c32c4-d70f-469a-8c2d-5f04f8cf0eb6', 'port_id': '3400c2b1-80cc-4bf1-b8dd-f50eb88116dc', 'mac_address': 'fa:16:3e:5c:97:17', 'admin_state_up': True, 'network_type': 'vlan', 'segmentation_id': 707, 'physical_network': 'physnet1', 'mtu': 1500, 'fixed_ips': [{'subnet_id': 'aad2d3f2-ca09-4deb-9aba-a50e25675c43', 'ip_address': '172.20.0.10'}], 'device_owner': 'compute:nova', 'allowed_address_pairs': [], 'port_security_enabled': True, 'qos_policy_id': None, 'network_qos_policy_id': None, 'profile': {}, 'propagate_uplink_status': False} {{(pid=109468) _get_device_details /opt/stack/neutron/neutron/plugins/ml2/rpc.py:184}}
Dec 15 13:51:38.521821 dv-cinder-813229-4-smb neutron-server[109466]: DEBUG neutron_lib.callbacks.manager [None req-bc68c293-38c1-4547-a829-cb1383b94e21 admin admin] Publish callbacks [] for security_group, precommit_create {{(pid=109466) _notify_loop /usr/local/lib/python3.8/dist-packages/neutron_lib/callbacks/manager.py:175}}
Dec 15 13:51:38.564510 dv-cinder-813229-4-smb neutron-server[109468]: DEBUG neutron_lib.callbacks.manager [None req-de5610fc-4d97-449f-b9a8-859db5da4869 None None] Publish callbacks ['neutron.plugins.ml2.plugin.SecurityGroupDbMixin._ensure_default_security_group_handler-610144'] for port, before_update {{(pid=109468) _notify_loop /usr/local/lib/python3.8/dist-packages/neutron_lib/callbacks/manager.py:175}}
Dec 15 13:51:38.577421 dv-cinder-813229-4-smb neutron-server[109468]: DEBUG neutron.notifiers.nova [None req-de5610fc-4d97-449f-b9a8-859db5da4869 None None] Ignoring state change previous_port_status: DOWN current_port_status: BUILD port_id 3400c2b1-80cc-4bf1-b8dd-f50eb88116dc {{(pid=109468) record_port_status_changed /opt/stack/neutron/neutron/notifiers/nova.py:224}}
Dec 15 13:51:38.597250 dv-cinder-813229-4-smb neutron-server[109468]: DEBUG neutron.plugins.ml2.db [None req-de5610fc-4d97-449f-b9a8-859db5da4869 None None] For port 3400c2b1-80cc-4bf1-b8dd-f50eb88116dc, host hv-cinder-81322, got binding levels [PortBindingLevel(driver='hyperv',host='hv-cinder-81322',level=0,port_id=3400c2b1-80cc-4bf1-b8dd-f50eb88116dc,segment=NetworkSegment(4fc119ed-bf4e-4f0f-890f-b6754c23b702),segment_id=4fc119ed-bf4e-4f0f-890f-b6754c23b702)] {{(pid=109468) get_binding_level_objs /opt/stack/neutron/neutron/plugins/ml2/db.py:74}}
Dec 15 13:51:38.632233 dv-cinder-813229-4-smb neutron-server[109466]: DEBUG neutron_lib.callbacks.manager [None req-bc68c293-38c1-4547-a829-cb1383b94e21 admin admin] Publish callbacks ['neutron.plugins.ml2.ovo_rpc._ObjectChangeHandler.handle_event-1723246'] for security_group, after_create {{(pid=109466) _notify_loop /usr/local/lib/python3.8/dist-packages/neutron_lib/callbacks/manager.py:175}}
Dec 15 13:51:38.656407 dv-cinder-813229-4-smb neutron-server[109468]: DEBUG neutron_lib.callbacks.manager [None req-de5610fc-4d97-449f-b9a8-859db5da4869 None None] Publish callbacks ['neutron.plugins.ml2.plugin.SecurityGroupServerNotifierRpcMixin._notify_sg_on_port_change-619455', 'neutron.plugins.ml2.ovo_rpc._ObjectChangeHandler.handle_event-63094', 'neutron.api.rpc.agentnotifiers.dhcp_rpc_agent_api.DhcpAgentNotifyAPI._native_event_send_dhcp_notification-1610356', 'neutron.db.l3_db.L3RpcNotifierMixin._notify_gateway_port_ip_changed-8775768864997', 'neutron.db.l3_dvrscheduler_db._notify_l3_agent_port_update-8775768380124', 'neutron.db.l3_hascheduler_db._notify_l3_agent_ha_port_update-8775768380142'] for port, after_update {{(pid=109468) _notify_loop /usr/local/lib/python3.8/dist-packages/neutron_lib/callbacks/manager.py:175}}
Dec 15 13:51:38.674798 dv-cinder-813229-4-smb neutron-server[109466]: DEBUG neutron.api.rpc.handlers.resources_rpc [None req-bc68c293-38c1-4547-a829-cb1383b94e21 admin admin] Pushing event updated for resources: {'SecurityGroup': ['ID=fcf3ea9b-6b72-46d7-9622-fe0b950d9a55,revision_number=1']} {{(pid=109466) push /opt/stack/neutron/neutron/api/rpc/handlers/resources_rpc.py:237}}
Dec 15 13:51:38.681976 dv-cinder-813229-4-smb neutron-server[109466]: INFO neutron.wsgi [None req-bc68c293-38c1-4547-a829-cb1383b94e21 admin admin] 10.222.0.65 "GET /v2.0/security-groups?tenant_id=7c6f5d7ab711422b957c5173a2fabef3&name=default HTTP/1.1" status: 200 len: 2996 time: 0.5233700
Dec 15 13:51:38.688388 dv-cinder-813229-4-smb neutron-server[109466]: DEBUG neutron.api.rpc.callbacks.version_manager [None req-bc68c293-38c1-4547-a829-cb1383b94e21 admin admin] Version for resource type AddressGroup changed None to 1.2 on consumer Open vSwitch agent@dv-cinder-813229-4-smb {{(pid=109466) _set_version /opt/stack/neutron/neutron/api/rpc/callbacks/version_manager.py:113}}
Dec 15 13:51:38.688388 dv-cinder-813229-4-smb neutron-server[109466]: DEBUG neutron.api.rpc.callbacks.version_manager [None req-bc68c293-38c1-4547-a829-cb1383b94e21 admin admin] Version for resource type ConntrackHelper changed None to 1.0 on consumer Open vSwitch agent@dv-cinder-813229-4-smb {{(pid=109466) _set_version /opt/stack/neutron/neutron/api/rpc/callbacks/version_manager.py:113}}
Dec 15 13:51:38.688388 dv-cinder-813229-4-smb neutron-server[109466]: DEBUG neutron.api.rpc.callbacks.version_manager [None req-bc68c293-38c1-4547-a829-cb1383b94e21 admin admin] Version for resource type LocalIPAssociation changed None to 1.0 on consumer Open vSwitch agent@dv-cinder-813229-4-smb {{(pid=109466) _set_version /opt/stack/neutron/neutron/api/rpc/callbacks/version_manager.py:113}}
Dec 15 13:51:38.688757 dv-cinder-813229-4-smb neutron-server[109467]: DEBUG neutron.wsgi [-] (109467) accepted ('10.222.0.65', 49084) {{(pid=109467) server /usr/local/lib/python3.8/dist-packages/eventlet/wsgi.py:1004}}
Dec 15 13:51:38.689212 dv-cinder-813229-4-smb neutron-server[109466]: DEBUG neutron.api.rpc.callbacks.version_manager [None req-bc68c293-38c1-4547-a829-cb1383b94e21 admin admin] Version for resource type Log changed None to 1.0 on consumer Open vSwitch agent@dv-cinder-813229-4-smb {{(pid=109466) _set_version /opt/stack/neutron/neutron/api/rpc/callbacks/version_manager.py:113}}
Dec 15 13:51:38.689212 dv-cinder-813229-4-smb neutron-server[109466]: DEBUG neutron.api.rpc.callbacks.version_manager [None req-bc68c293-38c1-4547-a829-cb1383b94e21 admin admin] Version for resource type Network changed None to 1.1 on consumer Open vSwitch agent@dv-cinder-813229-4-smb {{(pid=109466) _set_version /opt/stack/neutron/neutron/api/rpc/callbacks/version_manager.py:113}}
Dec 15 13:51:38.689212 dv-cinder-813229-4-smb neutron-server[109466]: DEBUG neutron.api.rpc.callbacks.version_manager [None req-bc68c293-38c1-4547-a829-cb1383b94e21 admin admin] Version for resource type Port changed None to 1.7 on consumer Open vSwitch agent@dv-cinder-813229-4-smb {{(pid=109466) _set_version /opt/stack/neutron/neutron/api/rpc/callbacks/version_manager.py:113}}
Dec 15 13:51:38.689768 dv-cinder-813229-4-smb neutron-server[109466]: DEBUG neutron.api.rpc.callbacks.version_manager [None req-bc68c293-38c1-4547-a829-cb1383b94e21 admin admin] Version for resource type PortForwarding changed None to 1.2 on consumer Open vSwitch agent@dv-cinder-813229-4-smb {{(pid=109466) _set_version /opt/stack/neutron/neutron/api/rpc/callbacks/version_manager.py:113}}
Dec 15 13:51:38.690352 dv-cinder-813229-4-smb neutron-server[109466]: DEBUG neutron.api.rpc.callbacks.version_manager [None req-bc68c293-38c1-4547-a829-cb1383b94e21 admin admin] Version for resource type QosPolicy changed None to 1.10 on consumer Open vSwitch agent@dv-cinder-813229-4-smb {{(pid=109466) _set_version /opt/stack/neutron/neutron/api/rpc/callbacks/version_manager.py:113}}
Dec 15 13:51:38.690760 dv-cinder-813229-4-smb neutron-server[109466]: DEBUG neutron.api.rpc.callbacks.version_manager [None req-bc68c293-38c1-4547-a829-cb1383b94e21 admin admin] Version for resource type SecurityGroup changed None to 1.5 on consumer Open vSwitch agent@dv-cinder-813229-4-smb {{(pid=109466) _set_version /opt/stack/neutron/neutron/api/rpc/callbacks/version_manager.py:113}}
Dec 15 13:51:38.691417 dv-cinder-813229-4-smb neutron-server[109466]: DEBUG neutron.api.rpc.callbacks.version_manager [None req-bc68c293-38c1-4547-a829-cb1383b94e21 admin admin] Version for resource type SecurityGroupRule changed None to 1.2 on consumer Open vSwitch agent@dv-cinder-813229-4-smb {{(pid=109466) _set_version /opt/stack/neutron/neutron/api/rpc/callbacks/version_manager.py:113}}
Dec 15 13:51:38.691874 dv-cinder-813229-4-smb neutron-server[109466]: DEBUG neutron.api.rpc.callbacks.version_manager [None req-bc68c293-38c1-4547-a829-cb1383b94e21 admin admin] Version for resource type SubPort changed None to 1.0 on consumer Open vSwitch agent@dv-cinder-813229-4-smb {{(pid=109466) _set_version /opt/stack/neutron/neutron/api/rpc/callbacks/version_manager.py:113}}
Dec 15 13:51:38.692281 dv-cinder-813229-4-smb neutron-server[109466]: DEBUG neutron.api.rpc.callbacks.version_manager [None req-bc68c293-38c1-4547-a829-cb1383b94e21 admin admin] Version for resource type Subnet changed None to 1.1 on consumer Open vSwitch agent@dv-cinder-813229-4-smb {{(pid=109466) _set_version /opt/stack/neutron/neutron/api/rpc/callbacks/version_manager.py:113}}
Dec 15 13:51:38.692681 dv-cinder-813229-4-smb neutron-server[109466]: DEBUG neutron.api.rpc.callbacks.version_manager [None req-bc68c293-38c1-4547-a829-cb1383b94e21 admin admin] Version for resource type Trunk changed None to 1.1 on consumer Open vSwitch agent@dv-cinder-813229-4-smb {{(pid=109466) _set_version /opt/stack/neutron/neutron/api/rpc/callbacks/version_manager.py:113}}
Dec 15 13:51:38.742322 dv-cinder-813229-4-smb neutron-server[109468]: DEBUG neutron.api.rpc.handlers.resources_rpc [None req-de5610fc-4d97-449f-b9a8-859db5da4869 None None] Pushing event updated for resources: {'Port': ['ID=3400c2b1-80cc-4bf1-b8dd-f50eb88116dc,revision_number=4']} {{(pid=109468) push /opt/stack/neutron/neutron/api/rpc/handlers/resources_rpc.py:237}}
Dec 15 13:51:38.823084 dv-cinder-813229-4-smb neutron-server[109467]: DEBUG neutron_lib.callbacks.manager [None req-dce36066-39d2-4447-ab57-7dfaa0a859fb admin admin] Publish callbacks [] for security_group, before_delete {{(pid=109467) _notify_loop /usr/local/lib/python3.8/dist-packages/neutron_lib/callbacks/manager.py:175}}
Dec 15 13:51:38.830585 dv-cinder-813229-4-smb neutron-server[109467]: DEBUG neutron.pecan_wsgi.hooks.policy_enforcement [req-b1b65925-0c77-4084-9ab9-94db17d1838f req-0591cc0d-8249-4a6d-87c1-cac8eac74b95 tempest-AttachVolumeNegativeTest-260374398 tempest-AttachVolumeNegativeTest-260374398-project] Attributes excluded by policy engine: ['standard_attr_id', 'binding:profile', 'binding:host_id', 'binding:vif_type', 'binding:vif_details'] {{(pid=109467) _exclude_attributes_by_policy /opt/stack/neutron/neutron/pecan_wsgi/hooks/policy_enforcement.py:255}}
Dec 15 13:51:38.831906 dv-cinder-813229-4-smb neutron-server[109467]: INFO neutron.wsgi [req-b1b65925-0c77-4084-9ab9-94db17d1838f req-0591cc0d-8249-4a6d-87c1-cac8eac74b95 tempest-AttachVolumeNegativeTest-260374398 tempest-AttachVolumeNegativeTest-260374398-project] 10.222.0.65 "GET /v2.0/ports?device_id=f577c94c-9cc4-4bb9-a8dc-850e579987a1 HTTP/1.1" status: 200 len: 945 time: 0.0934279
Dec 15 13:51:38.864213 dv-cinder-813229-4-smb neutron-server[109467]: DEBUG neutron_lib.callbacks.manager [None req-dce36066-39d2-4447-ab57-7dfaa0a859fb admin admin] Publish callbacks [] for security_group, precommit_delete {{(pid=109467) _notify_loop /usr/local/lib/python3.8/dist-packages/neutron_lib/callbacks/manager.py:175}}
Dec 15 13:51:38.913798 dv-cinder-813229-4-smb neutron-server[109467]: INFO neutron.wsgi [req-b1b65925-0c77-4084-9ab9-94db17d1838f req-fc5949de-f157-4aa5-9135-f3857e4a6a4e tempest-AttachVolumeNegativeTest-260374398 tempest-AttachVolumeNegativeTest-260374398-project] 10.222.0.65 "GET /v2.0/security-groups?id=f33fcb3d-264a-4ac0-b89b-ac971da13e89&fields=id&fields=name HTTP/1.1" status: 200 len: 286 time: 0.0739217
Dec 15 13:51:39.009235 dv-cinder-813229-4-smb neutron-server[109468]: DEBUG neutron.plugins.ml2.db [None req-de5610fc-4d97-449f-b9a8-859db5da4869 None None] get_ports_and_sgs() called for port_ids ['3400c2b1-80cc-4bf1-b8dd-f50eb88116dc'] {{(pid=109468) get_ports_and_sgs /opt/stack/neutron/neutron/plugins/ml2/db.py:156}}
Dec 15 13:51:39.081077 dv-cinder-813229-4-smb neutron-server[109467]: DEBUG neutron_lib.callbacks.manager [None req-dce36066-39d2-4447-ab57-7dfaa0a859fb admin admin] Publish callbacks ['neutron.plugins.ml2.ovo_rpc._ObjectChangeHandler.handle_event-1723246'] for security_group, after_delete {{(pid=109467) _notify_loop /usr/local/lib/python3.8/dist-packages/neutron_lib/callbacks/manager.py:175}}
Dec 15 13:51:39.098416 dv-cinder-813229-4-smb neutron-server[109467]: DEBUG neutron_lib.callbacks.manager [None req-dce36066-39d2-4447-ab57-7dfaa0a859fb admin admin] Publish callbacks [] for security_group, before_response {{(pid=109467) _notify_loop /usr/local/lib/python3.8/dist-packages/neutron_lib/callbacks/manager.py:175}}
Dec 15 13:51:39.098416 dv-cinder-813229-4-smb neutron-server[109467]: INFO neutron.wsgi [None req-dce36066-39d2-4447-ab57-7dfaa0a859fb admin admin] 10.222.0.65 "DELETE /v2.0/security-groups/fcf3ea9b-6b72-46d7-9622-fe0b950d9a55 HTTP/1.1" status: 204 len: 168 time: 0.3972976
Dec 15 13:51:39.098416 dv-cinder-813229-4-smb neutron-server[109467]: DEBUG neutron.api.rpc.handlers.resources_rpc [None req-dce36066-39d2-4447-ab57-7dfaa0a859fb admin admin] Pushing event deleted for resources: {'SecurityGroup': ['ID=fcf3ea9b-6b72-46d7-9622-fe0b950d9a55,revision_number=None']} {{(pid=109467) push /opt/stack/neutron/neutron/api/rpc/handlers/resources_rpc.py:237}}
Dec 15 13:51:39.381171 dv-cinder-813229-4-smb neutron-server[109466]: DEBUG neutron.pecan_wsgi.hooks.policy_enforcement [req-2658699d-011f-453a-9cad-da1498d5a817 req-b234b7b4-8af9-42e1-9787-74d61d6ede3f tempest-ServerRescueNegativeTestJSON-1191786255 tempest-ServerRescueNegativeTestJSON-1191786255-project] Attributes excluded by policy engine: ['standard_attr_id', 'binding:profile', 'binding:host_id', 'binding:vif_type', 'binding:vif_details'] {{(pid=109466) _exclude_attributes_by_policy /opt/stack/neutron/neutron/pecan_wsgi/hooks/policy_enforcement.py:255}}
Dec 15 13:51:39.382701 dv-cinder-813229-4-smb neutron-server[109466]: INFO neutron.wsgi [req-2658699d-011f-453a-9cad-da1498d5a817 req-b234b7b4-8af9-42e1-9787-74d61d6ede3f tempest-ServerRescueNegativeTestJSON-1191786255 tempest-ServerRescueNegativeTestJSON-1191786255-project] 10.222.0.65 "GET /v2.0/ports?device_id=33adc313-a0df-4c5d-bdfc-8cdcb6b94ba8 HTTP/1.1" status: 200 len: 946 time: 0.0714655
Dec 15 13:51:39.435649 dv-cinder-813229-4-smb neutron-server[109466]: INFO neutron.wsgi [req-2658699d-011f-453a-9cad-da1498d5a817 req-40b10ac5-00f8-475f-a6b8-3d6ceec5f731 tempest-ServerRescueNegativeTestJSON-1191786255 tempest-ServerRescueNegativeTestJSON-1191786255-project] 10.222.0.65 "GET /v2.0/security-groups?id=9dd57635-4f59-41cc-b7db-51dcf8794408&fields=id&fields=name HTTP/1.1" status: 200 len: 286 time: 0.0446002
Dec 15 13:51:39.638883 dv-cinder-813229-4-smb neutron-server[109466]: DEBUG neutron.wsgi [-] (109466) accepted ('10.222.0.65', 49112) {{(pid=109466) server /usr/local/lib/python3.8/dist-packages/eventlet/wsgi.py:1004}}
Dec 15 13:51:39.845701 dv-cinder-813229-4-smb neutron-server[109466]: DEBUG neutron_lib.callbacks.manager [None req-1c86b703-b2b0-41f9-a16a-4b7c867b5ea9 admin admin] Publish callbacks [] for security_group, before_create {{(pid=109466) _notify_loop /usr/local/lib/python3.8/dist-packages/neutron_lib/callbacks/manager.py:175}}
Dec 15 13:51:39.924838 dv-cinder-813229-4-smb neutron-server[109466]: DEBUG neutron_lib.callbacks.manager [None req-1c86b703-b2b0-41f9-a16a-4b7c867b5ea9 admin admin] Publish callbacks [] for security_group, precommit_create {{(pid=109466) _notify_loop /usr/local/lib/python3.8/dist-packages/neutron_lib/callbacks/manager.py:175}}
Dec 15 13:51:40.033499 dv-cinder-813229-4-smb neutron-server[109466]: DEBUG neutron.pecan_wsgi.hooks.policy_enforcement [req-ffa48ba1-35c0-4757-a72d-91a1fa4c62ab req-e04d64dd-32c2-43d1-a6f4-1e2e71f93301 tempest-AttachVolumeNegativeTest-260374398 tempest-AttachVolumeNegativeTest-260374398-project] Attributes excluded by policy engine: ['standard_attr_id', 'binding:profile', 'binding:host_id', 'binding:vif_type', 'binding:vif_details'] {{(pid=109466) _exclude_attributes_by_policy /opt/stack/neutron/neutron/pecan_wsgi/hooks/policy_enforcement.py:255}}
Dec 15 13:51:40.035023 dv-cinder-813229-4-smb neutron-server[109466]: INFO neutron.wsgi [req-ffa48ba1-35c0-4757-a72d-91a1fa4c62ab req-e04d64dd-32c2-43d1-a6f4-1e2e71f93301 tempest-AttachVolumeNegativeTest-260374398 tempest-AttachVolumeNegativeTest-260374398-project] 10.222.0.65 "GET /v2.0/ports?device_id=f577c94c-9cc4-4bb9-a8dc-850e579987a1 HTTP/1.1" status: 200 len: 945 time: 0.0483744
Dec 15 13:51:40.059872 dv-cinder-813229-4-smb neutron-server[109466]: DEBUG neutron_lib.callbacks.manager [None req-1c86b703-b2b0-41f9-a16a-4b7c867b5ea9 admin admin] Publish callbacks ['neutron.plugins.ml2.ovo_rpc._ObjectChangeHandler.handle_event-1723246'] for security_group, after_create {{(pid=109466) _notify_loop /usr/local/lib/python3.8/dist-packages/neutron_lib/callbacks/manager.py:175}}
Dec 15 13:51:40.115678 dv-cinder-813229-4-smb neutron-server[109466]: INFO neutron.wsgi [None req-1c86b703-b2b0-41f9-a16a-4b7c867b5ea9 admin admin] 10.222.0.65 "GET /v2.0/security-groups?tenant_id=91671ddc7cbc43f0a5f68b536758fd83&name=default HTTP/1.1" status: 200 len: 2996 time: 0.4756916
Dec 15 13:51:40.119154 dv-cinder-813229-4-smb neutron-server[109467]: DEBUG neutron.wsgi [-] (109467) accepted ('10.222.0.65', 49126) {{(pid=109467) server /usr/local/lib/python3.8/dist-packages/eventlet/wsgi.py:1004}}
Dec 15 13:51:40.119622 dv-cinder-813229-4-smb neutron-server[109466]: DEBUG neutron.api.rpc.handlers.resources_rpc [None req-1c86b703-b2b0-41f9-a16a-4b7c867b5ea9 admin admin] Pushing event updated for resources: {'SecurityGroup': ['ID=ea4b7ea2-c701-422c-89e2-3db640533482,revision_number=1']} {{(pid=109466) push /opt/stack/neutron/neutron/api/rpc/handlers/resources_rpc.py:237}}
Dec 15 13:51:40.135621 dv-cinder-813229-4-smb neutron-server[109466]: INFO neutron.wsgi [req-ffa48ba1-35c0-4757-a72d-91a1fa4c62ab req-c892cf31-b1bc-4c06-a9ed-349baa66ddac tempest-AttachVolumeNegativeTest-260374398 tempest-AttachVolumeNegativeTest-260374398-project] 10.222.0.65 "GET /v2.0/security-groups?id=f33fcb3d-264a-4ac0-b89b-ac971da13e89&fields=id&fields=name HTTP/1.1" status: 200 len: 286 time: 0.0933573
Dec 15 13:51:40.172323 dv-cinder-813229-4-smb neutron-server[109467]: DEBUG neutron_lib.callbacks.manager [None req-3c18fbae-e1ed-4bf9-8ede-d9cfb76997b5 admin admin] Publish callbacks [] for security_group, before_delete {{(pid=109467) _notify_loop /usr/local/lib/python3.8/dist-packages/neutron_lib/callbacks/manager.py:175}}
Dec 15 13:51:40.184718 dv-cinder-813229-4-smb neutron-server[109466]: DEBUG neutron.wsgi [-] (109466) accepted ('10.222.0.65', 49128) {{(pid=109466) server /usr/local/lib/python3.8/dist-packages/eventlet/wsgi.py:1004}}
Dec 15 13:51:40.196155 dv-cinder-813229-4-smb neutron-server[109467]: DEBUG neutron_lib.callbacks.manager [None req-3c18fbae-e1ed-4bf9-8ede-d9cfb76997b5 admin admin] Publish callbacks [] for security_group, precommit_delete {{(pid=109467) _notify_loop /usr/local/lib/python3.8/dist-packages/neutron_lib/callbacks/manager.py:175}}
Dec 15 13:51:40.222384 dv-cinder-813229-4-smb neutron-server[109466]: DEBUG neutron_lib.callbacks.manager [None req-f6f98199-e60e-453b-a386-e315b547fded admin admin] Publish callbacks [] for security_group, before_create {{(pid=109466) _notify_loop /usr/local/lib/python3.8/dist-packages/neutron_lib/callbacks/manager.py:175}}
Dec 15 13:51:40.313161 dv-cinder-813229-4-smb neutron-server[109467]: INFO neutron.wsgi [req-fa1f9f4f-7005-4145-bad2-207f2aa339cc req-2dcad085-0b5e-474f-9ecc-f11480dade64 service neutron] 10.222.0.48 "GET /v2.0/ports?device_id=d1e7eb65-0205-41e4-9777-fbc34f286aba&fields=binding%3Ahost_id&fields=binding%3Avif_type HTTP/1.1" status: 200 len: 275 time: 0.0470016
Dec 15 13:51:40.353611 dv-cinder-813229-4-smb neutron-server[109467]: DEBUG neutron_lib.callbacks.manager [None req-3c18fbae-e1ed-4bf9-8ede-d9cfb76997b5 admin admin] Publish callbacks ['neutron.plugins.ml2.ovo_rpc._ObjectChangeHandler.handle_event-1723246'] for security_group, after_delete {{(pid=109467) _notify_loop /usr/local/lib/python3.8/dist-packages/neutron_lib/callbacks/manager.py:175}}
Dec 15 13:51:40.356533 dv-cinder-813229-4-smb neutron-server[109467]: DEBUG neutron_lib.callbacks.manager [None req-3c18fbae-e1ed-4bf9-8ede-d9cfb76997b5 admin admin] Publish callbacks [] for security_group, before_response {{(pid=109467) _notify_loop /usr/local/lib/python3.8/dist-packages/neutron_lib/callbacks/manager.py:175}}
Dec 15 13:51:40.361405 dv-cinder-813229-4-smb neutron-server[109467]: INFO neutron.wsgi [None req-3c18fbae-e1ed-4bf9-8ede-d9cfb76997b5 admin admin] 10.222.0.65 "DELETE /v2.0/security-groups/ea4b7ea2-c701-422c-89e2-3db640533482 HTTP/1.1" status: 204 len: 168 time: 0.2375050
Dec 15 13:51:40.366627 dv-cinder-813229-4-smb neutron-server[109467]: DEBUG neutron.api.rpc.handlers.resources_rpc [None req-3c18fbae-e1ed-4bf9-8ede-d9cfb76997b5 admin admin] Pushing event deleted for resources: {'SecurityGroup': ['ID=ea4b7ea2-c701-422c-89e2-3db640533482,revision_number=None']} {{(pid=109467) push /opt/stack/neutron/neutron/api/rpc/handlers/resources_rpc.py:237}}
Dec 15 13:51:40.411124 dv-cinder-813229-4-smb neutron-server[109468]: DEBUG neutron.plugins.ml2.rpc [None req-de5610fc-4d97-449f-b9a8-859db5da4869 None None] Device 3400c2b1-80cc-4bf1-b8dd-f50eb88116dc up at agent hyperv_hv-cinder-81322 {{(pid=109468) update_device_up /opt/stack/neutron/neutron/plugins/ml2/rpc.py:296}}
Dec 15 13:51:40.424000 dv-cinder-813229-4-smb neutron-server[109467]: DEBUG neutron.pecan_wsgi.hooks.policy_enforcement [req-fa1f9f4f-7005-4145-bad2-207f2aa339cc req-cce4cf45-d5b3-4765-bc0c-f5240b709096 service neutron] Attributes excluded by policy engine: ['standard_attr_id'] {{(pid=109467) _exclude_attributes_by_policy /opt/stack/neutron/neutron/pecan_wsgi/hooks/policy_enforcement.py:255}}
Dec 15 13:51:40.425963 dv-cinder-813229-4-smb neutron-server[109467]: INFO neutron.wsgi [req-fa1f9f4f-7005-4145-bad2-207f2aa339cc req-cce4cf45-d5b3-4765-bc0c-f5240b709096 service neutron] 10.222.0.48 "GET /v2.0/ports?tenant_id=388e194e53d84153a7424d85c3f2c1f8&device_id=d1e7eb65-0205-41e4-9777-fbc34f286aba HTTP/1.1" status: 200 len: 1099 time: 0.0471735
Dec 15 13:51:40.426514 dv-cinder-813229-4-smb neutron-server[109466]: DEBUG neutron_lib.callbacks.manager [None req-f6f98199-e60e-453b-a386-e315b547fded admin admin] Publish callbacks [] for security_group, precommit_create {{(pid=109466) _notify_loop /usr/local/lib/python3.8/dist-packages/neutron_lib/callbacks/manager.py:175}}
Dec 15 13:51:40.541779 dv-cinder-813229-4-smb neutron-server[109466]: DEBUG neutron_lib.callbacks.manager [None req-f6f98199-e60e-453b-a386-e315b547fded admin admin] Publish callbacks ['neutron.plugins.ml2.ovo_rpc._ObjectChangeHandler.handle_event-1723246'] for security_group, after_create {{(pid=109466) _notify_loop /usr/local/lib/python3.8/dist-packages/neutron_lib/callbacks/manager.py:175}}
Dec 15 13:51:40.592939 dv-cinder-813229-4-smb neutron-server[109467]: DEBUG neutron.pecan_wsgi.hooks.policy_enforcement [req-2e3f0277-c43f-4614-b5d8-3ea8bada40cf req-2f864e25-59f6-421d-bf7c-81a11aa7fcea tempest-ServerRescueNegativeTestJSON-1191786255 tempest-ServerRescueNegativeTestJSON-1191786255-project] Attributes excluded by policy engine: ['standard_attr_id', 'binding:profile', 'binding:host_id', 'binding:vif_type', 'binding:vif_details'] {{(pid=109467) _exclude_attributes_by_policy /opt/stack/neutron/neutron/pecan_wsgi/hooks/policy_enforcement.py:255}}
Dec 15 13:51:40.594745 dv-cinder-813229-4-smb neutron-server[109467]: INFO neutron.wsgi [req-2e3f0277-c43f-4614-b5d8-3ea8bada40cf req-2f864e25-59f6-421d-bf7c-81a11aa7fcea tempest-ServerRescueNegativeTestJSON-1191786255 tempest-ServerRescueNegativeTestJSON-1191786255-project] 10.222.0.65 "GET /v2.0/ports?device_id=33adc313-a0df-4c5d-bdfc-8cdcb6b94ba8 HTTP/1.1" status: 200 len: 946 time: 0.0836599
Dec 15 13:51:40.598783 dv-cinder-813229-4-smb neutron-server[109468]: DEBUG neutron.db.provisioning_blocks [None req-de5610fc-4d97-449f-b9a8-859db5da4869 None None] Provisioning for port 3400c2b1-80cc-4bf1-b8dd-f50eb88116dc completed by entity L2. {{(pid=109468) provisioning_complete /opt/stack/neutron/neutron/db/provisioning_blocks.py:133}}
Dec 15 13:51:40.603403 dv-cinder-813229-4-smb neutron-server[109468]: DEBUG neutron.db.provisioning_blocks [None req-de5610fc-4d97-449f-b9a8-859db5da4869 None None] Provisioning complete for port 3400c2b1-80cc-4bf1-b8dd-f50eb88116dc triggered by entity L2. {{(pid=109468) provisioning_complete /opt/stack/neutron/neutron/db/provisioning_blocks.py:139}}
Dec 15 13:51:40.603866 dv-cinder-813229-4-smb neutron-server[109468]: DEBUG neutron_lib.callbacks.manager [None req-de5610fc-4d97-449f-b9a8-859db5da4869 None None] Publish callbacks ['neutron.plugins.ml2.plugin.Ml2Plugin._port_provisioned-779665'] for port, provisioning_complete {{(pid=109468) _notify_loop /usr/local/lib/python3.8/dist-packages/neutron_lib/callbacks/manager.py:175}}
Dec 15 13:51:40.623772 dv-cinder-813229-4-smb neutron-server[109467]: DEBUG neutron.pecan_wsgi.hooks.policy_enforcement [req-fa1f9f4f-7005-4145-bad2-207f2aa339cc req-8327e92a-8850-426b-bfcc-a8368a7c0390 service neutron] Attributes excluded by policy engine: ['standard_attr_id', 'vlan_transparent'] {{(pid=109467) _exclude_attributes_by_policy /opt/stack/neutron/neutron/pecan_wsgi/hooks/policy_enforcement.py:255}}
Dec 15 13:51:40.627169 dv-cinder-813229-4-smb neutron-server[109467]: INFO neutron.wsgi [req-fa1f9f4f-7005-4145-bad2-207f2aa339cc req-8327e92a-8850-426b-bfcc-a8368a7c0390 service neutron] 10.222.0.48 "GET /v2.0/networks?id=d05c32c4-d70f-469a-8c2d-5f04f8cf0eb6 HTTP/1.1" status: 200 len: 915 time: 0.1690693
Dec 15 13:51:40.632502 dv-cinder-813229-4-smb neutron-server[109466]: INFO neutron.wsgi [None req-f6f98199-e60e-453b-a386-e315b547fded admin admin] 10.222.0.65 "GET /v2.0/security-groups?tenant_id=cb4263683cac40c3bfd854f26389733a&name=default HTTP/1.1" status: 200 len: 2996 time: 0.4463866
Dec 15 13:51:40.633224 dv-cinder-813229-4-smb neutron-server[109467]: DEBUG neutron.wsgi [-] (109467) accepted ('10.222.0.65', 49148) {{(pid=109467) server /usr/local/lib/python3.8/dist-packages/eventlet/wsgi.py:1004}}
Dec 15 13:51:40.643816 dv-cinder-813229-4-smb neutron-server[109466]: DEBUG neutron.api.rpc.handlers.resources_rpc [None req-f6f98199-e60e-453b-a386-e315b547fded admin admin] Pushing event updated for resources: {'SecurityGroup': ['ID=2d665074-413a-4e9b-8e7a-f04c78d4a625,revision_number=1']} {{(pid=109466) push /opt/stack/neutron/neutron/api/rpc/handlers/resources_rpc.py:237}}
Dec 15 13:51:40.700524 dv-cinder-813229-4-smb neutron-server[109468]: DEBUG neutron_lib.callbacks.manager [None req-de5610fc-4d97-449f-b9a8-859db5da4869 None None] Publish callbacks ['neutron.plugins.ml2.plugin.SecurityGroupDbMixin._ensure_default_security_group_handler-610144'] for port, before_update {{(pid=109468) _notify_loop /usr/local/lib/python3.8/dist-packages/neutron_lib/callbacks/manager.py:175}}
Dec 15 13:51:40.701584 dv-cinder-813229-4-smb neutron-server[109467]: INFO neutron.wsgi [req-fa1f9f4f-7005-4145-bad2-207f2aa339cc req-77d47aee-0773-47e2-93cc-eeaebc62cf0d service neutron] 10.222.0.48 "GET /v2.0/floatingips?fixed_ip_address=172.20.0.12&port_id=399b763a-711a-4872-b085-fe75ef5180fb HTTP/1.1" status: 200 len: 217 time: 0.0566757
Dec 15 13:51:40.724654 dv-cinder-813229-4-smb neutron-server[109468]: DEBUG neutron.notifiers.nova [-] Sending events: [{'server_uuid': 'f577c94c-9cc4-4bb9-a8dc-850e579987a1', 'name': 'network-vif-plugged', 'status': 'completed', 'tag': '3400c2b1-80cc-4bf1-b8dd-f50eb88116dc'}] {{(pid=109468) send_events /opt/stack/neutron/neutron/notifiers/nova.py:262}}
Dec 15 13:51:40.727007 dv-cinder-813229-4-smb neutron-server[109468]: DEBUG novaclient.v2.client [-] REQ: curl -g -i --cacert "/opt/stack/data/ca-bundle.pem" -X POST http://10.222.0.65/compute/v2.1/os-server-external-events -H "Accept: application/json" -H "Content-Type: application/json" -H "User-Agent: python-novaclient" -H "X-Auth-Token: {SHA256}878f7cadbe93d6ead3512f5024ce486588a4fbaaeb8efedab03542929ec8b6ca" -H "X-OpenStack-Nova-API-Version: 2.1" -H "X-OpenStack-Request-ID: req-e43f1647-3b14-45f3-90b7-9b0674966163" -d '{"events": [{"server_uuid": "f577c94c-9cc4-4bb9-a8dc-850e579987a1", "name": "network-vif-plugged", "status": "completed", "tag": "3400c2b1-80cc-4bf1-b8dd-f50eb88116dc"}]}' {{(pid=109468) _http_log_request /usr/local/lib/python3.8/dist-packages/keystoneauth1/session.py:519}}
Dec 15 13:51:40.746865 dv-cinder-813229-4-smb neutron-server[109468]: DEBUG neutron.plugins.ml2.db [None req-de5610fc-4d97-449f-b9a8-859db5da4869 None None] For port 3400c2b1-80cc-4bf1-b8dd-f50eb88116dc, host hv-cinder-81322, got binding levels [PortBindingLevel(driver='hyperv',host='hv-cinder-81322',level=0,port_id=3400c2b1-80cc-4bf1-b8dd-f50eb88116dc,segment=NetworkSegment(4fc119ed-bf4e-4f0f-890f-b6754c23b702),segment_id=4fc119ed-bf4e-4f0f-890f-b6754c23b702)] {{(pid=109468) get_binding_level_objs /opt/stack/neutron/neutron/plugins/ml2/db.py:74}}
Dec 15 13:51:40.787136 dv-cinder-813229-4-smb neutron-server[109468]: DEBUG novaclient.v2.client [-] RESP: [200] Connection: close Content-Length: 183 Content-Type: application/json Date: Wed, 15 Dec 2021 13:51:40 GMT OpenStack-API-Version: compute 2.1 Server: Apache/2.4.41 (Ubuntu) Vary: OpenStack-API-Version,X-OpenStack-Nova-API-Version X-OpenStack-Nova-API-Version: 2.1 x-compute-request-id: req-a2e81e4f-af6f-453f-af5c-10103ba78e7a x-openstack-request-id: req-a2e81e4f-af6f-453f-af5c-10103ba78e7a {{(pid=109468) _http_log_response /usr/local/lib/python3.8/dist-packages/keystoneauth1/session.py:550}}
Dec 15 13:51:40.787136 dv-cinder-813229-4-smb neutron-server[109468]: DEBUG novaclient.v2.client [-] RESP BODY: {"events": [{"server_uuid": "f577c94c-9cc4-4bb9-a8dc-850e579987a1", "name": "network-vif-plugged", "status": "completed", "tag": "3400c2b1-80cc-4bf1-b8dd-f50eb88116dc", "code": 200}]} {{(pid=109468) _http_log_response /usr/local/lib/python3.8/dist-packages/keystoneauth1/session.py:582}}
Dec 15 13:51:40.787136 dv-cinder-813229-4-smb neutron-server[109468]: DEBUG novaclient.v2.client [-] POST call to compute for http://10.222.0.65/compute/v2.1/os-server-external-events used request id req-a2e81e4f-af6f-453f-af5c-10103ba78e7a {{(pid=109468) request /usr/local/lib/python3.8/dist-packages/keystoneauth1/session.py:954}}
Dec 15 13:51:40.787136 dv-cinder-813229-4-smb neutron-server[109468]: INFO neutron.notifiers.nova [-] Nova event response: {'server_uuid': 'f577c94c-9cc4-4bb9-a8dc-850e579987a1', 'name': 'network-vif-plugged', 'status': 'completed', 'tag': '3400c2b1-80cc-4bf1-b8dd-f50eb88116dc', 'code': 200}
Dec 15 13:51:40.791981 dv-cinder-813229-4-smb neutron-server[109467]: INFO neutron.wsgi [req-2e3f0277-c43f-4614-b5d8-3ea8bada40cf req-0f58dd7e-c2d7-42f4-b2e9-935c4b46d8d9 tempest-ServerRescueNegativeTestJSON-1191786255 tempest-ServerRescueNegativeTestJSON-1191786255-project] 10.222.0.65 "GET /v2.0/security-groups?id=9dd57635-4f59-41cc-b7db-51dcf8794408&fields=id&fields=name HTTP/1.1" status: 200 len: 286 time: 0.1762023
Dec 15 13:51:40.814713 dv-cinder-813229-4-smb neutron-server[109467]: DEBUG neutron.pecan_wsgi.hooks.policy_enforcement [req-fa1f9f4f-7005-4145-bad2-207f2aa339cc req-65e0a327-b18c-4214-b596-c038bf293a95 service neutron] Attributes excluded by policy engine: ['standard_attr_id', 'shared', 'segment_id'] {{(pid=109467) _exclude_attributes_by_policy /opt/stack/neutron/neutron/pecan_wsgi/hooks/policy_enforcement.py:255}}
Dec 15 13:51:40.816211 dv-cinder-813229-4-smb neutron-server[109467]: INFO neutron.wsgi [req-fa1f9f4f-7005-4145-bad2-207f2aa339cc req-65e0a327-b18c-4214-b596-c038bf293a95 service neutron] 10.222.0.48 "GET /v2.0/subnets?id=aad2d3f2-ca09-4deb-9aba-a50e25675c43 HTTP/1.1" status: 200 len: 854 time: 0.0975266
Dec 15 13:51:40.823670 dv-cinder-813229-4-smb neutron-server[109467]: DEBUG neutron_lib.callbacks.manager [None req-fe662280-97cc-4d72-acf7-1c18087ea8e3 admin admin] Publish callbacks [] for security_group, before_delete {{(pid=109467) _notify_loop /usr/local/lib/python3.8/dist-packages/neutron_lib/callbacks/manager.py:175}}
Dec 15 13:51:40.854705 dv-cinder-813229-4-smb neutron-server[109467]: DEBUG neutron_lib.callbacks.manager [None req-fe662280-97cc-4d72-acf7-1c18087ea8e3 admin admin] Publish callbacks [] for security_group, precommit_delete {{(pid=109467) _notify_loop /usr/local/lib/python3.8/dist-packages/neutron_lib/callbacks/manager.py:175}}
Dec 15 13:51:40.862778 dv-cinder-813229-4-smb neutron-server[109468]: DEBUG neutron_lib.callbacks.manager [None req-de5610fc-4d97-449f-b9a8-859db5da4869 None None] Publish callbacks ['neutron.plugins.ml2.plugin.SecurityGroupServerNotifierRpcMixin._notify_sg_on_port_change-619455', 'neutron.plugins.ml2.ovo_rpc._ObjectChangeHandler.handle_event-63094', 'neutron.api.rpc.agentnotifiers.dhcp_rpc_agent_api.DhcpAgentNotifyAPI._native_event_send_dhcp_notification-1610356', 'neutron.db.l3_db.L3RpcNotifierMixin._notify_gateway_port_ip_changed-8775768864997', 'neutron.db.l3_dvrscheduler_db._notify_l3_agent_port_update-8775768380124', 'neutron.db.l3_hascheduler_db._notify_l3_agent_ha_port_update-8775768380142'] for port, after_update {{(pid=109468) _notify_loop /usr/local/lib/python3.8/dist-packages/neutron_lib/callbacks/manager.py:175}}
Dec 15 13:51:40.876910 dv-cinder-813229-4-smb neutron-server[109467]: INFO neutron.wsgi [req-fa1f9f4f-7005-4145-bad2-207f2aa339cc req-2a8ebe2a-c732-41dc-899d-1b8cbbd15ace service neutron] 10.222.0.48 "GET /v2.0/ports?network_id=d05c32c4-d70f-469a-8c2d-5f04f8cf0eb6&device_owner=network%3Adhcp HTTP/1.1" status: 200 len: 210 time: 0.0385544
Dec 15 13:51:40.922722 dv-cinder-813229-4-smb neutron-server[109468]: DEBUG neutron.api.rpc.handlers.resources_rpc [None req-de5610fc-4d97-449f-b9a8-859db5da4869 None None] Pushing event updated for resources: {'Port': ['ID=3400c2b1-80cc-4bf1-b8dd-f50eb88116dc,revision_number=5']} {{(pid=109468) push /opt/stack/neutron/neutron/api/rpc/handlers/resources_rpc.py:237}}
Dec 15 13:51:40.994635 dv-cinder-813229-4-smb neutron-server[109467]: INFO neutron.wsgi [req-fa1f9f4f-7005-4145-bad2-207f2aa339cc req-178d52ab-dbc0-4b8f-8e2d-b33e39b18d66 service neutron] 10.222.0.48 "GET /v2.0/networks/d05c32c4-d70f-469a-8c2d-5f04f8cf0eb6?fields=segments HTTP/1.1" status: 200 len: 212 time: 0.1003702
Dec 15 13:51:41.093825 dv-cinder-813229-4-smb neutron-server[109467]: INFO neutron.wsgi [req-fa1f9f4f-7005-4145-bad2-207f2aa339cc req-da9acb97-0fbc-4721-87a8-0503008af73a service neutron] 10.222.0.48 "GET /v2.0/networks/d05c32c4-d70f-469a-8c2d-5f04f8cf0eb6?fields=provider%3Aphysical_network&fields=provider%3Anetwork_type HTTP/1.1" status: 200 len: 281 time: 0.0834875
Dec 15 13:51:41.153469 dv-cinder-813229-4-smb neutron-server[109467]: DEBUG neutron_lib.callbacks.manager [None req-fe662280-97cc-4d72-acf7-1c18087ea8e3 admin admin] Publish callbacks ['neutron.plugins.ml2.ovo_rpc._ObjectChangeHandler.handle_event-1723246'] for security_group, after_delete {{(pid=109467) _notify_loop /usr/local/lib/python3.8/dist-packages/neutron_lib/callbacks/manager.py:175}}
Dec 15 13:51:41.156200 dv-cinder-813229-4-smb neutron-server[109467]: DEBUG neutron_lib.callbacks.manager [None req-fe662280-97cc-4d72-acf7-1c18087ea8e3 admin admin] Publish callbacks [] for security_group, before_response {{(pid=109467) _notify_loop /usr/local/lib/python3.8/dist-packages/neutron_lib/callbacks/manager.py:175}}
Dec 15 13:51:41.159240 dv-cinder-813229-4-smb neutron-server[109467]: INFO neutron.wsgi [None req-fe662280-97cc-4d72-acf7-1c18087ea8e3 admin admin] 10.222.0.65 "DELETE /v2.0/security-groups/2d665074-413a-4e9b-8e7a-f04c78d4a625 HTTP/1.1" status: 204 len: 168 time: 0.5222926
Dec 15 13:51:41.166564 dv-cinder-813229-4-smb neutron-server[109467]: DEBUG neutron.api.rpc.handlers.resources_rpc [None req-fe662280-97cc-4d72-acf7-1c18087ea8e3 admin admin] Pushing event deleted for resources: {'SecurityGroup': ['ID=2d665074-413a-4e9b-8e7a-f04c78d4a625,revision_number=None']} {{(pid=109467) push /opt/stack/neutron/neutron/api/rpc/handlers/resources_rpc.py:237}}
Dec 15 13:51:41.175937 dv-cinder-813229-4-smb neutron-server[109467]: DEBUG neutron.api.rpc.callbacks.version_manager [None req-fe662280-97cc-4d72-acf7-1c18087ea8e3 admin admin] Version for resource type AddressGroup changed None to 1.2 on consumer Open vSwitch agent@dv-cinder-813229-4-smb {{(pid=109467) _set_version /opt/stack/neutron/neutron/api/rpc/callbacks/version_manager.py:113}}
Dec 15 13:51:41.176291 dv-cinder-813229-4-smb neutron-server[109467]: DEBUG neutron.api.rpc.callbacks.version_manager [None req-fe662280-97cc-4d72-acf7-1c18087ea8e3 admin admin] Version for resource type ConntrackHelper changed None to 1.0 on consumer Open vSwitch agent@dv-cinder-813229-4-smb {{(pid=109467) _set_version /opt/stack/neutron/neutron/api/rpc/callbacks/version_manager.py:113}}
Dec 15 13:51:41.176917 dv-cinder-813229-4-smb neutron-server[109467]: DEBUG neutron.api.rpc.callbacks.version_manager [None req-fe662280-97cc-4d72-acf7-1c18087ea8e3 admin admin] Version for resource type LocalIPAssociation changed None to 1.0 on consumer Open vSwitch agent@dv-cinder-813229-4-smb {{(pid=109467) _set_version /opt/stack/neutron/neutron/api/rpc/callbacks/version_manager.py:113}}
Dec 15 13:51:41.177171 dv-cinder-813229-4-smb neutron-server[109467]: DEBUG neutron.api.rpc.callbacks.version_manager [None req-fe662280-97cc-4d72-acf7-1c18087ea8e3 admin admin] Version for resource type Log changed None to 1.0 on consumer Open vSwitch agent@dv-cinder-813229-4-smb {{(pid=109467) _set_version /opt/stack/neutron/neutron/api/rpc/callbacks/version_manager.py:113}}
Dec 15 13:51:41.177512 dv-cinder-813229-4-smb neutron-server[109467]: DEBUG neutron.api.rpc.callbacks.version_manager [None req-fe662280-97cc-4d72-acf7-1c18087ea8e3 admin admin] Version for resource type Network changed None to 1.1 on consumer Open vSwitch agent@dv-cinder-813229-4-smb {{(pid=109467) _set_version /opt/stack/neutron/neutron/api/rpc/callbacks/version_manager.py:113}}
Dec 15 13:51:41.178435 dv-cinder-813229-4-smb neutron-server[109467]: DEBUG neutron.api.rpc.callbacks.version_manager [None req-fe662280-97cc-4d72-acf7-1c18087ea8e3 admin admin] Version for resource type Port changed None to 1.7 on consumer Open vSwitch agent@dv-cinder-813229-4-smb {{(pid=109467) _set_version /opt/stack/neutron/neutron/api/rpc/callbacks/version_manager.py:113}}
Dec 15 13:51:41.178945 dv-cinder-813229-4-smb neutron-server[109467]: DEBUG neutron.api.rpc.callbacks.version_manager [None req-fe662280-97cc-4d72-acf7-1c18087ea8e3 admin admin] Version for resource type PortForwarding changed None to 1.2 on consumer Open vSwitch agent@dv-cinder-813229-4-smb {{(pid=109467) _set_version /opt/stack/neutron/neutron/api/rpc/callbacks/version_manager.py:113}}
Dec 15 13:51:41.179427 dv-cinder-813229-4-smb neutron-server[109467]: DEBUG neutron.api.rpc.callbacks.version_manager [None req-fe662280-97cc-4d72-acf7-1c18087ea8e3 admin admin] Version for resource type QosPolicy changed None to 1.10 on consumer Open vSwitch agent@dv-cinder-813229-4-smb {{(pid=109467) _set_version /opt/stack/neutron/neutron/api/rpc/callbacks/version_manager.py:113}}
Dec 15 13:51:41.179935 dv-cinder-813229-4-smb neutron-server[109467]: DEBUG neutron.api.rpc.callbacks.version_manager [None req-fe662280-97cc-4d72-acf7-1c18087ea8e3 admin admin] Version for resource type SecurityGroup changed None to 1.5 on consumer Open vSwitch agent@dv-cinder-813229-4-smb {{(pid=109467) _set_version /opt/stack/neutron/neutron/api/rpc/callbacks/version_manager.py:113}}
Dec 15 13:51:41.180629 dv-cinder-813229-4-smb neutron-server[109467]: DEBUG neutron.api.rpc.callbacks.version_manager [None req-fe662280-97cc-4d72-acf7-1c18087ea8e3 admin admin] Version for resource type SecurityGroupRule changed None to 1.2 on consumer Open vSwitch agent@dv-cinder-813229-4-smb {{(pid=109467) _set_version /opt/stack/neutron/neutron/api/rpc/callbacks/version_manager.py:113}}
Dec 15 13:51:41.181114 dv-cinder-813229-4-smb neutron-server[109467]: DEBUG neutron.api.rpc.callbacks.version_manager [None req-fe662280-97cc-4d72-acf7-1c18087ea8e3 admin admin] Version for resource type SubPort changed None to 1.0 on consumer Open vSwitch agent@dv-cinder-813229-4-smb {{(pid=109467) _set_version /opt/stack/neutron/neutron/api/rpc/callbacks/version_manager.py:113}}
Dec 15 13:51:41.183240 dv-cinder-813229-4-smb neutron-server[109467]: DEBUG neutron.api.rpc.callbacks.version_manager [None req-fe662280-97cc-4d72-acf7-1c18087ea8e3 admin admin] Version for resource type Subnet changed None to 1.1 on consumer Open vSwitch agent@dv-cinder-813229-4-smb {{(pid=109467) _set_version /opt/stack/neutron/neutron/api/rpc/callbacks/version_manager.py:113}}
Dec 15 13:51:41.183667 dv-cinder-813229-4-smb neutron-server[109467]: DEBUG neutron.api.rpc.callbacks.version_manager [None req-fe662280-97cc-4d72-acf7-1c18087ea8e3 admin admin] Version for resource type Trunk changed None to 1.1 on consumer Open vSwitch agent@dv-cinder-813229-4-smb {{(pid=109467) _set_version /opt/stack/neutron/neutron/api/rpc/callbacks/version_manager.py:113}}
Dec 15 13:51:41.300361 dv-cinder-813229-4-smb neutron-server[109466]: DEBUG neutron.pecan_wsgi.hooks.policy_enforcement [req-3b0dcba5-ac77-421f-87e4-3f909ff24e23 req-b1bf4a2c-aee2-4fd7-b87c-b2c511f02403 tempest-AttachVolumeNegativeTest-260374398 tempest-AttachVolumeNegativeTest-260374398-project] Attributes excluded by policy engine: ['standard_attr_id', 'binding:profile', 'binding:host_id', 'binding:vif_type', 'binding:vif_details'] {{(pid=109466) _exclude_attributes_by_policy /opt/stack/neutron/neutron/pecan_wsgi/hooks/policy_enforcement.py:255}}
Dec 15 13:51:41.301891 dv-cinder-813229-4-smb neutron-server[109466]: INFO neutron.wsgi [req-3b0dcba5-ac77-421f-87e4-3f909ff24e23 req-b1bf4a2c-aee2-4fd7-b87c-b2c511f02403 tempest-AttachVolumeNegativeTest-260374398 tempest-AttachVolumeNegativeTest-260374398-project] 10.222.0.65 "GET /v2.0/ports?device_id=f577c94c-9cc4-4bb9-a8dc-850e579987a1 HTTP/1.1" status: 200 len: 946 time: 0.0824707
Dec 15 13:51:41.310063 dv-cinder-813229-4-smb neutron-server[109467]: DEBUG neutron.pecan_wsgi.hooks.policy_enforcement [req-af1a4ccd-7441-4547-97b8-03bbbea82a22 req-0186bc19-f821-403d-a3a4-b5b0a0051ce3 service neutron] Attributes excluded by policy engine: ['standard_attr_id'] {{(pid=109467) _exclude_attributes_by_policy /opt/stack/neutron/neutron/pecan_wsgi/hooks/policy_enforcement.py:255}}
Dec 15 13:51:41.311628 dv-cinder-813229-4-smb neutron-server[109467]: INFO neutron.wsgi [req-af1a4ccd-7441-4547-97b8-03bbbea82a22 req-0186bc19-f821-403d-a3a4-b5b0a0051ce3 service neutron] 10.222.0.48 "GET /v2.0/ports?device_id=f577c94c-9cc4-4bb9-a8dc-850e579987a1 HTTP/1.1" status: 200 len: 1099 time: 0.0862675
Dec 15 13:51:41.383018 dv-cinder-813229-4-smb neutron-server[109466]: INFO neutron.wsgi [req-3b0dcba5-ac77-421f-87e4-3f909ff24e23 req-fb8e1adc-c705-460b-bef0-25cc0d9cdc18 tempest-AttachVolumeNegativeTest-260374398 tempest-AttachVolumeNegativeTest-260374398-project] 10.222.0.65 "GET /v2.0/security-groups?id=f33fcb3d-264a-4ac0-b89b-ac971da13e89&fields=id&fields=name HTTP/1.1" status: 200 len: 286 time: 0.0722804
Dec 15 13:51:41.457973 dv-cinder-813229-4-smb neutron-server[109466]: DEBUG neutron.wsgi [-] (109466) accepted ('10.222.0.65', 49170) {{(pid=109466) server /usr/local/lib/python3.8/dist-packages/eventlet/wsgi.py:1004}}
Dec 15 13:51:41.473407 dv-cinder-813229-4-smb neutron-server[109466]: DEBUG neutron_lib.callbacks.manager [None req-c48d3f80-ce4a-4a86-bbc9-2e3a71c2d637 admin admin] Publish callbacks [] for security_group, before_create {{(pid=109466) _notify_loop /usr/local/lib/python3.8/dist-packages/neutron_lib/callbacks/manager.py:175}}
Dec 15 13:51:41.564851 dv-cinder-813229-4-smb neutron-server[109466]: DEBUG neutron_lib.callbacks.manager [None req-c48d3f80-ce4a-4a86-bbc9-2e3a71c2d637 admin admin] Publish callbacks [] for security_group, precommit_create {{(pid=109466) _notify_loop /usr/local/lib/python3.8/dist-packages/neutron_lib/callbacks/manager.py:175}}
Dec 15 13:51:41.589823 dv-cinder-813229-4-smb neutron-server[109467]: INFO neutron.wsgi [req-af1a4ccd-7441-4547-97b8-03bbbea82a22 req-7a8d1b75-1f6b-4b6c-8d97-411d58cc340a service neutron] 10.222.0.48 "GET /v2.0/security-groups?id=f33fcb3d-264a-4ac0-b89b-ac971da13e89&fields=id&fields=name HTTP/1.1" status: 200 len: 286 time: 0.2587972
Dec 15 13:51:41.656190 dv-cinder-813229-4-smb neutron-server[109466]: DEBUG neutron_lib.callbacks.manager [None req-c48d3f80-ce4a-4a86-bbc9-2e3a71c2d637 admin admin] Publish callbacks ['neutron.plugins.ml2.ovo_rpc._ObjectChangeHandler.handle_event-1723246'] for security_group, after_create {{(pid=109466) _notify_loop /usr/local/lib/python3.8/dist-packages/neutron_lib/callbacks/manager.py:175}}
Dec 15 13:51:41.707802 dv-cinder-813229-4-smb neutron-server[109466]: DEBUG neutron.api.rpc.handlers.resources_rpc [None req-c48d3f80-ce4a-4a86-bbc9-2e3a71c2d637 admin admin] Pushing event updated for resources: {'SecurityGroup': ['ID=582fcf85-5da0-4a50-8c02-68c49416f6a2,revision_number=1']} {{(pid=109466) push /opt/stack/neutron/neutron/api/rpc/handlers/resources_rpc.py:237}}
Dec 15 13:51:41.712256 dv-cinder-813229-4-smb neutron-server[109466]: INFO neutron.wsgi [None req-c48d3f80-ce4a-4a86-bbc9-2e3a71c2d637 admin admin] 10.222.0.65 "GET /v2.0/security-groups?tenant_id=a7a7b0b319604cc3a09ecc9160415c8e&name=default HTTP/1.1" status: 200 len: 2996 time: 0.2526844
Dec 15 13:51:41.715040 dv-cinder-813229-4-smb neutron-server[109467]: DEBUG neutron.wsgi [-] (109467) accepted ('10.222.0.65', 49182) {{(pid=109467) server /usr/local/lib/python3.8/dist-packages/eventlet/wsgi.py:1004}}
Dec 15 13:51:41.773507 dv-cinder-813229-4-smb neutron-server[109467]: DEBUG neutron_lib.callbacks.manager [None req-f962390f-0e63-48b4-b21b-67e4026c4915 admin admin] Publish callbacks [] for security_group, before_delete {{(pid=109467) _notify_loop /usr/local/lib/python3.8/dist-packages/neutron_lib/callbacks/manager.py:175}}
Dec 15 13:51:41.795929 dv-cinder-813229-4-smb neutron-server[109467]: DEBUG neutron_lib.callbacks.manager [None req-f962390f-0e63-48b4-b21b-67e4026c4915 admin admin] Publish callbacks [] for security_group, precommit_delete {{(pid=109467) _notify_loop /usr/local/lib/python3.8/dist-packages/neutron_lib/callbacks/manager.py:175}}
Dec 15 13:51:41.955933 dv-cinder-813229-4-smb neutron-server[109466]: DEBUG neutron.pecan_wsgi.hooks.policy_enforcement [req-11b2f4c2-9f8b-48a5-a745-16f957e42853 req-00ae1603-5a15-4f48-823f-20db92fd8c65 tempest-ServerRescueNegativeTestJSON-1191786255 tempest-ServerRescueNegativeTestJSON-1191786255-project] Attributes excluded by policy engine: ['standard_attr_id', 'binding:profile', 'binding:host_id', 'binding:vif_type', 'binding:vif_details'] {{(pid=109466) _exclude_attributes_by_policy /opt/stack/neutron/neutron/pecan_wsgi/hooks/policy_enforcement.py:255}}
Dec 15 13:51:41.961259 dv-cinder-813229-4-smb neutron-server[109466]: INFO neutron.wsgi [req-11b2f4c2-9f8b-48a5-a745-16f957e42853 req-00ae1603-5a15-4f48-823f-20db92fd8c65 tempest-ServerRescueNegativeTestJSON-1191786255 tempest-ServerRescueNegativeTestJSON-1191786255-project] 10.222.0.65 "GET /v2.0/ports?device_id=33adc313-a0df-4c5d-bdfc-8cdcb6b94ba8 HTTP/1.1" status: 200 len: 946 time: 0.0867603
Dec 15 13:51:41.964948 dv-cinder-813229-4-smb neutron-server[109467]: DEBUG neutron_lib.callbacks.manager [None req-f962390f-0e63-48b4-b21b-67e4026c4915 admin admin] Publish callbacks ['neutron.plugins.ml2.ovo_rpc._ObjectChangeHandler.handle_event-1723246'] for security_group, after_delete {{(pid=109467) _notify_loop /usr/local/lib/python3.8/dist-packages/neutron_lib/callbacks/manager.py:175}}
Dec 15 13:51:41.971600 dv-cinder-813229-4-smb neutron-server[109467]: DEBUG neutron_lib.callbacks.manager [None req-f962390f-0e63-48b4-b21b-67e4026c4915 admin admin] Publish callbacks [] for security_group, before_response {{(pid=109467) _notify_loop /usr/local/lib/python3.8/dist-packages/neutron_lib/callbacks/manager.py:175}}
Dec 15 13:51:41.973152 dv-cinder-813229-4-smb neutron-server[109467]: INFO neutron.wsgi [None req-f962390f-0e63-48b4-b21b-67e4026c4915 admin admin] 10.222.0.65 "DELETE /v2.0/security-groups/582fcf85-5da0-4a50-8c02-68c49416f6a2 HTTP/1.1" status: 204 len: 168 time: 0.2566099
Dec 15 13:51:41.996447 dv-cinder-813229-4-smb neutron-server[109467]: DEBUG neutron.api.rpc.handlers.resources_rpc [None req-f962390f-0e63-48b4-b21b-67e4026c4915 admin admin] Pushing event deleted for resources: {'SecurityGroup': ['ID=582fcf85-5da0-4a50-8c02-68c49416f6a2,revision_number=None']} {{(pid=109467) push /opt/stack/neutron/neutron/api/rpc/handlers/resources_rpc.py:237}}
