Jul 28 17:56:14.713300 dv-cinder-813229-13-smb devstack@c-api.service[110927]: DEBUG cinder.api.middleware.request_id [None req-ec85c30b-32ad-445f-b633-bf1fe68011b5 None None] RequestId filter calling following filter/app {{(pid=110927) _context_setter /opt/stack/cinder/cinder/api/middleware/request_id.py:62}}
Jul 28 17:56:14.928082 dv-cinder-813229-13-smb devstack@c-api.service[110928]: INFO cinder.api.openstack.wsgi [None req-a18a4e37-dbe0-4a86-830f-df502bbc4257 tempest-VolumesTransfersTest-170872418 tempest-VolumesTransfersTest-170872418-project-admin] DELETE http://10.222.0.96/volume/v3/a760136358014ab1a16a115b5ddd6b52/volumes/32adfc55-f5b1-4a4d-aac2-76d9f65f58bb
Jul 28 17:56:14.928658 dv-cinder-813229-13-smb devstack@c-api.service[110928]: DEBUG cinder.api.openstack.wsgi [None req-a18a4e37-dbe0-4a86-830f-df502bbc4257 tempest-VolumesTransfersTest-170872418 tempest-VolumesTransfersTest-170872418-project-admin] Empty body provided in request {{(pid=110928) get_body /opt/stack/cinder/cinder/api/openstack/wsgi.py:715}}
Jul 28 17:56:14.930740 dv-cinder-813229-13-smb devstack@c-api.service[110928]: DEBUG cinder.api.openstack.wsgi [None req-a18a4e37-dbe0-4a86-830f-df502bbc4257 tempest-VolumesTransfersTest-170872418 tempest-VolumesTransfersTest-170872418-project-admin] Calling method 'delete' {{(pid=110928) _process_stack /opt/stack/cinder/cinder/api/openstack/wsgi.py:868}}
Jul 28 17:56:14.931371 dv-cinder-813229-13-smb devstack@c-api.service[110928]: INFO cinder.api.v3.volumes [None req-a18a4e37-dbe0-4a86-830f-df502bbc4257 tempest-VolumesTransfersTest-170872418 tempest-VolumesTransfersTest-170872418-project-admin] Delete volume with id: 32adfc55-f5b1-4a4d-aac2-76d9f65f58bb
Jul 28 17:56:14.941807 dv-cinder-813229-13-smb devstack@c-api.service[110927]: INFO cinder.api.openstack.wsgi [None req-ec85c30b-32ad-445f-b633-bf1fe68011b5 tempest-VolumeTypesNegativeTest-2140041496 tempest-VolumeTypesNegativeTest-2140041496-project] POST http://10.222.0.96/volume/v3/3bb19b405f43400aba9cbec0e797daba/volumes
Jul 28 17:56:14.942523 dv-cinder-813229-13-smb devstack@c-api.service[110927]: DEBUG cinder.api.openstack.wsgi [None req-ec85c30b-32ad-445f-b633-bf1fe68011b5 tempest-VolumeTypesNegativeTest-2140041496 tempest-VolumeTypesNegativeTest-2140041496-project] Action: 'create', calling method: create, body: {"volume": {"volume_type": "fb576290-ee7b-4bed-b483-e6df447f2142", "size": 1, "name": "tempest-VolumeTypesNegativeTest-Volume-1080290422"}} {{(pid=110927) _process_stack /opt/stack/cinder/cinder/api/openstack/wsgi.py:866}}
Jul 28 17:56:14.945761 dv-cinder-813229-13-smb devstack@c-api.service[110927]: DEBUG cinder.api.v3.volumes [None req-ec85c30b-32ad-445f-b633-bf1fe68011b5 tempest-VolumeTypesNegativeTest-2140041496 tempest-VolumeTypesNegativeTest-2140041496-project] Create volume request body: {'volume': {'volume_type': 'fb576290-ee7b-4bed-b483-e6df447f2142', 'size': 1, 'name': 'tempest-VolumeTypesNegativeTest-Volume-1080290422'}} {{(pid=110927) create /opt/stack/cinder/cinder/api/v3/volumes.py:298}}
Jul 28 17:56:14.969494 dv-cinder-813229-13-smb devstack@c-api.service[110928]: /usr/local/lib/python3.8/dist-packages/oslo_context/context.py:100: DeprecationWarning: Policy enforcement is depending on the value of is_admin. This key is deprecated. Please update your policy file to use the standard policy values.
Jul 28 17:56:14.969494 dv-cinder-813229-13-smb devstack@c-api.service[110928]: warnings.warn('Policy enforcement is depending on the value of '
Jul 28 17:56:14.970377 dv-cinder-813229-13-smb devstack@c-api.service[110928]: INFO cinder.volume.api [None req-a18a4e37-dbe0-4a86-830f-df502bbc4257 tempest-VolumesTransfersTest-170872418 tempest-VolumesTransfersTest-170872418-project-admin] Volume info retrieved successfully.
Jul 28 17:56:14.978670 dv-cinder-813229-13-smb devstack@c-api.service[110927]: INFO cinder.api.openstack.wsgi [None req-ec85c30b-32ad-445f-b633-bf1fe68011b5 tempest-VolumeTypesNegativeTest-2140041496 tempest-VolumeTypesNegativeTest-2140041496-project] http://10.222.0.96/volume/v3/3bb19b405f43400aba9cbec0e797daba/volumes returned with HTTP 404
Jul 28 17:56:14.981219 dv-cinder-813229-13-smb devstack@c-api.service[110927]: [pid: 110927|app: 0|req: 184/382] 10.222.0.96 () {60 vars in 1236 bytes} [Thu Jul 28 17:56:14 2022] POST /volume/v3/3bb19b405f43400aba9cbec0e797daba/volumes => generated 114 bytes in 270 msecs (HTTP/1.1 404) 7 headers in 292 bytes (1 switches on core 0)
Jul 28 17:56:14.987036 dv-cinder-813229-13-smb devstack@c-api.service[110927]: DEBUG cinder.api.middleware.request_id [None req-e33780ba-18ee-4a17-ae67-89a35f1c9edd None None] RequestId filter calling following filter/app {{(pid=110927) _context_setter /opt/stack/cinder/cinder/api/middleware/request_id.py:62}}
Jul 28 17:56:14.996617 dv-cinder-813229-13-smb devstack@c-api.service[110927]: INFO cinder.api.openstack.wsgi [None req-e33780ba-18ee-4a17-ae67-89a35f1c9edd tempest-VolumeTypesNegativeTest-1450006302 tempest-VolumeTypesNegativeTest-1450006302-project-admin] POST http://10.222.0.96/volume/v3/9e13cfe94f3d4f0f95cc7d6bca2fb68e/types
Jul 28 17:56:14.997792 dv-cinder-813229-13-smb devstack@c-api.service[110927]: DEBUG cinder.api.openstack.wsgi [None req-e33780ba-18ee-4a17-ae67-89a35f1c9edd tempest-VolumeTypesNegativeTest-1450006302 tempest-VolumeTypesNegativeTest-1450006302-project-admin] Action: 'create', calling method: _create, body: {"volume_type": {"name": ""}} {{(pid=110927) _process_stack /opt/stack/cinder/cinder/api/openstack/wsgi.py:866}}
Jul 28 17:56:15.000524 dv-cinder-813229-13-smb devstack@c-api.service[110927]: INFO cinder.api.openstack.wsgi [None req-e33780ba-18ee-4a17-ae67-89a35f1c9edd tempest-VolumeTypesNegativeTest-1450006302 tempest-VolumeTypesNegativeTest-1450006302-project-admin] http://10.222.0.96/volume/v3/9e13cfe94f3d4f0f95cc7d6bca2fb68e/types returned with HTTP 400
Jul 28 17:56:15.004406 dv-cinder-813229-13-smb devstack@c-api.service[110927]: [pid: 110927|app: 0|req: 185/383] 10.222.0.96 () {60 vars in 1229 bytes} [Thu Jul 28 17:56:14 2022] POST /volume/v3/9e13cfe94f3d4f0f95cc7d6bca2fb68e/types => generated 108 bytes in 16 msecs (HTTP/1.1 400) 7 headers in 294 bytes (1 switches on core 0)
Jul 28 17:56:15.007233 dv-cinder-813229-13-smb devstack@c-api.service[110927]: DEBUG cinder.api.middleware.request_id [None req-9b353693-5a3e-4225-b67a-ddfde43d5fbc None None] RequestId filter calling following filter/app {{(pid=110927) _context_setter /opt/stack/cinder/cinder/api/middleware/request_id.py:62}}
Jul 28 17:56:15.011673 dv-cinder-813229-13-smb devstack@c-api.service[110927]: INFO cinder.api.openstack.wsgi [None req-9b353693-5a3e-4225-b67a-ddfde43d5fbc tempest-VolumeTypesNegativeTest-1450006302 tempest-VolumeTypesNegativeTest-1450006302-project-admin] POST http://10.222.0.96/volume/v3/9e13cfe94f3d4f0f95cc7d6bca2fb68e/types
Jul 28 17:56:15.012501 dv-cinder-813229-13-smb devstack@c-api.service[110927]: DEBUG cinder.api.openstack.wsgi [None req-9b353693-5a3e-4225-b67a-ddfde43d5fbc tempest-VolumeTypesNegativeTest-1450006302 tempest-VolumeTypesNegativeTest-1450006302-project-admin] Action: 'create', calling method: _create, body: {"volume_type": {"name": "tempest-VolumeTypesNegativeTest-volume-type-12762970"}} {{(pid=110927) _process_stack /opt/stack/cinder/cinder/api/openstack/wsgi.py:866}}
Jul 28 17:56:15.044553 dv-cinder-813229-13-smb devstack@c-api.service[110927]: INFO cinder.api.openstack.wsgi [None req-9b353693-5a3e-4225-b67a-ddfde43d5fbc tempest-VolumeTypesNegativeTest-1450006302 tempest-VolumeTypesNegativeTest-1450006302-project-admin] http://10.222.0.96/volume/v3/9e13cfe94f3d4f0f95cc7d6bca2fb68e/types returned with HTTP 200
Jul 28 17:56:15.046491 dv-cinder-813229-13-smb devstack@c-api.service[110927]: [pid: 110927|app: 0|req: 186/384] 10.222.0.96 () {60 vars in 1229 bytes} [Thu Jul 28 17:56:15 2022] POST /volume/v3/9e13cfe94f3d4f0f95cc7d6bca2fb68e/types => generated 227 bytes in 40 msecs (HTTP/1.1 200) 7 headers in 285 bytes (1 switches on core 0)
Jul 28 17:56:15.054099 dv-cinder-813229-13-smb devstack@c-api.service[110928]: INFO cinder.volume.api [None req-a18a4e37-dbe0-4a86-830f-df502bbc4257 tempest-VolumesTransfersTest-170872418 tempest-VolumesTransfersTest-170872418-project-admin] Delete volume request issued successfully.
Jul 28 17:56:15.054609 dv-cinder-813229-13-smb devstack@c-api.service[110928]: INFO cinder.api.openstack.wsgi [None req-a18a4e37-dbe0-4a86-830f-df502bbc4257 tempest-VolumesTransfersTest-170872418 tempest-VolumesTransfersTest-170872418-project-admin] http://10.222.0.96/volume/v3/a760136358014ab1a16a115b5ddd6b52/volumes/32adfc55-f5b1-4a4d-aac2-76d9f65f58bb returned with HTTP 202
Jul 28 17:56:15.055613 dv-cinder-813229-13-smb devstack@c-api.service[110928]: [pid: 110928|app: 0|req: 199/385] 10.222.0.96 () {58 vars in 1328 bytes} [Thu Jul 28 17:56:14 2022] DELETE /volume/v3/a760136358014ab1a16a115b5ddd6b52/volumes/32adfc55-f5b1-4a4d-aac2-76d9f65f58bb => generated 0 bytes in 482 msecs (HTTP/1.1 202) 6 headers in 233 bytes (1 switches on core 0)
Jul 28 17:56:15.056114 dv-cinder-813229-13-smb devstack@c-api.service[110927]: DEBUG cinder.api.middleware.request_id [None req-ed094498-71a8-4e4c-bd4c-f57b50c24424 None None] RequestId filter calling following filter/app {{(pid=110927) _context_setter /opt/stack/cinder/cinder/api/middleware/request_id.py:62}}
Jul 28 17:56:15.060381 dv-cinder-813229-13-smb devstack@c-api.service[110928]: DEBUG cinder.api.middleware.request_id [None req-5892819c-e47b-4b81-b7c5-f2b23229ad3c None None] RequestId filter calling following filter/app {{(pid=110928) _context_setter /opt/stack/cinder/cinder/api/middleware/request_id.py:62}}
Jul 28 17:56:15.063939 dv-cinder-813229-13-smb devstack@c-api.service[110927]: INFO cinder.api.openstack.wsgi [None req-ed094498-71a8-4e4c-bd4c-f57b50c24424 tempest-VolumeTypesNegativeTest-1450006302 tempest-VolumeTypesNegativeTest-1450006302-project-admin] POST http://10.222.0.96/volume/v3/9e13cfe94f3d4f0f95cc7d6bca2fb68e/types
Jul 28 17:56:15.064592 dv-cinder-813229-13-smb devstack@c-api.service[110928]: INFO cinder.api.openstack.wsgi [None req-5892819c-e47b-4b81-b7c5-f2b23229ad3c tempest-VolumesTransfersTest-170872418 tempest-VolumesTransfersTest-170872418-project-admin] GET http://10.222.0.96/volume/v3/a760136358014ab1a16a115b5ddd6b52/volumes/32adfc55-f5b1-4a4d-aac2-76d9f65f58bb
Jul 28 17:56:15.064735 dv-cinder-813229-13-smb devstack@c-api.service[110927]: DEBUG cinder.api.openstack.wsgi [None req-ed094498-71a8-4e4c-bd4c-f57b50c24424 tempest-VolumeTypesNegativeTest-1450006302 tempest-VolumeTypesNegativeTest-1450006302-project-admin] Action: 'create', calling method: _create, body: {"volume_type": {"name": "tempest-VolumeTypesNegativeTest-volume-type-12762970"}} {{(pid=110927) _process_stack /opt/stack/cinder/cinder/api/openstack/wsgi.py:866}}
Jul 28 17:56:15.065035 dv-cinder-813229-13-smb devstack@c-api.service[110928]: DEBUG cinder.api.openstack.wsgi [None req-5892819c-e47b-4b81-b7c5-f2b23229ad3c tempest-VolumesTransfersTest-170872418 tempest-VolumesTransfersTest-170872418-project-admin] Empty body provided in request {{(pid=110928) get_body /opt/stack/cinder/cinder/api/openstack/wsgi.py:715}}
Jul 28 17:56:15.065543 dv-cinder-813229-13-smb devstack@c-api.service[110928]: DEBUG cinder.api.openstack.wsgi [None req-5892819c-e47b-4b81-b7c5-f2b23229ad3c tempest-VolumesTransfersTest-170872418 tempest-VolumesTransfersTest-170872418-project-admin] Calling method 'show' {{(pid=110928) _process_stack /opt/stack/cinder/cinder/api/openstack/wsgi.py:868}}
Jul 28 17:56:15.077272 dv-cinder-813229-13-smb devstack@c-api.service[110927]: INFO cinder.api.openstack.wsgi [None req-ed094498-71a8-4e4c-bd4c-f57b50c24424 tempest-VolumeTypesNegativeTest-1450006302 tempest-VolumeTypesNegativeTest-1450006302-project-admin] HTTP exception thrown: Volume Type tempest-VolumeTypesNegativeTest-volume-type-12762970 already exists.
Jul 28 17:56:15.078066 dv-cinder-813229-13-smb devstack@c-api.service[110927]: INFO cinder.api.openstack.wsgi [None req-ed094498-71a8-4e4c-bd4c-f57b50c24424 tempest-VolumeTypesNegativeTest-1450006302 tempest-VolumeTypesNegativeTest-1450006302-project-admin] http://10.222.0.96/volume/v3/9e13cfe94f3d4f0f95cc7d6bca2fb68e/types returned with HTTP 409
Jul 28 17:56:15.080460 dv-cinder-813229-13-smb devstack@c-api.service[110927]: [pid: 110927|app: 0|req: 187/386] 10.222.0.96 () {60 vars in 1229 bytes} [Thu Jul 28 17:56:15 2022] POST /volume/v3/9e13cfe94f3d4f0f95cc7d6bca2fb68e/types => generated 132 bytes in 27 msecs (HTTP/1.1 409) 7 headers in 291 bytes (2 switches on core 0)
Jul 28 17:56:15.086182 dv-cinder-813229-13-smb devstack@c-api.service[110927]: DEBUG cinder.api.middleware.request_id [None req-cbcbfa17-bd27-4498-9231-bb70e9492eed None None] RequestId filter calling following filter/app {{(pid=110927) _context_setter /opt/stack/cinder/cinder/api/middleware/request_id.py:62}}
Jul 28 17:56:15.100018 dv-cinder-813229-13-smb devstack@c-api.service[110928]: /usr/local/lib/python3.8/dist-packages/oslo_context/context.py:100: DeprecationWarning: Policy enforcement is depending on the value of is_admin. This key is deprecated. Please update your policy file to use the standard policy values.
Jul 28 17:56:15.100018 dv-cinder-813229-13-smb devstack@c-api.service[110928]: warnings.warn('Policy enforcement is depending on the value of '
Jul 28 17:56:15.102009 dv-cinder-813229-13-smb devstack@c-api.service[110927]: INFO cinder.api.openstack.wsgi [None req-cbcbfa17-bd27-4498-9231-bb70e9492eed tempest-VolumeTypesNegativeTest-1450006302 tempest-VolumeTypesNegativeTest-1450006302-project-admin] DELETE http://10.222.0.96/volume/v3/9e13cfe94f3d4f0f95cc7d6bca2fb68e/types/b5ab10db-e0d7-45c0-ad25-bd9d486af661
Jul 28 17:56:15.103734 dv-cinder-813229-13-smb devstack@c-api.service[110927]: DEBUG cinder.api.openstack.wsgi [None req-cbcbfa17-bd27-4498-9231-bb70e9492eed tempest-VolumeTypesNegativeTest-1450006302 tempest-VolumeTypesNegativeTest-1450006302-project-admin] Empty body provided in request {{(pid=110927) get_body /opt/stack/cinder/cinder/api/openstack/wsgi.py:715}}
Jul 28 17:56:15.104277 dv-cinder-813229-13-smb devstack@c-api.service[110927]: DEBUG cinder.api.openstack.wsgi [None req-cbcbfa17-bd27-4498-9231-bb70e9492eed tempest-VolumeTypesNegativeTest-1450006302 tempest-VolumeTypesNegativeTest-1450006302-project-admin] Calling method '_delete' {{(pid=110927) _process_stack /opt/stack/cinder/cinder/api/openstack/wsgi.py:868}}
Jul 28 17:56:15.113816 dv-cinder-813229-13-smb devstack@c-api.service[110927]: INFO cinder.api.openstack.wsgi [None req-cbcbfa17-bd27-4498-9231-bb70e9492eed tempest-VolumeTypesNegativeTest-1450006302 tempest-VolumeTypesNegativeTest-1450006302-project-admin] http://10.222.0.96/volume/v3/9e13cfe94f3d4f0f95cc7d6bca2fb68e/types/b5ab10db-e0d7-45c0-ad25-bd9d486af661 returned with HTTP 404
Jul 28 17:56:15.118556 dv-cinder-813229-13-smb devstack@c-api.service[110928]: INFO cinder.volume.api [None req-5892819c-e47b-4b81-b7c5-f2b23229ad3c tempest-VolumesTransfersTest-170872418 tempest-VolumesTransfersTest-170872418-project-admin] Volume info retrieved successfully.
Jul 28 17:56:15.128454 dv-cinder-813229-13-smb devstack@c-api.service[110927]: [pid: 110927|app: 0|req: 188/387] 10.222.0.96 () {58 vars in 1322 bytes} [Thu Jul 28 17:56:15 2022] DELETE /volume/v3/9e13cfe94f3d4f0f95cc7d6bca2fb68e/types/b5ab10db-e0d7-45c0-ad25-bd9d486af661 => generated 114 bytes in 43 msecs (HTTP/1.1 404) 7 headers in 292 bytes (1 switches on core 0)
Jul 28 17:56:15.132024 dv-cinder-813229-13-smb devstack@c-api.service[110927]: DEBUG cinder.api.middleware.request_id [None req-9f6905c3-fc42-4e35-b2d2-634074ae7092 None None] RequestId filter calling following filter/app {{(pid=110927) _context_setter /opt/stack/cinder/cinder/api/middleware/request_id.py:62}}
Jul 28 17:56:15.140577 dv-cinder-813229-13-smb devstack@c-api.service[110928]: INFO cinder.api.openstack.wsgi [None req-5892819c-e47b-4b81-b7c5-f2b23229ad3c tempest-VolumesTransfersTest-170872418 tempest-VolumesTransfersTest-170872418-project-admin] http://10.222.0.96/volume/v3/a760136358014ab1a16a115b5ddd6b52/volumes/32adfc55-f5b1-4a4d-aac2-76d9f65f58bb returned with HTTP 200
Jul 28 17:56:15.144240 dv-cinder-813229-13-smb devstack@c-api.service[110927]: INFO cinder.api.openstack.wsgi [None req-9f6905c3-fc42-4e35-b2d2-634074ae7092 tempest-VolumeTypesNegativeTest-1450006302 tempest-VolumeTypesNegativeTest-1450006302-project-admin] GET http://10.222.0.96/volume/v3/9e13cfe94f3d4f0f95cc7d6bca2fb68e/types/fc0a421e-ad25-4743-80fd-83eacaff7fd7
Jul 28 17:56:15.144732 dv-cinder-813229-13-smb devstack@c-api.service[110927]: DEBUG cinder.api.openstack.wsgi [None req-9f6905c3-fc42-4e35-b2d2-634074ae7092 tempest-VolumeTypesNegativeTest-1450006302 tempest-VolumeTypesNegativeTest-1450006302-project-admin] Empty body provided in request {{(pid=110927) get_body /opt/stack/cinder/cinder/api/openstack/wsgi.py:715}}
Jul 28 17:56:15.146433 dv-cinder-813229-13-smb devstack@c-api.service[110927]: DEBUG cinder.api.openstack.wsgi [None req-9f6905c3-fc42-4e35-b2d2-634074ae7092 tempest-VolumeTypesNegativeTest-1450006302 tempest-VolumeTypesNegativeTest-1450006302-project-admin] Calling method 'show' {{(pid=110927) _process_stack /opt/stack/cinder/cinder/api/openstack/wsgi.py:868}}
Jul 28 17:56:15.156128 dv-cinder-813229-13-smb devstack@c-api.service[110928]: [pid: 110928|app: 0|req: 200/388] 10.222.0.96 () {58 vars in 1325 bytes} [Thu Jul 28 17:56:15 2022] GET /volume/v3/a760136358014ab1a16a115b5ddd6b52/volumes/32adfc55-f5b1-4a4d-aac2-76d9f65f58bb => generated 1077 bytes in 97 msecs (HTTP/1.1 200) 7 headers in 286 bytes (2 switches on core 0)
Jul 28 17:56:15.159912 dv-cinder-813229-13-smb devstack@c-api.service[110927]: INFO cinder.api.openstack.wsgi [None req-9f6905c3-fc42-4e35-b2d2-634074ae7092 tempest-VolumeTypesNegativeTest-1450006302 tempest-VolumeTypesNegativeTest-1450006302-project-admin] http://10.222.0.96/volume/v3/9e13cfe94f3d4f0f95cc7d6bca2fb68e/types/fc0a421e-ad25-4743-80fd-83eacaff7fd7 returned with HTTP 404
Jul 28 17:56:15.167671 dv-cinder-813229-13-smb devstack@c-api.service[110927]: [pid: 110927|app: 0|req: 189/389] 10.222.0.96 () {58 vars in 1319 bytes} [Thu Jul 28 17:56:15 2022] GET /volume/v3/9e13cfe94f3d4f0f95cc7d6bca2fb68e/types/fc0a421e-ad25-4743-80fd-83eacaff7fd7 => generated 114 bytes in 38 msecs (HTTP/1.1 404) 7 headers in 292 bytes (1 switches on core 0)
Jul 28 17:56:15.169328 dv-cinder-813229-13-smb devstack@c-api.service[110928]: DEBUG cinder.api.middleware.request_id [None req-a1aa6a9e-e917-49c0-8c1f-6e3f634cef01 None None] RequestId filter calling following filter/app {{(pid=110928) _context_setter /opt/stack/cinder/cinder/api/middleware/request_id.py:62}}
Jul 28 17:56:15.174281 dv-cinder-813229-13-smb devstack@c-api.service[110928]: INFO cinder.api.openstack.wsgi [None req-a1aa6a9e-e917-49c0-8c1f-6e3f634cef01 tempest-VolumeTypesNegativeTest-1450006302 tempest-VolumeTypesNegativeTest-1450006302-project-admin] DELETE http://10.222.0.96/volume/v3/9e13cfe94f3d4f0f95cc7d6bca2fb68e/types/20748e4e-c5af-4f10-93e1-ed0556b1366f
Jul 28 17:56:15.175638 dv-cinder-813229-13-smb devstack@c-api.service[110928]: DEBUG cinder.api.openstack.wsgi [None req-a1aa6a9e-e917-49c0-8c1f-6e3f634cef01 tempest-VolumeTypesNegativeTest-1450006302 tempest-VolumeTypesNegativeTest-1450006302-project-admin] Empty body provided in request {{(pid=110928) get_body /opt/stack/cinder/cinder/api/openstack/wsgi.py:715}}
Jul 28 17:56:15.176361 dv-cinder-813229-13-smb devstack@c-api.service[110928]: DEBUG cinder.api.openstack.wsgi [None req-a1aa6a9e-e917-49c0-8c1f-6e3f634cef01 tempest-VolumeTypesNegativeTest-1450006302 tempest-VolumeTypesNegativeTest-1450006302-project-admin] Calling method '_delete' {{(pid=110928) _process_stack /opt/stack/cinder/cinder/api/openstack/wsgi.py:868}}
Jul 28 17:56:15.227271 dv-cinder-813229-13-smb devstack@c-api.service[110927]: DEBUG cinder.api.middleware.request_id [None req-6ec1630b-1e8e-4a96-98ee-27d0878b5fb2 None None] RequestId filter calling following filter/app {{(pid=110927) _context_setter /opt/stack/cinder/cinder/api/middleware/request_id.py:62}}
Jul 28 17:56:15.256789 dv-cinder-813229-13-smb devstack@c-api.service[110928]: INFO cinder.api.openstack.wsgi [None req-a1aa6a9e-e917-49c0-8c1f-6e3f634cef01 tempest-VolumeTypesNegativeTest-1450006302 tempest-VolumeTypesNegativeTest-1450006302-project-admin] http://10.222.0.96/volume/v3/9e13cfe94f3d4f0f95cc7d6bca2fb68e/types/20748e4e-c5af-4f10-93e1-ed0556b1366f returned with HTTP 202
Jul 28 17:56:15.261098 dv-cinder-813229-13-smb devstack@c-api.service[110928]: [pid: 110928|app: 0|req: 201/390] 10.222.0.96 () {58 vars in 1322 bytes} [Thu Jul 28 17:56:15 2022] DELETE /volume/v3/9e13cfe94f3d4f0f95cc7d6bca2fb68e/types/20748e4e-c5af-4f10-93e1-ed0556b1366f => generated 0 bytes in 90 msecs (HTTP/1.1 202) 6 headers in 233 bytes (1 switches on core 0)
Jul 28 17:56:15.263151 dv-cinder-813229-13-smb devstack@c-api.service[110928]: DEBUG cinder.api.middleware.request_id [None req-2a0ea504-080b-44b7-bb1e-496c6f57ce69 None None] RequestId filter calling following filter/app {{(pid=110928) _context_setter /opt/stack/cinder/cinder/api/middleware/request_id.py:62}}
Jul 28 17:56:15.268540 dv-cinder-813229-13-smb devstack@c-api.service[110928]: INFO cinder.api.openstack.wsgi [None req-2a0ea504-080b-44b7-bb1e-496c6f57ce69 tempest-VolumeTypesNegativeTest-1450006302 tempest-VolumeTypesNegativeTest-1450006302-project-admin] GET http://10.222.0.96/volume/v3/9e13cfe94f3d4f0f95cc7d6bca2fb68e/types/20748e4e-c5af-4f10-93e1-ed0556b1366f
Jul 28 17:56:15.269199 dv-cinder-813229-13-smb devstack@c-api.service[110928]: DEBUG cinder.api.openstack.wsgi [None req-2a0ea504-080b-44b7-bb1e-496c6f57ce69 tempest-VolumeTypesNegativeTest-1450006302 tempest-VolumeTypesNegativeTest-1450006302-project-admin] Empty body provided in request {{(pid=110928) get_body /opt/stack/cinder/cinder/api/openstack/wsgi.py:715}}
Jul 28 17:56:15.269850 dv-cinder-813229-13-smb devstack@c-api.service[110928]: DEBUG cinder.api.openstack.wsgi [None req-2a0ea504-080b-44b7-bb1e-496c6f57ce69 tempest-VolumeTypesNegativeTest-1450006302 tempest-VolumeTypesNegativeTest-1450006302-project-admin] Calling method 'show' {{(pid=110928) _process_stack /opt/stack/cinder/cinder/api/openstack/wsgi.py:868}}
Jul 28 17:56:15.277009 dv-cinder-813229-13-smb devstack@c-api.service[110928]: INFO cinder.api.openstack.wsgi [None req-2a0ea504-080b-44b7-bb1e-496c6f57ce69 tempest-VolumeTypesNegativeTest-1450006302 tempest-VolumeTypesNegativeTest-1450006302-project-admin] http://10.222.0.96/volume/v3/9e13cfe94f3d4f0f95cc7d6bca2fb68e/types/20748e4e-c5af-4f10-93e1-ed0556b1366f returned with HTTP 404
Jul 28 17:56:15.285935 dv-cinder-813229-13-smb devstack@c-api.service[110928]: [pid: 110928|app: 0|req: 202/391] 10.222.0.96 () {58 vars in 1319 bytes} [Thu Jul 28 17:56:15 2022] GET /volume/v3/9e13cfe94f3d4f0f95cc7d6bca2fb68e/types/20748e4e-c5af-4f10-93e1-ed0556b1366f => generated 114 bytes in 19 msecs (HTTP/1.1 404) 7 headers in 292 bytes (1 switches on core 0)
Jul 28 17:56:15.288463 dv-cinder-813229-13-smb devstack@c-api.service[110928]: DEBUG cinder.api.middleware.request_id [None req-520d6750-a49a-4861-b6a2-2bb27a268efd None None] RequestId filter calling following filter/app {{(pid=110928) _context_setter /opt/stack/cinder/cinder/api/middleware/request_id.py:62}}
Jul 28 17:56:15.295768 dv-cinder-813229-13-smb devstack@c-api.service[110928]: INFO cinder.api.openstack.wsgi [None req-520d6750-a49a-4861-b6a2-2bb27a268efd tempest-VolumeTypesNegativeTest-1450006302 tempest-VolumeTypesNegativeTest-1450006302-project-admin] DELETE http://10.222.0.96/volume/v3/9e13cfe94f3d4f0f95cc7d6bca2fb68e/types/fb576290-ee7b-4bed-b483-e6df447f2142
Jul 28 17:56:15.296284 dv-cinder-813229-13-smb devstack@c-api.service[110928]: DEBUG cinder.api.openstack.wsgi [None req-520d6750-a49a-4861-b6a2-2bb27a268efd tempest-VolumeTypesNegativeTest-1450006302 tempest-VolumeTypesNegativeTest-1450006302-project-admin] Empty body provided in request {{(pid=110928) get_body /opt/stack/cinder/cinder/api/openstack/wsgi.py:715}}
Jul 28 17:56:15.296825 dv-cinder-813229-13-smb devstack@c-api.service[110928]: DEBUG cinder.api.openstack.wsgi [None req-520d6750-a49a-4861-b6a2-2bb27a268efd tempest-VolumeTypesNegativeTest-1450006302 tempest-VolumeTypesNegativeTest-1450006302-project-admin] Calling method '_delete' {{(pid=110928) _process_stack /opt/stack/cinder/cinder/api/openstack/wsgi.py:868}}
Jul 28 17:56:15.351881 dv-cinder-813229-13-smb devstack@c-api.service[110928]: INFO cinder.api.openstack.wsgi [None req-520d6750-a49a-4861-b6a2-2bb27a268efd tempest-VolumeTypesNegativeTest-1450006302 tempest-VolumeTypesNegativeTest-1450006302-project-admin] http://10.222.0.96/volume/v3/9e13cfe94f3d4f0f95cc7d6bca2fb68e/types/fb576290-ee7b-4bed-b483-e6df447f2142 returned with HTTP 202
Jul 28 17:56:15.353641 dv-cinder-813229-13-smb devstack@c-api.service[110928]: [pid: 110928|app: 0|req: 203/392] 10.222.0.96 () {58 vars in 1322 bytes} [Thu Jul 28 17:56:15 2022] DELETE /volume/v3/9e13cfe94f3d4f0f95cc7d6bca2fb68e/types/fb576290-ee7b-4bed-b483-e6df447f2142 => generated 0 bytes in 67 msecs (HTTP/1.1 202) 6 headers in 233 bytes (1 switches on core 0)
Jul 28 17:56:15.358780 dv-cinder-813229-13-smb devstack@c-api.service[110928]: DEBUG cinder.api.middleware.request_id [None req-e2fa9e6f-4f3e-4b50-8780-86fc04a29c3e None None] RequestId filter calling following filter/app {{(pid=110928) _context_setter /opt/stack/cinder/cinder/api/middleware/request_id.py:62}}
Jul 28 17:56:15.363515 dv-cinder-813229-13-smb devstack@c-api.service[110928]: INFO cinder.api.openstack.wsgi [None req-e2fa9e6f-4f3e-4b50-8780-86fc04a29c3e tempest-VolumeTypesNegativeTest-1450006302 tempest-VolumeTypesNegativeTest-1450006302-project-admin] GET http://10.222.0.96/volume/v3/9e13cfe94f3d4f0f95cc7d6bca2fb68e/types/fb576290-ee7b-4bed-b483-e6df447f2142
Jul 28 17:56:15.364143 dv-cinder-813229-13-smb devstack@c-api.service[110928]: DEBUG cinder.api.openstack.wsgi [None req-e2fa9e6f-4f3e-4b50-8780-86fc04a29c3e tempest-VolumeTypesNegativeTest-1450006302 tempest-VolumeTypesNegativeTest-1450006302-project-admin] Empty body provided in request {{(pid=110928) get_body /opt/stack/cinder/cinder/api/openstack/wsgi.py:715}}
Jul 28 17:56:15.364785 dv-cinder-813229-13-smb devstack@c-api.service[110928]: DEBUG cinder.api.openstack.wsgi [None req-e2fa9e6f-4f3e-4b50-8780-86fc04a29c3e tempest-VolumeTypesNegativeTest-1450006302 tempest-VolumeTypesNegativeTest-1450006302-project-admin] Calling method 'show' {{(pid=110928) _process_stack /opt/stack/cinder/cinder/api/openstack/wsgi.py:868}}
Jul 28 17:56:15.375292 dv-cinder-813229-13-smb devstack@c-api.service[110928]: INFO cinder.api.openstack.wsgi [None req-e2fa9e6f-4f3e-4b50-8780-86fc04a29c3e tempest-VolumeTypesNegativeTest-1450006302 tempest-VolumeTypesNegativeTest-1450006302-project-admin] http://10.222.0.96/volume/v3/9e13cfe94f3d4f0f95cc7d6bca2fb68e/types/fb576290-ee7b-4bed-b483-e6df447f2142 returned with HTTP 404
Jul 28 17:56:15.376343 dv-cinder-813229-13-smb devstack@c-api.service[110928]: [pid: 110928|app: 0|req: 204/393] 10.222.0.96 () {58 vars in 1319 bytes} [Thu Jul 28 17:56:15 2022] GET /volume/v3/9e13cfe94f3d4f0f95cc7d6bca2fb68e/types/fb576290-ee7b-4bed-b483-e6df447f2142 => generated 114 bytes in 19 msecs (HTTP/1.1 404) 7 headers in 292 bytes (1 switches on core 0)
Jul 28 17:56:15.432747 dv-cinder-813229-13-smb devstack@c-api.service[110928]: DEBUG cinder.api.middleware.request_id [None req-0079df0c-6022-4ce6-ae92-84413dc72af1 None None] RequestId filter calling following filter/app {{(pid=110928) _context_setter /opt/stack/cinder/cinder/api/middleware/request_id.py:62}}
Jul 28 17:56:15.512294 dv-cinder-813229-13-smb devstack@c-api.service[110927]: INFO cinder.api.openstack.wsgi [None req-6ec1630b-1e8e-4a96-98ee-27d0878b5fb2 tempest-VolumeQuotaClassesTest-1228619436 tempest-VolumeQuotaClassesTest-1228619436-project-admin] GET http://10.222.0.96/volume/v3/84155589c2584c629339233f21cfd33e/os-quota-class-sets/default
Jul 28 17:56:15.512957 dv-cinder-813229-13-smb devstack@c-api.service[110927]: DEBUG cinder.api.openstack.wsgi [None req-6ec1630b-1e8e-4a96-98ee-27d0878b5fb2 tempest-VolumeQuotaClassesTest-1228619436 tempest-VolumeQuotaClassesTest-1228619436-project-admin] Empty body provided in request {{(pid=110927) get_body /opt/stack/cinder/cinder/api/openstack/wsgi.py:715}}
Jul 28 17:56:15.513637 dv-cinder-813229-13-smb devstack@c-api.service[110927]: DEBUG cinder.api.openstack.wsgi [None req-6ec1630b-1e8e-4a96-98ee-27d0878b5fb2 tempest-VolumeQuotaClassesTest-1228619436 tempest-VolumeQuotaClassesTest-1228619436-project-admin] Calling method 'show' {{(pid=110927) _process_stack /opt/stack/cinder/cinder/api/openstack/wsgi.py:868}}
Jul 28 17:56:15.540170 dv-cinder-813229-13-smb devstack@c-api.service[110927]: INFO cinder.api.openstack.wsgi [None req-6ec1630b-1e8e-4a96-98ee-27d0878b5fb2 tempest-VolumeQuotaClassesTest-1228619436 tempest-VolumeQuotaClassesTest-1228619436-project-admin] http://10.222.0.96/volume/v3/84155589c2584c629339233f21cfd33e/os-quota-class-sets/default returned with HTTP 200
Jul 28 17:56:15.540887 dv-cinder-813229-13-smb devstack@c-api.service[110927]: [pid: 110927|app: 0|req: 190/394] 10.222.0.96 () {58 vars in 1274 bytes} [Thu Jul 28 17:56:15 2022] GET /volume/v3/84155589c2584c629339233f21cfd33e/os-quota-class-sets/default => generated 342 bytes in 315 msecs (HTTP/1.1 200) 7 headers in 285 bytes (1 switches on core 0)
Jul 28 17:56:15.550418 dv-cinder-813229-13-smb devstack@c-api.service[110927]: DEBUG cinder.api.middleware.request_id [None req-0579d228-4c20-43bc-a016-c7af09011b1d None None] RequestId filter calling following filter/app {{(pid=110927) _context_setter /opt/stack/cinder/cinder/api/middleware/request_id.py:62}}
Jul 28 17:56:15.554355 dv-cinder-813229-13-smb devstack@c-api.service[110927]: INFO cinder.api.openstack.wsgi [None req-0579d228-4c20-43bc-a016-c7af09011b1d tempest-VolumesServicesTestJSON-245051502 tempest-VolumesServicesTestJSON-245051502-project] GET http://10.222.0.96/volume/v3/c08eb44f6d8a49a4aff91220df0c38ed/volumes/f5685bad-5f03-41c8-aef3-794b9960b038
Jul 28 17:56:15.554950 dv-cinder-813229-13-smb devstack@c-api.service[110927]: DEBUG cinder.api.openstack.wsgi [None req-0579d228-4c20-43bc-a016-c7af09011b1d tempest-VolumesServicesTestJSON-245051502 tempest-VolumesServicesTestJSON-245051502-project] Empty body provided in request {{(pid=110927) get_body /opt/stack/cinder/cinder/api/openstack/wsgi.py:715}}
Jul 28 17:56:15.555622 dv-cinder-813229-13-smb devstack@c-api.service[110927]: DEBUG cinder.api.openstack.wsgi [None req-0579d228-4c20-43bc-a016-c7af09011b1d tempest-VolumesServicesTestJSON-245051502 tempest-VolumesServicesTestJSON-245051502-project] Calling method 'show' {{(pid=110927) _process_stack /opt/stack/cinder/cinder/api/openstack/wsgi.py:868}}
Jul 28 17:56:15.571951 dv-cinder-813229-13-smb devstack@c-api.service[110927]: /usr/local/lib/python3.8/dist-packages/oslo_context/context.py:100: DeprecationWarning: Policy enforcement is depending on the value of is_admin. This key is deprecated. Please update your policy file to use the standard policy values.
Jul 28 17:56:15.571951 dv-cinder-813229-13-smb devstack@c-api.service[110927]: warnings.warn('Policy enforcement is depending on the value of '
Jul 28 17:56:15.580432 dv-cinder-813229-13-smb devstack@c-api.service[110927]: INFO cinder.volume.api [None req-0579d228-4c20-43bc-a016-c7af09011b1d tempest-VolumesServicesTestJSON-245051502 tempest-VolumesServicesTestJSON-245051502-project] Volume info retrieved successfully.
Jul 28 17:56:15.590037 dv-cinder-813229-13-smb devstack@c-api.service[110927]: INFO cinder.api.openstack.wsgi [None req-0579d228-4c20-43bc-a016-c7af09011b1d tempest-VolumesServicesTestJSON-245051502 tempest-VolumesServicesTestJSON-245051502-project] http://10.222.0.96/volume/v3/c08eb44f6d8a49a4aff91220df0c38ed/volumes/f5685bad-5f03-41c8-aef3-794b9960b038 returned with HTTP 200
Jul 28 17:56:15.591383 dv-cinder-813229-13-smb devstack@c-api.service[110927]: [pid: 110927|app: 0|req: 191/395] 10.222.0.96 () {58 vars in 1325 bytes} [Thu Jul 28 17:56:15 2022] GET /volume/v3/c08eb44f6d8a49a4aff91220df0c38ed/volumes/f5685bad-5f03-41c8-aef3-794b9960b038 => generated 916 bytes in 42 msecs (HTTP/1.1 200) 7 headers in 285 bytes (1 switches on core 0)
Jul 28 17:56:15.592696 dv-cinder-813229-13-smb devstack@c-api.service[110927]: DEBUG cinder.api.middleware.request_id [None req-0fdeed7a-ef61-4d34-b91d-5c5891788b66 None None] RequestId filter calling following filter/app {{(pid=110927) _context_setter /opt/stack/cinder/cinder/api/middleware/request_id.py:62}}
Jul 28 17:56:15.604353 dv-cinder-813229-13-smb devstack@c-api.service[110928]: INFO cinder.api.openstack.wsgi [None req-0079df0c-6022-4ce6-ae92-84413dc72af1 tempest-VolumesListAdminTestJSON-1683647165 tempest-VolumesListAdminTestJSON-1683647165-project] GET http://10.222.0.96/volume/v3/b7e5cb473a654a4bb90a9226369224ca/volumes
Jul 28 17:56:15.604803 dv-cinder-813229-13-smb devstack@c-api.service[110928]: DEBUG cinder.api.openstack.wsgi [None req-0079df0c-6022-4ce6-ae92-84413dc72af1 tempest-VolumesListAdminTestJSON-1683647165 tempest-VolumesListAdminTestJSON-1683647165-project] Empty body provided in request {{(pid=110928) get_body /opt/stack/cinder/cinder/api/openstack/wsgi.py:715}}
Jul 28 17:56:15.605008 dv-cinder-813229-13-smb devstack@c-api.service[110927]: INFO cinder.api.openstack.wsgi [None req-0fdeed7a-ef61-4d34-b91d-5c5891788b66 tempest-VolumeQuotaClassesTest-1228619436 tempest-VolumeQuotaClassesTest-1228619436-project-admin] GET http://10.222.0.96/volume/v3/84155589c2584c629339233f21cfd33e/os-quota-class-sets/default
Jul 28 17:56:15.605281 dv-cinder-813229-13-smb devstack@c-api.service[110928]: DEBUG cinder.api.openstack.wsgi [None req-0079df0c-6022-4ce6-ae92-84413dc72af1 tempest-VolumesListAdminTestJSON-1683647165 tempest-VolumesListAdminTestJSON-1683647165-project] Calling method 'index' {{(pid=110928) _process_stack /opt/stack/cinder/cinder/api/openstack/wsgi.py:868}}
Jul 28 17:56:15.605868 dv-cinder-813229-13-smb devstack@c-api.service[110927]: DEBUG cinder.api.openstack.wsgi [None req-0fdeed7a-ef61-4d34-b91d-5c5891788b66 tempest-VolumeQuotaClassesTest-1228619436 tempest-VolumeQuotaClassesTest-1228619436-project-admin] Empty body provided in request {{(pid=110927) get_body /opt/stack/cinder/cinder/api/openstack/wsgi.py:715}}
Jul 28 17:56:15.606086 dv-cinder-813229-13-smb devstack@c-api.service[110928]: DEBUG cinder.api.api_utils [None req-0079df0c-6022-4ce6-ae92-84413dc72af1 tempest-VolumesListAdminTestJSON-1683647165 tempest-VolumesListAdminTestJSON-1683647165-project] Removing options '' from query. {{(pid=110928) remove_invalid_filter_options /opt/stack/cinder/cinder/api/api_utils.py:83}}
Jul 28 17:56:15.606198 dv-cinder-813229-13-smb devstack@c-api.service[110927]: DEBUG cinder.api.openstack.wsgi [None req-0fdeed7a-ef61-4d34-b91d-5c5891788b66 tempest-VolumeQuotaClassesTest-1228619436 tempest-VolumeQuotaClassesTest-1228619436-project-admin] Calling method 'show' {{(pid=110927) _process_stack /opt/stack/cinder/cinder/api/openstack/wsgi.py:868}}
Jul 28 17:56:15.607709 dv-cinder-813229-13-smb devstack@c-api.service[110928]: DEBUG cinder.volume.api [None req-0079df0c-6022-4ce6-ae92-84413dc72af1 tempest-VolumesListAdminTestJSON-1683647165 tempest-VolumesListAdminTestJSON-1683647165-project] Searching by: MultiDict([('no_migration_targets', True)]). {{(pid=110928) get_all /opt/stack/cinder/cinder/volume/api.py:664}}
Jul 28 17:56:15.636045 dv-cinder-813229-13-smb devstack@c-api.service[110927]: INFO cinder.api.openstack.wsgi [None req-0fdeed7a-ef61-4d34-b91d-5c5891788b66 tempest-VolumeQuotaClassesTest-1228619436 tempest-VolumeQuotaClassesTest-1228619436-project-admin] http://10.222.0.96/volume/v3/84155589c2584c629339233f21cfd33e/os-quota-class-sets/default returned with HTTP 200
Jul 28 17:56:15.637093 dv-cinder-813229-13-smb devstack@c-api.service[110927]: [pid: 110927|app: 0|req: 192/396] 10.222.0.96 () {58 vars in 1274 bytes} [Thu Jul 28 17:56:15 2022] GET /volume/v3/84155589c2584c629339233f21cfd33e/os-quota-class-sets/default => generated 342 bytes in 45 msecs (HTTP/1.1 200) 7 headers in 285 bytes (1 switches on core 0)
Jul 28 17:56:15.638940 dv-cinder-813229-13-smb devstack@c-api.service[110927]: DEBUG cinder.api.middleware.request_id [None req-849b3d64-2548-4547-b3da-4688c35b4d45 None None] RequestId filter calling following filter/app {{(pid=110927) _context_setter /opt/stack/cinder/cinder/api/middleware/request_id.py:62}}
Jul 28 17:56:15.643357 dv-cinder-813229-13-smb devstack@c-api.service[110927]: INFO cinder.api.openstack.wsgi [None req-849b3d64-2548-4547-b3da-4688c35b4d45 tempest-VolumesServicesTestJSON-1778457127 tempest-VolumesServicesTestJSON-1778457127-project-admin] GET http://10.222.0.96/volume/v3/2c5666e4f3ab4e4999351e772418707f/volumes/f5685bad-5f03-41c8-aef3-794b9960b038
Jul 28 17:56:15.643904 dv-cinder-813229-13-smb devstack@c-api.service[110927]: DEBUG cinder.api.openstack.wsgi [None req-849b3d64-2548-4547-b3da-4688c35b4d45 tempest-VolumesServicesTestJSON-1778457127 tempest-VolumesServicesTestJSON-1778457127-project-admin] Empty body provided in request {{(pid=110927) get_body /opt/stack/cinder/cinder/api/openstack/wsgi.py:715}}
Jul 28 17:56:15.644443 dv-cinder-813229-13-smb devstack@c-api.service[110927]: DEBUG cinder.api.openstack.wsgi [None req-849b3d64-2548-4547-b3da-4688c35b4d45 tempest-VolumesServicesTestJSON-1778457127 tempest-VolumesServicesTestJSON-1778457127-project-admin] Calling method 'show' {{(pid=110927) _process_stack /opt/stack/cinder/cinder/api/openstack/wsgi.py:868}}
Jul 28 17:56:15.656763 dv-cinder-813229-13-smb devstack@c-api.service[110928]: INFO cinder.volume.api [None req-0079df0c-6022-4ce6-ae92-84413dc72af1 tempest-VolumesListAdminTestJSON-1683647165 tempest-VolumesListAdminTestJSON-1683647165-project] Get all volumes completed successfully.
Jul 28 17:56:15.657626 dv-cinder-813229-13-smb devstack@c-api.service[110928]: INFO cinder.api.openstack.wsgi [None req-0079df0c-6022-4ce6-ae92-84413dc72af1 tempest-VolumesListAdminTestJSON-1683647165 tempest-VolumesListAdminTestJSON-1683647165-project] http://10.222.0.96/volume/v3/b7e5cb473a654a4bb90a9226369224ca/volumes returned with HTTP 200
Jul 28 17:56:15.665099 dv-cinder-813229-13-smb devstack@c-api.service[110928]: [pid: 110928|app: 0|req: 205/397] 10.222.0.96 () {58 vars in 1214 bytes} [Thu Jul 28 17:56:15 2022] GET /volume/v3/b7e5cb473a654a4bb90a9226369224ca/volumes => generated 15 bytes in 228 msecs (HTTP/1.1 200) 7 headers in 284 bytes (1 switches on core 0)
Jul 28 17:56:15.665099 dv-cinder-813229-13-smb devstack@c-api.service[110928]: DEBUG cinder.api.middleware.request_id [None req-b5a0aeee-ca7c-432d-be8a-9e8fb452c92e None None] RequestId filter calling following filter/app {{(pid=110928) _context_setter /opt/stack/cinder/cinder/api/middleware/request_id.py:62}}
Jul 28 17:56:15.668387 dv-cinder-813229-13-smb devstack@c-api.service[110928]: INFO cinder.api.openstack.wsgi [None req-b5a0aeee-ca7c-432d-be8a-9e8fb452c92e tempest-VolumeQuotaClassesTest-1228619436 tempest-VolumeQuotaClassesTest-1228619436-project-admin] POST http://10.222.0.96/volume/v3/84155589c2584c629339233f21cfd33e/types
Jul 28 17:56:15.669161 dv-cinder-813229-13-smb devstack@c-api.service[110928]: DEBUG cinder.api.openstack.wsgi [None req-b5a0aeee-ca7c-432d-be8a-9e8fb452c92e tempest-VolumeQuotaClassesTest-1228619436 tempest-VolumeQuotaClassesTest-1228619436-project-admin] Action: 'create', calling method: _create, body: {"volume_type": {"name": "tempest-VolumeQuotaClassesTest-volume-type-1107403369"}} {{(pid=110928) _process_stack /opt/stack/cinder/cinder/api/openstack/wsgi.py:866}}
Jul 28 17:56:15.670470 dv-cinder-813229-13-smb devstack@c-api.service[110927]: /usr/local/lib/python3.8/dist-packages/oslo_context/context.py:100: DeprecationWarning: Policy enforcement is depending on the value of is_admin. This key is deprecated. Please update your policy file to use the standard policy values.
Jul 28 17:56:15.670470 dv-cinder-813229-13-smb devstack@c-api.service[110927]: warnings.warn('Policy enforcement is depending on the value of '
Jul 28 17:56:15.680849 dv-cinder-813229-13-smb devstack@c-api.service[110927]: INFO cinder.volume.api [None req-849b3d64-2548-4547-b3da-4688c35b4d45 tempest-VolumesServicesTestJSON-1778457127 tempest-VolumesServicesTestJSON-1778457127-project-admin] Volume info retrieved successfully.
Jul 28 17:56:15.691173 dv-cinder-813229-13-smb devstack@c-api.service[110927]: INFO cinder.api.openstack.wsgi [None req-849b3d64-2548-4547-b3da-4688c35b4d45 tempest-VolumesServicesTestJSON-1778457127 tempest-VolumesServicesTestJSON-1778457127-project-admin] http://10.222.0.96/volume/v3/2c5666e4f3ab4e4999351e772418707f/volumes/f5685bad-5f03-41c8-aef3-794b9960b038 returned with HTTP 200
Jul 28 17:56:15.692664 dv-cinder-813229-13-smb devstack@c-api.service[110927]: [pid: 110927|app: 0|req: 193/398] 10.222.0.96 () {58 vars in 1325 bytes} [Thu Jul 28 17:56:15 2022] GET /volume/v3/2c5666e4f3ab4e4999351e772418707f/volumes/f5685bad-5f03-41c8-aef3-794b9960b038 => generated 1082 bytes in 55 msecs (HTTP/1.1 200) 7 headers in 286 bytes (1 switches on core 0)
Jul 28 17:56:15.694066 dv-cinder-813229-13-smb devstack@c-api.service[110927]: DEBUG cinder.api.middleware.request_id [None req-d189f424-2d62-4d70-a663-3699d67bac1d None None] RequestId filter calling following filter/app {{(pid=110927) _context_setter /opt/stack/cinder/cinder/api/middleware/request_id.py:62}}
Jul 28 17:56:15.704671 dv-cinder-813229-13-smb devstack@c-api.service[110927]: INFO cinder.api.openstack.wsgi [None req-d189f424-2d62-4d70-a663-3699d67bac1d tempest-VolumesListAdminTestJSON-1683647165 tempest-VolumesListAdminTestJSON-1683647165-project] POST http://10.222.0.96/volume/v3/b7e5cb473a654a4bb90a9226369224ca/volumes
Jul 28 17:56:15.705605 dv-cinder-813229-13-smb devstack@c-api.service[110927]: DEBUG cinder.api.openstack.wsgi [None req-d189f424-2d62-4d70-a663-3699d67bac1d tempest-VolumesListAdminTestJSON-1683647165 tempest-VolumesListAdminTestJSON-1683647165-project] Action: 'create', calling method: create, body: {"volume": {"size": 1, "name": "tempest-VolumesListAdminTestJSON-Volume-1603620982"}} {{(pid=110927) _process_stack /opt/stack/cinder/cinder/api/openstack/wsgi.py:866}}
Jul 28 17:56:15.708864 dv-cinder-813229-13-smb devstack@c-api.service[110928]: INFO cinder.api.openstack.wsgi [None req-b5a0aeee-ca7c-432d-be8a-9e8fb452c92e tempest-VolumeQuotaClassesTest-1228619436 tempest-VolumeQuotaClassesTest-1228619436-project-admin] http://10.222.0.96/volume/v3/84155589c2584c629339233f21cfd33e/types returned with HTTP 200
Jul 28 17:56:15.710931 dv-cinder-813229-13-smb devstack@c-api.service[110927]: DEBUG cinder.api.v3.volumes [None req-d189f424-2d62-4d70-a663-3699d67bac1d tempest-VolumesListAdminTestJSON-1683647165 tempest-VolumesListAdminTestJSON-1683647165-project] Create volume request body: {'volume': {'size': 1, 'name': 'tempest-VolumesListAdminTestJSON-Volume-1603620982'}} {{(pid=110927) create /opt/stack/cinder/cinder/api/v3/volumes.py:298}}
Jul 28 17:56:15.711398 dv-cinder-813229-13-smb devstack@c-api.service[110927]: INFO cinder.api.v3.volumes [None req-d189f424-2d62-4d70-a663-3699d67bac1d tempest-VolumesListAdminTestJSON-1683647165 tempest-VolumesListAdminTestJSON-1683647165-project] Create volume of 1 GB
Jul 28 17:56:15.715793 dv-cinder-813229-13-smb devstack@c-api.service[110928]: [pid: 110928|app: 0|req: 206/399] 10.222.0.96 () {60 vars in 1229 bytes} [Thu Jul 28 17:56:15 2022] POST /volume/v3/84155589c2584c629339233f21cfd33e/types => generated 228 bytes in 51 msecs (HTTP/1.1 200) 7 headers in 285 bytes (1 switches on core 0)
Jul 28 17:56:15.717300 dv-cinder-813229-13-smb devstack@c-api.service[110928]: DEBUG cinder.api.middleware.request_id [None req-8d03989d-ae74-4a13-a9b6-728aae281f60 None None] RequestId filter calling following filter/app {{(pid=110928) _context_setter /opt/stack/cinder/cinder/api/middleware/request_id.py:62}}
Jul 28 17:56:15.722934 dv-cinder-813229-13-smb devstack@c-api.service[110927]: INFO cinder.volume.api [None req-d189f424-2d62-4d70-a663-3699d67bac1d tempest-VolumesListAdminTestJSON-1683647165 tempest-VolumesListAdminTestJSON-1683647165-project] Availability Zones retrieved successfully.
Jul 28 17:56:15.723721 dv-cinder-813229-13-smb devstack@c-api.service[110928]: INFO cinder.api.openstack.wsgi [None req-8d03989d-ae74-4a13-a9b6-728aae281f60 tempest-VolumesServicesTestJSON-1778457127 tempest-VolumesServicesTestJSON-1778457127-project-admin] GET http://10.222.0.96/volume/v3/2c5666e4f3ab4e4999351e772418707f/os-services?host=hv-cinder-81322&binary=cinder-volume
Jul 28 17:56:15.724184 dv-cinder-813229-13-smb devstack@c-api.service[110928]: DEBUG cinder.api.openstack.wsgi [None req-8d03989d-ae74-4a13-a9b6-728aae281f60 tempest-VolumesServicesTestJSON-1778457127 tempest-VolumesServicesTestJSON-1778457127-project-admin] Empty body provided in request {{(pid=110928) get_body /opt/stack/cinder/cinder/api/openstack/wsgi.py:715}}
Jul 28 17:56:15.725300 dv-cinder-813229-13-smb devstack@c-api.service[110928]: DEBUG cinder.api.openstack.wsgi [None req-8d03989d-ae74-4a13-a9b6-728aae281f60 tempest-VolumesServicesTestJSON-1778457127 tempest-VolumesServicesTestJSON-1778457127-project-admin] Calling method 'index' {{(pid=110928) _process_stack /opt/stack/cinder/cinder/api/openstack/wsgi.py:868}}
Jul 28 17:56:15.739872 dv-cinder-813229-13-smb devstack@c-api.service[110928]: INFO cinder.api.openstack.wsgi [None req-8d03989d-ae74-4a13-a9b6-728aae281f60 tempest-VolumesServicesTestJSON-1778457127 tempest-VolumesServicesTestJSON-1778457127-project-admin] http://10.222.0.96/volume/v3/2c5666e4f3ab4e4999351e772418707f/os-services?host=hv-cinder-81322&binary=cinder-volume returned with HTTP 200
Jul 28 17:56:15.740629 dv-cinder-813229-13-smb devstack@c-api.service[110928]: [pid: 110928|app: 0|req: 207/400] 10.222.0.96 () {58 vars in 1309 bytes} [Thu Jul 28 17:56:15 2022] GET /volume/v3/2c5666e4f3ab4e4999351e772418707f/os-services?host=hv-cinder-81322&binary=cinder-volume => generated 276 bytes in 24 msecs (HTTP/1.1 200) 7 headers in 285 bytes (1 switches on core 0)
Jul 28 17:56:15.749010 dv-cinder-813229-13-smb devstack@c-api.service[110928]: DEBUG cinder.api.middleware.request_id [None req-a6ccae00-190d-44b6-a994-2e00d76ce2dd None None] RequestId filter calling following filter/app {{(pid=110928) _context_setter /opt/stack/cinder/cinder/api/middleware/request_id.py:62}}
Jul 28 17:56:15.750386 dv-cinder-813229-13-smb devstack@c-api.service[110928]: INFO cinder.api.openstack.wsgi [None req-a6ccae00-190d-44b6-a994-2e00d76ce2dd tempest-VolumeQuotaClassesTest-1228619436 tempest-VolumeQuotaClassesTest-1228619436-project-admin] PUT http://10.222.0.96/volume/v3/84155589c2584c629339233f21cfd33e/os-quota-class-sets/default
Jul 28 17:56:15.751124 dv-cinder-813229-13-smb devstack@c-api.service[110928]: DEBUG cinder.api.openstack.wsgi [None req-a6ccae00-190d-44b6-a994-2e00d76ce2dd tempest-VolumeQuotaClassesTest-1228619436 tempest-VolumeQuotaClassesTest-1228619436-project-admin] Action: 'update', calling method: update, body: {"quota_class_set": {"volumes": 11, "per_volume_gigabytes": -1, "snapshots": 11, "gigabytes": 1001, "backups": 11, "backup_gigabytes": 1001, "volumes_tempest-VolumeQuotaClassesTest-volume-type-1107403369": 7, "snapshots_tempest-VolumeQuotaClassesTest-volume-type-1107403369": 7, "gigabytes_tempest-VolumeQuotaClassesTest-volume-type-1107403369": 4}} {{(pid=110928) _process_stack /opt/stack/cinder/cinder/api/openstack/wsgi.py:866}}
Jul 28 17:56:15.753680 dv-cinder-813229-13-smb devstack@c-api.service[110927]: DEBUG cinder.volume.api [None req-d189f424-2d62-4d70-a663-3699d67bac1d tempest-VolumesListAdminTestJSON-1683647165 tempest-VolumesListAdminTestJSON-1683647165-project] Flow 'volume_create_api' (38c1a322-a48a-4840-9486-55fd250f13ce) transitioned into state 'RUNNING' from state 'PENDING' {{(pid=110927) _flow_receiver /usr/local/lib/python3.8/dist-packages/taskflow/listeners/logging.py:141}}
Jul 28 17:56:15.757273 dv-cinder-813229-13-smb devstack@c-api.service[110927]: DEBUG cinder.volume.api [None req-d189f424-2d62-4d70-a663-3699d67bac1d tempest-VolumesListAdminTestJSON-1683647165 tempest-VolumesListAdminTestJSON-1683647165-project] Task 'cinder.volume.flows.api.create_volume.ExtractVolumeRequestTask;volume:create' (b58e6097-1c57-4882-a143-cd243b8343ef) transitioned into state 'RUNNING' from state 'PENDING' {{(pid=110927) _task_receiver /usr/local/lib/python3.8/dist-packages/taskflow/listeners/logging.py:190}}
Jul 28 17:56:15.761191 dv-cinder-813229-13-smb devstack@c-api.service[110927]: DEBUG cinder.volume.flows.api.create_volume [None req-d189f424-2d62-4d70-a663-3699d67bac1d tempest-VolumesListAdminTestJSON-1683647165 tempest-VolumesListAdminTestJSON-1683647165-project] Validating volume size '1' using validate_int {{(pid=110927) _extract_size /opt/stack/cinder/cinder/volume/flows/api/create_volume.py:228}}
