Jun 23 22:27:07.457167 dv-cinder-813229-11-iscsi devstack@keystone.service[80519]: [pid: 80519|app: 0|req: 178/364] 10.222.0.33 () {56 vars in 1376 bytes} [Thu Jun 23 22:27:07 2022] GET /identity/v3/role_assignments?group.id=fe95c2a6f34746a8b469bf15af149d71&scope.project.id=24e47f2dd0c74c218f4fd2059483f785&role.id=c3ad3cf6be504e35aaec10b7b9f3f34d => generated 260 bytes in 170 msecs (HTTP/1.1 200) 5 headers in 177 bytes (1 switches on core 0)
Jun 23 22:27:07.457982 dv-cinder-813229-11-iscsi devstack@keystone.service[80519]: DEBUG keystone.server.flask.request_processing.middleware.auth_context [None req-8efbc224-52c3-4457-87a2-1f4568cb9603 None admin] Authenticating user token {{(pid=80519) process_request /usr/local/lib/python3.8/dist-packages/keystonemiddleware/auth_token/__init__.py:407}}
Jun 23 22:27:07.569484 dv-cinder-813229-11-iscsi devstack@keystone.service[80518]: [pid: 80518|app: 0|req: 187/365] 10.222.0.33 () {58 vars in 1282 bytes} [Thu Jun 23 22:27:07 2022] GET /identity/v3/auth/tokens => generated 799 bytes in 395 msecs (HTTP/1.1 200) 6 headers in 358 bytes (1 switches on core 0)
Jun 23 22:27:07.570254 dv-cinder-813229-11-iscsi devstack@keystone.service[80518]: DEBUG keystone.server.flask.request_processing.middleware.auth_context [None req-5815afa6-c968-4c8f-bb49-d630d2235b12 None admin] Authenticating user token {{(pid=80518) process_request /usr/local/lib/python3.8/dist-packages/keystonemiddleware/auth_token/__init__.py:407}}
Jun 23 22:27:07.609805 dv-cinder-813229-11-iscsi devstack@keystone.service[80519]: DEBUG keystone.server.flask.request_processing.middleware.auth_context [None req-8efbc224-52c3-4457-87a2-1f4568cb9603 None admin] Validating token access rules against request {{(pid=80519) validate_allowed_request /usr/local/lib/python3.8/dist-packages/keystonemiddleware/auth_token/__init__.py:545}}
Jun 23 22:27:07.629507 dv-cinder-813229-11-iscsi devstack@keystone.service[80518]: DEBUG dbcounter [-] [80518] Writing DB stats keystone:SELECT=100 {{(pid=80518) stat_writer /usr/local/lib/python3.8/dist-packages/dbcounter.py:114}}
Jun 23 22:27:07.638272 dv-cinder-813229-11-iscsi devstack@keystone.service[80519]: DEBUG dbcounter [-] [80519] Writing DB stats keystone:SELECT=100 {{(pid=80519) stat_writer /usr/local/lib/python3.8/dist-packages/dbcounter.py:114}}
Jun 23 22:27:07.655162 dv-cinder-813229-11-iscsi devstack@keystone.service[80519]: DEBUG keystone.server.flask.request_processing.middleware.auth_context [None req-9684b8c4-c565-480f-abaa-d1a737f70d0d None admin] RBAC: auth_context: {'token': , 'domain_id': None, 'trust_id': None, 'trustor_id': None, 'trustee_id': None, 'domain_name': None, 'group_ids': [], 'user_id': '091e3a1287aa48ddab1a4bfa5166599f', 'user_domain_id': 'default', 'system_scope': 'all', 'project_id': None, 'project_domain_id': None, 'roles': ['admin', 'member', 'reader'], 'is_admin_project': True, 'service_user_id': None, 'service_user_domain_id': None, 'service_project_id': None, 'service_project_domain_id': None, 'service_roles': []} {{(pid=80519) fill_context /opt/stack/keystone/keystone/server/flask/request_processing/middleware/auth_context.py:478}}
Jun 23 22:27:07.656250 dv-cinder-813229-11-iscsi devstack@keystone.service[80519]: DEBUG keystone.server.flask.request_processing.req_logging [None req-9684b8c4-c565-480f-abaa-d1a737f70d0d None admin] REQUEST_METHOD: `GET` {{(pid=80519) log_request_info /opt/stack/keystone/keystone/server/flask/request_processing/req_logging.py:27}}
Jun 23 22:27:07.656726 dv-cinder-813229-11-iscsi devstack@keystone.service[80519]: DEBUG keystone.server.flask.request_processing.req_logging [None req-9684b8c4-c565-480f-abaa-d1a737f70d0d None admin] SCRIPT_NAME: `/identity` {{(pid=80519) log_request_info /opt/stack/keystone/keystone/server/flask/request_processing/req_logging.py:28}}
Jun 23 22:27:07.657157 dv-cinder-813229-11-iscsi devstack@keystone.service[80519]: DEBUG keystone.server.flask.request_processing.req_logging [None req-9684b8c4-c565-480f-abaa-d1a737f70d0d None admin] PATH_INFO: `/v3/roles/admin` {{(pid=80519) log_request_info /opt/stack/keystone/keystone/server/flask/request_processing/req_logging.py:29}}
Jun 23 22:27:07.670731 dv-cinder-813229-11-iscsi devstack@keystone.service[80519]: DEBUG keystone.common.rbac_enforcer.enforcer [None req-9684b8c4-c565-480f-abaa-d1a737f70d0d None admin] Extracting inferred target data resulted in "NOT FOUND (404)". {{(pid=80519) enforce_call /opt/stack/keystone/keystone/common/rbac_enforcer/enforcer.py:409}}
Jun 23 22:27:07.681296 dv-cinder-813229-11-iscsi devstack@keystone.service[80519]: ERROR keystone.server.flask.application [None req-9684b8c4-c565-480f-abaa-d1a737f70d0d None admin] Could not find role: admin.: keystone.exception.RoleNotFound: Could not find role: admin.
Jun 23 22:27:07.681296 dv-cinder-813229-11-iscsi devstack@keystone.service[80519]: ERROR keystone.server.flask.application
Traceback (most recent call last):
Jun 23 22:27:07.681296 dv-cinder-813229-11-iscsi devstack@keystone.service[80519]: ERROR keystone.server.flask.application
File "/usr/local/lib/python3.8/dist-packages/flask/app.py", line 1523, in full_dispatch_request
Jun 23 22:27:07.681296 dv-cinder-813229-11-iscsi devstack@keystone.service[80519]: ERROR keystone.server.flask.application rv = self.dispatch_request()
Jun 23 22:27:07.681296 dv-cinder-813229-11-iscsi devstack@keystone.service[80519]: ERROR keystone.server.flask.application
File "/usr/local/lib/python3.8/dist-packages/flask/app.py", line 1509, in dispatch_request
Jun 23 22:27:07.681296 dv-cinder-813229-11-iscsi devstack@keystone.service[80519]: ERROR keystone.server.flask.application return self.ensure_sync(self.view_functions[rule.endpoint])(**req.view_args)
Jun 23 22:27:07.681296 dv-cinder-813229-11-iscsi devstack@keystone.service[80519]: ERROR keystone.server.flask.application
File "/usr/local/lib/python3.8/dist-packages/flask_restful/__init__.py", line 467, in wrapper
Jun 23 22:27:07.681296 dv-cinder-813229-11-iscsi devstack@keystone.service[80519]: ERROR keystone.server.flask.application resp = resource(*args, **kwargs)
Jun 23 22:27:07.681296 dv-cinder-813229-11-iscsi devstack@keystone.service[80519]: ERROR keystone.server.flask.application
File "/usr/local/lib/python3.8/dist-packages/flask/views.py", line 84, in view
Jun 23 22:27:07.681296 dv-cinder-813229-11-iscsi devstack@keystone.service[80519]: ERROR keystone.server.flask.application return current_app.ensure_sync(self.dispatch_request)(*args, **kwargs)
Jun 23 22:27:07.681296 dv-cinder-813229-11-iscsi devstack@keystone.service[80519]: ERROR keystone.server.flask.application
File "/usr/local/lib/python3.8/dist-packages/flask_restful/__init__.py", line 582, in dispatch_request
Jun 23 22:27:07.681296 dv-cinder-813229-11-iscsi devstack@keystone.service[80519]: ERROR keystone.server.flask.application resp = meth(*args, **kwargs)
Jun 23 22:27:07.681296 dv-cinder-813229-11-iscsi devstack@keystone.service[80519]: ERROR keystone.server.flask.application
File "/opt/stack/keystone/keystone/api/roles.py", line 50, in get
Jun 23 22:27:07.681296 dv-cinder-813229-11-iscsi devstack@keystone.service[80519]: ERROR keystone.server.flask.application return self._get_role(role_id)
Jun 23 22:27:07.681296 dv-cinder-813229-11-iscsi devstack@keystone.service[80519]: ERROR keystone.server.flask.application
File "/opt/stack/keystone/keystone/api/roles.py", line 70, in _get_role
Jun 23 22:27:07.681296 dv-cinder-813229-11-iscsi devstack@keystone.service[80519]: ERROR keystone.server.flask.application ENFORCER.enforce_call(action='identity:get_role')
Jun 23 22:27:07.682409 dv-cinder-813229-11-iscsi devstack@keystone.service[80519]: ERROR keystone.server.flask.application
File "/opt/stack/keystone/keystone/common/rbac_enforcer/enforcer.py", line 402, in enforce_call
Jun 23 22:27:07.682409 dv-cinder-813229-11-iscsi devstack@keystone.service[80519]: ERROR keystone.server.flask.application policy_dict.update(cls._extract_member_target_data(
Jun 23 22:27:07.682409 dv-cinder-813229-11-iscsi devstack@keystone.service[80519]: ERROR keystone.server.flask.application
File "/opt/stack/keystone/keystone/common/rbac_enforcer/enforcer.py", line 234, in _extract_member_target_data
Jun 23 22:27:07.682409 dv-cinder-813229-11-iscsi devstack@keystone.service[80519]: ERROR keystone.server.flask.application member_name: func(flask.request.view_args[key])
Jun 23 22:27:07.682409 dv-cinder-813229-11-iscsi devstack@keystone.service[80519]: ERROR keystone.server.flask.application
File "/opt/stack/keystone/keystone/common/manager.py", line 115, in wrapped
Jun 23 22:27:07.682409 dv-cinder-813229-11-iscsi devstack@keystone.service[80519]: ERROR keystone.server.flask.application __ret_val = __f(*args, **kwargs)
Jun 23 22:27:07.682409 dv-cinder-813229-11-iscsi devstack@keystone.service[80519]: ERROR keystone.server.flask.application
File "/usr/local/lib/python3.8/dist-packages/decorator.py", line 232, in fun
Jun 23 22:27:07.682409 dv-cinder-813229-11-iscsi devstack@keystone.service[80519]: ERROR keystone.server.flask.application return caller(func, *(extras + args), **kw)
Jun 23 22:27:07.682409 dv-cinder-813229-11-iscsi devstack@keystone.service[80519]: ERROR keystone.server.flask.application
File "/usr/local/lib/python3.8/dist-packages/dogpile/cache/region.py", line 1577, in get_or_create_for_user_func
Jun 23 22:27:07.682409 dv-cinder-813229-11-iscsi devstack@keystone.service[80519]: ERROR keystone.server.flask.application return self.get_or_create(
Jun 23 22:27:07.682409 dv-cinder-813229-11-iscsi devstack@keystone.service[80519]: ERROR keystone.server.flask.application
File "/usr/local/lib/python3.8/dist-packages/dogpile/cache/region.py", line 1042, in get_or_create
Jun 23 22:27:07.682409 dv-cinder-813229-11-iscsi devstack@keystone.service[80519]: ERROR keystone.server.flask.application with Lock(
Jun 23 22:27:07.682409 dv-cinder-813229-11-iscsi devstack@keystone.service[80519]: ERROR keystone.server.flask.application
File "/usr/local/lib/python3.8/dist-packages/dogpile/lock.py", line 185, in __enter__
Jun 23 22:27:07.682409 dv-cinder-813229-11-iscsi devstack@keystone.service[80519]: ERROR keystone.server.flask.application return self._enter()
Jun 23 22:27:07.682409 dv-cinder-813229-11-iscsi devstack@keystone.service[80519]: ERROR keystone.server.flask.application
File "/usr/local/lib/python3.8/dist-packages/dogpile/lock.py", line 94, in _enter
Jun 23 22:27:07.682409 dv-cinder-813229-11-iscsi devstack@keystone.service[80519]: ERROR keystone.server.flask.application generated = self._enter_create(value, createdtime)
Jun 23 22:27:07.683406 dv-cinder-813229-11-iscsi devstack@keystone.service[80519]: ERROR keystone.server.flask.application
File "/usr/local/lib/python3.8/dist-packages/dogpile/lock.py", line 178, in _enter_create
Jun 23 22:27:07.683406 dv-cinder-813229-11-iscsi devstack@keystone.service[80519]: ERROR keystone.server.flask.application return self.creator()
Jun 23 22:27:07.683406 dv-cinder-813229-11-iscsi devstack@keystone.service[80519]: ERROR keystone.server.flask.application
File "/usr/local/lib/python3.8/dist-packages/dogpile/cache/region.py", line 995, in gen_value
Jun 23 22:27:07.683406 dv-cinder-813229-11-iscsi devstack@keystone.service[80519]: ERROR keystone.server.flask.application created_value = creator(
Jun 23 22:27:07.683406 dv-cinder-813229-11-iscsi devstack@keystone.service[80519]: ERROR keystone.server.flask.application
File "/opt/stack/keystone/keystone/assignment/core.py", line 1276, in get_role
Jun 23 22:27:07.683406 dv-cinder-813229-11-iscsi devstack@keystone.service[80519]: ERROR keystone.server.flask.application return self.driver.get_role(role_id)
Jun 23 22:27:07.683406 dv-cinder-813229-11-iscsi devstack@keystone.service[80519]: ERROR keystone.server.flask.application
File "/opt/stack/keystone/keystone/assignment/role_backends/sql.py", line 70, in get_role
Jun 23 22:27:07.683406 dv-cinder-813229-11-iscsi devstack@keystone.service[80519]: ERROR keystone.server.flask.application return self._get_role(session, role_id).to_dict()
Jun 23 22:27:07.683406 dv-cinder-813229-11-iscsi devstack@keystone.service[80519]: ERROR keystone.server.flask.application
File "/opt/stack/keystone/keystone/assignment/role_backends/sql.py", line 65, in _get_role
Jun 23 22:27:07.683406 dv-cinder-813229-11-iscsi devstack@keystone.service[80519]: ERROR keystone.server.flask.application raise exception.RoleNotFound(role_id=role_id)
Jun 23 22:27:07.683406 dv-cinder-813229-11-iscsi devstack@keystone.service[80519]: ERROR keystone.server.flask.application keystone.exception.RoleNotFound: Could not find role: admin.
Jun 23 22:27:07.683406 dv-cinder-813229-11-iscsi devstack@keystone.service[80519]: ERROR keystone.server.flask.application
Jun 23 22:27:07.685545 dv-cinder-813229-11-iscsi devstack@keystone.service[80519]: [pid: 80519|app: 0|req: 179/366] 10.222.0.33 () {56 vars in 1096 bytes} [Thu Jun 23 22:27:07 2022] GET /identity/v3/roles/admin => generated 83 bytes in 228 msecs (HTTP/1.1 404) 5 headers in 183 bytes (1 switches on core 0)
Jun 23 22:27:07.686426 dv-cinder-813229-11-iscsi devstack@keystone.service[80519]: DEBUG keystone.server.flask.request_processing.middleware.auth_context [None req-9684b8c4-c565-480f-abaa-d1a737f70d0d None admin] Authenticating user token {{(pid=80519) process_request /usr/local/lib/python3.8/dist-packages/keystonemiddleware/auth_token/__init__.py:407}}
Jun 23 22:27:07.702215 dv-cinder-813229-11-iscsi devstack@keystone.service[80518]: DEBUG keystone.server.flask.request_processing.middleware.auth_context [None req-5815afa6-c968-4c8f-bb49-d630d2235b12 None admin] Validating token access rules against request {{(pid=80518) validate_allowed_request /usr/local/lib/python3.8/dist-packages/keystonemiddleware/auth_token/__init__.py:545}}
Jun 23 22:27:07.746006 dv-cinder-813229-11-iscsi devstack@keystone.service[80518]: DEBUG keystone.server.flask.request_processing.middleware.auth_context [None req-7c665eab-0fb3-4f98-a931-5c261cd18366 None admin] RBAC: auth_context: {'token': , 'domain_id': None, 'trust_id': None, 'trustor_id': None, 'trustee_id': None, 'domain_name': None, 'group_ids': [], 'user_id': '091e3a1287aa48ddab1a4bfa5166599f', 'user_domain_id': 'default', 'system_scope': 'all', 'project_id': None, 'project_domain_id': None, 'roles': ['admin', 'member', 'reader'], 'is_admin_project': True, 'service_user_id': None, 'service_user_domain_id': None, 'service_project_id': None, 'service_project_domain_id': None, 'service_roles': []} {{(pid=80518) fill_context /opt/stack/keystone/keystone/server/flask/request_processing/middleware/auth_context.py:478}}
Jun 23 22:27:07.747140 dv-cinder-813229-11-iscsi devstack@keystone.service[80518]: DEBUG keystone.server.flask.request_processing.req_logging [None req-7c665eab-0fb3-4f98-a931-5c261cd18366 None admin] REQUEST_METHOD: `GET` {{(pid=80518) log_request_info /opt/stack/keystone/keystone/server/flask/request_processing/req_logging.py:27}}
Jun 23 22:27:07.747428 dv-cinder-813229-11-iscsi devstack@keystone.service[80518]: DEBUG keystone.server.flask.request_processing.req_logging [None req-7c665eab-0fb3-4f98-a931-5c261cd18366 None admin] SCRIPT_NAME: `/identity` {{(pid=80518) log_request_info /opt/stack/keystone/keystone/server/flask/request_processing/req_logging.py:28}}
Jun 23 22:27:07.747703 dv-cinder-813229-11-iscsi devstack@keystone.service[80518]: DEBUG keystone.server.flask.request_processing.req_logging [None req-7c665eab-0fb3-4f98-a931-5c261cd18366 None admin] PATH_INFO: `/v3/roles` {{(pid=80518) log_request_info /opt/stack/keystone/keystone/server/flask/request_processing/req_logging.py:29}}
Jun 23 22:27:07.748835 dv-cinder-813229-11-iscsi devstack@keystone.service[80518]: DEBUG keystone.common.rbac_enforcer.enforcer [None req-7c665eab-0fb3-4f98-a931-5c261cd18366 None admin] RBAC: Adding query filter params (name=anotherrole) {{(pid=80518) _extract_filter_values /opt/stack/keystone/keystone/common/rbac_enforcer/enforcer.py:167}}
Jun 23 22:27:07.749147 dv-cinder-813229-11-iscsi devstack@keystone.service[80518]: DEBUG keystone.common.rbac_enforcer.enforcer [None req-7c665eab-0fb3-4f98-a931-5c261cd18366 None admin] RBAC: Authorizing `identity:list_roles()` {{(pid=80518) enforce_call /opt/stack/keystone/keystone/common/rbac_enforcer/enforcer.py:449}}
Jun 23 22:27:07.750520 dv-cinder-813229-11-iscsi devstack@keystone.service[80518]: DEBUG keystone.common.rbac_enforcer.enforcer [None req-7c665eab-0fb3-4f98-a931-5c261cd18366 None admin] RBAC: Authorization granted {{(pid=80518) enforce_call /opt/stack/keystone/keystone/common/rbac_enforcer/enforcer.py:457}}
Jun 23 22:27:07.761247 dv-cinder-813229-11-iscsi devstack@keystone.service[80518]: [pid: 80518|app: 0|req: 188/367] 10.222.0.33 () {56 vars in 1111 bytes} [Thu Jun 23 22:27:07 2022] GET /identity/v3/roles?name=anotherrole => generated 334 bytes in 191 msecs (HTTP/1.1 200) 5 headers in 177 bytes (1 switches on core 0)
Jun 23 22:27:07.762097 dv-cinder-813229-11-iscsi devstack@keystone.service[80518]: DEBUG keystone.server.flask.request_processing.middleware.auth_context [None req-7c665eab-0fb3-4f98-a931-5c261cd18366 None admin] Authenticating user token {{(pid=80518) process_request /usr/local/lib/python3.8/dist-packages/keystonemiddleware/auth_token/__init__.py:407}}
Jun 23 22:27:07.819432 dv-cinder-813229-11-iscsi devstack@keystone.service[80519]: DEBUG keystone.server.flask.request_processing.middleware.auth_context [None req-9684b8c4-c565-480f-abaa-d1a737f70d0d None admin] Validating token access rules against request {{(pid=80519) validate_allowed_request /usr/local/lib/python3.8/dist-packages/keystonemiddleware/auth_token/__init__.py:545}}
Jun 23 22:27:07.858842 dv-cinder-813229-11-iscsi devstack@keystone.service[80519]: DEBUG keystone.server.flask.request_processing.middleware.auth_context [None req-1e2a5872-a849-42ab-9ff9-801cf786c43b None admin] RBAC: auth_context: {'token': , 'domain_id': None, 'trust_id': None, 'trustor_id': None, 'trustee_id': None, 'domain_name': None, 'group_ids': [], 'user_id': '091e3a1287aa48ddab1a4bfa5166599f', 'user_domain_id': 'default', 'system_scope': 'all', 'project_id': None, 'project_domain_id': None, 'roles': ['admin', 'member', 'reader'], 'is_admin_project': True, 'service_user_id': None, 'service_user_domain_id': None, 'service_project_id': None, 'service_project_domain_id': None, 'service_roles': []} {{(pid=80519) fill_context /opt/stack/keystone/keystone/server/flask/request_processing/middleware/auth_context.py:478}}
Jun 23 22:27:07.859434 dv-cinder-813229-11-iscsi devstack@keystone.service[80519]: DEBUG keystone.server.flask.request_processing.req_logging [None req-1e2a5872-a849-42ab-9ff9-801cf786c43b None admin] REQUEST_METHOD: `GET` {{(pid=80519) log_request_info /opt/stack/keystone/keystone/server/flask/request_processing/req_logging.py:27}}
Jun 23 22:27:07.859724 dv-cinder-813229-11-iscsi devstack@keystone.service[80519]: DEBUG keystone.server.flask.request_processing.req_logging [None req-1e2a5872-a849-42ab-9ff9-801cf786c43b None admin] SCRIPT_NAME: `/identity` {{(pid=80519) log_request_info /opt/stack/keystone/keystone/server/flask/request_processing/req_logging.py:28}}
Jun 23 22:27:07.860008 dv-cinder-813229-11-iscsi devstack@keystone.service[80519]: DEBUG keystone.server.flask.request_processing.req_logging [None req-1e2a5872-a849-42ab-9ff9-801cf786c43b None admin] PATH_INFO: `/v3/role_assignments` {{(pid=80519) log_request_info /opt/stack/keystone/keystone/server/flask/request_processing/req_logging.py:29}}
Jun 23 22:27:07.860893 dv-cinder-813229-11-iscsi devstack@keystone.service[80519]: DEBUG keystone.common.rbac_enforcer.enforcer [None req-1e2a5872-a849-42ab-9ff9-801cf786c43b None admin] RBAC: Adding query filter params (group.id=fe95c2a6f34746a8b469bf15af149d71, role.id=1305747c745d49dc9a9718b7aa8aa4a9, scope.project.id=24e47f2dd0c74c218f4fd2059483f785) {{(pid=80519) _extract_filter_values /opt/stack/keystone/keystone/common/rbac_enforcer/enforcer.py:167}}
Jun 23 22:27:07.861216 dv-cinder-813229-11-iscsi devstack@keystone.service[80519]: DEBUG keystone.common.rbac_enforcer.enforcer [None req-1e2a5872-a849-42ab-9ff9-801cf786c43b None admin] RBAC: Authorizing `identity:list_role_assignments()` {{(pid=80519) enforce_call /opt/stack/keystone/keystone/common/rbac_enforcer/enforcer.py:449}}
Jun 23 22:27:07.862670 dv-cinder-813229-11-iscsi devstack@keystone.service[80519]: DEBUG keystone.common.rbac_enforcer.enforcer [None req-1e2a5872-a849-42ab-9ff9-801cf786c43b None admin] RBAC: Authorization granted {{(pid=80519) enforce_call /opt/stack/keystone/keystone/common/rbac_enforcer/enforcer.py:457}}
Jun 23 22:27:07.871578 dv-cinder-813229-11-iscsi devstack@keystone.service[80519]: [pid: 80519|app: 0|req: 180/368] 10.222.0.33 () {56 vars in 1376 bytes} [Thu Jun 23 22:27:07 2022] GET /identity/v3/role_assignments?group.id=fe95c2a6f34746a8b469bf15af149d71&scope.project.id=24e47f2dd0c74c218f4fd2059483f785&role.id=1305747c745d49dc9a9718b7aa8aa4a9 => generated 260 bytes in 185 msecs (HTTP/1.1 200) 5 headers in 177 bytes (1 switches on core 0)
Jun 23 22:27:07.872150 dv-cinder-813229-11-iscsi devstack@keystone.service[80519]: DEBUG keystone.server.flask.request_processing.middleware.auth_context [None req-1e2a5872-a849-42ab-9ff9-801cf786c43b None admin] Authenticating user token {{(pid=80519) process_request /usr/local/lib/python3.8/dist-packages/keystonemiddleware/auth_token/__init__.py:407}}
Jun 23 22:27:07.895156 dv-cinder-813229-11-iscsi devstack@keystone.service[80518]: DEBUG keystone.server.flask.request_processing.middleware.auth_context [None req-7c665eab-0fb3-4f98-a931-5c261cd18366 None admin] Validating token access rules against request {{(pid=80518) validate_allowed_request /usr/local/lib/python3.8/dist-packages/keystonemiddleware/auth_token/__init__.py:545}}
Jun 23 22:27:07.900509 dv-cinder-813229-11-iscsi devstack@keystone.service[80518]: DEBUG dbcounter [-] [80518] Writing DB stats keystone:SELECT=100 {{(pid=80518) stat_writer /usr/local/lib/python3.8/dist-packages/dbcounter.py:114}}
Jun 23 22:27:07.937143 dv-cinder-813229-11-iscsi devstack@keystone.service[80519]: DEBUG dbcounter [-] [80519] Writing DB stats keystone:SELECT=100 {{(pid=80519) stat_writer /usr/local/lib/python3.8/dist-packages/dbcounter.py:114}}
Jun 23 22:27:07.945138 dv-cinder-813229-11-iscsi devstack@keystone.service[80518]: DEBUG keystone.server.flask.request_processing.middleware.auth_context [None req-5dfcbf43-dbe8-4926-b841-dea67d16918f None admin] RBAC: auth_context: {'token': , 'domain_id': None, 'trust_id': None, 'trustor_id': None, 'trustee_id': None, 'domain_name': None, 'group_ids': [], 'user_id': '091e3a1287aa48ddab1a4bfa5166599f', 'user_domain_id': 'default', 'system_scope': 'all', 'project_id': None, 'project_domain_id': None, 'roles': ['admin', 'member', 'reader'], 'is_admin_project': True, 'service_user_id': None, 'service_user_domain_id': None, 'service_project_id': None, 'service_project_domain_id': None, 'service_roles': []} {{(pid=80518) fill_context /opt/stack/keystone/keystone/server/flask/request_processing/middleware/auth_context.py:478}}
Jun 23 22:27:07.947216 dv-cinder-813229-11-iscsi devstack@keystone.service[80518]: DEBUG keystone.server.flask.request_processing.req_logging [None req-5dfcbf43-dbe8-4926-b841-dea67d16918f None admin] REQUEST_METHOD: `GET` {{(pid=80518) log_request_info /opt/stack/keystone/keystone/server/flask/request_processing/req_logging.py:27}}
Jun 23 22:27:07.947865 dv-cinder-813229-11-iscsi devstack@keystone.service[80518]: DEBUG keystone.server.flask.request_processing.req_logging [None req-5dfcbf43-dbe8-4926-b841-dea67d16918f None admin] SCRIPT_NAME: `/identity` {{(pid=80518) log_request_info /opt/stack/keystone/keystone/server/flask/request_processing/req_logging.py:28}}
Jun 23 22:27:07.948317 dv-cinder-813229-11-iscsi devstack@keystone.service[80518]: DEBUG keystone.server.flask.request_processing.req_logging [None req-5dfcbf43-dbe8-4926-b841-dea67d16918f None admin] PATH_INFO: `/v3/projects/debcfc4c17a34d8a80f13016124abfaf` {{(pid=80518) log_request_info /opt/stack/keystone/keystone/server/flask/request_processing/req_logging.py:29}}
Jun 23 22:27:07.950459 dv-cinder-813229-11-iscsi devstack@keystone.service[80518]: DEBUG keystone.common.rbac_enforcer.enforcer [None req-5dfcbf43-dbe8-4926-b841-dea67d16918f None admin] RBAC: Authorizing `identity:get_project(project_id=debcfc4c17a34d8a80f13016124abfaf)` {{(pid=80518) enforce_call /opt/stack/keystone/keystone/common/rbac_enforcer/enforcer.py:449}}
Jun 23 22:27:07.952632 dv-cinder-813229-11-iscsi devstack@keystone.service[80518]: DEBUG keystone.common.rbac_enforcer.enforcer [None req-5dfcbf43-dbe8-4926-b841-dea67d16918f None admin] RBAC: Authorization granted {{(pid=80518) enforce_call /opt/stack/keystone/keystone/common/rbac_enforcer/enforcer.py:457}}
Jun 23 22:27:07.955323 dv-cinder-813229-11-iscsi devstack@keystone.service[80518]: [pid: 80518|app: 0|req: 189/369] 10.222.0.33 () {56 vars in 1186 bytes} [Thu Jun 23 22:27:07 2022] GET /identity/v3/projects/debcfc4c17a34d8a80f13016124abfaf => generated 302 bytes in 193 msecs (HTTP/1.1 200) 5 headers in 177 bytes (1 switches on core 0)
Jun 23 22:27:07.956989 dv-cinder-813229-11-iscsi devstack@keystone.service[80518]: DEBUG keystone.server.flask.request_processing.middleware.auth_context [None req-5dfcbf43-dbe8-4926-b841-dea67d16918f None admin] Authenticating user token {{(pid=80518) process_request /usr/local/lib/python3.8/dist-packages/keystonemiddleware/auth_token/__init__.py:407}}
Jun 23 22:27:07.997715 dv-cinder-813229-11-iscsi devstack@keystone.service[80519]: DEBUG keystone.server.flask.request_processing.middleware.auth_context [None req-1e2a5872-a849-42ab-9ff9-801cf786c43b None admin] Validating token access rules against request {{(pid=80519) validate_allowed_request /usr/local/lib/python3.8/dist-packages/keystonemiddleware/auth_token/__init__.py:545}}
Jun 23 22:27:08.040668 dv-cinder-813229-11-iscsi devstack@keystone.service[80519]: DEBUG keystone.server.flask.request_processing.middleware.auth_context [None req-2731244e-bb20-481e-87fd-6a4400473616 None admin] RBAC: auth_context: {'token': , 'domain_id': None, 'trust_id': None, 'trustor_id': None, 'trustee_id': None, 'domain_name': None, 'group_ids': [], 'user_id': '091e3a1287aa48ddab1a4bfa5166599f', 'user_domain_id': 'default', 'system_scope': 'all', 'project_id': None, 'project_domain_id': None, 'roles': ['admin', 'member', 'reader'], 'is_admin_project': True, 'service_user_id': None, 'service_user_domain_id': None, 'service_project_id': None, 'service_project_domain_id': None, 'service_roles': []} {{(pid=80519) fill_context /opt/stack/keystone/keystone/server/flask/request_processing/middleware/auth_context.py:478}}
Jun 23 22:27:08.041371 dv-cinder-813229-11-iscsi devstack@keystone.service[80519]: DEBUG keystone.server.flask.request_processing.req_logging [None req-2731244e-bb20-481e-87fd-6a4400473616 None admin] REQUEST_METHOD: `GET` {{(pid=80519) log_request_info /opt/stack/keystone/keystone/server/flask/request_processing/req_logging.py:27}}
Jun 23 22:27:08.041679 dv-cinder-813229-11-iscsi devstack@keystone.service[80519]: DEBUG keystone.server.flask.request_processing.req_logging [None req-2731244e-bb20-481e-87fd-6a4400473616 None admin] SCRIPT_NAME: `/identity` {{(pid=80519) log_request_info /opt/stack/keystone/keystone/server/flask/request_processing/req_logging.py:28}}
Jun 23 22:27:08.042308 dv-cinder-813229-11-iscsi devstack@keystone.service[80519]: DEBUG keystone.server.flask.request_processing.req_logging [None req-2731244e-bb20-481e-87fd-6a4400473616 None admin] PATH_INFO: `/v3/roles` {{(pid=80519) log_request_info /opt/stack/keystone/keystone/server/flask/request_processing/req_logging.py:29}}
Jun 23 22:27:08.044006 dv-cinder-813229-11-iscsi devstack@keystone.service[80519]: DEBUG keystone.common.rbac_enforcer.enforcer [None req-2731244e-bb20-481e-87fd-6a4400473616 None admin] RBAC: Adding query filter params (name=admin) {{(pid=80519) _extract_filter_values /opt/stack/keystone/keystone/common/rbac_enforcer/enforcer.py:167}}
Jun 23 22:27:08.044482 dv-cinder-813229-11-iscsi devstack@keystone.service[80519]: DEBUG keystone.common.rbac_enforcer.enforcer [None req-2731244e-bb20-481e-87fd-6a4400473616 None admin] RBAC: Authorizing `identity:list_roles()` {{(pid=80519) enforce_call /opt/stack/keystone/keystone/common/rbac_enforcer/enforcer.py:449}}
Jun 23 22:27:08.046059 dv-cinder-813229-11-iscsi devstack@keystone.service[80519]: DEBUG keystone.common.rbac_enforcer.enforcer [None req-2731244e-bb20-481e-87fd-6a4400473616 None admin] RBAC: Authorization granted {{(pid=80519) enforce_call /opt/stack/keystone/keystone/common/rbac_enforcer/enforcer.py:457}}
Jun 23 22:27:08.057940 dv-cinder-813229-11-iscsi devstack@keystone.service[80519]: [pid: 80519|app: 0|req: 181/370] 10.222.0.33 () {56 vars in 1099 bytes} [Thu Jun 23 22:27:07 2022] GET /identity/v3/roles?name=admin => generated 339 bytes in 186 msecs (HTTP/1.1 200) 5 headers in 177 bytes (1 switches on core 0)
Jun 23 22:27:08.058844 dv-cinder-813229-11-iscsi devstack@keystone.service[80519]: DEBUG keystone.server.flask.request_processing.middleware.auth_context [None req-2731244e-bb20-481e-87fd-6a4400473616 None admin] Authenticating user token {{(pid=80519) process_request /usr/local/lib/python3.8/dist-packages/keystonemiddleware/auth_token/__init__.py:407}}
Jun 23 22:27:08.099359 dv-cinder-813229-11-iscsi devstack@keystone.service[80518]: DEBUG keystone.server.flask.request_processing.middleware.auth_context [None req-5dfcbf43-dbe8-4926-b841-dea67d16918f None admin] Validating token access rules against request {{(pid=80518) validate_allowed_request /usr/local/lib/python3.8/dist-packages/keystonemiddleware/auth_token/__init__.py:545}}
Jun 23 22:27:08.137099 dv-cinder-813229-11-iscsi devstack@keystone.service[80518]: DEBUG keystone.server.flask.request_processing.middleware.auth_context [None req-a66e886a-5e51-418e-b9c2-7a59cf2ac298 None admin] RBAC: auth_context: {'token': , 'domain_id': None, 'trust_id': None, 'trustor_id': None, 'trustee_id': None, 'domain_name': None, 'group_ids': [], 'user_id': '091e3a1287aa48ddab1a4bfa5166599f', 'user_domain_id': 'default', 'system_scope': 'all', 'project_id': None, 'project_domain_id': None, 'roles': ['admin', 'member', 'reader'], 'is_admin_project': True, 'service_user_id': None, 'service_user_domain_id': None, 'service_project_id': None, 'service_project_domain_id': None, 'service_roles': []} {{(pid=80518) fill_context /opt/stack/keystone/keystone/server/flask/request_processing/middleware/auth_context.py:478}}
Jun 23 22:27:08.137678 dv-cinder-813229-11-iscsi devstack@keystone.service[80518]: DEBUG keystone.server.flask.request_processing.req_logging [None req-a66e886a-5e51-418e-b9c2-7a59cf2ac298 None admin] REQUEST_METHOD: `GET` {{(pid=80518) log_request_info /opt/stack/keystone/keystone/server/flask/request_processing/req_logging.py:27}}
Jun 23 22:27:08.138070 dv-cinder-813229-11-iscsi devstack@keystone.service[80518]: DEBUG keystone.server.flask.request_processing.req_logging [None req-a66e886a-5e51-418e-b9c2-7a59cf2ac298 None admin] SCRIPT_NAME: `/identity` {{(pid=80518) log_request_info /opt/stack/keystone/keystone/server/flask/request_processing/req_logging.py:28}}
Jun 23 22:27:08.138355 dv-cinder-813229-11-iscsi devstack@keystone.service[80518]: DEBUG keystone.server.flask.request_processing.req_logging [None req-a66e886a-5e51-418e-b9c2-7a59cf2ac298 None admin] PATH_INFO: `/v3/auth/tokens` {{(pid=80518) log_request_info /opt/stack/keystone/keystone/server/flask/request_processing/req_logging.py:29}}
Jun 23 22:27:08.186252 dv-cinder-813229-11-iscsi devstack@keystone.service[80518]: DEBUG dbcounter [-] [80518] Writing DB stats keystone:SELECT=100 {{(pid=80518) stat_writer /usr/local/lib/python3.8/dist-packages/dbcounter.py:114}}
Jun 23 22:27:08.194055 dv-cinder-813229-11-iscsi devstack@keystone.service[80519]: DEBUG keystone.server.flask.request_processing.middleware.auth_context [None req-2731244e-bb20-481e-87fd-6a4400473616 None admin] Validating token access rules against request {{(pid=80519) validate_allowed_request /usr/local/lib/python3.8/dist-packages/keystonemiddleware/auth_token/__init__.py:545}}
Jun 23 22:27:08.208705 dv-cinder-813229-11-iscsi devstack@keystone.service[80519]: DEBUG dbcounter [-] [80519] Writing DB stats keystone:SELECT=100 {{(pid=80519) stat_writer /usr/local/lib/python3.8/dist-packages/dbcounter.py:114}}
Jun 23 22:27:08.217719 dv-cinder-813229-11-iscsi devstack@keystone.service[80518]: DEBUG keystone.common.rbac_enforcer.enforcer [None req-a66e886a-5e51-418e-b9c2-7a59cf2ac298 None admin] RBAC: Authorizing `identity:validate_token()` {{(pid=80518) enforce_call /opt/stack/keystone/keystone/common/rbac_enforcer/enforcer.py:449}}
Jun 23 22:27:08.219263 dv-cinder-813229-11-iscsi devstack@keystone.service[80518]: DEBUG keystone.common.rbac_enforcer.enforcer [None req-a66e886a-5e51-418e-b9c2-7a59cf2ac298 None admin] RBAC: Authorization granted {{(pid=80518) enforce_call /opt/stack/keystone/keystone/common/rbac_enforcer/enforcer.py:457}}
Jun 23 22:27:08.238400 dv-cinder-813229-11-iscsi devstack@keystone.service[80519]: DEBUG keystone.server.flask.request_processing.middleware.auth_context [None req-27e28878-c553-4b28-85e2-af1be2d5474f None admin] RBAC: auth_context: {'token': , 'domain_id': None, 'trust_id': None, 'trustor_id': None, 'trustee_id': None, 'domain_name': None, 'group_ids': [], 'user_id': '091e3a1287aa48ddab1a4bfa5166599f', 'user_domain_id': 'default', 'system_scope': 'all', 'project_id': None, 'project_domain_id': None, 'roles': ['admin', 'member', 'reader'], 'is_admin_project': True, 'service_user_id': None, 'service_user_domain_id': None, 'service_project_id': None, 'service_project_domain_id': None, 'service_roles': []} {{(pid=80519) fill_context /opt/stack/keystone/keystone/server/flask/request_processing/middleware/auth_context.py:478}}
Jun 23 22:27:08.239563 dv-cinder-813229-11-iscsi devstack@keystone.service[80519]: DEBUG keystone.server.flask.request_processing.req_logging [None req-27e28878-c553-4b28-85e2-af1be2d5474f None admin] REQUEST_METHOD: `GET` {{(pid=80519) log_request_info /opt/stack/keystone/keystone/server/flask/request_processing/req_logging.py:27}}
Jun 23 22:27:08.240110 dv-cinder-813229-11-iscsi devstack@keystone.service[80519]: DEBUG keystone.server.flask.request_processing.req_logging [None req-27e28878-c553-4b28-85e2-af1be2d5474f None admin] SCRIPT_NAME: `/identity` {{(pid=80519) log_request_info /opt/stack/keystone/keystone/server/flask/request_processing/req_logging.py:28}}
Jun 23 22:27:08.240601 dv-cinder-813229-11-iscsi devstack@keystone.service[80519]: DEBUG keystone.server.flask.request_processing.req_logging [None req-27e28878-c553-4b28-85e2-af1be2d5474f None admin] PATH_INFO: `/v3/groups/fe95c2a6f34746a8b469bf15af149d71` {{(pid=80519) log_request_info /opt/stack/keystone/keystone/server/flask/request_processing/req_logging.py:29}}
Jun 23 22:27:08.242262 dv-cinder-813229-11-iscsi devstack@keystone.service[80519]: DEBUG keystone.common.rbac_enforcer.enforcer [None req-27e28878-c553-4b28-85e2-af1be2d5474f None admin] RBAC: Authorizing `identity:get_group(group_id=fe95c2a6f34746a8b469bf15af149d71)` {{(pid=80519) enforce_call /opt/stack/keystone/keystone/common/rbac_enforcer/enforcer.py:449}}
Jun 23 22:27:08.244225 dv-cinder-813229-11-iscsi devstack@keystone.service[80519]: DEBUG keystone.common.rbac_enforcer.enforcer [None req-27e28878-c553-4b28-85e2-af1be2d5474f None admin] RBAC: Authorization granted {{(pid=80519) enforce_call /opt/stack/keystone/keystone/common/rbac_enforcer/enforcer.py:457}}
Jun 23 22:27:08.246514 dv-cinder-813229-11-iscsi devstack@keystone.service[80519]: [pid: 80519|app: 0|req: 182/371] 10.222.0.33 () {56 vars in 1180 bytes} [Thu Jun 23 22:27:08 2022] GET /identity/v3/groups/fe95c2a6f34746a8b469bf15af149d71 => generated 226 bytes in 188 msecs (HTTP/1.1 200) 5 headers in 177 bytes (1 switches on core 0)
Jun 23 22:27:08.247641 dv-cinder-813229-11-iscsi devstack@keystone.service[80519]: DEBUG keystone.server.flask.request_processing.middleware.auth_context [None req-27e28878-c553-4b28-85e2-af1be2d5474f None admin] Authenticating user token {{(pid=80519) process_request /usr/local/lib/python3.8/dist-packages/keystonemiddleware/auth_token/__init__.py:407}}
Jun 23 22:27:08.338790 dv-cinder-813229-11-iscsi devstack@keystone.service[80518]: [pid: 80518|app: 0|req: 190/372] 10.222.0.33 () {58 vars in 1282 bytes} [Thu Jun 23 22:27:07 2022] GET /identity/v3/auth/tokens => generated 799 bytes in 382 msecs (HTTP/1.1 200) 6 headers in 358 bytes (1 switches on core 0)
Jun 23 22:27:08.339450 dv-cinder-813229-11-iscsi devstack@keystone.service[80518]: DEBUG keystone.server.flask.request_processing.middleware.auth_context [None req-a66e886a-5e51-418e-b9c2-7a59cf2ac298 None admin] Authenticating user token {{(pid=80518) process_request /usr/local/lib/python3.8/dist-packages/keystonemiddleware/auth_token/__init__.py:407}}
Jun 23 22:27:08.357875 dv-cinder-813229-11-iscsi devstack@keystone.service[80519]: DEBUG keystone.server.flask.request_processing.middleware.auth_context [None req-27e28878-c553-4b28-85e2-af1be2d5474f None admin] Validating token access rules against request {{(pid=80519) validate_allowed_request /usr/local/lib/python3.8/dist-packages/keystonemiddleware/auth_token/__init__.py:545}}
Jun 23 22:27:08.393594 dv-cinder-813229-11-iscsi devstack@keystone.service[80519]: DEBUG keystone.server.flask.request_processing.middleware.auth_context [None req-1beb8e65-98ab-40a9-adf2-fc1a9fa72062 None admin] RBAC: auth_context: {'token': , 'domain_id': None, 'trust_id': None, 'trustor_id': None, 'trustee_id': None, 'domain_name': None, 'group_ids': [], 'user_id': '091e3a1287aa48ddab1a4bfa5166599f', 'user_domain_id': 'default', 'system_scope': 'all', 'project_id': None, 'project_domain_id': None, 'roles': ['admin', 'member', 'reader'], 'is_admin_project': True, 'service_user_id': None, 'service_user_domain_id': None, 'service_project_id': None, 'service_project_domain_id': None, 'service_roles': []} {{(pid=80519) fill_context /opt/stack/keystone/keystone/server/flask/request_processing/middleware/auth_context.py:478}}
Jun 23 22:27:08.394600 dv-cinder-813229-11-iscsi devstack@keystone.service[80519]: DEBUG keystone.server.flask.request_processing.req_logging [None req-1beb8e65-98ab-40a9-adf2-fc1a9fa72062 None admin] REQUEST_METHOD: `GET` {{(pid=80519) log_request_info /opt/stack/keystone/keystone/server/flask/request_processing/req_logging.py:27}}
Jun 23 22:27:08.395095 dv-cinder-813229-11-iscsi devstack@keystone.service[80519]: DEBUG keystone.server.flask.request_processing.req_logging [None req-1beb8e65-98ab-40a9-adf2-fc1a9fa72062 None admin] SCRIPT_NAME: `/identity` {{(pid=80519) log_request_info /opt/stack/keystone/keystone/server/flask/request_processing/req_logging.py:28}}
Jun 23 22:27:08.395573 dv-cinder-813229-11-iscsi devstack@keystone.service[80519]: DEBUG keystone.server.flask.request_processing.req_logging [None req-1beb8e65-98ab-40a9-adf2-fc1a9fa72062 None admin] PATH_INFO: `/v3/auth/tokens` {{(pid=80519) log_request_info /opt/stack/keystone/keystone/server/flask/request_processing/req_logging.py:29}}
Jun 23 22:27:08.415188 dv-cinder-813229-11-iscsi devstack@keystone.service[80518]: DEBUG dbcounter [-] [80518] Writing DB stats keystone:SELECT=100 {{(pid=80518) stat_writer /usr/local/lib/python3.8/dist-packages/dbcounter.py:114}}
Jun 23 22:27:08.444755 dv-cinder-813229-11-iscsi devstack@keystone.service[80519]: DEBUG dbcounter [-] [80519] Writing DB stats keystone:SELECT=100 {{(pid=80519) stat_writer /usr/local/lib/python3.8/dist-packages/dbcounter.py:114}}
Jun 23 22:27:08.450275 dv-cinder-813229-11-iscsi devstack@keystone.service[80518]: DEBUG keystone.server.flask.request_processing.middleware.auth_context [None req-a66e886a-5e51-418e-b9c2-7a59cf2ac298 None admin] Validating token access rules against request {{(pid=80518) validate_allowed_request /usr/local/lib/python3.8/dist-packages/keystonemiddleware/auth_token/__init__.py:545}}
Jun 23 22:27:08.467784 dv-cinder-813229-11-iscsi devstack@keystone.service[80519]: DEBUG keystone.common.rbac_enforcer.enforcer [None req-1beb8e65-98ab-40a9-adf2-fc1a9fa72062 None admin] RBAC: Authorizing `identity:validate_token()` {{(pid=80519) enforce_call /opt/stack/keystone/keystone/common/rbac_enforcer/enforcer.py:449}}
Jun 23 22:27:08.469406 dv-cinder-813229-11-iscsi devstack@keystone.service[80519]: DEBUG keystone.common.rbac_enforcer.enforcer [None req-1beb8e65-98ab-40a9-adf2-fc1a9fa72062 None admin] RBAC: Authorization granted {{(pid=80519) enforce_call /opt/stack/keystone/keystone/common/rbac_enforcer/enforcer.py:457}}
Jun 23 22:27:08.496416 dv-cinder-813229-11-iscsi devstack@keystone.service[80518]: DEBUG keystone.server.flask.request_processing.middleware.auth_context [None req-d9387f2a-9b01-442e-b250-d8128c608437 None admin] RBAC: auth_context: {'token': , 'domain_id': None, 'trust_id': None, 'trustor_id': None, 'trustee_id': None, 'domain_name': None, 'group_ids': [], 'user_id': '091e3a1287aa48ddab1a4bfa5166599f', 'user_domain_id': 'default', 'system_scope': 'all', 'project_id': None, 'project_domain_id': None, 'roles': ['admin', 'member', 'reader'], 'is_admin_project': True, 'service_user_id': None, 'service_user_domain_id': None, 'service_project_id': None, 'service_project_domain_id': None, 'service_roles': []} {{(pid=80518) fill_context /opt/stack/keystone/keystone/server/flask/request_processing/middleware/auth_context.py:478}}
Jun 23 22:27:08.497397 dv-cinder-813229-11-iscsi devstack@keystone.service[80518]: DEBUG keystone.server.flask.request_processing.req_logging [None req-d9387f2a-9b01-442e-b250-d8128c608437 None admin] REQUEST_METHOD: `GET` {{(pid=80518) log_request_info /opt/stack/keystone/keystone/server/flask/request_processing/req_logging.py:27}}
Jun 23 22:27:08.497688 dv-cinder-813229-11-iscsi devstack@keystone.service[80518]: DEBUG keystone.server.flask.request_processing.req_logging [None req-d9387f2a-9b01-442e-b250-d8128c608437 None admin] SCRIPT_NAME: `/identity` {{(pid=80518) log_request_info /opt/stack/keystone/keystone/server/flask/request_processing/req_logging.py:28}}
Jun 23 22:27:08.497969 dv-cinder-813229-11-iscsi devstack@keystone.service[80518]: DEBUG keystone.server.flask.request_processing.req_logging [None req-d9387f2a-9b01-442e-b250-d8128c608437 None admin] PATH_INFO: `/v3/role_assignments` {{(pid=80518) log_request_info /opt/stack/keystone/keystone/server/flask/request_processing/req_logging.py:29}}
Jun 23 22:27:08.499062 dv-cinder-813229-11-iscsi devstack@keystone.service[80518]: DEBUG keystone.common.rbac_enforcer.enforcer [None req-d9387f2a-9b01-442e-b250-d8128c608437 None admin] RBAC: Adding query filter params (group.id=fe95c2a6f34746a8b469bf15af149d71, role.id=1305747c745d49dc9a9718b7aa8aa4a9, scope.project.id=debcfc4c17a34d8a80f13016124abfaf) {{(pid=80518) _extract_filter_values /opt/stack/keystone/keystone/common/rbac_enforcer/enforcer.py:167}}
Jun 23 22:27:08.499407 dv-cinder-813229-11-iscsi devstack@keystone.service[80518]: DEBUG keystone.common.rbac_enforcer.enforcer [None req-d9387f2a-9b01-442e-b250-d8128c608437 None admin] RBAC: Authorizing `identity:list_role_assignments()` {{(pid=80518) enforce_call /opt/stack/keystone/keystone/common/rbac_enforcer/enforcer.py:449}}
Jun 23 22:27:08.501570 dv-cinder-813229-11-iscsi devstack@keystone.service[80518]: DEBUG keystone.common.rbac_enforcer.enforcer [None req-d9387f2a-9b01-442e-b250-d8128c608437 None admin] RBAC: Authorization granted {{(pid=80518) enforce_call /opt/stack/keystone/keystone/common/rbac_enforcer/enforcer.py:457}}
Jun 23 22:27:08.510010 dv-cinder-813229-11-iscsi devstack@keystone.service[80518]: [pid: 80518|app: 0|req: 191/373] 10.222.0.33 () {56 vars in 1376 bytes} [Thu Jun 23 22:27:08 2022] GET /identity/v3/role_assignments?group.id=fe95c2a6f34746a8b469bf15af149d71&scope.project.id=debcfc4c17a34d8a80f13016124abfaf&role.id=1305747c745d49dc9a9718b7aa8aa4a9 => generated 260 bytes in 171 msecs (HTTP/1.1 200) 5 headers in 177 bytes (1 switches on core 0)
Jun 23 22:27:08.510923 dv-cinder-813229-11-iscsi devstack@keystone.service[80518]: DEBUG keystone.server.flask.request_processing.middleware.auth_context [None req-d9387f2a-9b01-442e-b250-d8128c608437 None admin] Authenticating user token {{(pid=80518) process_request /usr/local/lib/python3.8/dist-packages/keystonemiddleware/auth_token/__init__.py:407}}
Jun 23 22:27:08.618834 dv-cinder-813229-11-iscsi devstack@keystone.service[80519]: [pid: 80519|app: 0|req: 183/374] 10.222.0.33 () {58 vars in 1282 bytes} [Thu Jun 23 22:27:08 2022] GET /identity/v3/auth/tokens => generated 799 bytes in 370 msecs (HTTP/1.1 200) 6 headers in 358 bytes (1 switches on core 0)
Jun 23 22:27:08.625711 dv-cinder-813229-11-iscsi devstack@keystone.service[80519]: DEBUG keystone.server.flask.request_processing.middleware.auth_context [None req-1beb8e65-98ab-40a9-adf2-fc1a9fa72062 None admin] Authenticating user token {{(pid=80519) process_request /usr/local/lib/python3.8/dist-packages/keystonemiddleware/auth_token/__init__.py:407}}
Jun 23 22:27:08.723005 dv-cinder-813229-11-iscsi devstack@keystone.service[80518]: DEBUG keystone.server.flask.request_processing.middleware.auth_context [None req-d9387f2a-9b01-442e-b250-d8128c608437 None admin] Validating token access rules against request {{(pid=80518) validate_allowed_request /usr/local/lib/python3.8/dist-packages/keystonemiddleware/auth_token/__init__.py:545}}
Jun 23 22:27:08.760943 dv-cinder-813229-11-iscsi devstack@keystone.service[80519]: DEBUG dbcounter [-] [80519] Writing DB stats keystone:SELECT=100 {{(pid=80519) stat_writer /usr/local/lib/python3.8/dist-packages/dbcounter.py:114}}
Jun 23 22:27:08.762868 dv-cinder-813229-11-iscsi devstack@keystone.service[80518]: DEBUG keystone.server.flask.request_processing.middleware.auth_context [None req-866d15fc-b54a-47a4-98af-ed05f10d9e30 None admin] RBAC: auth_context: {'token': , 'domain_id': None, 'trust_id': None, 'trustor_id': None, 'trustee_id': None, 'domain_name': None, 'group_ids': [], 'user_id': '091e3a1287aa48ddab1a4bfa5166599f', 'user_domain_id': 'default', 'system_scope': 'all', 'project_id': None, 'project_domain_id': None, 'roles': ['admin', 'member', 'reader'], 'is_admin_project': True, 'service_user_id': None, 'service_user_domain_id': None, 'service_project_id': None, 'service_project_domain_id': None, 'service_roles': []} {{(pid=80518) fill_context /opt/stack/keystone/keystone/server/flask/request_processing/middleware/auth_context.py:478}}
Jun 23 22:27:08.763812 dv-cinder-813229-11-iscsi devstack@keystone.service[80518]: DEBUG keystone.server.flask.request_processing.req_logging [None req-866d15fc-b54a-47a4-98af-ed05f10d9e30 None admin] REQUEST_METHOD: `GET` {{(pid=80518) log_request_info /opt/stack/keystone/keystone/server/flask/request_processing/req_logging.py:27}}
Jun 23 22:27:08.764165 dv-cinder-813229-11-iscsi devstack@keystone.service[80518]: DEBUG keystone.server.flask.request_processing.req_logging [None req-866d15fc-b54a-47a4-98af-ed05f10d9e30 None admin] SCRIPT_NAME: `/identity` {{(pid=80518) log_request_info /opt/stack/keystone/keystone/server/flask/request_processing/req_logging.py:28}}
Jun 23 22:27:08.764509 dv-cinder-813229-11-iscsi devstack@keystone.service[80518]: DEBUG keystone.server.flask.request_processing.req_logging [None req-866d15fc-b54a-47a4-98af-ed05f10d9e30 None admin] PATH_INFO: `/v3/projects/debcfc4c17a34d8a80f13016124abfaf` {{(pid=80518) log_request_info /opt/stack/keystone/keystone/server/flask/request_processing/req_logging.py:29}}
Jun 23 22:27:08.766093 dv-cinder-813229-11-iscsi devstack@keystone.service[80518]: DEBUG keystone.common.rbac_enforcer.enforcer [None req-866d15fc-b54a-47a4-98af-ed05f10d9e30 None admin] RBAC: Authorizing `identity:get_project(project_id=debcfc4c17a34d8a80f13016124abfaf)` {{(pid=80518) enforce_call /opt/stack/keystone/keystone/common/rbac_enforcer/enforcer.py:449}}
Jun 23 22:27:08.767879 dv-cinder-813229-11-iscsi devstack@keystone.service[80518]: DEBUG keystone.common.rbac_enforcer.enforcer [None req-866d15fc-b54a-47a4-98af-ed05f10d9e30 None admin] RBAC: Authorization granted {{(pid=80518) enforce_call /opt/stack/keystone/keystone/common/rbac_enforcer/enforcer.py:457}}
Jun 23 22:27:08.769846 dv-cinder-813229-11-iscsi devstack@keystone.service[80518]: [pid: 80518|app: 0|req: 192/375] 10.222.0.33 () {56 vars in 1186 bytes} [Thu Jun 23 22:27:08 2022] GET /identity/v3/projects/debcfc4c17a34d8a80f13016124abfaf => generated 302 bytes in 259 msecs (HTTP/1.1 200) 5 headers in 177 bytes (1 switches on core 0)
Jun 23 22:27:08.776147 dv-cinder-813229-11-iscsi devstack@keystone.service[80518]: DEBUG keystone.server.flask.request_processing.middleware.auth_context [None req-866d15fc-b54a-47a4-98af-ed05f10d9e30 None admin] Authenticating user token {{(pid=80518) process_request /usr/local/lib/python3.8/dist-packages/keystonemiddleware/auth_token/__init__.py:407}}
Jun 23 22:27:08.779986 dv-cinder-813229-11-iscsi devstack@keystone.service[80518]: DEBUG dbcounter [-] [80518] Writing DB stats keystone:SELECT=100 {{(pid=80518) stat_writer /usr/local/lib/python3.8/dist-packages/dbcounter.py:114}}
Jun 23 22:27:08.821631 dv-cinder-813229-11-iscsi devstack@keystone.service[80519]: DEBUG keystone.server.flask.request_processing.middleware.auth_context [None req-1beb8e65-98ab-40a9-adf2-fc1a9fa72062 None admin] Validating token access rules against request {{(pid=80519) validate_allowed_request /usr/local/lib/python3.8/dist-packages/keystonemiddleware/auth_token/__init__.py:545}}
