Jun 16 18:57:44.826734 dv-cinder-813229-10-smb devstack@c-api.service[117671]: [pid: 117671|app: 0|req: 197/328] 10.222.0.93 () {60 vars in 1362 bytes} [Thu Jun 16 18:57:44 2022] GET /volume/v3/65f28abf9ca247cd813bcb0e7546be93/groups/56631673-3669-420e-aae1-f669cad9fd0c => generated 323 bytes in 64 msecs (HTTP/1.1 200) 7 headers in 286 bytes (2 switches on core 0)
Jun 16 18:57:44.828861 dv-cinder-813229-10-smb devstack@c-api.service[117672]: /usr/local/lib/python3.8/dist-packages/oslo_context/context.py:100: DeprecationWarning: Policy enforcement is depending on the value of is_admin. This key is deprecated. Please update your policy file to use the standard policy values.
Jun 16 18:57:44.828861 dv-cinder-813229-10-smb devstack@c-api.service[117672]: warnings.warn('Policy enforcement is depending on the value of '
Jun 16 18:57:44.836091 dv-cinder-813229-10-smb devstack@c-api.service[117672]: INFO cinder.api.openstack.wsgi [None req-f9de4da3-d73f-424e-ae7d-0518e7baac0c tempest-GroupSnapshotsTest-1350414041 tempest-GroupSnapshotsTest-1350414041-project] http://10.222.0.93/volume/v3/ee110545b7504bb4b7de293eab35656d/group_snapshots/a43da804-e9d5-4d2b-9148-e3588fa7c981 returned with HTTP 200
Jun 16 18:57:44.837197 dv-cinder-813229-10-smb devstack@c-api.service[117672]: [pid: 117672|app: 0|req: 132/329] 10.222.0.93 () {60 vars in 1389 bytes} [Thu Jun 16 18:57:44 2022] GET /volume/v3/ee110545b7504bb4b7de293eab35656d/group_snapshots/a43da804-e9d5-4d2b-9148-e3588fa7c981 => generated 306 bytes in 29 msecs (HTTP/1.1 200) 7 headers in 286 bytes (2 switches on core 0)
Jun 16 18:57:45.104352 dv-cinder-813229-10-smb devstack@c-api.service[117671]: DEBUG cinder.api.middleware.request_id [None req-39443e06-bc7f-4bba-9c4f-c4f05f78378e None None] RequestId filter calling following filter/app {{(pid=117671) _context_setter /opt/stack/cinder/cinder/api/middleware/request_id.py:62}}
Jun 16 18:57:45.108556 dv-cinder-813229-10-smb devstack@c-api.service[117671]: INFO cinder.api.openstack.wsgi [None req-39443e06-bc7f-4bba-9c4f-c4f05f78378e tempest-DeleteServersTestJSON-1200670679 tempest-DeleteServersTestJSON-1200670679-project] GET http://10.222.0.93/volume/v3/4081c97a70084bce91322020f8f1b4f5/volumes/48994a01-75a2-434f-8861-ba1e3979947f
Jun 16 18:57:45.108999 dv-cinder-813229-10-smb devstack@c-api.service[117671]: DEBUG cinder.api.openstack.wsgi [None req-39443e06-bc7f-4bba-9c4f-c4f05f78378e tempest-DeleteServersTestJSON-1200670679 tempest-DeleteServersTestJSON-1200670679-project] Empty body provided in request {{(pid=117671) get_body /opt/stack/cinder/cinder/api/openstack/wsgi.py:715}}
Jun 16 18:57:45.109455 dv-cinder-813229-10-smb devstack@c-api.service[117671]: DEBUG cinder.api.openstack.wsgi [None req-39443e06-bc7f-4bba-9c4f-c4f05f78378e tempest-DeleteServersTestJSON-1200670679 tempest-DeleteServersTestJSON-1200670679-project] Calling method 'show' {{(pid=117671) _process_stack /opt/stack/cinder/cinder/api/openstack/wsgi.py:868}}
Jun 16 18:57:45.145583 dv-cinder-813229-10-smb devstack@c-api.service[117671]: /usr/local/lib/python3.8/dist-packages/oslo_context/context.py:100: DeprecationWarning: Policy enforcement is depending on the value of is_admin. This key is deprecated. Please update your policy file to use the standard policy values.
Jun 16 18:57:45.145583 dv-cinder-813229-10-smb devstack@c-api.service[117671]: warnings.warn('Policy enforcement is depending on the value of '
Jun 16 18:57:45.157299 dv-cinder-813229-10-smb devstack@c-api.service[117671]: INFO cinder.volume.api [None req-39443e06-bc7f-4bba-9c4f-c4f05f78378e tempest-DeleteServersTestJSON-1200670679 tempest-DeleteServersTestJSON-1200670679-project] Volume info retrieved successfully.
Jun 16 18:57:45.173391 dv-cinder-813229-10-smb devstack@c-api.service[117671]: INFO cinder.api.openstack.wsgi [None req-39443e06-bc7f-4bba-9c4f-c4f05f78378e tempest-DeleteServersTestJSON-1200670679 tempest-DeleteServersTestJSON-1200670679-project] http://10.222.0.93/volume/v3/4081c97a70084bce91322020f8f1b4f5/volumes/48994a01-75a2-434f-8861-ba1e3979947f returned with HTTP 200
Jun 16 18:57:45.176502 dv-cinder-813229-10-smb devstack@c-api.service[117671]: [pid: 117671|app: 0|req: 198/330] 10.222.0.93 () {58 vars in 1324 bytes} [Thu Jun 16 18:57:45 2022] GET /volume/v3/4081c97a70084bce91322020f8f1b4f5/volumes/48994a01-75a2-434f-8861-ba1e3979947f => generated 1206 bytes in 71 msecs (HTTP/1.1 200) 7 headers in 286 bytes (1 switches on core 0)
Jun 16 18:57:45.185631 dv-cinder-813229-10-smb devstack@c-api.service[117672]: DEBUG cinder.api.middleware.request_id [None req-26af075d-1da0-4ffa-a152-b5909eb92d15 None None] RequestId filter calling following filter/app {{(pid=117672) _context_setter /opt/stack/cinder/cinder/api/middleware/request_id.py:62}}
Jun 16 18:57:45.189227 dv-cinder-813229-10-smb devstack@c-api.service[117672]: INFO cinder.api.openstack.wsgi [None req-26af075d-1da0-4ffa-a152-b5909eb92d15 tempest-DeleteServersTestJSON-1200670679 tempest-DeleteServersTestJSON-1200670679-project] GET http://10.222.0.93/volume/v3/4081c97a70084bce91322020f8f1b4f5/volumes/48994a01-75a2-434f-8861-ba1e3979947f
Jun 16 18:57:45.189848 dv-cinder-813229-10-smb devstack@c-api.service[117672]: DEBUG cinder.api.openstack.wsgi [None req-26af075d-1da0-4ffa-a152-b5909eb92d15 tempest-DeleteServersTestJSON-1200670679 tempest-DeleteServersTestJSON-1200670679-project] Empty body provided in request {{(pid=117672) get_body /opt/stack/cinder/cinder/api/openstack/wsgi.py:715}}
Jun 16 18:57:45.190444 dv-cinder-813229-10-smb devstack@c-api.service[117672]: DEBUG cinder.api.openstack.wsgi [None req-26af075d-1da0-4ffa-a152-b5909eb92d15 tempest-DeleteServersTestJSON-1200670679 tempest-DeleteServersTestJSON-1200670679-project] Calling method 'show' {{(pid=117672) _process_stack /opt/stack/cinder/cinder/api/openstack/wsgi.py:868}}
Jun 16 18:57:45.212707 dv-cinder-813229-10-smb devstack@c-api.service[117672]: /usr/local/lib/python3.8/dist-packages/oslo_context/context.py:100: DeprecationWarning: Policy enforcement is depending on the value of is_admin. This key is deprecated. Please update your policy file to use the standard policy values.
Jun 16 18:57:45.212707 dv-cinder-813229-10-smb devstack@c-api.service[117672]: warnings.warn('Policy enforcement is depending on the value of '
Jun 16 18:57:45.221407 dv-cinder-813229-10-smb devstack@c-api.service[117672]: INFO cinder.volume.api [None req-26af075d-1da0-4ffa-a152-b5909eb92d15 tempest-DeleteServersTestJSON-1200670679 tempest-DeleteServersTestJSON-1200670679-project] Volume info retrieved successfully.
Jun 16 18:57:45.231712 dv-cinder-813229-10-smb devstack@c-api.service[117672]: INFO cinder.api.openstack.wsgi [None req-26af075d-1da0-4ffa-a152-b5909eb92d15 tempest-DeleteServersTestJSON-1200670679 tempest-DeleteServersTestJSON-1200670679-project] http://10.222.0.93/volume/v3/4081c97a70084bce91322020f8f1b4f5/volumes/48994a01-75a2-434f-8861-ba1e3979947f returned with HTTP 200
Jun 16 18:57:45.233070 dv-cinder-813229-10-smb devstack@c-api.service[117672]: [pid: 117672|app: 0|req: 133/331] 10.222.0.93 () {58 vars in 1324 bytes} [Thu Jun 16 18:57:45 2022] GET /volume/v3/4081c97a70084bce91322020f8f1b4f5/volumes/48994a01-75a2-434f-8861-ba1e3979947f => generated 1206 bytes in 48 msecs (HTTP/1.1 200) 7 headers in 286 bytes (1 switches on core 0)
Jun 16 18:57:45.300490 dv-cinder-813229-10-smb devstack@c-api.service[117671]: DEBUG dbcounter [-] [117671] Writing DB stats cinder:SELECT=89,cinder:UPDATE=5,cinder:INSERT=6 {{(pid=117671) stat_writer /usr/local/lib/python3.8/dist-packages/dbcounter.py:114}}
Jun 16 18:57:45.831051 dv-cinder-813229-10-smb devstack@c-api.service[117671]: DEBUG cinder.api.middleware.request_id [None req-7f1053e7-cd84-48d7-939d-76d7bf85c2f8 None None] RequestId filter calling following filter/app {{(pid=117671) _context_setter /opt/stack/cinder/cinder/api/middleware/request_id.py:62}}
Jun 16 18:57:45.835298 dv-cinder-813229-10-smb devstack@c-api.service[117671]: INFO cinder.api.openstack.wsgi [None req-7f1053e7-cd84-48d7-939d-76d7bf85c2f8 tempest-GroupsTest-1597265737 tempest-GroupsTest-1597265737-project] GET http://10.222.0.93/volume/v3/65f28abf9ca247cd813bcb0e7546be93/groups/56631673-3669-420e-aae1-f669cad9fd0c
Jun 16 18:57:45.836029 dv-cinder-813229-10-smb devstack@c-api.service[117671]: DEBUG cinder.api.openstack.wsgi [None req-7f1053e7-cd84-48d7-939d-76d7bf85c2f8 tempest-GroupsTest-1597265737 tempest-GroupsTest-1597265737-project] Empty body provided in request {{(pid=117671) get_body /opt/stack/cinder/cinder/api/openstack/wsgi.py:715}}
Jun 16 18:57:45.836727 dv-cinder-813229-10-smb devstack@c-api.service[117671]: DEBUG cinder.api.openstack.wsgi [None req-7f1053e7-cd84-48d7-939d-76d7bf85c2f8 tempest-GroupsTest-1597265737 tempest-GroupsTest-1597265737-project] Calling method 'version_select' {{(pid=117671) _process_stack /opt/stack/cinder/cinder/api/openstack/wsgi.py:868}}
Jun 16 18:57:45.837084 dv-cinder-813229-10-smb devstack@c-api.service[117671]: DEBUG cinder.api.v3.groups [None req-7f1053e7-cd84-48d7-939d-76d7bf85c2f8 tempest-GroupsTest-1597265737 tempest-GroupsTest-1597265737-project] show called for member 56631673-3669-420e-aae1-f669cad9fd0c {{(pid=117671) show /opt/stack/cinder/cinder/api/v3/groups.py:58}}
Jun 16 18:57:45.844460 dv-cinder-813229-10-smb devstack@c-api.service[117672]: DEBUG cinder.api.middleware.request_id [None req-088af0fc-4b61-4feb-94f8-bd060d548f19 None None] RequestId filter calling following filter/app {{(pid=117672) _context_setter /opt/stack/cinder/cinder/api/middleware/request_id.py:62}}
Jun 16 18:57:45.848635 dv-cinder-813229-10-smb devstack@c-api.service[117672]: INFO cinder.api.openstack.wsgi [None req-088af0fc-4b61-4feb-94f8-bd060d548f19 tempest-GroupSnapshotsTest-1350414041 tempest-GroupSnapshotsTest-1350414041-project] GET http://10.222.0.93/volume/v3/ee110545b7504bb4b7de293eab35656d/group_snapshots/a43da804-e9d5-4d2b-9148-e3588fa7c981
Jun 16 18:57:45.849338 dv-cinder-813229-10-smb devstack@c-api.service[117672]: DEBUG cinder.api.openstack.wsgi [None req-088af0fc-4b61-4feb-94f8-bd060d548f19 tempest-GroupSnapshotsTest-1350414041 tempest-GroupSnapshotsTest-1350414041-project] Empty body provided in request {{(pid=117672) get_body /opt/stack/cinder/cinder/api/openstack/wsgi.py:715}}
Jun 16 18:57:45.849942 dv-cinder-813229-10-smb devstack@c-api.service[117672]: DEBUG cinder.api.openstack.wsgi [None req-088af0fc-4b61-4feb-94f8-bd060d548f19 tempest-GroupSnapshotsTest-1350414041 tempest-GroupSnapshotsTest-1350414041-project] Calling method 'version_select' {{(pid=117672) _process_stack /opt/stack/cinder/cinder/api/openstack/wsgi.py:868}}
Jun 16 18:57:45.850374 dv-cinder-813229-10-smb devstack@c-api.service[117671]: INFO cinder.api.openstack.wsgi [None req-7f1053e7-cd84-48d7-939d-76d7bf85c2f8 tempest-GroupsTest-1597265737 tempest-GroupsTest-1597265737-project] http://10.222.0.93/volume/v3/65f28abf9ca247cd813bcb0e7546be93/groups/56631673-3669-420e-aae1-f669cad9fd0c returned with HTTP 404
Jun 16 18:57:45.850977 dv-cinder-813229-10-smb devstack@c-api.service[117672]: DEBUG cinder.api.v3.group_snapshots [None req-088af0fc-4b61-4feb-94f8-bd060d548f19 tempest-GroupSnapshotsTest-1350414041 tempest-GroupSnapshotsTest-1350414041-project] show called for member a43da804-e9d5-4d2b-9148-e3588fa7c981 {{(pid=117672) show /opt/stack/cinder/cinder/api/v3/group_snapshots.py:58}}
Jun 16 18:57:45.851289 dv-cinder-813229-10-smb devstack@c-api.service[117671]: [pid: 117671|app: 0|req: 199/332] 10.222.0.93 () {60 vars in 1362 bytes} [Thu Jun 16 18:57:45 2022] GET /volume/v3/65f28abf9ca247cd813bcb0e7546be93/groups/56631673-3669-420e-aae1-f669cad9fd0c => generated 108 bytes in 21 msecs (HTTP/1.1 404) 7 headers in 293 bytes (1 switches on core 0)
Jun 16 18:57:45.856699 dv-cinder-813229-10-smb devstack@c-api.service[117671]: DEBUG cinder.api.middleware.request_id [None req-9aa48402-cc08-4cb3-a248-d91bf39e8553 None None] RequestId filter calling following filter/app {{(pid=117671) _context_setter /opt/stack/cinder/cinder/api/middleware/request_id.py:62}}
Jun 16 18:57:45.865274 dv-cinder-813229-10-smb devstack@c-api.service[117671]: INFO cinder.api.openstack.wsgi [None req-9aa48402-cc08-4cb3-a248-d91bf39e8553 tempest-GroupsTest-1997813701 tempest-GroupsTest-1997813701-project-admin] DELETE http://10.222.0.93/volume/v3/70b52bfd32eb496cbb3b2b8d15202e62/group_types/0b160ea4-1bb5-4989-be63-75c89f5d8202
Jun 16 18:57:45.868027 dv-cinder-813229-10-smb devstack@c-api.service[117672]: /usr/local/lib/python3.8/dist-packages/oslo_context/context.py:100: DeprecationWarning: Policy enforcement is depending on the value of is_admin. This key is deprecated. Please update your policy file to use the standard policy values.
Jun 16 18:57:45.868027 dv-cinder-813229-10-smb devstack@c-api.service[117672]: warnings.warn('Policy enforcement is depending on the value of '
Jun 16 18:57:45.870731 dv-cinder-813229-10-smb devstack@c-api.service[117671]: DEBUG cinder.api.openstack.wsgi [None req-9aa48402-cc08-4cb3-a248-d91bf39e8553 tempest-GroupsTest-1997813701 tempest-GroupsTest-1997813701-project-admin] Empty body provided in request {{(pid=117671) get_body /opt/stack/cinder/cinder/api/openstack/wsgi.py:715}}
Jun 16 18:57:45.871215 dv-cinder-813229-10-smb devstack@c-api.service[117671]: DEBUG cinder.api.openstack.wsgi [None req-9aa48402-cc08-4cb3-a248-d91bf39e8553 tempest-GroupsTest-1997813701 tempest-GroupsTest-1997813701-project-admin] Calling method 'version_select' {{(pid=117671) _process_stack /opt/stack/cinder/cinder/api/openstack/wsgi.py:868}}
Jun 16 18:57:45.886115 dv-cinder-813229-10-smb devstack@c-api.service[117672]: INFO cinder.api.openstack.wsgi [None req-088af0fc-4b61-4feb-94f8-bd060d548f19 tempest-GroupSnapshotsTest-1350414041 tempest-GroupSnapshotsTest-1350414041-project] http://10.222.0.93/volume/v3/ee110545b7504bb4b7de293eab35656d/group_snapshots/a43da804-e9d5-4d2b-9148-e3588fa7c981 returned with HTTP 200
Jun 16 18:57:45.889485 dv-cinder-813229-10-smb devstack@c-api.service[117672]: [pid: 117672|app: 0|req: 134/333] 10.222.0.93 () {60 vars in 1389 bytes} [Thu Jun 16 18:57:45 2022] GET /volume/v3/ee110545b7504bb4b7de293eab35656d/group_snapshots/a43da804-e9d5-4d2b-9148-e3588fa7c981 => generated 307 bytes in 46 msecs (HTTP/1.1 200) 7 headers in 286 bytes (1 switches on core 0)
Jun 16 18:57:45.896265 dv-cinder-813229-10-smb devstack@c-api.service[117672]: DEBUG cinder.api.middleware.request_id [None req-fcffe76c-012f-4ec5-bcca-aed8dd73ee76 None None] RequestId filter calling following filter/app {{(pid=117672) _context_setter /opt/stack/cinder/cinder/api/middleware/request_id.py:62}}
Jun 16 18:57:45.905882 dv-cinder-813229-10-smb devstack@c-api.service[117672]: INFO cinder.api.openstack.wsgi [None req-fcffe76c-012f-4ec5-bcca-aed8dd73ee76 tempest-GroupSnapshotsTest-1350414041 tempest-GroupSnapshotsTest-1350414041-project] GET http://10.222.0.93/volume/v3/ee110545b7504bb4b7de293eab35656d/snapshots/detail
Jun 16 18:57:45.906796 dv-cinder-813229-10-smb devstack@c-api.service[117672]: DEBUG cinder.api.openstack.wsgi [None req-fcffe76c-012f-4ec5-bcca-aed8dd73ee76 tempest-GroupSnapshotsTest-1350414041 tempest-GroupSnapshotsTest-1350414041-project] Empty body provided in request {{(pid=117672) get_body /opt/stack/cinder/cinder/api/openstack/wsgi.py:715}}
Jun 16 18:57:45.907416 dv-cinder-813229-10-smb devstack@c-api.service[117672]: DEBUG cinder.api.openstack.wsgi [None req-fcffe76c-012f-4ec5-bcca-aed8dd73ee76 tempest-GroupSnapshotsTest-1350414041 tempest-GroupSnapshotsTest-1350414041-project] Calling method 'detail' {{(pid=117672) _process_stack /opt/stack/cinder/cinder/api/openstack/wsgi.py:868}}
Jun 16 18:57:45.920637 dv-cinder-813229-10-smb devstack@c-api.service[117672]: DEBUG cinder.api.api_utils [None req-fcffe76c-012f-4ec5-bcca-aed8dd73ee76 tempest-GroupSnapshotsTest-1350414041 tempest-GroupSnapshotsTest-1350414041-project] Removing options '' from query. {{(pid=117672) remove_invalid_filter_options /opt/stack/cinder/cinder/api/api_utils.py:73}}
Jun 16 18:57:45.921454 dv-cinder-813229-10-smb devstack@c-api.service[117672]: DEBUG cinder.db.sqlalchemy.api [None req-fcffe76c-012f-4ec5-bcca-aed8dd73ee76 tempest-GroupSnapshotsTest-1350414041 tempest-GroupSnapshotsTest-1350414041-project] Building query based on filter {{(pid=117672) _process_snaps_filters /opt/stack/cinder/cinder/db/sqlalchemy/api.py:3878}}
Jun 16 18:57:45.931266 dv-cinder-813229-10-smb devstack@c-api.service[117672]: INFO cinder.volume.api [None req-fcffe76c-012f-4ec5-bcca-aed8dd73ee76 tempest-GroupSnapshotsTest-1350414041 tempest-GroupSnapshotsTest-1350414041-project] Get all snapshots completed successfully.
Jun 16 18:57:45.932794 dv-cinder-813229-10-smb devstack@c-api.service[117672]: /usr/local/lib/python3.8/dist-packages/oslo_context/context.py:100: DeprecationWarning: Policy enforcement is depending on the value of is_admin. This key is deprecated. Please update your policy file to use the standard policy values.
Jun 16 18:57:45.932794 dv-cinder-813229-10-smb devstack@c-api.service[117672]: warnings.warn('Policy enforcement is depending on the value of '
Jun 16 18:57:45.936553 dv-cinder-813229-10-smb devstack@c-api.service[117672]: INFO cinder.api.openstack.wsgi [None req-fcffe76c-012f-4ec5-bcca-aed8dd73ee76 tempest-GroupSnapshotsTest-1350414041 tempest-GroupSnapshotsTest-1350414041-project] http://10.222.0.93/volume/v3/ee110545b7504bb4b7de293eab35656d/snapshots/detail returned with HTTP 200
Jun 16 18:57:45.938481 dv-cinder-813229-10-smb devstack@c-api.service[117672]: [pid: 117672|app: 0|req: 135/334] 10.222.0.93 () {58 vars in 1240 bytes} [Thu Jun 16 18:57:45 2022] GET /volume/v3/ee110545b7504bb4b7de293eab35656d/snapshots/detail => generated 519 bytes in 43 msecs (HTTP/1.1 200) 7 headers in 285 bytes (2 switches on core 0)
Jun 16 18:57:45.951920 dv-cinder-813229-10-smb devstack@c-api.service[117672]: DEBUG cinder.api.middleware.request_id [None req-023b9c20-ed49-4b2b-a990-0e570337b7c1 None None] RequestId filter calling following filter/app {{(pid=117672) _context_setter /opt/stack/cinder/cinder/api/middleware/request_id.py:62}}
Jun 16 18:57:45.962320 dv-cinder-813229-10-smb devstack@c-api.service[117672]: INFO cinder.api.openstack.wsgi [None req-023b9c20-ed49-4b2b-a990-0e570337b7c1 tempest-GroupSnapshotsTest-1350414041 tempest-GroupSnapshotsTest-1350414041-project] GET http://10.222.0.93/volume/v3/ee110545b7504bb4b7de293eab35656d/snapshots/759b9736-57c4-4575-8f4a-22105034adac
Jun 16 18:57:45.964124 dv-cinder-813229-10-smb devstack@c-api.service[117672]: DEBUG cinder.api.openstack.wsgi [None req-023b9c20-ed49-4b2b-a990-0e570337b7c1 tempest-GroupSnapshotsTest-1350414041 tempest-GroupSnapshotsTest-1350414041-project] Empty body provided in request {{(pid=117672) get_body /opt/stack/cinder/cinder/api/openstack/wsgi.py:715}}
Jun 16 18:57:45.966524 dv-cinder-813229-10-smb devstack@c-api.service[117672]: DEBUG cinder.api.openstack.wsgi [None req-023b9c20-ed49-4b2b-a990-0e570337b7c1 tempest-GroupSnapshotsTest-1350414041 tempest-GroupSnapshotsTest-1350414041-project] Calling method 'show' {{(pid=117672) _process_stack /opt/stack/cinder/cinder/api/openstack/wsgi.py:868}}
Jun 16 18:57:45.987120 dv-cinder-813229-10-smb devstack@c-api.service[117672]: /usr/local/lib/python3.8/dist-packages/oslo_context/context.py:100: DeprecationWarning: Policy enforcement is depending on the value of is_admin. This key is deprecated. Please update your policy file to use the standard policy values.
Jun 16 18:57:45.987120 dv-cinder-813229-10-smb devstack@c-api.service[117672]: warnings.warn('Policy enforcement is depending on the value of '
Jun 16 18:57:45.991259 dv-cinder-813229-10-smb devstack@c-api.service[117671]: INFO cinder.api.openstack.wsgi [None req-9aa48402-cc08-4cb3-a248-d91bf39e8553 tempest-GroupsTest-1997813701 tempest-GroupsTest-1997813701-project-admin] http://10.222.0.93/volume/v3/70b52bfd32eb496cbb3b2b8d15202e62/group_types/0b160ea4-1bb5-4989-be63-75c89f5d8202 returned with HTTP 202
Jun 16 18:57:45.997728 dv-cinder-813229-10-smb devstack@c-api.service[117671]: [pid: 117671|app: 0|req: 200/335] 10.222.0.93 () {60 vars in 1380 bytes} [Thu Jun 16 18:57:45 2022] DELETE /volume/v3/70b52bfd32eb496cbb3b2b8d15202e62/group_types/0b160ea4-1bb5-4989-be63-75c89f5d8202 => generated 0 bytes in 142 msecs (HTTP/1.1 202) 6 headers in 234 bytes (1 switches on core 0)
Jun 16 18:57:45.999377 dv-cinder-813229-10-smb devstack@c-api.service[117671]: DEBUG cinder.api.middleware.request_id [None req-627192b5-d863-4712-a9d0-40677c44f34b None None] RequestId filter calling following filter/app {{(pid=117671) _context_setter /opt/stack/cinder/cinder/api/middleware/request_id.py:62}}
Jun 16 18:57:46.003089 dv-cinder-813229-10-smb devstack@c-api.service[117671]: INFO cinder.api.openstack.wsgi [None req-627192b5-d863-4712-a9d0-40677c44f34b tempest-GroupsTest-1597265737 tempest-GroupsTest-1597265737-project] DELETE http://10.222.0.93/volume/v3/65f28abf9ca247cd813bcb0e7546be93/volumes/61dd279f-70ff-4b6e-be31-767688c5cb5a
Jun 16 18:57:46.003781 dv-cinder-813229-10-smb devstack@c-api.service[117671]: DEBUG cinder.api.openstack.wsgi [None req-627192b5-d863-4712-a9d0-40677c44f34b tempest-GroupsTest-1597265737 tempest-GroupsTest-1597265737-project] Empty body provided in request {{(pid=117671) get_body /opt/stack/cinder/cinder/api/openstack/wsgi.py:715}}
Jun 16 18:57:46.004407 dv-cinder-813229-10-smb devstack@c-api.service[117671]: DEBUG cinder.api.openstack.wsgi [None req-627192b5-d863-4712-a9d0-40677c44f34b tempest-GroupsTest-1597265737 tempest-GroupsTest-1597265737-project] Calling method 'delete' {{(pid=117671) _process_stack /opt/stack/cinder/cinder/api/openstack/wsgi.py:868}}
Jun 16 18:57:46.005017 dv-cinder-813229-10-smb devstack@c-api.service[117671]: INFO cinder.api.v3.volumes [None req-627192b5-d863-4712-a9d0-40677c44f34b tempest-GroupsTest-1597265737 tempest-GroupsTest-1597265737-project] Delete volume with id: 61dd279f-70ff-4b6e-be31-767688c5cb5a
Jun 16 18:57:46.012763 dv-cinder-813229-10-smb devstack@c-api.service[117672]: INFO cinder.volume.api [None req-023b9c20-ed49-4b2b-a990-0e570337b7c1 tempest-GroupSnapshotsTest-1350414041 tempest-GroupSnapshotsTest-1350414041-project] Snapshot retrieved successfully.
Jun 16 18:57:46.016219 dv-cinder-813229-10-smb devstack@c-api.service[117672]: INFO cinder.api.openstack.wsgi [None req-023b9c20-ed49-4b2b-a990-0e570337b7c1 tempest-GroupSnapshotsTest-1350414041 tempest-GroupSnapshotsTest-1350414041-project] http://10.222.0.93/volume/v3/ee110545b7504bb4b7de293eab35656d/snapshots/759b9736-57c4-4575-8f4a-22105034adac returned with HTTP 200
Jun 16 18:57:46.019453 dv-cinder-813229-10-smb devstack@c-api.service[117672]: [pid: 117672|app: 0|req: 136/336] 10.222.0.93 () {58 vars in 1330 bytes} [Thu Jun 16 18:57:45 2022] GET /volume/v3/ee110545b7504bb4b7de293eab35656d/snapshots/759b9736-57c4-4575-8f4a-22105034adac => generated 516 bytes in 68 msecs (HTTP/1.1 200) 7 headers in 285 bytes (1 switches on core 0)
Jun 16 18:57:46.030122 dv-cinder-813229-10-smb devstack@c-api.service[117672]: DEBUG cinder.api.middleware.request_id [None req-410f73b8-dc20-4581-929b-2e4208e00ca6 None None] RequestId filter calling following filter/app {{(pid=117672) _context_setter /opt/stack/cinder/cinder/api/middleware/request_id.py:62}}
Jun 16 18:57:46.034319 dv-cinder-813229-10-smb devstack@c-api.service[117671]: INFO cinder.api.openstack.wsgi [None req-627192b5-d863-4712-a9d0-40677c44f34b tempest-GroupsTest-1597265737 tempest-GroupsTest-1597265737-project] http://10.222.0.93/volume/v3/65f28abf9ca247cd813bcb0e7546be93/volumes/61dd279f-70ff-4b6e-be31-767688c5cb5a returned with HTTP 404
Jun 16 18:57:46.035086 dv-cinder-813229-10-smb devstack@c-api.service[117672]: INFO cinder.api.openstack.wsgi [None req-410f73b8-dc20-4581-929b-2e4208e00ca6 tempest-GroupSnapshotsTest-1350414041 tempest-GroupSnapshotsTest-1350414041-project] GET http://10.222.0.93/volume/v3/ee110545b7504bb4b7de293eab35656d/group_snapshots/a43da804-e9d5-4d2b-9148-e3588fa7c981
Jun 16 18:57:46.035827 dv-cinder-813229-10-smb devstack@c-api.service[117671]: [pid: 117671|app: 0|req: 201/337] 10.222.0.93 () {60 vars in 1368 bytes} [Thu Jun 16 18:57:45 2022] DELETE /volume/v3/65f28abf9ca247cd813bcb0e7546be93/volumes/61dd279f-70ff-4b6e-be31-767688c5cb5a => generated 109 bytes in 37 msecs (HTTP/1.1 404) 7 headers in 293 bytes (1 switches on core 0)
Jun 16 18:57:46.038916 dv-cinder-813229-10-smb devstack@c-api.service[117672]: DEBUG cinder.api.openstack.wsgi [None req-410f73b8-dc20-4581-929b-2e4208e00ca6 tempest-GroupSnapshotsTest-1350414041 tempest-GroupSnapshotsTest-1350414041-project] Empty body provided in request {{(pid=117672) get_body /opt/stack/cinder/cinder/api/openstack/wsgi.py:715}}
Jun 16 18:57:46.039467 dv-cinder-813229-10-smb devstack@c-api.service[117672]: DEBUG cinder.api.openstack.wsgi [None req-410f73b8-dc20-4581-929b-2e4208e00ca6 tempest-GroupSnapshotsTest-1350414041 tempest-GroupSnapshotsTest-1350414041-project] Calling method 'version_select' {{(pid=117672) _process_stack /opt/stack/cinder/cinder/api/openstack/wsgi.py:868}}
Jun 16 18:57:46.039837 dv-cinder-813229-10-smb devstack@c-api.service[117672]: DEBUG cinder.api.v3.group_snapshots [None req-410f73b8-dc20-4581-929b-2e4208e00ca6 tempest-GroupSnapshotsTest-1350414041 tempest-GroupSnapshotsTest-1350414041-project] show called for member a43da804-e9d5-4d2b-9148-e3588fa7c981 {{(pid=117672) show /opt/stack/cinder/cinder/api/v3/group_snapshots.py:58}}
Jun 16 18:57:46.040968 dv-cinder-813229-10-smb devstack@c-api.service[117671]: DEBUG cinder.api.middleware.request_id [None req-846c4f0f-a050-489b-ade3-04683754d4e6 None None] RequestId filter calling following filter/app {{(pid=117671) _context_setter /opt/stack/cinder/cinder/api/middleware/request_id.py:62}}
Jun 16 18:57:46.048870 dv-cinder-813229-10-smb devstack@c-api.service[117671]: INFO cinder.api.openstack.wsgi [None req-846c4f0f-a050-489b-ade3-04683754d4e6 tempest-GroupsTest-1597265737 tempest-GroupsTest-1597265737-project] DELETE http://10.222.0.93/volume/v3/65f28abf9ca247cd813bcb0e7546be93/volumes/70702b98-2d3f-4ebf-8dec-67dcf10d5074
Jun 16 18:57:46.049634 dv-cinder-813229-10-smb devstack@c-api.service[117672]: /usr/local/lib/python3.8/dist-packages/oslo_context/context.py:100: DeprecationWarning: Policy enforcement is depending on the value of is_admin. This key is deprecated. Please update your policy file to use the standard policy values.
Jun 16 18:57:46.049634 dv-cinder-813229-10-smb devstack@c-api.service[117672]: warnings.warn('Policy enforcement is depending on the value of '
Jun 16 18:57:46.054569 dv-cinder-813229-10-smb devstack@c-api.service[117671]: DEBUG cinder.api.openstack.wsgi [None req-846c4f0f-a050-489b-ade3-04683754d4e6 tempest-GroupsTest-1597265737 tempest-GroupsTest-1597265737-project] Empty body provided in request {{(pid=117671) get_body /opt/stack/cinder/cinder/api/openstack/wsgi.py:715}}
Jun 16 18:57:46.054569 dv-cinder-813229-10-smb devstack@c-api.service[117671]: DEBUG cinder.api.openstack.wsgi [None req-846c4f0f-a050-489b-ade3-04683754d4e6 tempest-GroupsTest-1597265737 tempest-GroupsTest-1597265737-project] Calling method 'delete' {{(pid=117671) _process_stack /opt/stack/cinder/cinder/api/openstack/wsgi.py:868}}
Jun 16 18:57:46.054569 dv-cinder-813229-10-smb devstack@c-api.service[117671]: INFO cinder.api.v3.volumes [None req-846c4f0f-a050-489b-ade3-04683754d4e6 tempest-GroupsTest-1597265737 tempest-GroupsTest-1597265737-project] Delete volume with id: 70702b98-2d3f-4ebf-8dec-67dcf10d5074
Jun 16 18:57:46.062465 dv-cinder-813229-10-smb devstack@c-api.service[117672]: INFO cinder.api.openstack.wsgi [None req-410f73b8-dc20-4581-929b-2e4208e00ca6 tempest-GroupSnapshotsTest-1350414041 tempest-GroupSnapshotsTest-1350414041-project] http://10.222.0.93/volume/v3/ee110545b7504bb4b7de293eab35656d/group_snapshots/a43da804-e9d5-4d2b-9148-e3588fa7c981 returned with HTTP 200
Jun 16 18:57:46.064662 dv-cinder-813229-10-smb devstack@c-api.service[117672]: [pid: 117672|app: 0|req: 137/338] 10.222.0.93 () {60 vars in 1389 bytes} [Thu Jun 16 18:57:46 2022] GET /volume/v3/ee110545b7504bb4b7de293eab35656d/group_snapshots/a43da804-e9d5-4d2b-9148-e3588fa7c981 => generated 307 bytes in 36 msecs (HTTP/1.1 200) 7 headers in 286 bytes (2 switches on core 0)
Jun 16 18:57:46.073735 dv-cinder-813229-10-smb devstack@c-api.service[117672]: DEBUG cinder.api.middleware.request_id [None req-93cdd97c-eaa2-4d2d-a14c-e7cae865a578 None None] RequestId filter calling following filter/app {{(pid=117672) _context_setter /opt/stack/cinder/cinder/api/middleware/request_id.py:62}}
Jun 16 18:57:46.076653 dv-cinder-813229-10-smb devstack@c-api.service[117671]: INFO cinder.api.openstack.wsgi [None req-846c4f0f-a050-489b-ade3-04683754d4e6 tempest-GroupsTest-1597265737 tempest-GroupsTest-1597265737-project] http://10.222.0.93/volume/v3/65f28abf9ca247cd813bcb0e7546be93/volumes/70702b98-2d3f-4ebf-8dec-67dcf10d5074 returned with HTTP 404
Jun 16 18:57:46.078949 dv-cinder-813229-10-smb devstack@c-api.service[117671]: [pid: 117671|app: 0|req: 202/339] 10.222.0.93 () {60 vars in 1368 bytes} [Thu Jun 16 18:57:46 2022] DELETE /volume/v3/65f28abf9ca247cd813bcb0e7546be93/volumes/70702b98-2d3f-4ebf-8dec-67dcf10d5074 => generated 109 bytes in 39 msecs (HTTP/1.1 404) 7 headers in 293 bytes (1 switches on core 0)
Jun 16 18:57:46.081950 dv-cinder-813229-10-smb devstack@c-api.service[117672]: INFO cinder.api.openstack.wsgi [None req-93cdd97c-eaa2-4d2d-a14c-e7cae865a578 tempest-GroupSnapshotsTest-1350414041 tempest-GroupSnapshotsTest-1350414041-project] GET http://10.222.0.93/volume/v3/ee110545b7504bb4b7de293eab35656d/group_snapshots/detail
Jun 16 18:57:46.083166 dv-cinder-813229-10-smb devstack@c-api.service[117672]: DEBUG cinder.api.openstack.wsgi [None req-93cdd97c-eaa2-4d2d-a14c-e7cae865a578 tempest-GroupSnapshotsTest-1350414041 tempest-GroupSnapshotsTest-1350414041-project] Empty body provided in request {{(pid=117672) get_body /opt/stack/cinder/cinder/api/openstack/wsgi.py:715}}
Jun 16 18:57:46.083537 dv-cinder-813229-10-smb devstack@c-api.service[117672]: DEBUG cinder.api.openstack.wsgi [None req-93cdd97c-eaa2-4d2d-a14c-e7cae865a578 tempest-GroupSnapshotsTest-1350414041 tempest-GroupSnapshotsTest-1350414041-project] Calling method 'version_select' {{(pid=117672) _process_stack /opt/stack/cinder/cinder/api/openstack/wsgi.py:868}}
Jun 16 18:57:46.086762 dv-cinder-813229-10-smb devstack@c-api.service[117671]: DEBUG cinder.api.middleware.request_id [None req-defa4231-f38f-4e8b-8b1e-9b9cd3bb6a25 None None] RequestId filter calling following filter/app {{(pid=117671) _context_setter /opt/stack/cinder/cinder/api/middleware/request_id.py:62}}
Jun 16 18:57:46.091613 dv-cinder-813229-10-smb devstack@c-api.service[117671]: INFO cinder.api.openstack.wsgi [None req-defa4231-f38f-4e8b-8b1e-9b9cd3bb6a25 tempest-GroupsTest-1997813701 tempest-GroupsTest-1997813701-project-admin] DELETE http://10.222.0.93/volume/v3/70b52bfd32eb496cbb3b2b8d15202e62/types/1a5919b3-2571-4e95-a755-a36a4b038f71
Jun 16 18:57:46.092071 dv-cinder-813229-10-smb devstack@c-api.service[117671]: DEBUG cinder.api.openstack.wsgi [None req-defa4231-f38f-4e8b-8b1e-9b9cd3bb6a25 tempest-GroupsTest-1997813701 tempest-GroupsTest-1997813701-project-admin] Empty body provided in request {{(pid=117671) get_body /opt/stack/cinder/cinder/api/openstack/wsgi.py:715}}
Jun 16 18:57:46.093843 dv-cinder-813229-10-smb devstack@c-api.service[117671]: DEBUG cinder.api.openstack.wsgi [None req-defa4231-f38f-4e8b-8b1e-9b9cd3bb6a25 tempest-GroupsTest-1997813701 tempest-GroupsTest-1997813701-project-admin] Calling method '_delete' {{(pid=117671) _process_stack /opt/stack/cinder/cinder/api/openstack/wsgi.py:868}}
Jun 16 18:57:46.103688 dv-cinder-813229-10-smb devstack@c-api.service[117672]: INFO cinder.api.openstack.wsgi [None req-93cdd97c-eaa2-4d2d-a14c-e7cae865a578 tempest-GroupSnapshotsTest-1350414041 tempest-GroupSnapshotsTest-1350414041-project] http://10.222.0.93/volume/v3/ee110545b7504bb4b7de293eab35656d/group_snapshots/detail returned with HTTP 200
Jun 16 18:57:46.105215 dv-cinder-813229-10-smb devstack@c-api.service[117672]: [pid: 117672|app: 0|req: 138/340] 10.222.0.93 () {60 vars in 1299 bytes} [Thu Jun 16 18:57:46 2022] GET /volume/v3/ee110545b7504bb4b7de293eab35656d/group_snapshots/detail => generated 310 bytes in 35 msecs (HTTP/1.1 200) 7 headers in 286 bytes (1 switches on core 0)
Jun 16 18:57:46.111929 dv-cinder-813229-10-smb devstack@c-api.service[117672]: DEBUG cinder.api.middleware.request_id [None req-765b054c-bc19-4652-ae52-3e67782bfd8d None None] RequestId filter calling following filter/app {{(pid=117672) _context_setter /opt/stack/cinder/cinder/api/middleware/request_id.py:62}}
Jun 16 18:57:46.122369 dv-cinder-813229-10-smb devstack@c-api.service[117672]: INFO cinder.api.openstack.wsgi [None req-765b054c-bc19-4652-ae52-3e67782bfd8d tempest-GroupSnapshotsTest-1350414041 tempest-GroupSnapshotsTest-1350414041-project] DELETE http://10.222.0.93/volume/v3/ee110545b7504bb4b7de293eab35656d/group_snapshots/a43da804-e9d5-4d2b-9148-e3588fa7c981
Jun 16 18:57:46.122878 dv-cinder-813229-10-smb devstack@c-api.service[117672]: DEBUG cinder.api.openstack.wsgi [None req-765b054c-bc19-4652-ae52-3e67782bfd8d tempest-GroupSnapshotsTest-1350414041 tempest-GroupSnapshotsTest-1350414041-project] Empty body provided in request {{(pid=117672) get_body /opt/stack/cinder/cinder/api/openstack/wsgi.py:715}}
Jun 16 18:57:46.123338 dv-cinder-813229-10-smb devstack@c-api.service[117672]: DEBUG cinder.api.openstack.wsgi [None req-765b054c-bc19-4652-ae52-3e67782bfd8d tempest-GroupSnapshotsTest-1350414041 tempest-GroupSnapshotsTest-1350414041-project] Calling method 'version_select' {{(pid=117672) _process_stack /opt/stack/cinder/cinder/api/openstack/wsgi.py:868}}
Jun 16 18:57:46.123687 dv-cinder-813229-10-smb devstack@c-api.service[117672]: DEBUG cinder.api.v3.group_snapshots [None req-765b054c-bc19-4652-ae52-3e67782bfd8d tempest-GroupSnapshotsTest-1350414041 tempest-GroupSnapshotsTest-1350414041-project] delete called for member a43da804-e9d5-4d2b-9148-e3588fa7c981 {{(pid=117672) delete /opt/stack/cinder/cinder/api/v3/group_snapshots.py:72}}
Jun 16 18:57:46.123968 dv-cinder-813229-10-smb devstack@c-api.service[117672]: INFO cinder.api.v3.group_snapshots [None req-765b054c-bc19-4652-ae52-3e67782bfd8d tempest-GroupSnapshotsTest-1350414041 tempest-GroupSnapshotsTest-1350414041-project] Delete group_snapshot with id: a43da804-e9d5-4d2b-9148-e3588fa7c981
Jun 16 18:57:46.139842 dv-cinder-813229-10-smb devstack@c-api.service[117672]: /usr/local/lib/python3.8/dist-packages/oslo_context/context.py:100: DeprecationWarning: Policy enforcement is depending on the value of is_admin. This key is deprecated. Please update your policy file to use the standard policy values.
Jun 16 18:57:46.139842 dv-cinder-813229-10-smb devstack@c-api.service[117672]: warnings.warn('Policy enforcement is depending on the value of '
Jun 16 18:57:46.257970 dv-cinder-813229-10-smb devstack@c-api.service[117671]: INFO cinder.api.openstack.wsgi [None req-defa4231-f38f-4e8b-8b1e-9b9cd3bb6a25 tempest-GroupsTest-1997813701 tempest-GroupsTest-1997813701-project-admin] http://10.222.0.93/volume/v3/70b52bfd32eb496cbb3b2b8d15202e62/types/1a5919b3-2571-4e95-a755-a36a4b038f71 returned with HTTP 202
Jun 16 18:57:46.263394 dv-cinder-813229-10-smb devstack@c-api.service[117671]: [pid: 117671|app: 0|req: 203/341] 10.222.0.93 () {58 vars in 1321 bytes} [Thu Jun 16 18:57:46 2022] DELETE /volume/v3/70b52bfd32eb496cbb3b2b8d15202e62/types/1a5919b3-2571-4e95-a755-a36a4b038f71 => generated 0 bytes in 174 msecs (HTTP/1.1 202) 6 headers in 233 bytes (2 switches on core 0)
Jun 16 18:57:46.270218 dv-cinder-813229-10-smb devstack@c-api.service[117671]: DEBUG cinder.api.middleware.request_id [None req-e75040f8-6a19-437d-9caa-1db261bf5908 None None] RequestId filter calling following filter/app {{(pid=117671) _context_setter /opt/stack/cinder/cinder/api/middleware/request_id.py:62}}
Jun 16 18:57:46.281881 dv-cinder-813229-10-smb devstack@c-api.service[117671]: INFO cinder.api.openstack.wsgi [None req-e75040f8-6a19-437d-9caa-1db261bf5908 tempest-GroupsTest-1997813701 tempest-GroupsTest-1997813701-project-admin] GET http://10.222.0.93/volume/v3/70b52bfd32eb496cbb3b2b8d15202e62/types/1a5919b3-2571-4e95-a755-a36a4b038f71
Jun 16 18:57:46.283078 dv-cinder-813229-10-smb devstack@c-api.service[117671]: DEBUG cinder.api.openstack.wsgi [None req-e75040f8-6a19-437d-9caa-1db261bf5908 tempest-GroupsTest-1997813701 tempest-GroupsTest-1997813701-project-admin] Empty body provided in request {{(pid=117671) get_body /opt/stack/cinder/cinder/api/openstack/wsgi.py:715}}
Jun 16 18:57:46.285040 dv-cinder-813229-10-smb devstack@c-api.service[117671]: DEBUG cinder.api.openstack.wsgi [None req-e75040f8-6a19-437d-9caa-1db261bf5908 tempest-GroupsTest-1997813701 tempest-GroupsTest-1997813701-project-admin] Calling method 'show' {{(pid=117671) _process_stack /opt/stack/cinder/cinder/api/openstack/wsgi.py:868}}
Jun 16 18:57:46.300640 dv-cinder-813229-10-smb devstack@c-api.service[117671]: INFO cinder.api.openstack.wsgi [None req-e75040f8-6a19-437d-9caa-1db261bf5908 tempest-GroupsTest-1997813701 tempest-GroupsTest-1997813701-project-admin] http://10.222.0.93/volume/v3/70b52bfd32eb496cbb3b2b8d15202e62/types/1a5919b3-2571-4e95-a755-a36a4b038f71 returned with HTTP 404
Jun 16 18:57:46.302191 dv-cinder-813229-10-smb devstack@c-api.service[117671]: [pid: 117671|app: 0|req: 204/342] 10.222.0.93 () {58 vars in 1318 bytes} [Thu Jun 16 18:57:46 2022] GET /volume/v3/70b52bfd32eb496cbb3b2b8d15202e62/types/1a5919b3-2571-4e95-a755-a36a4b038f71 => generated 114 bytes in 38 msecs (HTTP/1.1 404) 7 headers in 292 bytes (2 switches on core 0)
Jun 16 18:57:46.308121 dv-cinder-813229-10-smb devstack@c-api.service[117671]: DEBUG cinder.api.middleware.request_id [None req-b2aab9e7-3334-49c2-9a43-f6ad46ab1ba4 None None] RequestId filter calling following filter/app {{(pid=117671) _context_setter /opt/stack/cinder/cinder/api/middleware/request_id.py:62}}
Jun 16 18:57:46.317933 dv-cinder-813229-10-smb devstack@c-api.service[117671]: INFO cinder.api.openstack.wsgi [None req-b2aab9e7-3334-49c2-9a43-f6ad46ab1ba4 tempest-GroupsTest-1997813701 tempest-GroupsTest-1997813701-project-admin] DELETE http://10.222.0.93/volume/v3/70b52bfd32eb496cbb3b2b8d15202e62/types/8e10c9d6-ea17-4f43-ae69-e788e1306efe
Jun 16 18:57:46.317933 dv-cinder-813229-10-smb devstack@c-api.service[117671]: DEBUG cinder.api.openstack.wsgi [None req-b2aab9e7-3334-49c2-9a43-f6ad46ab1ba4 tempest-GroupsTest-1997813701 tempest-GroupsTest-1997813701-project-admin] Empty body provided in request {{(pid=117671) get_body /opt/stack/cinder/cinder/api/openstack/wsgi.py:715}}
Jun 16 18:57:46.317933 dv-cinder-813229-10-smb devstack@c-api.service[117671]: DEBUG cinder.api.openstack.wsgi [None req-b2aab9e7-3334-49c2-9a43-f6ad46ab1ba4 tempest-GroupsTest-1997813701 tempest-GroupsTest-1997813701-project-admin] Calling method '_delete' {{(pid=117671) _process_stack /opt/stack/cinder/cinder/api/openstack/wsgi.py:868}}
Jun 16 18:57:46.365956 dv-cinder-813229-10-smb devstack@c-api.service[117672]: INFO cinder.api.openstack.wsgi [None req-765b054c-bc19-4652-ae52-3e67782bfd8d tempest-GroupSnapshotsTest-1350414041 tempest-GroupSnapshotsTest-1350414041-project] http://10.222.0.93/volume/v3/ee110545b7504bb4b7de293eab35656d/group_snapshots/a43da804-e9d5-4d2b-9148-e3588fa7c981 returned with HTTP 202
Jun 16 18:57:46.366931 dv-cinder-813229-10-smb devstack@c-api.service[117672]: [pid: 117672|app: 0|req: 139/343] 10.222.0.93 () {60 vars in 1392 bytes} [Thu Jun 16 18:57:46 2022] DELETE /volume/v3/ee110545b7504bb4b7de293eab35656d/group_snapshots/a43da804-e9d5-4d2b-9148-e3588fa7c981 => generated 0 bytes in 256 msecs (HTTP/1.1 202) 6 headers in 234 bytes (1 switches on core 0)
Jun 16 18:57:46.373354 dv-cinder-813229-10-smb devstack@c-api.service[117672]: DEBUG cinder.api.middleware.request_id [None req-41522178-4575-4cec-96e6-c125a17a140e None None] RequestId filter calling following filter/app {{(pid=117672) _context_setter /opt/stack/cinder/cinder/api/middleware/request_id.py:62}}
Jun 16 18:57:46.377729 dv-cinder-813229-10-smb devstack@c-api.service[117672]: INFO cinder.api.openstack.wsgi [None req-41522178-4575-4cec-96e6-c125a17a140e tempest-GroupSnapshotsTest-1350414041 tempest-GroupSnapshotsTest-1350414041-project] GET http://10.222.0.93/volume/v3/ee110545b7504bb4b7de293eab35656d/volumes/detail
Jun 16 18:57:46.378932 dv-cinder-813229-10-smb devstack@c-api.service[117672]: DEBUG cinder.api.openstack.wsgi [None req-41522178-4575-4cec-96e6-c125a17a140e tempest-GroupSnapshotsTest-1350414041 tempest-GroupSnapshotsTest-1350414041-project] Empty body provided in request {{(pid=117672) get_body /opt/stack/cinder/cinder/api/openstack/wsgi.py:715}}
Jun 16 18:57:46.379550 dv-cinder-813229-10-smb devstack@c-api.service[117672]: DEBUG cinder.api.openstack.wsgi [None req-41522178-4575-4cec-96e6-c125a17a140e tempest-GroupSnapshotsTest-1350414041 tempest-GroupSnapshotsTest-1350414041-project] Calling method 'detail' {{(pid=117672) _process_stack /opt/stack/cinder/cinder/api/openstack/wsgi.py:868}}
Jun 16 18:57:46.380497 dv-cinder-813229-10-smb devstack@c-api.service[117672]: DEBUG cinder.api.api_utils [None req-41522178-4575-4cec-96e6-c125a17a140e tempest-GroupSnapshotsTest-1350414041 tempest-GroupSnapshotsTest-1350414041-project] Removing options '' from query. {{(pid=117672) remove_invalid_filter_options /opt/stack/cinder/cinder/api/api_utils.py:73}}
Jun 16 18:57:46.381565 dv-cinder-813229-10-smb devstack@c-api.service[117672]: /usr/local/lib/python3.8/dist-packages/oslo_context/context.py:100: DeprecationWarning: Policy enforcement is depending on the value of is_admin. This key is deprecated. Please update your policy file to use the standard policy values.
Jun 16 18:57:46.381565 dv-cinder-813229-10-smb devstack@c-api.service[117672]: warnings.warn('Policy enforcement is depending on the value of '
Jun 16 18:57:46.383428 dv-cinder-813229-10-smb devstack@c-api.service[117672]: DEBUG cinder.volume.api [None req-41522178-4575-4cec-96e6-c125a17a140e tempest-GroupSnapshotsTest-1350414041 tempest-GroupSnapshotsTest-1350414041-project] Searching by: MultiDict([('no_migration_targets', True)]). {{(pid=117672) get_all /opt/stack/cinder/cinder/volume/api.py:664}}
Jun 16 18:57:46.466126 dv-cinder-813229-10-smb devstack@c-api.service[117672]: INFO cinder.volume.api [None req-41522178-4575-4cec-96e6-c125a17a140e tempest-GroupSnapshotsTest-1350414041 tempest-GroupSnapshotsTest-1350414041-project] Get all volumes completed successfully.
Jun 16 18:57:46.467546 dv-cinder-813229-10-smb devstack@c-api.service[117672]: WARNING stevedore.named [None req-41522178-4575-4cec-96e6-c125a17a140e tempest-GroupSnapshotsTest-1350414041 tempest-GroupSnapshotsTest-1350414041-project] Could not load cinder.keymgr.conf_key_mgr.ConfKeyManager
Jun 16 18:57:46.468099 dv-cinder-813229-10-smb devstack@c-api.service[117672]: WARNING castellan.key_manager [None req-41522178-4575-4cec-96e6-c125a17a140e tempest-GroupSnapshotsTest-1350414041 tempest-GroupSnapshotsTest-1350414041-project] Deprecation Warning : cinder.keymgr.conf_key_mgr.ConfKeyManager is not a stevedore based driver, trying to load it as a class: stevedore.exception.NoMatches: No 'castellan.drivers' driver found, looking for 'cinder.keymgr.conf_key_mgr.ConfKeyManager'
Jun 16 18:57:46.476241 dv-cinder-813229-10-smb devstack@c-api.service[117672]: DEBUG oslo_db.sqlalchemy.engines [None req-41522178-4575-4cec-96e6-c125a17a140e tempest-GroupSnapshotsTest-1350414041 tempest-GroupSnapshotsTest-1350414041-project] MySQL server mode set to STRICT_TRANS_TABLES,STRICT_ALL_TABLES,NO_ZERO_IN_DATE,NO_ZERO_DATE,ERROR_FOR_DIVISION_BY_ZERO,TRADITIONAL,NO_ENGINE_SUBSTITUTION {{(pid=117672) _check_effective_sql_mode /usr/local/lib/python3.8/dist-packages/oslo_db/sqlalchemy/engines.py:314}}
Jun 16 18:57:46.482592 dv-cinder-813229-10-smb devstack@c-api.service[117672]: /usr/local/lib/python3.8/dist-packages/oslo_context/context.py:100: DeprecationWarning: Policy enforcement is depending on the value of is_admin. This key is deprecated. Please update your policy file to use the standard policy values.
Jun 16 18:57:46.482592 dv-cinder-813229-10-smb devstack@c-api.service[117672]: warnings.warn('Policy enforcement is depending on the value of '
Jun 16 18:57:46.495461 dv-cinder-813229-10-smb devstack@c-api.service[117671]: INFO cinder.api.openstack.wsgi [None req-b2aab9e7-3334-49c2-9a43-f6ad46ab1ba4 tempest-GroupsTest-1997813701 tempest-GroupsTest-1997813701-project-admin] http://10.222.0.93/volume/v3/70b52bfd32eb496cbb3b2b8d15202e62/types/8e10c9d6-ea17-4f43-ae69-e788e1306efe returned with HTTP 202
Jun 16 18:57:46.497861 dv-cinder-813229-10-smb devstack@c-api.service[117671]: [pid: 117671|app: 0|req: 205/344] 10.222.0.93 () {58 vars in 1321 bytes} [Thu Jun 16 18:57:46 2022] DELETE /volume/v3/70b52bfd32eb496cbb3b2b8d15202e62/types/8e10c9d6-ea17-4f43-ae69-e788e1306efe => generated 0 bytes in 192 msecs (HTTP/1.1 202) 6 headers in 233 bytes (2 switches on core 0)
Jun 16 18:57:46.503345 dv-cinder-813229-10-smb devstack@c-api.service[117672]: INFO cinder.api.openstack.wsgi [None req-41522178-4575-4cec-96e6-c125a17a140e tempest-GroupSnapshotsTest-1350414041 tempest-GroupSnapshotsTest-1350414041-project] http://10.222.0.93/volume/v3/ee110545b7504bb4b7de293eab35656d/volumes/detail returned with HTTP 200
Jun 16 18:57:46.504412 dv-cinder-813229-10-smb devstack@c-api.service[117672]: [pid: 117672|app: 0|req: 140/345] 10.222.0.93 () {60 vars in 1275 bytes} [Thu Jun 16 18:57:46 2022] GET /volume/v3/ee110545b7504bb4b7de293eab35656d/volumes/detail => generated 1002 bytes in 132 msecs (HTTP/1.1 200) 7 headers in 287 bytes (1 switches on core 0)
Jun 16 18:57:46.504547 dv-cinder-813229-10-smb devstack@c-api.service[117671]: DEBUG cinder.api.middleware.request_id [None req-d1446ea3-8401-46f1-86af-278cc0e9911c None None] RequestId filter calling following filter/app {{(pid=117671) _context_setter /opt/stack/cinder/cinder/api/middleware/request_id.py:62}}
Jun 16 18:57:46.508689 dv-cinder-813229-10-smb devstack@c-api.service[117671]: INFO cinder.api.openstack.wsgi [None req-d1446ea3-8401-46f1-86af-278cc0e9911c tempest-GroupsTest-1997813701 tempest-GroupsTest-1997813701-project-admin] GET http://10.222.0.93/volume/v3/70b52bfd32eb496cbb3b2b8d15202e62/types/8e10c9d6-ea17-4f43-ae69-e788e1306efe
Jun 16 18:57:46.509204 dv-cinder-813229-10-smb devstack@c-api.service[117671]: DEBUG cinder.api.openstack.wsgi [None req-d1446ea3-8401-46f1-86af-278cc0e9911c tempest-GroupsTest-1997813701 tempest-GroupsTest-1997813701-project-admin] Empty body provided in request {{(pid=117671) get_body /opt/stack/cinder/cinder/api/openstack/wsgi.py:715}}
Jun 16 18:57:46.509766 dv-cinder-813229-10-smb devstack@c-api.service[117671]: DEBUG cinder.api.openstack.wsgi [None req-d1446ea3-8401-46f1-86af-278cc0e9911c tempest-GroupsTest-1997813701 tempest-GroupsTest-1997813701-project-admin] Calling method 'show' {{(pid=117671) _process_stack /opt/stack/cinder/cinder/api/openstack/wsgi.py:868}}
Jun 16 18:57:46.517439 dv-cinder-813229-10-smb devstack@c-api.service[117672]: DEBUG cinder.api.middleware.request_id [None req-2c613418-1ef5-4639-ae7b-b7fcec910ca2 None None] RequestId filter calling following filter/app {{(pid=117672) _context_setter /opt/stack/cinder/cinder/api/middleware/request_id.py:62}}
Jun 16 18:57:46.528890 dv-cinder-813229-10-smb devstack@c-api.service[117672]: INFO cinder.api.openstack.wsgi [None req-2c613418-1ef5-4639-ae7b-b7fcec910ca2 tempest-GroupSnapshotsTest-1350414041 tempest-GroupSnapshotsTest-1350414041-project] GET http://10.222.0.93/volume/v3/ee110545b7504bb4b7de293eab35656d/snapshots/detail
Jun 16 18:57:46.529382 dv-cinder-813229-10-smb devstack@c-api.service[117672]: DEBUG cinder.api.openstack.wsgi [None req-2c613418-1ef5-4639-ae7b-b7fcec910ca2 tempest-GroupSnapshotsTest-1350414041 tempest-GroupSnapshotsTest-1350414041-project] Empty body provided in request {{(pid=117672) get_body /opt/stack/cinder/cinder/api/openstack/wsgi.py:715}}
Jun 16 18:57:46.529858 dv-cinder-813229-10-smb devstack@c-api.service[117672]: DEBUG cinder.api.openstack.wsgi [None req-2c613418-1ef5-4639-ae7b-b7fcec910ca2 tempest-GroupSnapshotsTest-1350414041 tempest-GroupSnapshotsTest-1350414041-project] Calling method 'detail' {{(pid=117672) _process_stack /opt/stack/cinder/cinder/api/openstack/wsgi.py:868}}
Jun 16 18:57:46.530349 dv-cinder-813229-10-smb devstack@c-api.service[117671]: INFO cinder.api.openstack.wsgi [None req-d1446ea3-8401-46f1-86af-278cc0e9911c tempest-GroupsTest-1997813701 tempest-GroupsTest-1997813701-project-admin] http://10.222.0.93/volume/v3/70b52bfd32eb496cbb3b2b8d15202e62/types/8e10c9d6-ea17-4f43-ae69-e788e1306efe returned with HTTP 404
Jun 16 18:57:46.530509 dv-cinder-813229-10-smb devstack@c-api.service[117672]: DEBUG cinder.api.api_utils [None req-2c613418-1ef5-4639-ae7b-b7fcec910ca2 tempest-GroupSnapshotsTest-1350414041 tempest-GroupSnapshotsTest-1350414041-project] Removing options '' from query. {{(pid=117672) remove_invalid_filter_options /opt/stack/cinder/cinder/api/api_utils.py:73}}
Jun 16 18:57:46.532695 dv-cinder-813229-10-smb devstack@c-api.service[117671]: [pid: 117671|app: 0|req: 206/346] 10.222.0.93 () {58 vars in 1318 bytes} [Thu Jun 16 18:57:46 2022] GET /volume/v3/70b52bfd32eb496cbb3b2b8d15202e62/types/8e10c9d6-ea17-4f43-ae69-e788e1306efe => generated 114 bytes in 31 msecs (HTTP/1.1 404) 7 headers in 292 bytes (2 switches on core 0)
Jun 16 18:57:46.537350 dv-cinder-813229-10-smb devstack@c-api.service[117672]: DEBUG cinder.db.sqlalchemy.api [None req-2c613418-1ef5-4639-ae7b-b7fcec910ca2 tempest-GroupSnapshotsTest-1350414041 tempest-GroupSnapshotsTest-1350414041-project] Building query based on filter {{(pid=117672) _process_snaps_filters /opt/stack/cinder/cinder/db/sqlalchemy/api.py:3878}}
