Dec 15 13:37:51.929815 dv-cinder-813228-4-iscsi neutron-server[102647]: INFO neutron.wsgi [None req-06898d93-169f-4562-837f-9d594ede884e admin admin] 10.222.0.83 "DELETE /v2.0/networks/5d6416a0-3b53-483b-945b-ef82c2e0f162 HTTP/1.1" status: 204 len: 168 time: 0.3410318
Dec 15 13:37:51.938206 dv-cinder-813228-4-iscsi neutron-server[102647]: DEBUG neutron.api.rpc.handlers.resources_rpc [None req-06898d93-169f-4562-837f-9d594ede884e admin admin] Pushing event deleted for resources: {'Network': ['ID=5d6416a0-3b53-483b-945b-ef82c2e0f162,revision_number=None']} {{(pid=102647) push /opt/stack/neutron/neutron/api/rpc/handlers/resources_rpc.py:237}}
Dec 15 13:37:52.080663 dv-cinder-813228-4-iscsi neutron-server[102648]: DEBUG neutron.wsgi [-] (102648) accepted ('10.222.0.83', 53320) {{(pid=102648) server /usr/local/lib/python3.8/dist-packages/eventlet/wsgi.py:1004}}
Dec 15 13:37:52.159135 dv-cinder-813228-4-iscsi neutron-server[102648]: INFO neutron.wsgi [None req-547ed044-8fde-4406-99bd-9a9f310026cd admin admin] 10.222.0.83 "GET /v2.0/security-groups?tenant_id=cbc3fb62e6fd4e12b55c29b671482f9d&name=default HTTP/1.1" status: 200 len: 2992 time: 0.0772619
Dec 15 13:37:52.161669 dv-cinder-813228-4-iscsi neutron-server[102647]: DEBUG neutron.wsgi [-] (102647) accepted ('10.222.0.83', 53326) {{(pid=102647) server /usr/local/lib/python3.8/dist-packages/eventlet/wsgi.py:1004}}
Dec 15 13:37:52.258567 dv-cinder-813228-4-iscsi neutron-server[102647]: DEBUG neutron_lib.callbacks.manager [None req-7515d42c-36a4-4dcc-8cb4-6bb78256ddb5 admin admin] Publish callbacks [] for security_group, before_delete {{(pid=102647) _notify_loop /usr/local/lib/python3.8/dist-packages/neutron_lib/callbacks/manager.py:175}}
Dec 15 13:37:52.277685 dv-cinder-813228-4-iscsi neutron-server[102648]: DEBUG neutron.pecan_wsgi.hooks.policy_enforcement [req-edbdd981-b0d8-4bd0-8bc1-5fc50777e56c req-edf834fc-7e32-40be-97b9-1f54cacc8daa tempest-VolumesActionsTest-6933294 tempest-VolumesActionsTest-6933294-project] Attributes excluded by policy engine: ['standard_attr_id', 'binding:profile', 'binding:host_id', 'binding:vif_type', 'binding:vif_details'] {{(pid=102648) _exclude_attributes_by_policy /opt/stack/neutron/neutron/pecan_wsgi/hooks/policy_enforcement.py:255}}
Dec 15 13:37:52.286756 dv-cinder-813228-4-iscsi neutron-server[102648]: INFO neutron.wsgi [req-edbdd981-b0d8-4bd0-8bc1-5fc50777e56c req-edf834fc-7e32-40be-97b9-1f54cacc8daa tempest-VolumesActionsTest-6933294 tempest-VolumesActionsTest-6933294-project] 10.222.0.83 "GET /v2.0/ports?device_id=bb877af0-0c4c-4e87-afba-ac87eaca7e67 HTTP/1.1" status: 200 len: 944 time: 0.1344669
Dec 15 13:37:52.292331 dv-cinder-813228-4-iscsi neutron-server[102647]: DEBUG neutron_lib.callbacks.manager [None req-7515d42c-36a4-4dcc-8cb4-6bb78256ddb5 admin admin] Publish callbacks [] for security_group, precommit_delete {{(pid=102647) _notify_loop /usr/local/lib/python3.8/dist-packages/neutron_lib/callbacks/manager.py:175}}
Dec 15 13:37:52.359962 dv-cinder-813228-4-iscsi neutron-server[102648]: INFO neutron.wsgi [req-edbdd981-b0d8-4bd0-8bc1-5fc50777e56c req-39f603e0-b96f-4e14-a8eb-1924c939a930 tempest-VolumesActionsTest-6933294 tempest-VolumesActionsTest-6933294-project] 10.222.0.83 "GET /v2.0/security-groups?id=bb443b87-2acd-408c-9f6f-46ad57ed92de&fields=id&fields=name HTTP/1.1" status: 200 len: 286 time: 0.0723000
Dec 15 13:37:52.375485 dv-cinder-813228-4-iscsi neutron-server[102647]: DEBUG neutron_lib.callbacks.manager [None req-7515d42c-36a4-4dcc-8cb4-6bb78256ddb5 admin admin] Publish callbacks ['neutron.plugins.ml2.ovo_rpc._ObjectChangeHandler.handle_event-559203'] for security_group, after_delete {{(pid=102647) _notify_loop /usr/local/lib/python3.8/dist-packages/neutron_lib/callbacks/manager.py:175}}
Dec 15 13:37:52.378876 dv-cinder-813228-4-iscsi neutron-server[102647]: DEBUG neutron_lib.callbacks.manager [None req-7515d42c-36a4-4dcc-8cb4-6bb78256ddb5 admin admin] Publish callbacks [] for security_group, before_response {{(pid=102647) _notify_loop /usr/local/lib/python3.8/dist-packages/neutron_lib/callbacks/manager.py:175}}
Dec 15 13:37:52.382441 dv-cinder-813228-4-iscsi neutron-server[102647]: INFO neutron.wsgi [None req-7515d42c-36a4-4dcc-8cb4-6bb78256ddb5 admin admin] 10.222.0.83 "DELETE /v2.0/security-groups/58ee0e47-4658-4dfb-8b99-4328ea5c1a42 HTTP/1.1" status: 204 len: 168 time: 0.2172287
Dec 15 13:37:52.389057 dv-cinder-813228-4-iscsi neutron-server[102647]: DEBUG neutron.api.rpc.handlers.resources_rpc [None req-7515d42c-36a4-4dcc-8cb4-6bb78256ddb5 admin admin] Pushing event deleted for resources: {'SecurityGroup': ['ID=58ee0e47-4658-4dfb-8b99-4328ea5c1a42,revision_number=None']} {{(pid=102647) push /opt/stack/neutron/neutron/api/rpc/handlers/resources_rpc.py:237}}
Dec 15 13:37:52.805783 dv-cinder-813228-4-iscsi neutron-server[102648]: DEBUG neutron.pecan_wsgi.hooks.policy_enforcement [req-b908d06e-177b-4a09-936e-d501e3b5d459 req-a5ac6cf1-240e-4394-b14f-0e4369ba83f7 tempest-ServerRescueNegativeTestJSON-649309028 tempest-ServerRescueNegativeTestJSON-649309028-project] Attributes excluded by policy engine: ['standard_attr_id', 'binding:profile', 'binding:host_id', 'binding:vif_type', 'binding:vif_details'] {{(pid=102648) _exclude_attributes_by_policy /opt/stack/neutron/neutron/pecan_wsgi/hooks/policy_enforcement.py:255}}
Dec 15 13:37:52.807420 dv-cinder-813228-4-iscsi neutron-server[102648]: INFO neutron.wsgi [req-b908d06e-177b-4a09-936e-d501e3b5d459 req-a5ac6cf1-240e-4394-b14f-0e4369ba83f7 tempest-ServerRescueNegativeTestJSON-649309028 tempest-ServerRescueNegativeTestJSON-649309028-project] 10.222.0.83 "GET /v2.0/ports?device_id=06bee9b6-80cd-4147-b4a8-5919d331342e HTTP/1.1" status: 200 len: 946 time: 0.0531743
Dec 15 13:37:52.864246 dv-cinder-813228-4-iscsi neutron-server[102648]: INFO neutron.wsgi [req-b908d06e-177b-4a09-936e-d501e3b5d459 req-547c508b-cada-4be5-a229-3ce1d0c0f721 tempest-ServerRescueNegativeTestJSON-649309028 tempest-ServerRescueNegativeTestJSON-649309028-project] 10.222.0.83 "GET /v2.0/security-groups?id=e2d550ba-05bc-47ff-a3c5-0a129a77ac57&fields=id&fields=name HTTP/1.1" status: 200 len: 286 time: 0.0499699
Dec 15 13:37:52.955442 dv-cinder-813228-4-iscsi neutron-server[102647]: DEBUG neutron.wsgi [-] (102647) accepted ('10.222.0.83', 53378) {{(pid=102647) server /usr/local/lib/python3.8/dist-packages/eventlet/wsgi.py:1004}}
Dec 15 13:37:53.115285 dv-cinder-813228-4-iscsi neutron-server[102647]: DEBUG neutron.api.v2.base [None req-b117f762-663f-4aa8-a7f6-773b21b31497 admin admin] Request body: {'network': {'name': 'tempest-TestVolumeBootPattern-1267630412-network', 'tenant_id': 'c0da9050a08e442887ca8dc346374836'}} {{(pid=102647) prepare_request_body /opt/stack/neutron/neutron/api/v2/base.py:729}}
Dec 15 13:37:53.141447 dv-cinder-813228-4-iscsi neutron-server[102647]: DEBUG neutron.pecan_wsgi.hooks.quota_enforcement [None req-b117f762-663f-4aa8-a7f6-773b21b31497 admin admin] Made reservation on behalf of c0da9050a08e442887ca8dc346374836 for: {'network': 1} {{(pid=102647) before /opt/stack/neutron/neutron/pecan_wsgi/hooks/quota_enforcement.py:53}}
Dec 15 13:37:53.144072 dv-cinder-813228-4-iscsi neutron-server[102647]: DEBUG neutron_lib.callbacks.manager [None req-b117f762-663f-4aa8-a7f6-773b21b31497 admin admin] Publish callbacks ['neutron.plugins.ml2.plugin.SecurityGroupDbMixin._ensure_default_security_group_handler-3904793'] for network, before_create {{(pid=102647) _notify_loop /usr/local/lib/python3.8/dist-packages/neutron_lib/callbacks/manager.py:175}}
Dec 15 13:37:53.153178 dv-cinder-813228-4-iscsi neutron-server[102647]: DEBUG neutron_lib.callbacks.manager [None req-b117f762-663f-4aa8-a7f6-773b21b31497 admin admin] Publish callbacks [] for security_group, before_create {{(pid=102647) _notify_loop /usr/local/lib/python3.8/dist-packages/neutron_lib/callbacks/manager.py:175}}
Dec 15 13:37:53.246808 dv-cinder-813228-4-iscsi neutron-server[102647]: DEBUG neutron_lib.callbacks.manager [None req-b117f762-663f-4aa8-a7f6-773b21b31497 admin admin] Publish callbacks [] for security_group, precommit_create {{(pid=102647) _notify_loop /usr/local/lib/python3.8/dist-packages/neutron_lib/callbacks/manager.py:175}}
Dec 15 13:37:53.252054 dv-cinder-813228-4-iscsi neutron-server[102647]: DEBUG neutron_lib.callbacks.manager [None req-b117f762-663f-4aa8-a7f6-773b21b31497 admin admin] Publish callbacks ['neutron.plugins.ml2.ovo_rpc._ObjectChangeHandler.handle_event-559203'] for security_group, after_create {{(pid=102647) _notify_loop /usr/local/lib/python3.8/dist-packages/neutron_lib/callbacks/manager.py:175}}
Dec 15 13:37:53.278909 dv-cinder-813228-4-iscsi neutron-server[102647]: DEBUG neutron.plugins.ml2.drivers.helpers [None req-b117f762-663f-4aa8-a7f6-773b21b31497 admin admin] vlan segment allocate from pool success with {'vlan_id': 780, 'physical_network': 'physnet1'} {{(pid=102647) allocate_partially_specified_segment /opt/stack/neutron/neutron/plugins/ml2/drivers/helpers.py:153}}
Dec 15 13:37:53.289442 dv-cinder-813228-4-iscsi neutron-server[102647]: DEBUG neutron.api.rpc.handlers.resources_rpc [None req-b117f762-663f-4aa8-a7f6-773b21b31497 admin admin] Pushing event updated for resources: {'SecurityGroup': ['ID=f1b7bb8b-5ae7-4e55-a631-d4102aa149af,revision_number=1']} {{(pid=102647) push /opt/stack/neutron/neutron/api/rpc/handlers/resources_rpc.py:237}}
Dec 15 13:37:53.294781 dv-cinder-813228-4-iscsi neutron-server[102647]: DEBUG neutron_lib.callbacks.manager [None req-b117f762-663f-4aa8-a7f6-773b21b31497 admin admin] Publish callbacks ['neutron.plugins.ml2.plugin.Ml2Plugin._handle_segment_change-3999055'] for segment, precommit_create {{(pid=102647) _notify_loop /usr/local/lib/python3.8/dist-packages/neutron_lib/callbacks/manager.py:175}}
Dec 15 13:37:53.295128 dv-cinder-813228-4-iscsi neutron-server[102647]: INFO neutron.db.segments_db [None req-b117f762-663f-4aa8-a7f6-773b21b31497 admin admin] Added segment d5e189a2-aae4-4a2c-8cb9-2ed4945580d4 of type vlan for network 7bf9178e-ef91-4e23-a896-35ca60172592
Dec 15 13:37:53.338626 dv-cinder-813228-4-iscsi neutron-server[102647]: DEBUG neutron_lib.callbacks.manager [None req-b117f762-663f-4aa8-a7f6-773b21b31497 admin admin] Publish callbacks ['neutron.services.auto_allocate.db._ensure_external_network_default_value_callback-8778142805023'] for network, precommit_create {{(pid=102647) _notify_loop /usr/local/lib/python3.8/dist-packages/neutron_lib/callbacks/manager.py:175}}
Dec 15 13:37:53.368956 dv-cinder-813228-4-iscsi neutron-server[102647]: DEBUG neutron_lib.callbacks.manager [None req-b117f762-663f-4aa8-a7f6-773b21b31497 admin admin] Publish callbacks ['neutron.plugins.ml2.ovo_rpc._ObjectChangeHandler.handle_event-559154', 'neutron.api.rpc.agentnotifiers.dhcp_rpc_agent_api.DhcpAgentNotifyAPI._native_event_send_dhcp_notification-765044'] for network, after_create {{(pid=102647) _notify_loop /usr/local/lib/python3.8/dist-packages/neutron_lib/callbacks/manager.py:175}}
Dec 15 13:37:53.370094 dv-cinder-813228-4-iscsi neutron-server[102647]: DEBUG neutron.pecan_wsgi.hooks.policy_enforcement [None req-b117f762-663f-4aa8-a7f6-773b21b31497 admin admin] Attributes excluded by policy engine: ['standard_attr_id', 'vlan_transparent'] {{(pid=102647) _exclude_attributes_by_policy /opt/stack/neutron/neutron/pecan_wsgi/hooks/policy_enforcement.py:255}}
Dec 15 13:37:53.370669 dv-cinder-813228-4-iscsi neutron-server[102647]: DEBUG neutron_lib.callbacks.manager [None req-b117f762-663f-4aa8-a7f6-773b21b31497 admin admin] Publish callbacks ['neutron.api.rpc.agentnotifiers.dhcp_rpc_agent_api.DhcpAgentNotifyAPI._send_dhcp_notification-765034'] for network, before_response {{(pid=102647) _notify_loop /usr/local/lib/python3.8/dist-packages/neutron_lib/callbacks/manager.py:175}}
Dec 15 13:37:53.461848 dv-cinder-813228-4-iscsi neutron-server[102647]: INFO neutron.wsgi [None req-b117f762-663f-4aa8-a7f6-773b21b31497 admin admin] 10.222.0.83 "POST /v2.0/networks HTTP/1.1" status: 201 len: 885 time: 0.5034237
Dec 15 13:37:53.465251 dv-cinder-813228-4-iscsi neutron-server[102647]: DEBUG neutron.wsgi [-] (102647) accepted ('10.222.0.83', 53410) {{(pid=102647) server /usr/local/lib/python3.8/dist-packages/eventlet/wsgi.py:1004}}
Dec 15 13:37:53.470143 dv-cinder-813228-4-iscsi neutron-server[102647]: DEBUG neutron.api.v2.base [None req-9686e485-a32b-4cdb-a10a-5fe45d8994be admin admin] Request body: {'subnet': {'network_id': '7bf9178e-ef91-4e23-a896-35ca60172592', 'cidr': '172.20.0.0/28', 'name': 'tempest-TestVolumeBootPattern-1267630412-subnet', 'tenant_id': 'c0da9050a08e442887ca8dc346374836', 'ip_version': 4}} {{(pid=102647) prepare_request_body /opt/stack/neutron/neutron/api/v2/base.py:729}}
Dec 15 13:37:53.475186 dv-cinder-813228-4-iscsi neutron-server[102649]: DEBUG neutron.plugins.ml2.rpc [None req-b23b638e-4b25-426c-afd2-0fbd6bb95edc None None] Device d633ef25-5df0-4c20-bdf3-e7afadaef50f details requested by agent hyperv_hv-cinder-81322 with host hv-cinder-81322 {{(pid=102649) get_device_details /opt/stack/neutron/neutron/plugins/ml2/rpc.py:102}}
Dec 15 13:37:53.488336 dv-cinder-813228-4-iscsi neutron-server[102647]: DEBUG neutron.api.rpc.handlers.resources_rpc [None req-b117f762-663f-4aa8-a7f6-773b21b31497 admin admin] Pushing event updated for resources: {'Network': ['ID=7bf9178e-ef91-4e23-a896-35ca60172592,revision_number=1']} {{(pid=102647) push /opt/stack/neutron/neutron/api/rpc/handlers/resources_rpc.py:237}}
Dec 15 13:37:53.495453 dv-cinder-813228-4-iscsi neutron-server[102647]: DEBUG neutron.pecan_wsgi.hooks.quota_enforcement [None req-9686e485-a32b-4cdb-a10a-5fe45d8994be admin admin] Made reservation on behalf of c0da9050a08e442887ca8dc346374836 for: {'subnet': 1} {{(pid=102647) before /opt/stack/neutron/neutron/pecan_wsgi/hooks/quota_enforcement.py:53}}
Dec 15 13:37:53.498650 dv-cinder-813228-4-iscsi neutron-server[102647]: DEBUG neutron_lib.callbacks.manager [None req-9686e485-a32b-4cdb-a10a-5fe45d8994be admin admin] Publish callbacks ['neutron.services.segments.plugin.SegmentHostRoutes.host_routes_before_create-59530690'] for subnet, before_create {{(pid=102647) _notify_loop /usr/local/lib/python3.8/dist-packages/neutron_lib/callbacks/manager.py:175}}
Dec 15 13:37:53.503216 dv-cinder-813228-4-iscsi neutron-server[102649]: DEBUG neutron.plugins.ml2.rpc [None req-412a6fe6-d12d-4ede-b5d3-2809a461732f None None] Network 7bf9178e-ef91-4e23-a896-35ca60172592 details requested by agent ovs-agent-dv-cinder-813228-4-iscsi with host dv-cinder-813228-4-iscsi {{(pid=102649) get_network_details /opt/stack/neutron/neutron/plugins/ml2/rpc.py:248}}
Dec 15 13:37:53.511703 dv-cinder-813228-4-iscsi neutron-server[102648]: DEBUG neutron.pecan_wsgi.hooks.policy_enforcement [req-2d7d4a44-aebc-4483-a702-630b52adaf97 req-49df74cf-5b8d-4fe7-9664-fb53d6458986 tempest-VolumesActionsTest-6933294 tempest-VolumesActionsTest-6933294-project] Attributes excluded by policy engine: ['standard_attr_id', 'binding:profile', 'binding:host_id', 'binding:vif_type', 'binding:vif_details'] {{(pid=102648) _exclude_attributes_by_policy /opt/stack/neutron/neutron/pecan_wsgi/hooks/policy_enforcement.py:255}}
Dec 15 13:37:53.522528 dv-cinder-813228-4-iscsi neutron-server[102648]: INFO neutron.wsgi [req-2d7d4a44-aebc-4483-a702-630b52adaf97 req-49df74cf-5b8d-4fe7-9664-fb53d6458986 tempest-VolumesActionsTest-6933294 tempest-VolumesActionsTest-6933294-project] 10.222.0.83 "GET /v2.0/ports?device_id=bb877af0-0c4c-4e87-afba-ac87eaca7e67 HTTP/1.1" status: 200 len: 944 time: 0.0771084
Dec 15 13:37:53.608455 dv-cinder-813228-4-iscsi neutron-server[102648]: INFO neutron.wsgi [req-2d7d4a44-aebc-4483-a702-630b52adaf97 req-99e99e5a-8666-4d78-ac72-6277fafeb84f tempest-VolumesActionsTest-6933294 tempest-VolumesActionsTest-6933294-project] 10.222.0.83 "GET /v2.0/security-groups?id=bb443b87-2acd-408c-9f6f-46ad57ed92de&fields=id&fields=name HTTP/1.1" status: 200 len: 286 time: 0.0849521
Dec 15 13:37:53.698898 dv-cinder-813228-4-iscsi neutron-server[102647]: DEBUG neutron_lib.callbacks.manager [None req-9686e485-a32b-4cdb-a10a-5fe45d8994be admin admin] Publish callbacks ['neutron.plugins.ml2.ovo_rpc._ObjectChangeHandler.handle_event-721235', 'neutron.api.rpc.agentnotifiers.dhcp_rpc_agent_api.DhcpAgentNotifyAPI._native_event_send_dhcp_notification-765044', 'neutron.services.segments.plugin.NovaSegmentNotifier._notify_subnet_created-58931959', 'neutron.services.segments.plugin.SegmentHostRoutes.host_routes_after_create-59530716'] for subnet, after_create {{(pid=102647) _notify_loop /usr/local/lib/python3.8/dist-packages/neutron_lib/callbacks/manager.py:175}}
Dec 15 13:37:53.765596 dv-cinder-813228-4-iscsi neutron-server[102649]: DEBUG neutron.plugins.ml2.db [None req-b23b638e-4b25-426c-afd2-0fbd6bb95edc None None] For port d633ef25-5df0-4c20-bdf3-e7afadaef50f, host hv-cinder-81322, got binding levels [PortBindingLevel(driver='hyperv',host='hv-cinder-81322',level=0,port_id=d633ef25-5df0-4c20-bdf3-e7afadaef50f,segment=NetworkSegment(ee869c35-c22d-4719-be14-694654360be7),segment_id=ee869c35-c22d-4719-be14-694654360be7)] {{(pid=102649) get_binding_level_objs /opt/stack/neutron/neutron/plugins/ml2/db.py:74}}
Dec 15 13:37:53.778523 dv-cinder-813228-4-iscsi neutron-server[102649]: DEBUG neutron.plugins.ml2.rpc [None req-b23b638e-4b25-426c-afd2-0fbd6bb95edc None None] Returning: {'device': 'd633ef25-5df0-4c20-bdf3-e7afadaef50f', 'network_id': 'c3738d27-4a35-4a97-97f2-d3c9cace88de', 'port_id': 'd633ef25-5df0-4c20-bdf3-e7afadaef50f', 'mac_address': 'fa:16:3e:61:7a:70', 'admin_state_up': True, 'network_type': 'vlan', 'segmentation_id': 763, 'physical_network': 'physnet1', 'mtu': 1500, 'fixed_ips': [{'subnet_id': '65b5acdd-c486-48db-8588-8524bc968bba', 'ip_address': '172.20.0.12'}], 'device_owner': 'compute:nova', 'allowed_address_pairs': [], 'port_security_enabled': True, 'qos_policy_id': None, 'network_qos_policy_id': None, 'profile': {}, 'propagate_uplink_status': False} {{(pid=102649) _get_device_details /opt/stack/neutron/neutron/plugins/ml2/rpc.py:184}}
Dec 15 13:37:53.813942 dv-cinder-813228-4-iscsi neutron-server[102647]: DEBUG neutron.api.rpc.handlers.resources_rpc [None req-9686e485-a32b-4cdb-a10a-5fe45d8994be admin admin] Pushing event updated for resources: {'Subnet': ['ID=89513571-70e8-446d-99c6-6446748ef3f8,revision_number=0']} {{(pid=102647) push /opt/stack/neutron/neutron/api/rpc/handlers/resources_rpc.py:237}}
Dec 15 13:37:53.827200 dv-cinder-813228-4-iscsi neutron-server[102647]: DEBUG neutron.plugins.ml2.drivers.mech_agent [None req-9686e485-a32b-4cdb-a10a-5fe45d8994be admin admin] Checking segment: {'id': 'd5e189a2-aae4-4a2c-8cb9-2ed4945580d4', 'network_type': 'vlan', 'physical_network': 'physnet1', 'segmentation_id': 780, 'network_id': '7bf9178e-ef91-4e23-a896-35ca60172592'} for mappings: {'physnet1': 'br-data'} with network types: ['local', 'flat', 'vlan'] {{(pid=102647) check_segment_for_agent /opt/stack/neutron/neutron/plugins/ml2/drivers/mech_agent.py:371}}
Dec 15 13:37:53.827572 dv-cinder-813228-4-iscsi neutron-server[102647]: DEBUG neutron.scheduler.dhcp_agent_scheduler [None req-9686e485-a32b-4cdb-a10a-5fe45d8994be admin admin] Network hostable DHCP agents. Network: 7bf9178e-ef91-4e23-a896-35ca60172592, hostable agents: ['1efb5327-c002-4b4e-be31-db63f5c2f94a'], hosted agents: [] {{(pid=102647) _get_network_hostable_dhcp_agents /opt/stack/neutron/neutron/scheduler/dhcp_agent_scheduler.py:329}}
Dec 15 13:37:53.831747 dv-cinder-813228-4-iscsi neutron-server[102649]: DEBUG neutron_lib.callbacks.manager [None req-b23b638e-4b25-426c-afd2-0fbd6bb95edc None None] Publish callbacks ['neutron.plugins.ml2.plugin.SecurityGroupDbMixin._ensure_default_security_group_handler-3904793'] for port, before_update {{(pid=102649) _notify_loop /usr/local/lib/python3.8/dist-packages/neutron_lib/callbacks/manager.py:175}}
Dec 15 13:37:53.849639 dv-cinder-813228-4-iscsi neutron-server[102649]: DEBUG neutron.notifiers.nova [None req-b23b638e-4b25-426c-afd2-0fbd6bb95edc None None] Ignoring state change previous_port_status: DOWN current_port_status: BUILD port_id d633ef25-5df0-4c20-bdf3-e7afadaef50f {{(pid=102649) record_port_status_changed /opt/stack/neutron/neutron/notifiers/nova.py:224}}
Dec 15 13:37:53.850073 dv-cinder-813228-4-iscsi neutron-server[102647]: DEBUG neutron.scheduler.dhcp_agent_scheduler [None req-9686e485-a32b-4cdb-a10a-5fe45d8994be admin admin] Network 7bf9178e-ef91-4e23-a896-35ca60172592 is scheduled to be hosted by DHCP agent 1efb5327-c002-4b4e-be31-db63f5c2f94a with binding_index 1 {{(pid=102647) bind /opt/stack/neutron/neutron/scheduler/dhcp_agent_scheduler.py:227}}
Dec 15 13:37:53.868856 dv-cinder-813228-4-iscsi neutron-server[102647]: DEBUG neutron.scheduler.base_scheduler [None req-9686e485-a32b-4cdb-a10a-5fe45d8994be admin admin] Resources bound (agent type, host, resource id): (DHCP agent, dv-cinder-813228-4-iscsi, 7bf9178e-ef91-4e23-a896-35ca60172592) {{(pid=102647) schedule /opt/stack/neutron/neutron/scheduler/base_scheduler.py:57}}
Dec 15 13:37:53.875976 dv-cinder-813228-4-iscsi neutron-server[102647]: DEBUG neutron.pecan_wsgi.hooks.policy_enforcement [None req-9686e485-a32b-4cdb-a10a-5fe45d8994be admin admin] Attributes excluded by policy engine: ['standard_attr_id', 'shared', 'segment_id', 'network'] {{(pid=102647) _exclude_attributes_by_policy /opt/stack/neutron/neutron/pecan_wsgi/hooks/policy_enforcement.py:255}}
Dec 15 13:37:53.876582 dv-cinder-813228-4-iscsi neutron-server[102647]: DEBUG neutron_lib.callbacks.manager [None req-9686e485-a32b-4cdb-a10a-5fe45d8994be admin admin] Publish callbacks [] for subnet, before_response {{(pid=102647) _notify_loop /usr/local/lib/python3.8/dist-packages/neutron_lib/callbacks/manager.py:175}}
Dec 15 13:37:53.877194 dv-cinder-813228-4-iscsi neutron-server[102649]: DEBUG neutron.plugins.ml2.db [None req-b23b638e-4b25-426c-afd2-0fbd6bb95edc None None] For port d633ef25-5df0-4c20-bdf3-e7afadaef50f, host hv-cinder-81322, got binding levels [PortBindingLevel(driver='hyperv',host='hv-cinder-81322',level=0,port_id=d633ef25-5df0-4c20-bdf3-e7afadaef50f,segment=NetworkSegment(ee869c35-c22d-4719-be14-694654360be7),segment_id=ee869c35-c22d-4719-be14-694654360be7)] {{(pid=102649) get_binding_level_objs /opt/stack/neutron/neutron/plugins/ml2/db.py:74}}
Dec 15 13:37:53.879923 dv-cinder-813228-4-iscsi neutron-server[102649]: DEBUG neutron.api.rpc.handlers.dhcp_rpc [None req-0f5818ad-cb5b-46e1-af6f-eb2b698c4134 None None] Network 7bf9178e-ef91-4e23-a896-35ca60172592 requested from dv-cinder-813228-4-iscsi {{(pid=102649) get_network_info /opt/stack/neutron/neutron/api/rpc/handlers/dhcp_rpc.py:219}}
Dec 15 13:37:53.922630 dv-cinder-813228-4-iscsi neutron-server[102647]: INFO neutron.wsgi [None req-9686e485-a32b-4cdb-a10a-5fe45d8994be admin admin] 10.222.0.83 "POST /v2.0/subnets HTTP/1.1" status: 201 len: 848 time: 0.4562311
Dec 15 13:37:53.925238 dv-cinder-813228-4-iscsi neutron-server[102647]: DEBUG neutron.wsgi [-] (102647) accepted ('10.222.0.83', 53428) {{(pid=102647) server /usr/local/lib/python3.8/dist-packages/eventlet/wsgi.py:1004}}
Dec 15 13:37:53.934160 dv-cinder-813228-4-iscsi neutron-server[102647]: DEBUG neutron.api.v2.base [None req-162f3e63-4693-4fb3-8bf8-b83d093966b7 admin admin] Request body: {'router': {'name': 'tempest-TestVolumeBootPattern-1267630412-router', 'tenant_id': 'c0da9050a08e442887ca8dc346374836', 'external_gateway_info': {'network_id': 'bda64db1-6d5e-4ac4-a6c2-62a4402b20f7'}}} {{(pid=102647) prepare_request_body /opt/stack/neutron/neutron/api/v2/base.py:729}}
Dec 15 13:37:53.950009 dv-cinder-813228-4-iscsi neutron-server[102648]: DEBUG neutron.wsgi [-] (102648) accepted ('10.222.0.83', 53432) {{(pid=102648) server /usr/local/lib/python3.8/dist-packages/eventlet/wsgi.py:1004}}
Dec 15 13:37:53.995242 dv-cinder-813228-4-iscsi neutron-server[102647]: DEBUG neutron_lib.callbacks.manager [None req-162f3e63-4693-4fb3-8bf8-b83d093966b7 admin admin] Publish callbacks ['neutron.services.l3_router.l3_router_plugin.L3_HA_NAT_db_mixin._before_router_create_handler-778693', 'neutron.services.l3_router.service_providers.driver_controller.DriverController._check_router_request-4694'] for router, before_create {{(pid=102647) _notify_loop /usr/local/lib/python3.8/dist-packages/neutron_lib/callbacks/manager.py:175}}
Dec 15 13:37:53.999091 dv-cinder-813228-4-iscsi neutron-server[102647]: DEBUG neutron_lib.callbacks.manager [None req-162f3e63-4693-4fb3-8bf8-b83d093966b7 admin admin] Publish callbacks ['neutron.services.l3_router.l3_router_plugin.L3_HA_NAT_db_mixin._precommit_router_create-779381', 'neutron.services.l3_router.l3_router_plugin.DVRResourceOperationHandler._set_distributed_flag-784516', 'neutron.services.l3_router.l3_router_plugin.RouterAvailabilityZoneMixin._process_az_request-577477', 'neutron.services.l3_router.service_providers.driver_controller.DriverController._set_router_provider-4685'] for router, precommit_create {{(pid=102647) _notify_loop /usr/local/lib/python3.8/dist-packages/neutron_lib/callbacks/manager.py:175}}
Dec 15 13:37:54.017358 dv-cinder-813228-4-iscsi neutron-server[102648]: DEBUG neutron.pecan_wsgi.hooks.policy_enforcement [req-f575c43e-91d2-4f7c-a3ad-9273ad04d76d req-98c3016f-c23c-4ad7-afda-550c90cf44e7 tempest-ServerRescueNegativeTestJSON-649309028 tempest-ServerRescueNegativeTestJSON-649309028-project] Attributes excluded by policy engine: ['standard_attr_id', 'binding:profile', 'binding:host_id', 'binding:vif_type', 'binding:vif_details'] {{(pid=102648) _exclude_attributes_by_policy /opt/stack/neutron/neutron/pecan_wsgi/hooks/policy_enforcement.py:255}}
Dec 15 13:37:54.034482 dv-cinder-813228-4-iscsi neutron-server[102648]: INFO neutron.wsgi [req-f575c43e-91d2-4f7c-a3ad-9273ad04d76d req-98c3016f-c23c-4ad7-afda-550c90cf44e7 tempest-ServerRescueNegativeTestJSON-649309028 tempest-ServerRescueNegativeTestJSON-649309028-project] 10.222.0.83 "GET /v2.0/ports?device_id=06bee9b6-80cd-4147-b4a8-5919d331342e HTTP/1.1" status: 200 len: 946 time: 0.0945942
Dec 15 13:37:54.152030 dv-cinder-813228-4-iscsi neutron-server[102648]: INFO neutron.wsgi [req-f575c43e-91d2-4f7c-a3ad-9273ad04d76d req-00732067-8d66-41b2-967d-ea2bba7bc289 tempest-ServerRescueNegativeTestJSON-649309028 tempest-ServerRescueNegativeTestJSON-649309028-project] 10.222.0.83 "GET /v2.0/security-groups?id=e2d550ba-05bc-47ff-a3c5-0a129a77ac57&fields=id&fields=name HTTP/1.1" status: 200 len: 286 time: 0.1156449
Dec 15 13:37:54.170494 dv-cinder-813228-4-iscsi neutron-server[102647]: DEBUG neutron_lib.callbacks.manager [None req-162f3e63-4693-4fb3-8bf8-b83d093966b7 admin admin] Publish callbacks [] for router_controller, precommit_add_association {{(pid=102647) _notify_loop /usr/local/lib/python3.8/dist-packages/neutron_lib/callbacks/manager.py:175}}
Dec 15 13:37:54.246625 dv-cinder-813228-4-iscsi neutron-server[102649]: DEBUG neutron_lib.callbacks.manager [None req-b23b638e-4b25-426c-afd2-0fbd6bb95edc None None] Publish callbacks ['neutron.plugins.ml2.plugin.SecurityGroupServerNotifierRpcMixin._notify_sg_on_port_change-3904710', 'neutron.plugins.ml2.ovo_rpc._ObjectChangeHandler.handle_event-415810', 'neutron.api.rpc.agentnotifiers.dhcp_rpc_agent_api.DhcpAgentNotifyAPI._native_event_send_dhcp_notification-765044', 'neutron.db.l3_db.L3RpcNotifierMixin._notify_gateway_port_ip_changed-8778143370469', 'neutron.db.l3_dvrscheduler_db._notify_l3_agent_port_update-8778142820554', 'neutron.db.l3_hascheduler_db._notify_l3_agent_ha_port_update-8778142820572'] for port, after_update {{(pid=102649) _notify_loop /usr/local/lib/python3.8/dist-packages/neutron_lib/callbacks/manager.py:175}}
Dec 15 13:37:54.304077 dv-cinder-813228-4-iscsi neutron-server[102649]: DEBUG neutron.api.rpc.handlers.dhcp_rpc [None req-5812e87e-25d4-4759-b23b-b198eaa00665 None None] Create dhcp port {'port': {'name': '', 'admin_state_up': True, 'device_id': 'dhcp2cc4aaab-abbd-5b65-89d5-954615485ddf-7bf9178e-ef91-4e23-a896-35ca60172592', 'network_id': '7bf9178e-ef91-4e23-a896-35ca60172592', 'project_id': 'c0da9050a08e442887ca8dc346374836', 'fixed_ips': [{'subnet_id': '89513571-70e8-446d-99c6-6446748ef3f8'}]}} from dv-cinder-813228-4-iscsi. {{(pid=102649) create_dhcp_port /opt/stack/neutron/neutron/api/rpc/handlers/dhcp_rpc.py:296}}
Dec 15 13:37:54.305481 dv-cinder-813228-4-iscsi neutron-server[102649]: DEBUG neutron_lib.callbacks.manager [None req-5812e87e-25d4-4759-b23b-b198eaa00665 None None] Publish callbacks ['neutron.plugins.ml2.plugin.SecurityGroupDbMixin._ensure_default_security_group_handler-3904793'] for port, before_create {{(pid=102649) _notify_loop /usr/local/lib/python3.8/dist-packages/neutron_lib/callbacks/manager.py:175}}
Dec 15 13:37:54.350477 dv-cinder-813228-4-iscsi neutron-server[102647]: DEBUG neutron_lib.callbacks.manager [None req-162f3e63-4693-4fb3-8bf8-b83d093966b7 admin admin] Publish callbacks [] for router_gateway, precommit_update {{(pid=102647) _notify_loop /usr/local/lib/python3.8/dist-packages/neutron_lib/callbacks/manager.py:175}}
Dec 15 13:37:54.413913 dv-cinder-813228-4-iscsi neutron-server[102649]: DEBUG neutron.api.rpc.handlers.resources_rpc [None req-b23b638e-4b25-426c-afd2-0fbd6bb95edc None None] Pushing event updated for resources: {'Port': ['ID=d633ef25-5df0-4c20-bdf3-e7afadaef50f,revision_number=4']} {{(pid=102649) push /opt/stack/neutron/neutron/api/rpc/handlers/resources_rpc.py:237}}
Dec 15 13:37:54.434214 dv-cinder-813228-4-iscsi neutron-server[102649]: DEBUG neutron.api.rpc.callbacks.version_manager [None req-b23b638e-4b25-426c-afd2-0fbd6bb95edc None None] Version for resource type AddressGroup changed None to 1.2 on consumer Open vSwitch agent@dv-cinder-813228-4-iscsi {{(pid=102649) _set_version /opt/stack/neutron/neutron/api/rpc/callbacks/version_manager.py:113}}
Dec 15 13:37:54.434553 dv-cinder-813228-4-iscsi neutron-server[102649]: DEBUG neutron.api.rpc.callbacks.version_manager [None req-b23b638e-4b25-426c-afd2-0fbd6bb95edc None None] Version for resource type ConntrackHelper changed None to 1.0 on consumer Open vSwitch agent@dv-cinder-813228-4-iscsi {{(pid=102649) _set_version /opt/stack/neutron/neutron/api/rpc/callbacks/version_manager.py:113}}
Dec 15 13:37:54.435083 dv-cinder-813228-4-iscsi neutron-server[102649]: DEBUG neutron.api.rpc.callbacks.version_manager [None req-b23b638e-4b25-426c-afd2-0fbd6bb95edc None None] Version for resource type LocalIPAssociation changed None to 1.0 on consumer Open vSwitch agent@dv-cinder-813228-4-iscsi {{(pid=102649) _set_version /opt/stack/neutron/neutron/api/rpc/callbacks/version_manager.py:113}}
Dec 15 13:37:54.435564 dv-cinder-813228-4-iscsi neutron-server[102649]: DEBUG neutron.api.rpc.callbacks.version_manager [None req-b23b638e-4b25-426c-afd2-0fbd6bb95edc None None] Version for resource type Log changed None to 1.0 on consumer Open vSwitch agent@dv-cinder-813228-4-iscsi {{(pid=102649) _set_version /opt/stack/neutron/neutron/api/rpc/callbacks/version_manager.py:113}}
Dec 15 13:37:54.436137 dv-cinder-813228-4-iscsi neutron-server[102649]: DEBUG neutron.api.rpc.callbacks.version_manager [None req-b23b638e-4b25-426c-afd2-0fbd6bb95edc None None] Version for resource type Network changed None to 1.1 on consumer Open vSwitch agent@dv-cinder-813228-4-iscsi {{(pid=102649) _set_version /opt/stack/neutron/neutron/api/rpc/callbacks/version_manager.py:113}}
Dec 15 13:37:54.436647 dv-cinder-813228-4-iscsi neutron-server[102649]: DEBUG neutron.api.rpc.callbacks.version_manager [None req-b23b638e-4b25-426c-afd2-0fbd6bb95edc None None] Version for resource type Port changed None to 1.7 on consumer Open vSwitch agent@dv-cinder-813228-4-iscsi {{(pid=102649) _set_version /opt/stack/neutron/neutron/api/rpc/callbacks/version_manager.py:113}}
Dec 15 13:37:54.437859 dv-cinder-813228-4-iscsi neutron-server[102649]: DEBUG neutron.api.rpc.callbacks.version_manager [None req-b23b638e-4b25-426c-afd2-0fbd6bb95edc None None] Version for resource type PortForwarding changed None to 1.2 on consumer Open vSwitch agent@dv-cinder-813228-4-iscsi {{(pid=102649) _set_version /opt/stack/neutron/neutron/api/rpc/callbacks/version_manager.py:113}}
Dec 15 13:37:54.438991 dv-cinder-813228-4-iscsi neutron-server[102649]: DEBUG neutron.api.rpc.callbacks.version_manager [None req-b23b638e-4b25-426c-afd2-0fbd6bb95edc None None] Version for resource type QosPolicy changed None to 1.10 on consumer Open vSwitch agent@dv-cinder-813228-4-iscsi {{(pid=102649) _set_version /opt/stack/neutron/neutron/api/rpc/callbacks/version_manager.py:113}}
Dec 15 13:37:54.439508 dv-cinder-813228-4-iscsi neutron-server[102649]: DEBUG neutron.api.rpc.callbacks.version_manager [None req-b23b638e-4b25-426c-afd2-0fbd6bb95edc None None] Version for resource type SecurityGroup changed None to 1.5 on consumer Open vSwitch agent@dv-cinder-813228-4-iscsi {{(pid=102649) _set_version /opt/stack/neutron/neutron/api/rpc/callbacks/version_manager.py:113}}
Dec 15 13:37:54.440032 dv-cinder-813228-4-iscsi neutron-server[102649]: DEBUG neutron.api.rpc.callbacks.version_manager [None req-b23b638e-4b25-426c-afd2-0fbd6bb95edc None None] Version for resource type SecurityGroupRule changed None to 1.2 on consumer Open vSwitch agent@dv-cinder-813228-4-iscsi {{(pid=102649) _set_version /opt/stack/neutron/neutron/api/rpc/callbacks/version_manager.py:113}}
Dec 15 13:37:54.440538 dv-cinder-813228-4-iscsi neutron-server[102649]: DEBUG neutron.api.rpc.callbacks.version_manager [None req-b23b638e-4b25-426c-afd2-0fbd6bb95edc None None] Version for resource type SubPort changed None to 1.0 on consumer Open vSwitch agent@dv-cinder-813228-4-iscsi {{(pid=102649) _set_version /opt/stack/neutron/neutron/api/rpc/callbacks/version_manager.py:113}}
Dec 15 13:37:54.441038 dv-cinder-813228-4-iscsi neutron-server[102649]: DEBUG neutron.api.rpc.callbacks.version_manager [None req-b23b638e-4b25-426c-afd2-0fbd6bb95edc None None] Version for resource type Subnet changed None to 1.1 on consumer Open vSwitch agent@dv-cinder-813228-4-iscsi {{(pid=102649) _set_version /opt/stack/neutron/neutron/api/rpc/callbacks/version_manager.py:113}}
Dec 15 13:37:54.441635 dv-cinder-813228-4-iscsi neutron-server[102649]: DEBUG neutron.api.rpc.callbacks.version_manager [None req-b23b638e-4b25-426c-afd2-0fbd6bb95edc None None] Version for resource type Trunk changed None to 1.1 on consumer Open vSwitch agent@dv-cinder-813228-4-iscsi {{(pid=102649) _set_version /opt/stack/neutron/neutron/api/rpc/callbacks/version_manager.py:113}}
Dec 15 13:37:54.522729 dv-cinder-813228-4-iscsi neutron-server[102649]: DEBUG neutron.db.db_base_plugin_common [None req-5812e87e-25d4-4759-b23b-b198eaa00665 None None] Allocated IP 172.20.0.2 (7bf9178e-ef91-4e23-a896-35ca60172592/89513571-70e8-446d-99c6-6446748ef3f8/0679a945-4ab6-4166-aff3-7e15f80ca7db) {{(pid=102649) _store_ip_allocation /opt/stack/neutron/neutron/db/db_base_plugin_common.py:131}}
Dec 15 13:37:54.537602 dv-cinder-813228-4-iscsi neutron-server[102648]: DEBUG neutron_lib.callbacks.manager [None req-640169f6-5334-4584-969b-4b4d98e19572 admin admin] Publish callbacks [] for security_group, before_create {{(pid=102648) _notify_loop /usr/local/lib/python3.8/dist-packages/neutron_lib/callbacks/manager.py:175}}
Dec 15 13:37:54.544027 dv-cinder-813228-4-iscsi neutron-server[102649]: DEBUG neutron.plugins.ml2.db [None req-b23b638e-4b25-426c-afd2-0fbd6bb95edc None None] get_ports_and_sgs() called for port_ids ['d633ef25-5df0-4c20-bdf3-e7afadaef50f'] {{(pid=102649) get_ports_and_sgs /opt/stack/neutron/neutron/plugins/ml2/db.py:156}}
Dec 15 13:37:54.656748 dv-cinder-813228-4-iscsi neutron-server[102648]: DEBUG neutron_lib.callbacks.manager [None req-640169f6-5334-4584-969b-4b4d98e19572 admin admin] Publish callbacks [] for security_group, precommit_create {{(pid=102648) _notify_loop /usr/local/lib/python3.8/dist-packages/neutron_lib/callbacks/manager.py:175}}
Dec 15 13:37:54.658510 dv-cinder-813228-4-iscsi neutron-server[102650]: DEBUG neutron.db.agents_db [None req-b3944ab6-e131-4d79-a1e6-6489a7b9b423 None None] Agent healthcheck: found 6 active agents {{(pid=102650) agent_health_check /opt/stack/neutron/neutron/db/agents_db.py:317}}
Dec 15 13:37:54.671054 dv-cinder-813228-4-iscsi neutron-server[102648]: DEBUG neutron_lib.callbacks.manager [None req-640169f6-5334-4584-969b-4b4d98e19572 admin admin] Publish callbacks ['neutron.plugins.ml2.ovo_rpc._ObjectChangeHandler.handle_event-559203'] for security_group, after_create {{(pid=102648) _notify_loop /usr/local/lib/python3.8/dist-packages/neutron_lib/callbacks/manager.py:175}}
Dec 15 13:37:54.734283 dv-cinder-813228-4-iscsi neutron-server[102647]: DEBUG neutron_lib.callbacks.manager [None req-162f3e63-4693-4fb3-8bf8-b83d093966b7 admin admin] Publish callbacks [] for router_gateway, before_create {{(pid=102647) _notify_loop /usr/local/lib/python3.8/dist-packages/neutron_lib/callbacks/manager.py:175}}
Dec 15 13:37:54.757723 dv-cinder-813228-4-iscsi neutron-server[102648]: DEBUG neutron.api.rpc.handlers.resources_rpc [None req-640169f6-5334-4584-969b-4b4d98e19572 admin admin] Pushing event updated for resources: {'SecurityGroup': ['ID=8366a829-f94f-4a92-957e-85f73e6d4454,revision_number=1']} {{(pid=102648) push /opt/stack/neutron/neutron/api/rpc/handlers/resources_rpc.py:237}}
Dec 15 13:37:54.779578 dv-cinder-813228-4-iscsi neutron-server[102647]: DEBUG neutron_lib.callbacks.manager [None req-162f3e63-4693-4fb3-8bf8-b83d093966b7 admin admin] Publish callbacks ['neutron.plugins.ml2.plugin.SecurityGroupDbMixin._ensure_default_security_group_handler-3904793'] for port, before_create {{(pid=102647) _notify_loop /usr/local/lib/python3.8/dist-packages/neutron_lib/callbacks/manager.py:175}}
Dec 15 13:37:54.861733 dv-cinder-813228-4-iscsi neutron-server[102648]: INFO neutron.wsgi [None req-640169f6-5334-4584-969b-4b4d98e19572 admin admin] 10.222.0.83 "GET /v2.0/security-groups?tenant_id=4580d7307e1641cbb1896843df075e54&name=default HTTP/1.1" status: 200 len: 2996 time: 0.9084074
Dec 15 13:37:54.864172 dv-cinder-813228-4-iscsi neutron-server[102648]: DEBUG neutron.wsgi [-] (102648) accepted ('10.222.0.83', 53472) {{(pid=102648) server /usr/local/lib/python3.8/dist-packages/eventlet/wsgi.py:1004}}
Dec 15 13:37:54.934348 dv-cinder-813228-4-iscsi neutron-server[102648]: DEBUG neutron.pecan_wsgi.hooks.policy_enforcement [req-278c5524-4ef2-4dc0-b302-155bb5ffa38a req-eb4365ba-bb01-408b-8fe6-f3910fd3c6c3 tempest-VolumesActionsTest-6933294 tempest-VolumesActionsTest-6933294-project] Attributes excluded by policy engine: ['standard_attr_id', 'binding:profile', 'binding:host_id', 'binding:vif_type', 'binding:vif_details'] {{(pid=102648) _exclude_attributes_by_policy /opt/stack/neutron/neutron/pecan_wsgi/hooks/policy_enforcement.py:255}}
Dec 15 13:37:54.937460 dv-cinder-813228-4-iscsi neutron-server[102647]: DEBUG neutron.db.db_base_plugin_common [None req-162f3e63-4693-4fb3-8bf8-b83d093966b7 admin admin] Allocated IP 172.27.1.167 (bda64db1-6d5e-4ac4-a6c2-62a4402b20f7/b05188bd-d601-44f8-9819-4ca2d9650a3e/88e9c4ee-249a-4eee-96e8-76942eb5641b) {{(pid=102647) _store_ip_allocation /opt/stack/neutron/neutron/db/db_base_plugin_common.py:131}}
Dec 15 13:37:54.941588 dv-cinder-813228-4-iscsi neutron-server[102648]: INFO neutron.wsgi [req-278c5524-4ef2-4dc0-b302-155bb5ffa38a req-eb4365ba-bb01-408b-8fe6-f3910fd3c6c3 tempest-VolumesActionsTest-6933294 tempest-VolumesActionsTest-6933294-project] 10.222.0.83 "GET /v2.0/ports?device_id=bb877af0-0c4c-4e87-afba-ac87eaca7e67 HTTP/1.1" status: 200 len: 945 time: 0.1462862
Dec 15 13:37:54.987681 dv-cinder-813228-4-iscsi neutron-server[102648]: DEBUG neutron_lib.callbacks.manager [None req-deeb7212-437c-4c78-aa8e-8ce687fe427a admin admin] Publish callbacks [] for security_group, before_delete {{(pid=102648) _notify_loop /usr/local/lib/python3.8/dist-packages/neutron_lib/callbacks/manager.py:175}}
Dec 15 13:37:54.997194 dv-cinder-813228-4-iscsi neutron-server[102648]: DEBUG neutron.wsgi [-] (102648) accepted ('10.222.0.83', 53474) {{(pid=102648) server /usr/local/lib/python3.8/dist-packages/eventlet/wsgi.py:1004}}
Dec 15 13:37:55.000095 dv-cinder-813228-4-iscsi neutron-server[102649]: DEBUG neutron_lib.callbacks.manager [None req-5812e87e-25d4-4759-b23b-b198eaa00665 None None] Publish callbacks [] for port, precommit_create {{(pid=102649) _notify_loop /usr/local/lib/python3.8/dist-packages/neutron_lib/callbacks/manager.py:175}}
Dec 15 13:37:55.031018 dv-cinder-813228-4-iscsi neutron-server[102649]: DEBUG neutron_lib.callbacks.manager [None req-5812e87e-25d4-4759-b23b-b198eaa00665 None None] Publish callbacks ['neutron.plugins.ml2.plugin.SecurityGroupServerNotifierRpcMixin._notify_sg_on_port_change-3904710', 'neutron.plugins.ml2.ovo_rpc._ObjectChangeHandler.handle_event-415810', 'neutron.api.rpc.agentnotifiers.dhcp_rpc_agent_api.DhcpAgentNotifyAPI._native_event_send_dhcp_notification-765044', 'neutron.db.l3_dvrscheduler_db._notify_l3_agent_new_port-8778142820536'] for port, after_create {{(pid=102649) _notify_loop /usr/local/lib/python3.8/dist-packages/neutron_lib/callbacks/manager.py:175}}
Dec 15 13:37:55.045409 dv-cinder-813228-4-iscsi neutron-server[102648]: INFO neutron.wsgi [req-278c5524-4ef2-4dc0-b302-155bb5ffa38a req-2d7de1ca-e4a5-4df7-8927-6516d63e3d98 tempest-VolumesActionsTest-6933294 tempest-VolumesActionsTest-6933294-project] 10.222.0.83 "GET /v2.0/security-groups?id=bb443b87-2acd-408c-9f6f-46ad57ed92de&fields=id&fields=name HTTP/1.1" status: 200 len: 286 time: 0.0984440
Dec 15 13:37:55.063097 dv-cinder-813228-4-iscsi neutron-server[102648]: DEBUG neutron_lib.callbacks.manager [None req-deeb7212-437c-4c78-aa8e-8ce687fe427a admin admin] Publish callbacks [] for security_group, precommit_delete {{(pid=102648) _notify_loop /usr/local/lib/python3.8/dist-packages/neutron_lib/callbacks/manager.py:175}}
Dec 15 13:37:55.067586 dv-cinder-813228-4-iscsi neutron-server[102647]: DEBUG neutron_lib.callbacks.manager [None req-162f3e63-4693-4fb3-8bf8-b83d093966b7 admin admin] Publish callbacks [] for port, precommit_create {{(pid=102647) _notify_loop /usr/local/lib/python3.8/dist-packages/neutron_lib/callbacks/manager.py:175}}
Dec 15 13:37:55.122341 dv-cinder-813228-4-iscsi neutron-server[102647]: DEBUG neutron_lib.callbacks.manager [None req-162f3e63-4693-4fb3-8bf8-b83d093966b7 admin admin] Publish callbacks ['neutron.plugins.ml2.plugin.SecurityGroupServerNotifierRpcMixin._notify_sg_on_port_change-3904710', 'neutron.plugins.ml2.ovo_rpc._ObjectChangeHandler.handle_event-415810', 'neutron.api.rpc.agentnotifiers.dhcp_rpc_agent_api.DhcpAgentNotifyAPI._native_event_send_dhcp_notification-765044', 'neutron.db.l3_dvrscheduler_db._notify_l3_agent_new_port-8778142820536', 'neutron.services.segments.plugin.NovaSegmentNotifier._notify_port_created_or_deleted-58931975'] for port, after_create {{(pid=102647) _notify_loop /usr/local/lib/python3.8/dist-packages/neutron_lib/callbacks/manager.py:175}}
Dec 15 13:37:55.155630 dv-cinder-813228-4-iscsi neutron-server[102648]: DEBUG neutron_lib.callbacks.manager [None req-deeb7212-437c-4c78-aa8e-8ce687fe427a admin admin] Publish callbacks ['neutron.plugins.ml2.ovo_rpc._ObjectChangeHandler.handle_event-559203'] for security_group, after_delete {{(pid=102648) _notify_loop /usr/local/lib/python3.8/dist-packages/neutron_lib/callbacks/manager.py:175}}
Dec 15 13:37:55.161715 dv-cinder-813228-4-iscsi neutron-server[102648]: DEBUG neutron_lib.callbacks.manager [None req-deeb7212-437c-4c78-aa8e-8ce687fe427a admin admin] Publish callbacks [] for security_group, before_response {{(pid=102648) _notify_loop /usr/local/lib/python3.8/dist-packages/neutron_lib/callbacks/manager.py:175}}
Dec 15 13:37:55.162959 dv-cinder-813228-4-iscsi neutron-server[102648]: INFO neutron.wsgi [None req-deeb7212-437c-4c78-aa8e-8ce687fe427a admin admin] 10.222.0.83 "DELETE /v2.0/security-groups/8366a829-f94f-4a92-957e-85f73e6d4454 HTTP/1.1" status: 204 len: 168 time: 0.2978477
Dec 15 13:37:55.166414 dv-cinder-813228-4-iscsi neutron-server[102649]: DEBUG neutron.scheduler.dhcp_agent_scheduler [None req-5812e87e-25d4-4759-b23b-b198eaa00665 None None] Network 7bf9178e-ef91-4e23-a896-35ca60172592 is already hosted by enough agents. {{(pid=102649) _get_dhcp_agents_hosting_network /opt/stack/neutron/neutron/scheduler/dhcp_agent_scheduler.py:275}}
Dec 15 13:37:55.178833 dv-cinder-813228-4-iscsi neutron-server[102649]: DEBUG neutron.scheduler.base_scheduler [None req-5812e87e-25d4-4759-b23b-b198eaa00665 None None] Resources bound (agent type, host, resource id): {{(pid=102649) schedule /opt/stack/neutron/neutron/scheduler/base_scheduler.py:57}}
Dec 15 13:37:55.197337 dv-cinder-813228-4-iscsi neutron-server[102649]: DEBUG neutron.db.l3_dvrscheduler_db [None req-5812e87e-25d4-4759-b23b-b198eaa00665 None None] Received port after_create {{(pid=102649) _notify_l3_agent_new_port /opt/stack/neutron/neutron/db/l3_dvrscheduler_db.py:535}}
Dec 15 13:37:55.225967 dv-cinder-813228-4-iscsi neutron-server[102649]: DEBUG neutron.api.rpc.handlers.resources_rpc [None req-5812e87e-25d4-4759-b23b-b198eaa00665 None None] Pushing event updated for resources: {'Port': ['ID=0679a945-4ab6-4166-aff3-7e15f80ca7db,revision_number=1']} {{(pid=102649) push /opt/stack/neutron/neutron/api/rpc/handlers/resources_rpc.py:237}}
Dec 15 13:37:55.226447 dv-cinder-813228-4-iscsi neutron-server[102647]: DEBUG neutron.api.rpc.handlers.resources_rpc [None req-162f3e63-4693-4fb3-8bf8-b83d093966b7 admin admin] Pushing event updated for resources: {'Port': ['ID=88e9c4ee-249a-4eee-96e8-76942eb5641b,revision_number=1']} {{(pid=102647) push /opt/stack/neutron/neutron/api/rpc/handlers/resources_rpc.py:237}}
Dec 15 13:37:55.250388 dv-cinder-813228-4-iscsi neutron-server[102648]: DEBUG neutron.api.rpc.handlers.resources_rpc [None req-deeb7212-437c-4c78-aa8e-8ce687fe427a admin admin] Pushing event deleted for resources: {'SecurityGroup': ['ID=8366a829-f94f-4a92-957e-85f73e6d4454,revision_number=None']} {{(pid=102648) push /opt/stack/neutron/neutron/api/rpc/handlers/resources_rpc.py:237}}
Dec 15 13:37:55.253815 dv-cinder-813228-4-iscsi neutron-server[102648]: DEBUG neutron_lib.callbacks.manager [None req-622ebdf8-ee6c-4f5b-9d21-ca46343d93e2 admin admin] Publish callbacks [] for security_group, before_create {{(pid=102648) _notify_loop /usr/local/lib/python3.8/dist-packages/neutron_lib/callbacks/manager.py:175}}
Dec 15 13:37:55.255391 dv-cinder-813228-4-iscsi neutron-server[102647]: DEBUG neutron.pecan_wsgi.hooks.policy_enforcement [req-ee2fe1dc-c08e-4860-82d9-ca8b1b1f5858 req-11d24b70-aee0-4e7c-b811-8e5d308a09c0 service neutron] Attributes excluded by policy engine: ['standard_attr_id'] {{(pid=102647) _exclude_attributes_by_policy /opt/stack/neutron/neutron/pecan_wsgi/hooks/policy_enforcement.py:255}}
Dec 15 13:37:55.256987 dv-cinder-813228-4-iscsi neutron-server[102647]: INFO neutron.wsgi [req-ee2fe1dc-c08e-4860-82d9-ca8b1b1f5858 req-11d24b70-aee0-4e7c-b811-8e5d308a09c0 service neutron] 10.222.0.66 "GET /v2.0/ports?device_id=06bee9b6-80cd-4147-b4a8-5919d331342e HTTP/1.1" status: 200 len: 1099 time: 0.0697308
Dec 15 13:37:55.268365 dv-cinder-813228-4-iscsi neutron-server[102647]: DEBUG neutron.scheduler.dhcp_agent_scheduler [None req-162f3e63-4693-4fb3-8bf8-b83d093966b7 admin admin] Network bda64db1-6d5e-4ac4-a6c2-62a4402b20f7 is already hosted by enough agents. {{(pid=102647) _get_dhcp_agents_hosting_network /opt/stack/neutron/neutron/scheduler/dhcp_agent_scheduler.py:275}}
Dec 15 13:37:55.291709 dv-cinder-813228-4-iscsi neutron-server[102647]: DEBUG neutron.scheduler.base_scheduler [None req-162f3e63-4693-4fb3-8bf8-b83d093966b7 admin admin] Resources bound (agent type, host, resource id): {{(pid=102647) schedule /opt/stack/neutron/neutron/scheduler/base_scheduler.py:57}}
Dec 15 13:37:55.294907 dv-cinder-813228-4-iscsi neutron-server[102647]: DEBUG neutron.db.l3_dvrscheduler_db [None req-162f3e63-4693-4fb3-8bf8-b83d093966b7 admin admin] Received port after_create {{(pid=102647) _notify_l3_agent_new_port /opt/stack/neutron/neutron/db/l3_dvrscheduler_db.py:535}}
Dec 15 13:37:55.400356 dv-cinder-813228-4-iscsi neutron-server[102649]: DEBUG neutron.plugins.ml2.managers [None req-5812e87e-25d4-4759-b23b-b198eaa00665 None None] Attempting to bind port 0679a945-4ab6-4166-aff3-7e15f80ca7db on host dv-cinder-813228-4-iscsi for vnic_type normal with profile {{(pid=102649) bind_port /opt/stack/neutron/neutron/plugins/ml2/managers.py:795}}
Dec 15 13:37:55.400726 dv-cinder-813228-4-iscsi neutron-server[102649]: DEBUG neutron.plugins.ml2.managers [None req-5812e87e-25d4-4759-b23b-b198eaa00665 None None] Attempting to bind port 0679a945-4ab6-4166-aff3-7e15f80ca7db by drivers openvswitch,hyperv on host dv-cinder-813228-4-iscsi at level 0 using segments [{'id': 'd5e189a2-aae4-4a2c-8cb9-2ed4945580d4', 'network_type': 'vlan', 'physical_network': 'physnet1', 'segmentation_id': 780, 'network_id': '7bf9178e-ef91-4e23-a896-35ca60172592'}] {{(pid=102649) _bind_port_level /opt/stack/neutron/neutron/plugins/ml2/managers.py:820}}
Dec 15 13:37:55.401090 dv-cinder-813228-4-iscsi neutron-server[102649]: DEBUG neutron.plugins.ml2.drivers.mech_agent [None req-5812e87e-25d4-4759-b23b-b198eaa00665 None None] Attempting to bind port 0679a945-4ab6-4166-aff3-7e15f80ca7db on network 7bf9178e-ef91-4e23-a896-35ca60172592 {{(pid=102649) bind_port /opt/stack/neutron/neutron/plugins/ml2/drivers/mech_agent.py:91}}
