Dec 15 13:37:49.248588 dv-cinder-813228-4-iscsi neutron-server[102647]: DEBUG neutron.plugins.ml2.managers [req-65b9f51a-f4e5-4695-a585-5bf9137a0016 req-19c3391d-9b9d-4688-860f-17eb285679e6 service neutron] Attempting to bind port d633ef25-5df0-4c20-bdf3-e7afadaef50f by drivers openvswitch,hyperv on host hv-cinder-81322 at level 0 using segments [{'id': 'ee869c35-c22d-4719-be14-694654360be7', 'network_type': 'vlan', 'physical_network': 'physnet1', 'segmentation_id': 763, 'network_id': 'c3738d27-4a35-4a97-97f2-d3c9cace88de'}] {{(pid=102647) _bind_port_level /opt/stack/neutron/neutron/plugins/ml2/managers.py:820}}
Dec 15 13:37:49.248899 dv-cinder-813228-4-iscsi neutron-server[102647]: DEBUG neutron.plugins.ml2.drivers.mech_agent [req-65b9f51a-f4e5-4695-a585-5bf9137a0016 req-19c3391d-9b9d-4688-860f-17eb285679e6 service neutron] Attempting to bind port d633ef25-5df0-4c20-bdf3-e7afadaef50f on network c3738d27-4a35-4a97-97f2-d3c9cace88de {{(pid=102647) bind_port /opt/stack/neutron/neutron/plugins/ml2/drivers/mech_agent.py:91}}
Dec 15 13:37:49.253335 dv-cinder-813228-4-iscsi neutron-server[102647]: DEBUG neutron.plugins.ml2.drivers.mech_agent [req-65b9f51a-f4e5-4695-a585-5bf9137a0016 req-19c3391d-9b9d-4688-860f-17eb285679e6 service neutron] Port d633ef25-5df0-4c20-bdf3-e7afadaef50f on network c3738d27-4a35-4a97-97f2-d3c9cace88de not bound, no agent of type Open vSwitch agent registered on host hv-cinder-81322 {{(pid=102647) bind_port /opt/stack/neutron/neutron/plugins/ml2/drivers/mech_agent.py:103}}
Dec 15 13:37:49.253713 dv-cinder-813228-4-iscsi neutron-server[102647]: DEBUG neutron.plugins.ml2.drivers.mech_agent [req-65b9f51a-f4e5-4695-a585-5bf9137a0016 req-19c3391d-9b9d-4688-860f-17eb285679e6 service neutron] Attempting to bind port d633ef25-5df0-4c20-bdf3-e7afadaef50f on network c3738d27-4a35-4a97-97f2-d3c9cace88de {{(pid=102647) bind_port /opt/stack/neutron/neutron/plugins/ml2/drivers/mech_agent.py:91}}
Dec 15 13:37:49.259555 dv-cinder-813228-4-iscsi neutron-server[102647]: DEBUG neutron.plugins.ml2.drivers.mech_agent [req-65b9f51a-f4e5-4695-a585-5bf9137a0016 req-19c3391d-9b9d-4688-860f-17eb285679e6 service neutron] Checking agent: {'id': '23cfde20-59a1-4592-b176-d881baeda007', 'agent_type': 'HyperV agent', 'binary': 'neutron-hyperv-agent', 'topic': 'N/A', 'host': 'hv-cinder-81322', 'admin_state_up': True, 'created_at': datetime.datetime(2021, 12, 15, 13, 34, 35), 'started_at': datetime.datetime(2021, 12, 15, 13, 34, 35), 'heartbeat_timestamp': datetime.datetime(2021, 12, 15, 13, 37, 36), 'description': None, 'resources_synced': None, 'availability_zone': None, 'alive': True, 'configurations': {'vswitch_mappings': {'physnet1$': 'br-data'}}, 'resource_versions': {}} {{(pid=102647) bind_port /opt/stack/neutron/neutron/plugins/ml2/drivers/mech_agent.py:110}}
Dec 15 13:37:49.259875 dv-cinder-813228-4-iscsi neutron-server[102647]: DEBUG neutron.plugins.ml2.drivers.mech_agent [req-65b9f51a-f4e5-4695-a585-5bf9137a0016 req-19c3391d-9b9d-4688-860f-17eb285679e6 service neutron] Checking segment: {'id': 'ee869c35-c22d-4719-be14-694654360be7', 'network_type': 'vlan', 'physical_network': 'physnet1', 'segmentation_id': 763, 'network_id': 'c3738d27-4a35-4a97-97f2-d3c9cace88de'} for mappings: {'physnet1$': 'br-data'} with network types: ['local', 'flat', 'vlan'] {{(pid=102647) check_segment_for_agent /opt/stack/neutron/neutron/plugins/ml2/drivers/mech_agent.py:371}}
Dec 15 13:37:49.260252 dv-cinder-813228-4-iscsi neutron-server[102647]: DEBUG neutron.plugins.ml2.drivers.mech_agent [req-65b9f51a-f4e5-4695-a585-5bf9137a0016 req-19c3391d-9b9d-4688-860f-17eb285679e6 service neutron] Bound using segment: {'id': 'ee869c35-c22d-4719-be14-694654360be7', 'network_type': 'vlan', 'physical_network': 'physnet1', 'segmentation_id': 763, 'network_id': 'c3738d27-4a35-4a97-97f2-d3c9cace88de'} {{(pid=102647) bind_port /opt/stack/neutron/neutron/plugins/ml2/drivers/mech_agent.py:120}}
Dec 15 13:37:49.260678 dv-cinder-813228-4-iscsi neutron-server[102647]: DEBUG neutron.plugins.ml2.managers [req-65b9f51a-f4e5-4695-a585-5bf9137a0016 req-19c3391d-9b9d-4688-860f-17eb285679e6 service neutron] Bound port: d633ef25-5df0-4c20-bdf3-e7afadaef50f, host: hv-cinder-81322, vif_type: hyperv, vif_details: {"connectivity": "legacy", "port_filter": false}, binding_levels: [{'bound_driver': 'hyperv', 'bound_segment': {'id': 'ee869c35-c22d-4719-be14-694654360be7', 'network_type': 'vlan', 'physical_network': 'physnet1', 'segmentation_id': 763, 'network_id': 'c3738d27-4a35-4a97-97f2-d3c9cace88de'}}] {{(pid=102647) _bind_port_level /opt/stack/neutron/neutron/plugins/ml2/managers.py:932}}
Dec 15 13:37:49.261032 dv-cinder-813228-4-iscsi neutron-server[102647]: DEBUG neutron_lib.callbacks.manager [req-65b9f51a-f4e5-4695-a585-5bf9137a0016 req-19c3391d-9b9d-4688-860f-17eb285679e6 service neutron] Publish callbacks ['neutron.plugins.ml2.plugin.SecurityGroupDbMixin._ensure_default_security_group_handler-3904793'] for port, before_update {{(pid=102647) _notify_loop /usr/local/lib/python3.8/dist-packages/neutron_lib/callbacks/manager.py:175}}
Dec 15 13:37:49.343155 dv-cinder-813228-4-iscsi neutron-server[102647]: DEBUG neutron.plugins.ml2.db [req-65b9f51a-f4e5-4695-a585-5bf9137a0016 req-19c3391d-9b9d-4688-860f-17eb285679e6 service neutron] For port d633ef25-5df0-4c20-bdf3-e7afadaef50f, host hv-cinder-81322, cleared binding levels {{(pid=102647) clear_binding_levels /opt/stack/neutron/neutron/plugins/ml2/db.py:87}}
Dec 15 13:37:49.346639 dv-cinder-813228-4-iscsi neutron-server[102647]: DEBUG neutron.plugins.ml2.db [req-65b9f51a-f4e5-4695-a585-5bf9137a0016 req-19c3391d-9b9d-4688-860f-17eb285679e6 service neutron] For port d633ef25-5df0-4c20-bdf3-e7afadaef50f, host hv-cinder-81322, set binding levels [PortBindingLevel(driver='hyperv',host='hv-cinder-81322',level=0,port_id=d633ef25-5df0-4c20-bdf3-e7afadaef50f,segment=NetworkSegment(ee869c35-c22d-4719-be14-694654360be7),segment_id=ee869c35-c22d-4719-be14-694654360be7)] {{(pid=102647) set_binding_levels /opt/stack/neutron/neutron/plugins/ml2/db.py:59}}
Dec 15 13:37:49.352684 dv-cinder-813228-4-iscsi neutron-server[102647]: DEBUG neutron_lib.callbacks.manager [req-65b9f51a-f4e5-4695-a585-5bf9137a0016 req-19c3391d-9b9d-4688-860f-17eb285679e6 service neutron] Publish callbacks ['neutron.plugins.ml2.plugin.SecurityGroupServerNotifierRpcMixin._notify_sg_on_port_change-3904710', 'neutron.plugins.ml2.ovo_rpc._ObjectChangeHandler.handle_event-415810', 'neutron.api.rpc.agentnotifiers.dhcp_rpc_agent_api.DhcpAgentNotifyAPI._native_event_send_dhcp_notification-765044', 'neutron.db.l3_db.L3RpcNotifierMixin._notify_gateway_port_ip_changed-8778143370469', 'neutron.db.l3_dvrscheduler_db._notify_l3_agent_port_update-8778142820554', 'neutron.db.l3_hascheduler_db._notify_l3_agent_ha_port_update-8778142820572', 'neutron.services.segments.plugin.NovaSegmentNotifier._notify_port_updated-58932094'] for port, after_update {{(pid=102647) _notify_loop /usr/local/lib/python3.8/dist-packages/neutron_lib/callbacks/manager.py:175}}
Dec 15 13:37:49.365261 dv-cinder-813228-4-iscsi neutron-server[102648]: DEBUG neutron.wsgi [-] (102648) accepted ('10.222.0.83', 53182) {{(pid=102648) server /usr/local/lib/python3.8/dist-packages/eventlet/wsgi.py:1004}}
Dec 15 13:37:49.391540 dv-cinder-813228-4-iscsi neutron-server[102647]: DEBUG neutron.pecan_wsgi.hooks.policy_enforcement [req-65b9f51a-f4e5-4695-a585-5bf9137a0016 req-19c3391d-9b9d-4688-860f-17eb285679e6 service neutron] Attributes excluded by policy engine: ['standard_attr_id'] {{(pid=102647) _exclude_attributes_by_policy /opt/stack/neutron/neutron/pecan_wsgi/hooks/policy_enforcement.py:255}}
Dec 15 13:37:49.392144 dv-cinder-813228-4-iscsi neutron-server[102647]: DEBUG neutron_lib.callbacks.manager [req-65b9f51a-f4e5-4695-a585-5bf9137a0016 req-19c3391d-9b9d-4688-860f-17eb285679e6 service neutron] Publish callbacks ['neutron.notifiers.nova.Notifier._send_nova_notification-461076'] for port, before_response {{(pid=102647) _notify_loop /usr/local/lib/python3.8/dist-packages/neutron_lib/callbacks/manager.py:175}}
Dec 15 13:37:49.393785 dv-cinder-813228-4-iscsi neutron-server[102647]: INFO neutron.wsgi [req-65b9f51a-f4e5-4695-a585-5bf9137a0016 req-19c3391d-9b9d-4688-860f-17eb285679e6 service neutron] 10.222.0.66 "PUT /v2.0/ports/d633ef25-5df0-4c20-bdf3-e7afadaef50f HTTP/1.1" status: 200 len: 1094 time: 0.7374547
Dec 15 13:37:49.394215 dv-cinder-813228-4-iscsi neutron-server[102647]: DEBUG neutron.notifiers.nova [-] Sending events: [{'name': 'network-changed', 'server_uuid': 'bb877af0-0c4c-4e87-afba-ac87eaca7e67', 'tag': 'd633ef25-5df0-4c20-bdf3-e7afadaef50f'}] {{(pid=102647) send_events /opt/stack/neutron/neutron/notifiers/nova.py:262}}
Dec 15 13:37:49.396416 dv-cinder-813228-4-iscsi neutron-server[102647]: DEBUG novaclient.v2.client [-] REQ: curl -g -i --cacert "/opt/stack/data/ca-bundle.pem" -X POST http://10.222.0.83/compute/v2.1/os-server-external-events -H "Accept: application/json" -H "Content-Type: application/json" -H "User-Agent: python-novaclient" -H "X-Auth-Token: {SHA256}43af2f66a9f06ab5e8357095d4dce856cd5367b1710ca7b0e3deadafd924607a" -H "X-OpenStack-Nova-API-Version: 2.1" -H "X-OpenStack-Request-ID: req-2ca3e234-afcd-4aab-84fc-fde94784a17c" -d '{"events": [{"name": "network-changed", "server_uuid": "bb877af0-0c4c-4e87-afba-ac87eaca7e67", "tag": "d633ef25-5df0-4c20-bdf3-e7afadaef50f"}]}' {{(pid=102647) _http_log_request /usr/local/lib/python3.8/dist-packages/keystoneauth1/session.py:519}}
Dec 15 13:37:49.433259 dv-cinder-813228-4-iscsi neutron-server[102647]: DEBUG neutron.api.rpc.handlers.resources_rpc [None req-19c3391d-9b9d-4688-860f-17eb285679e6 service neutron] Pushing event updated for resources: {'Port': ['ID=d633ef25-5df0-4c20-bdf3-e7afadaef50f,revision_number=3']} {{(pid=102647) push /opt/stack/neutron/neutron/api/rpc/handlers/resources_rpc.py:237}}
Dec 15 13:37:49.456314 dv-cinder-813228-4-iscsi neutron-server[102649]: DEBUG neutron.plugins.ml2.rpc [None req-b23b638e-4b25-426c-afd2-0fbd6bb95edc None None] Device 8265af4f-8d5b-423a-84c5-273348379f9f no longer exists at agent hyperv_hv-cinder-81322 {{(pid=102649) update_device_down /opt/stack/neutron/neutron/plugins/ml2/rpc.py:259}}
Dec 15 13:37:49.484071 dv-cinder-813228-4-iscsi neutron-server[102647]: DEBUG novaclient.v2.client [-] RESP: [200] Connection: close Content-Length: 179 Content-Type: application/json Date: Wed, 15 Dec 2021 13:37:49 GMT OpenStack-API-Version: compute 2.1 Server: Apache/2.4.41 (Ubuntu) Vary: OpenStack-API-Version,X-OpenStack-Nova-API-Version X-OpenStack-Nova-API-Version: 2.1 x-compute-request-id: req-6040c42a-4012-47b4-98dd-6c19e8a9cc37 x-openstack-request-id: req-6040c42a-4012-47b4-98dd-6c19e8a9cc37 {{(pid=102647) _http_log_response /usr/local/lib/python3.8/dist-packages/keystoneauth1/session.py:550}}
Dec 15 13:37:49.485535 dv-cinder-813228-4-iscsi neutron-server[102647]: DEBUG novaclient.v2.client [-] RESP BODY: {"events": [{"name": "network-changed", "server_uuid": "bb877af0-0c4c-4e87-afba-ac87eaca7e67", "tag": "d633ef25-5df0-4c20-bdf3-e7afadaef50f", "status": "completed", "code": 200}]} {{(pid=102647) _http_log_response /usr/local/lib/python3.8/dist-packages/keystoneauth1/session.py:582}}
Dec 15 13:37:49.486005 dv-cinder-813228-4-iscsi neutron-server[102647]: DEBUG novaclient.v2.client [-] POST call to compute for http://10.222.0.83/compute/v2.1/os-server-external-events used request id req-6040c42a-4012-47b4-98dd-6c19e8a9cc37 {{(pid=102647) request /usr/local/lib/python3.8/dist-packages/keystoneauth1/session.py:954}}
Dec 15 13:37:49.487871 dv-cinder-813228-4-iscsi neutron-server[102647]: INFO neutron.notifiers.nova [-] Nova event response: {'name': 'network-changed', 'server_uuid': 'bb877af0-0c4c-4e87-afba-ac87eaca7e67', 'tag': 'd633ef25-5df0-4c20-bdf3-e7afadaef50f', 'status': 'completed', 'code': 200}
Dec 15 13:37:49.527898 dv-cinder-813228-4-iscsi neutron-server[102649]: DEBUG neutron.plugins.ml2.plugin [None req-b23b638e-4b25-426c-afd2-0fbd6bb95edc None None] No Port match for: 8265af4f-8d5b-423a-84c5-273348379f9f {{(pid=102649) port_bound_to_host /opt/stack/neutron/neutron/plugins/ml2/plugin.py:2272}}
Dec 15 13:37:49.528241 dv-cinder-813228-4-iscsi neutron-server[102649]: DEBUG neutron.plugins.ml2.rpc [None req-b23b638e-4b25-426c-afd2-0fbd6bb95edc None None] Device 8265af4f-8d5b-423a-84c5-273348379f9f not bound to the agent host hv-cinder-81322 {{(pid=102649) update_device_down /opt/stack/neutron/neutron/plugins/ml2/rpc.py:269}}
Dec 15 13:37:49.543720 dv-cinder-813228-4-iscsi neutron-server[102647]: DEBUG neutron.pecan_wsgi.hooks.policy_enforcement [req-65b9f51a-f4e5-4695-a585-5bf9137a0016 req-f44754a8-e72d-4f28-8051-7448776155be service neutron] Attributes excluded by policy engine: ['standard_attr_id'] {{(pid=102647) _exclude_attributes_by_policy /opt/stack/neutron/neutron/pecan_wsgi/hooks/policy_enforcement.py:255}}
Dec 15 13:37:49.545838 dv-cinder-813228-4-iscsi neutron-server[102647]: INFO neutron.wsgi [req-65b9f51a-f4e5-4695-a585-5bf9137a0016 req-f44754a8-e72d-4f28-8051-7448776155be service neutron] 10.222.0.66 "GET /v2.0/ports?tenant_id=b3823701b6f1423aa1ecd29bf162e5db&device_id=bb877af0-0c4c-4e87-afba-ac87eaca7e67 HTTP/1.1" status: 200 len: 1097 time: 0.1043854
Dec 15 13:37:49.619054 dv-cinder-813228-4-iscsi neutron-server[102648]: DEBUG neutron_lib.callbacks.manager [None req-8204e108-9da9-49ef-bf96-3673e6dfceca admin admin] Publish callbacks [] for security_group, before_create {{(pid=102648) _notify_loop /usr/local/lib/python3.8/dist-packages/neutron_lib/callbacks/manager.py:175}}
Dec 15 13:37:49.642838 dv-cinder-813228-4-iscsi neutron-server[102647]: INFO neutron.wsgi [req-65b9f51a-f4e5-4695-a585-5bf9137a0016 req-8cb27541-72e1-44af-bb85-8080b489ffd7 service neutron] 10.222.0.66 "GET /v2.0/floatingips?fixed_ip_address=172.20.0.12&port_id=d633ef25-5df0-4c20-bdf3-e7afadaef50f HTTP/1.1" status: 200 len: 217 time: 0.0842555
Dec 15 13:37:49.682601 dv-cinder-813228-4-iscsi neutron-server[102648]: DEBUG neutron.pecan_wsgi.hooks.policy_enforcement [req-1eb0a249-f97a-45a1-bee5-586343554f74 req-f19d0c9e-509a-4f51-b4cd-3fe860fca8bb tempest-VolumesActionsTest-6933294 tempest-VolumesActionsTest-6933294-project] Attributes excluded by policy engine: ['standard_attr_id', 'binding:profile', 'binding:host_id', 'binding:vif_type', 'binding:vif_details'] {{(pid=102648) _exclude_attributes_by_policy /opt/stack/neutron/neutron/pecan_wsgi/hooks/policy_enforcement.py:255}}
Dec 15 13:37:49.686793 dv-cinder-813228-4-iscsi neutron-server[102648]: INFO neutron.wsgi [req-1eb0a249-f97a-45a1-bee5-586343554f74 req-f19d0c9e-509a-4f51-b4cd-3fe860fca8bb tempest-VolumesActionsTest-6933294 tempest-VolumesActionsTest-6933294-project] 10.222.0.83 "GET /v2.0/ports?device_id=bb877af0-0c4c-4e87-afba-ac87eaca7e67 HTTP/1.1" status: 200 len: 944 time: 0.1257269
Dec 15 13:37:49.711213 dv-cinder-813228-4-iscsi neutron-server[102647]: DEBUG neutron.pecan_wsgi.hooks.policy_enforcement [req-65b9f51a-f4e5-4695-a585-5bf9137a0016 req-4e1f3204-4a9d-48bd-a7a8-422f2282ebf7 service neutron] Attributes excluded by policy engine: ['standard_attr_id', 'shared', 'segment_id'] {{(pid=102647) _exclude_attributes_by_policy /opt/stack/neutron/neutron/pecan_wsgi/hooks/policy_enforcement.py:255}}
Dec 15 13:37:49.716261 dv-cinder-813228-4-iscsi neutron-server[102647]: INFO neutron.wsgi [req-65b9f51a-f4e5-4695-a585-5bf9137a0016 req-4e1f3204-4a9d-48bd-a7a8-422f2282ebf7 service neutron] 10.222.0.66 "GET /v2.0/subnets?id=65b5acdd-c486-48db-8588-8524bc968bba HTTP/1.1" status: 200 len: 848 time: 0.0633309
Dec 15 13:37:49.763725 dv-cinder-813228-4-iscsi neutron-server[102647]: INFO neutron.wsgi [req-65b9f51a-f4e5-4695-a585-5bf9137a0016 req-2a2daa96-7f1d-4071-817a-8a4ad61e31e9 service neutron] 10.222.0.66 "GET /v2.0/ports?network_id=c3738d27-4a35-4a97-97f2-d3c9cace88de&device_owner=network%3Adhcp HTTP/1.1" status: 200 len: 210 time: 0.0371313
Dec 15 13:37:49.782703 dv-cinder-813228-4-iscsi neutron-server[102648]: INFO neutron.wsgi [req-1eb0a249-f97a-45a1-bee5-586343554f74 req-ccdc9cc9-a117-4a1a-856f-47cbf663edbd tempest-VolumesActionsTest-6933294 tempest-VolumesActionsTest-6933294-project] 10.222.0.83 "GET /v2.0/security-groups?id=bb443b87-2acd-408c-9f6f-46ad57ed92de&fields=id&fields=name HTTP/1.1" status: 200 len: 286 time: 0.0831676
Dec 15 13:37:49.834281 dv-cinder-813228-4-iscsi neutron-server[102648]: DEBUG neutron_lib.callbacks.manager [None req-8204e108-9da9-49ef-bf96-3673e6dfceca admin admin] Publish callbacks [] for security_group, precommit_create {{(pid=102648) _notify_loop /usr/local/lib/python3.8/dist-packages/neutron_lib/callbacks/manager.py:175}}
Dec 15 13:37:49.842236 dv-cinder-813228-4-iscsi neutron-server[102648]: DEBUG neutron_lib.callbacks.manager [None req-8204e108-9da9-49ef-bf96-3673e6dfceca admin admin] Publish callbacks ['neutron.plugins.ml2.ovo_rpc._ObjectChangeHandler.handle_event-559203'] for security_group, after_create {{(pid=102648) _notify_loop /usr/local/lib/python3.8/dist-packages/neutron_lib/callbacks/manager.py:175}}
Dec 15 13:37:49.872666 dv-cinder-813228-4-iscsi neutron-server[102648]: DEBUG neutron.api.rpc.handlers.resources_rpc [None req-8204e108-9da9-49ef-bf96-3673e6dfceca admin admin] Pushing event updated for resources: {'SecurityGroup': ['ID=971407e0-d4a4-4b38-8b86-c819b94e748a,revision_number=1']} {{(pid=102648) push /opt/stack/neutron/neutron/api/rpc/handlers/resources_rpc.py:237}}
Dec 15 13:37:49.895846 dv-cinder-813228-4-iscsi neutron-server[102648]: INFO neutron.wsgi [None req-8204e108-9da9-49ef-bf96-3673e6dfceca admin admin] 10.222.0.83 "GET /v2.0/security-groups?tenant_id=9383e45615eb4e2a8768b6ad2c86bbdd&name=default HTTP/1.1" status: 200 len: 2996 time: 0.5280268
Dec 15 13:37:49.897616 dv-cinder-813228-4-iscsi neutron-server[102648]: DEBUG neutron.wsgi [-] (102648) accepted ('10.222.0.83', 53226) {{(pid=102648) server /usr/local/lib/python3.8/dist-packages/eventlet/wsgi.py:1004}}
Dec 15 13:37:49.939002 dv-cinder-813228-4-iscsi neutron-server[102647]: INFO neutron.wsgi [req-65b9f51a-f4e5-4695-a585-5bf9137a0016 req-3093c14c-e1c3-4ac3-a188-f944d14689ec service neutron] 10.222.0.66 "GET /v2.0/networks/c3738d27-4a35-4a97-97f2-d3c9cace88de?fields=segments HTTP/1.1" status: 200 len: 212 time: 0.1670282
Dec 15 13:37:49.982379 dv-cinder-813228-4-iscsi neutron-server[102648]: DEBUG neutron_lib.callbacks.manager [None req-f73e38b2-53d4-492e-950a-3a0b40955f98 admin admin] Publish callbacks [] for security_group, before_delete {{(pid=102648) _notify_loop /usr/local/lib/python3.8/dist-packages/neutron_lib/callbacks/manager.py:175}}
Dec 15 13:37:50.021441 dv-cinder-813228-4-iscsi neutron-server[102648]: DEBUG neutron_lib.callbacks.manager [None req-f73e38b2-53d4-492e-950a-3a0b40955f98 admin admin] Publish callbacks [] for security_group, precommit_delete {{(pid=102648) _notify_loop /usr/local/lib/python3.8/dist-packages/neutron_lib/callbacks/manager.py:175}}
Dec 15 13:37:50.067353 dv-cinder-813228-4-iscsi neutron-server[102647]: INFO neutron.wsgi [req-65b9f51a-f4e5-4695-a585-5bf9137a0016 req-6f6f32cc-1cfc-47d0-8f20-33cc36b67902 service neutron] 10.222.0.66 "GET /v2.0/networks/c3738d27-4a35-4a97-97f2-d3c9cace88de?fields=provider%3Aphysical_network&fields=provider%3Anetwork_type HTTP/1.1" status: 200 len: 281 time: 0.1180160
Dec 15 13:37:50.105707 dv-cinder-813228-4-iscsi neutron-server[102648]: DEBUG neutron_lib.callbacks.manager [None req-f73e38b2-53d4-492e-950a-3a0b40955f98 admin admin] Publish callbacks ['neutron.plugins.ml2.ovo_rpc._ObjectChangeHandler.handle_event-559203'] for security_group, after_delete {{(pid=102648) _notify_loop /usr/local/lib/python3.8/dist-packages/neutron_lib/callbacks/manager.py:175}}
Dec 15 13:37:50.122202 dv-cinder-813228-4-iscsi neutron-server[102648]: DEBUG neutron_lib.callbacks.manager [None req-f73e38b2-53d4-492e-950a-3a0b40955f98 admin admin] Publish callbacks [] for security_group, before_response {{(pid=102648) _notify_loop /usr/local/lib/python3.8/dist-packages/neutron_lib/callbacks/manager.py:175}}
Dec 15 13:37:50.124380 dv-cinder-813228-4-iscsi neutron-server[102648]: INFO neutron.wsgi [None req-f73e38b2-53d4-492e-950a-3a0b40955f98 admin admin] 10.222.0.83 "DELETE /v2.0/security-groups/971407e0-d4a4-4b38-8b86-c819b94e748a HTTP/1.1" status: 204 len: 168 time: 0.2254806
Dec 15 13:37:50.140973 dv-cinder-813228-4-iscsi neutron-server[102648]: DEBUG neutron.api.rpc.handlers.resources_rpc [None req-f73e38b2-53d4-492e-950a-3a0b40955f98 admin admin] Pushing event deleted for resources: {'SecurityGroup': ['ID=971407e0-d4a4-4b38-8b86-c819b94e748a,revision_number=None']} {{(pid=102648) push /opt/stack/neutron/neutron/api/rpc/handlers/resources_rpc.py:237}}
Dec 15 13:37:50.284382 dv-cinder-813228-4-iscsi neutron-server[102647]: DEBUG neutron.pecan_wsgi.hooks.policy_enforcement [req-2ca3e234-afcd-4aab-84fc-fde94784a17c req-e4a3c261-a0ca-4048-9056-52e5ad569989 service neutron] Attributes excluded by policy engine: ['standard_attr_id'] {{(pid=102647) _exclude_attributes_by_policy /opt/stack/neutron/neutron/pecan_wsgi/hooks/policy_enforcement.py:255}}
Dec 15 13:37:50.287821 dv-cinder-813228-4-iscsi neutron-server[102647]: INFO neutron.wsgi [req-2ca3e234-afcd-4aab-84fc-fde94784a17c req-e4a3c261-a0ca-4048-9056-52e5ad569989 service neutron] 10.222.0.66 "GET /v2.0/ports?tenant_id=b3823701b6f1423aa1ecd29bf162e5db&device_id=bb877af0-0c4c-4e87-afba-ac87eaca7e67 HTTP/1.1" status: 200 len: 1097 time: 0.1523352
Dec 15 13:37:50.292589 dv-cinder-813228-4-iscsi neutron-server[102648]: DEBUG neutron.pecan_wsgi.hooks.policy_enforcement [req-81a4d62d-2525-4420-bd06-01ce0cef3d75 req-e723a105-dffe-4b11-8ad7-dfc7ed4f9886 tempest-ServerRescueNegativeTestJSON-649309028 tempest-ServerRescueNegativeTestJSON-649309028-project] Attributes excluded by policy engine: ['standard_attr_id', 'binding:profile', 'binding:host_id', 'binding:vif_type', 'binding:vif_details'] {{(pid=102648) _exclude_attributes_by_policy /opt/stack/neutron/neutron/pecan_wsgi/hooks/policy_enforcement.py:255}}
Dec 15 13:37:50.297461 dv-cinder-813228-4-iscsi neutron-server[102647]: DEBUG neutron.wsgi [-] (102647) accepted ('10.222.0.83', 53244) {{(pid=102647) server /usr/local/lib/python3.8/dist-packages/eventlet/wsgi.py:1004}}
Dec 15 13:37:50.300475 dv-cinder-813228-4-iscsi neutron-server[102648]: INFO neutron.wsgi [req-81a4d62d-2525-4420-bd06-01ce0cef3d75 req-e723a105-dffe-4b11-8ad7-dfc7ed4f9886 tempest-ServerRescueNegativeTestJSON-649309028 tempest-ServerRescueNegativeTestJSON-649309028-project] 10.222.0.83 "GET /v2.0/ports?device_id=06bee9b6-80cd-4147-b4a8-5919d331342e HTTP/1.1" status: 200 len: 946 time: 0.0985453
Dec 15 13:37:50.385803 dv-cinder-813228-4-iscsi neutron-server[102648]: INFO neutron.wsgi [req-81a4d62d-2525-4420-bd06-01ce0cef3d75 req-ab21b7bd-6452-4093-bb3f-8a0edb9f2b90 tempest-ServerRescueNegativeTestJSON-649309028 tempest-ServerRescueNegativeTestJSON-649309028-project] 10.222.0.83 "GET /v2.0/security-groups?id=e2d550ba-05bc-47ff-a3c5-0a129a77ac57&fields=id&fields=name HTTP/1.1" status: 200 len: 286 time: 0.0841689
Dec 15 13:37:50.436492 dv-cinder-813228-4-iscsi neutron-server[102647]: DEBUG neutron.pecan_wsgi.hooks.policy_enforcement [req-2ca3e234-afcd-4aab-84fc-fde94784a17c req-c5e5fb88-c2a5-4ca5-9d5c-b976a53bd977 service neutron] Attributes excluded by policy engine: ['standard_attr_id', 'vlan_transparent'] {{(pid=102647) _exclude_attributes_by_policy /opt/stack/neutron/neutron/pecan_wsgi/hooks/policy_enforcement.py:255}}
Dec 15 13:37:50.438625 dv-cinder-813228-4-iscsi neutron-server[102647]: INFO neutron.wsgi [req-2ca3e234-afcd-4aab-84fc-fde94784a17c req-c5e5fb88-c2a5-4ca5-9d5c-b976a53bd977 service neutron] 10.222.0.66 "GET /v2.0/networks?id=c3738d27-4a35-4a97-97f2-d3c9cace88de HTTP/1.1" status: 200 len: 909 time: 0.1316988
Dec 15 13:37:50.497500 dv-cinder-813228-4-iscsi neutron-server[102647]: INFO neutron.wsgi [req-2ca3e234-afcd-4aab-84fc-fde94784a17c req-e93fcb61-0db2-4d8d-9c50-0d6a5cfdd158 service neutron] 10.222.0.66 "GET /v2.0/floatingips?fixed_ip_address=172.20.0.12&port_id=d633ef25-5df0-4c20-bdf3-e7afadaef50f HTTP/1.1" status: 200 len: 217 time: 0.0439634
Dec 15 13:37:50.553287 dv-cinder-813228-4-iscsi neutron-server[102647]: DEBUG neutron.pecan_wsgi.hooks.policy_enforcement [req-2ca3e234-afcd-4aab-84fc-fde94784a17c req-50d846e9-d7dd-4a2f-b6ab-21ba2930bbe8 service neutron] Attributes excluded by policy engine: ['standard_attr_id', 'shared', 'segment_id'] {{(pid=102647) _exclude_attributes_by_policy /opt/stack/neutron/neutron/pecan_wsgi/hooks/policy_enforcement.py:255}}
Dec 15 13:37:50.555096 dv-cinder-813228-4-iscsi neutron-server[102647]: INFO neutron.wsgi [req-2ca3e234-afcd-4aab-84fc-fde94784a17c req-50d846e9-d7dd-4a2f-b6ab-21ba2930bbe8 service neutron] 10.222.0.66 "GET /v2.0/subnets?id=65b5acdd-c486-48db-8588-8524bc968bba HTTP/1.1" status: 200 len: 848 time: 0.0443783
Dec 15 13:37:50.593221 dv-cinder-813228-4-iscsi neutron-server[102647]: INFO neutron.wsgi [req-2ca3e234-afcd-4aab-84fc-fde94784a17c req-1f6e6277-a262-45a5-a1a6-7d9bc69a3b0f service neutron] 10.222.0.66 "GET /v2.0/ports?network_id=c3738d27-4a35-4a97-97f2-d3c9cace88de&device_owner=network%3Adhcp HTTP/1.1" status: 200 len: 210 time: 0.0286434
Dec 15 13:37:50.609559 dv-cinder-813228-4-iscsi neutron-server[102647]: DEBUG neutron_lib.callbacks.manager [None req-663b222d-1ab3-4170-bd1c-aa609d8b6bbd admin admin] Publish callbacks [] for security_group, before_create {{(pid=102647) _notify_loop /usr/local/lib/python3.8/dist-packages/neutron_lib/callbacks/manager.py:175}}
Dec 15 13:37:50.675795 dv-cinder-813228-4-iscsi neutron-server[102647]: DEBUG neutron.wsgi [-] (102647) accepted ('10.222.0.83', 53260) {{(pid=102647) server /usr/local/lib/python3.8/dist-packages/eventlet/wsgi.py:1004}}
Dec 15 13:37:50.708365 dv-cinder-813228-4-iscsi neutron-server[102647]: DEBUG neutron_lib.callbacks.manager [None req-4a68e5d3-fcac-4d6d-b168-876f079afedd admin admin] Publish callbacks [] for security_group, before_create {{(pid=102647) _notify_loop /usr/local/lib/python3.8/dist-packages/neutron_lib/callbacks/manager.py:175}}
Dec 15 13:37:50.761614 dv-cinder-813228-4-iscsi neutron-server[102647]: INFO neutron.wsgi [req-2ca3e234-afcd-4aab-84fc-fde94784a17c req-7d6d0bd1-1f93-42b7-b964-9d13d814bbd8 service neutron] 10.222.0.66 "GET /v2.0/networks/c3738d27-4a35-4a97-97f2-d3c9cace88de?fields=segments HTTP/1.1" status: 200 len: 212 time: 0.1496396
Dec 15 13:37:50.860234 dv-cinder-813228-4-iscsi neutron-server[102647]: DEBUG neutron_lib.callbacks.manager [None req-663b222d-1ab3-4170-bd1c-aa609d8b6bbd admin admin] Publish callbacks [] for security_group, precommit_create {{(pid=102647) _notify_loop /usr/local/lib/python3.8/dist-packages/neutron_lib/callbacks/manager.py:175}}
Dec 15 13:37:50.868150 dv-cinder-813228-4-iscsi neutron-server[102647]: DEBUG neutron_lib.callbacks.manager [None req-663b222d-1ab3-4170-bd1c-aa609d8b6bbd admin admin] Publish callbacks ['neutron.plugins.ml2.ovo_rpc._ObjectChangeHandler.handle_event-559203'] for security_group, after_create {{(pid=102647) _notify_loop /usr/local/lib/python3.8/dist-packages/neutron_lib/callbacks/manager.py:175}}
Dec 15 13:37:50.929100 dv-cinder-813228-4-iscsi neutron-server[102647]: DEBUG neutron.wsgi [-] (102647) accepted ('10.222.0.83', 53270) {{(pid=102647) server /usr/local/lib/python3.8/dist-packages/eventlet/wsgi.py:1004}}
Dec 15 13:37:50.960421 dv-cinder-813228-4-iscsi neutron-server[102647]: INFO neutron.wsgi [None req-663b222d-1ab3-4170-bd1c-aa609d8b6bbd admin admin] 10.222.0.83 "GET /v2.0/security-groups?tenant_id=c875e932f33f4dada66d8d6bec6eafb5&name=default HTTP/1.1" status: 200 len: 2996 time: 0.6593635
Dec 15 13:37:50.971089 dv-cinder-813228-4-iscsi neutron-server[102647]: DEBUG neutron.wsgi [-] (102647) accepted ('10.222.0.83', 53274) {{(pid=102647) server /usr/local/lib/python3.8/dist-packages/eventlet/wsgi.py:1004}}
Dec 15 13:37:50.976326 dv-cinder-813228-4-iscsi neutron-server[102648]: DEBUG neutron.pecan_wsgi.hooks.policy_enforcement [req-f99b069a-1703-497e-851a-d5eb76094119 req-6214d52f-4ae7-4cf1-a149-705864aca8aa tempest-VolumesActionsTest-6933294 tempest-VolumesActionsTest-6933294-project] Attributes excluded by policy engine: ['standard_attr_id', 'binding:profile', 'binding:host_id', 'binding:vif_type', 'binding:vif_details'] {{(pid=102648) _exclude_attributes_by_policy /opt/stack/neutron/neutron/pecan_wsgi/hooks/policy_enforcement.py:255}}
Dec 15 13:37:50.984467 dv-cinder-813228-4-iscsi neutron-server[102647]: DEBUG neutron.api.rpc.handlers.resources_rpc [None req-663b222d-1ab3-4170-bd1c-aa609d8b6bbd admin admin] Pushing event updated for resources: {'SecurityGroup': ['ID=2f13cfd9-cd68-4824-9765-f23d933fe30b,revision_number=1']} {{(pid=102647) push /opt/stack/neutron/neutron/api/rpc/handlers/resources_rpc.py:237}}
Dec 15 13:37:50.986605 dv-cinder-813228-4-iscsi neutron-server[102648]: INFO neutron.wsgi [req-f99b069a-1703-497e-851a-d5eb76094119 req-6214d52f-4ae7-4cf1-a149-705864aca8aa tempest-VolumesActionsTest-6933294 tempest-VolumesActionsTest-6933294-project] 10.222.0.83 "GET /v2.0/ports?device_id=bb877af0-0c4c-4e87-afba-ac87eaca7e67 HTTP/1.1" status: 200 len: 944 time: 0.0773680
Dec 15 13:37:51.013465 dv-cinder-813228-4-iscsi neutron-server[102647]: DEBUG neutron_lib.callbacks.manager [None req-4a68e5d3-fcac-4d6d-b168-876f079afedd admin admin] Publish callbacks [] for security_group, precommit_create {{(pid=102647) _notify_loop /usr/local/lib/python3.8/dist-packages/neutron_lib/callbacks/manager.py:175}}
Dec 15 13:37:51.023485 dv-cinder-813228-4-iscsi neutron-server[102647]: INFO neutron.wsgi [req-2ca3e234-afcd-4aab-84fc-fde94784a17c req-c0894f97-753a-4f29-b1f6-8d839eaf3186 service neutron] 10.222.0.66 "GET /v2.0/networks/c3738d27-4a35-4a97-97f2-d3c9cace88de?fields=provider%3Aphysical_network&fields=provider%3Anetwork_type HTTP/1.1" status: 200 len: 281 time: 0.2450159
Dec 15 13:37:51.044406 dv-cinder-813228-4-iscsi neutron-server[102647]: DEBUG neutron_lib.callbacks.manager [None req-4a68e5d3-fcac-4d6d-b168-876f079afedd admin admin] Publish callbacks ['neutron.plugins.ml2.ovo_rpc._ObjectChangeHandler.handle_event-559203'] for security_group, after_create {{(pid=102647) _notify_loop /usr/local/lib/python3.8/dist-packages/neutron_lib/callbacks/manager.py:175}}
Dec 15 13:37:51.069195 dv-cinder-813228-4-iscsi neutron-server[102647]: DEBUG neutron.db.db_base_plugin_v2 [None req-b785e57c-832c-4234-9a99-a76e5ae52ebf admin admin] Deleting subnet 73b45dab-e4b9-4d1b-907b-d5c3b1f5860b {{(pid=102647) delete_subnet /opt/stack/neutron/neutron/db/db_base_plugin_v2.py:1059}}
Dec 15 13:37:51.074203 dv-cinder-813228-4-iscsi neutron-server[102648]: INFO neutron.wsgi [req-f99b069a-1703-497e-851a-d5eb76094119 req-ea1b3d78-947a-4b59-ac3e-316887e3ed7e tempest-VolumesActionsTest-6933294 tempest-VolumesActionsTest-6933294-project] 10.222.0.83 "GET /v2.0/security-groups?id=bb443b87-2acd-408c-9f6f-46ad57ed92de&fields=id&fields=name HTTP/1.1" status: 200 len: 286 time: 0.0838685
Dec 15 13:37:51.086963 dv-cinder-813228-4-iscsi neutron-server[102647]: DEBUG neutron_lib.callbacks.manager [None req-b785e57c-832c-4234-9a99-a76e5ae52ebf admin admin] Publish callbacks [] for subnet, before_delete {{(pid=102647) _notify_loop /usr/local/lib/python3.8/dist-packages/neutron_lib/callbacks/manager.py:175}}
Dec 15 13:37:51.343185 dv-cinder-813228-4-iscsi neutron-server[102647]: INFO neutron.wsgi [None req-4a68e5d3-fcac-4d6d-b168-876f079afedd admin admin] 10.222.0.83 "GET /v2.0/security-groups?tenant_id=dfb31a71565842119cd33165282963d4&name=default HTTP/1.1" status: 200 len: 2996 time: 0.6626589
Dec 15 13:37:51.345690 dv-cinder-813228-4-iscsi neutron-server[102647]: DEBUG neutron.api.rpc.handlers.resources_rpc [None req-4a68e5d3-fcac-4d6d-b168-876f079afedd admin admin] Pushing event updated for resources: {'SecurityGroup': ['ID=f975e708-6c17-48ef-94aa-34eb7161a40b,revision_number=1']} {{(pid=102647) push /opt/stack/neutron/neutron/api/rpc/handlers/resources_rpc.py:237}}
Dec 15 13:37:51.346184 dv-cinder-813228-4-iscsi neutron-server[102648]: DEBUG neutron.wsgi [-] (102648) accepted ('10.222.0.83', 53284) {{(pid=102648) server /usr/local/lib/python3.8/dist-packages/eventlet/wsgi.py:1004}}
Dec 15 13:37:51.369052 dv-cinder-813228-4-iscsi neutron-server[102647]: DEBUG neutron_lib.callbacks.manager [None req-b785e57c-832c-4234-9a99-a76e5ae52ebf admin admin] Publish callbacks ['neutron.services.segments.plugin.Plugin._validate_auto_address_subnet_delete-58885247'] for subnet, precommit_delete_associations {{(pid=102647) _notify_loop /usr/local/lib/python3.8/dist-packages/neutron_lib/callbacks/manager.py:175}}
Dec 15 13:37:51.371104 dv-cinder-813228-4-iscsi neutron-server[102647]: DEBUG neutron_lib.callbacks.manager [None req-469d839c-ec39-4f98-bccd-da80f9ea3e01 admin admin] Publish callbacks [] for security_group, before_delete {{(pid=102647) _notify_loop /usr/local/lib/python3.8/dist-packages/neutron_lib/callbacks/manager.py:175}}
Dec 15 13:37:51.420365 dv-cinder-813228-4-iscsi neutron-server[102647]: DEBUG neutron_lib.callbacks.manager [None req-469d839c-ec39-4f98-bccd-da80f9ea3e01 admin admin] Publish callbacks [] for security_group, precommit_delete {{(pid=102647) _notify_loop /usr/local/lib/python3.8/dist-packages/neutron_lib/callbacks/manager.py:175}}
Dec 15 13:37:51.426347 dv-cinder-813228-4-iscsi neutron-server[102648]: DEBUG neutron_lib.callbacks.manager [None req-97d411ad-b755-4ce2-9d55-1eedbff64df3 admin admin] Publish callbacks [] for security_group, before_delete {{(pid=102648) _notify_loop /usr/local/lib/python3.8/dist-packages/neutron_lib/callbacks/manager.py:175}}
Dec 15 13:37:51.436948 dv-cinder-813228-4-iscsi neutron-server[102647]: DEBUG neutron_lib.callbacks.manager [None req-b785e57c-832c-4234-9a99-a76e5ae52ebf admin admin] Publish callbacks ['neutron.plugins.ml2.plugin.Ml2Plugin._subnet_delete_precommit_handler-4013510'] for subnet, precommit_delete {{(pid=102647) _notify_loop /usr/local/lib/python3.8/dist-packages/neutron_lib/callbacks/manager.py:175}}
Dec 15 13:37:51.468224 dv-cinder-813228-4-iscsi neutron-server[102648]: DEBUG neutron_lib.callbacks.manager [None req-97d411ad-b755-4ce2-9d55-1eedbff64df3 admin admin] Publish callbacks [] for security_group, precommit_delete {{(pid=102648) _notify_loop /usr/local/lib/python3.8/dist-packages/neutron_lib/callbacks/manager.py:175}}
Dec 15 13:37:51.517137 dv-cinder-813228-4-iscsi neutron-server[102647]: DEBUG neutron_lib.callbacks.manager [None req-469d839c-ec39-4f98-bccd-da80f9ea3e01 admin admin] Publish callbacks ['neutron.plugins.ml2.ovo_rpc._ObjectChangeHandler.handle_event-559203'] for security_group, after_delete {{(pid=102647) _notify_loop /usr/local/lib/python3.8/dist-packages/neutron_lib/callbacks/manager.py:175}}
Dec 15 13:37:51.519847 dv-cinder-813228-4-iscsi neutron-server[102647]: DEBUG neutron_lib.callbacks.manager [None req-469d839c-ec39-4f98-bccd-da80f9ea3e01 admin admin] Publish callbacks [] for security_group, before_response {{(pid=102647) _notify_loop /usr/local/lib/python3.8/dist-packages/neutron_lib/callbacks/manager.py:175}}
Dec 15 13:37:51.522230 dv-cinder-813228-4-iscsi neutron-server[102647]: INFO neutron.wsgi [None req-469d839c-ec39-4f98-bccd-da80f9ea3e01 admin admin] 10.222.0.83 "DELETE /v2.0/security-groups/2f13cfd9-cd68-4824-9765-f23d933fe30b HTTP/1.1" status: 204 len: 168 time: 0.5482903
Dec 15 13:37:51.529320 dv-cinder-813228-4-iscsi neutron-server[102647]: DEBUG neutron_lib.callbacks.manager [None req-b785e57c-832c-4234-9a99-a76e5ae52ebf admin admin] Publish callbacks ['neutron.plugins.ml2.plugin.Ml2Plugin._subnet_delete_after_delete_handler-4013517', 'neutron.plugins.ml2.ovo_rpc._ObjectChangeHandler.handle_event-721235', 'neutron.api.rpc.agentnotifiers.dhcp_rpc_agent_api.DhcpAgentNotifyAPI._native_event_send_dhcp_notification-765044', 'neutron.services.segments.plugin.NovaSegmentNotifier._notify_subnet_deleted-58932016', 'neutron.services.segments.plugin.SegmentHostRoutes.host_routes_after_delete-59530661'] for subnet, after_delete {{(pid=102647) _notify_loop /usr/local/lib/python3.8/dist-packages/neutron_lib/callbacks/manager.py:175}}
Dec 15 13:37:51.542762 dv-cinder-813228-4-iscsi neutron-server[102647]: DEBUG neutron.api.rpc.handlers.resources_rpc [None req-469d839c-ec39-4f98-bccd-da80f9ea3e01 admin admin] Pushing event deleted for resources: {'SecurityGroup': ['ID=2f13cfd9-cd68-4824-9765-f23d933fe30b,revision_number=None']} {{(pid=102647) push /opt/stack/neutron/neutron/api/rpc/handlers/resources_rpc.py:237}}
Dec 15 13:37:51.573868 dv-cinder-813228-4-iscsi neutron-server[102648]: DEBUG neutron.pecan_wsgi.hooks.policy_enforcement [req-6a451fc2-292f-4d72-90c6-34fe1c581271 req-da52186f-3a94-4978-bb1a-073b1d64f0f8 tempest-ServerRescueNegativeTestJSON-649309028 tempest-ServerRescueNegativeTestJSON-649309028-project] Attributes excluded by policy engine: ['standard_attr_id', 'binding:profile', 'binding:host_id', 'binding:vif_type', 'binding:vif_details'] {{(pid=102648) _exclude_attributes_by_policy /opt/stack/neutron/neutron/pecan_wsgi/hooks/policy_enforcement.py:255}}
Dec 15 13:37:51.574374 dv-cinder-813228-4-iscsi neutron-server[102647]: DEBUG neutron.api.rpc.handlers.resources_rpc [None req-b785e57c-832c-4234-9a99-a76e5ae52ebf admin admin] Pushing event deleted for resources: {'Subnet': ['ID=73b45dab-e4b9-4d1b-907b-d5c3b1f5860b,revision_number=None']} {{(pid=102647) push /opt/stack/neutron/neutron/api/rpc/handlers/resources_rpc.py:237}}
Dec 15 13:37:51.575773 dv-cinder-813228-4-iscsi neutron-server[102648]: INFO neutron.wsgi [req-6a451fc2-292f-4d72-90c6-34fe1c581271 req-da52186f-3a94-4978-bb1a-073b1d64f0f8 tempest-ServerRescueNegativeTestJSON-649309028 tempest-ServerRescueNegativeTestJSON-649309028-project] 10.222.0.83 "GET /v2.0/ports?device_id=06bee9b6-80cd-4147-b4a8-5919d331342e HTTP/1.1" status: 200 len: 946 time: 0.0869439
Dec 15 13:37:51.578987 dv-cinder-813228-4-iscsi neutron-server[102647]: DEBUG neutron_lib.callbacks.manager [None req-b785e57c-832c-4234-9a99-a76e5ae52ebf admin admin] Publish callbacks [] for subnet, before_response {{(pid=102647) _notify_loop /usr/local/lib/python3.8/dist-packages/neutron_lib/callbacks/manager.py:175}}
Dec 15 13:37:51.582688 dv-cinder-813228-4-iscsi neutron-server[102647]: INFO neutron.wsgi [None req-b785e57c-832c-4234-9a99-a76e5ae52ebf admin admin] 10.222.0.83 "DELETE /v2.0/subnets/73b45dab-e4b9-4d1b-907b-d5c3b1f5860b HTTP/1.1" status: 204 len: 168 time: 0.6416986
Dec 15 13:37:51.585487 dv-cinder-813228-4-iscsi neutron-server[102647]: DEBUG neutron.wsgi [-] (102647) accepted ('10.222.0.83', 53296) {{(pid=102647) server /usr/local/lib/python3.8/dist-packages/eventlet/wsgi.py:1004}}
Dec 15 13:37:51.588861 dv-cinder-813228-4-iscsi neutron-server[102648]: DEBUG neutron_lib.callbacks.manager [None req-97d411ad-b755-4ce2-9d55-1eedbff64df3 admin admin] Publish callbacks ['neutron.plugins.ml2.ovo_rpc._ObjectChangeHandler.handle_event-559203'] for security_group, after_delete {{(pid=102648) _notify_loop /usr/local/lib/python3.8/dist-packages/neutron_lib/callbacks/manager.py:175}}
Dec 15 13:37:51.591733 dv-cinder-813228-4-iscsi neutron-server[102648]: DEBUG neutron_lib.callbacks.manager [None req-97d411ad-b755-4ce2-9d55-1eedbff64df3 admin admin] Publish callbacks [] for security_group, before_response {{(pid=102648) _notify_loop /usr/local/lib/python3.8/dist-packages/neutron_lib/callbacks/manager.py:175}}
Dec 15 13:37:51.592888 dv-cinder-813228-4-iscsi neutron-server[102648]: INFO neutron.wsgi [None req-97d411ad-b755-4ce2-9d55-1eedbff64df3 admin admin] 10.222.0.83 "DELETE /v2.0/security-groups/f975e708-6c17-48ef-94aa-34eb7161a40b HTTP/1.1" status: 204 len: 168 time: 0.2454805
Dec 15 13:37:51.616137 dv-cinder-813228-4-iscsi neutron-server[102648]: DEBUG neutron.api.rpc.handlers.resources_rpc [None req-97d411ad-b755-4ce2-9d55-1eedbff64df3 admin admin] Pushing event deleted for resources: {'SecurityGroup': ['ID=f975e708-6c17-48ef-94aa-34eb7161a40b,revision_number=None']} {{(pid=102648) push /opt/stack/neutron/neutron/api/rpc/handlers/resources_rpc.py:237}}
Dec 15 13:37:51.674934 dv-cinder-813228-4-iscsi neutron-server[102648]: INFO neutron.wsgi [req-6a451fc2-292f-4d72-90c6-34fe1c581271 req-9f0ea64c-c86b-41d7-9498-07c7bd83a453 tempest-ServerRescueNegativeTestJSON-649309028 tempest-ServerRescueNegativeTestJSON-649309028-project] 10.222.0.83 "GET /v2.0/security-groups?id=e2d550ba-05bc-47ff-a3c5-0a129a77ac57&fields=id&fields=name HTTP/1.1" status: 200 len: 286 time: 0.0850444
Dec 15 13:37:51.679555 dv-cinder-813228-4-iscsi neutron-server[102647]: DEBUG neutron_lib.callbacks.manager [None req-06898d93-169f-4562-837f-9d594ede884e admin admin] Publish callbacks ['neutron.plugins.ml2.plugin.External_net_db_mixin._before_network_delete_handler-3869160'] for network, before_delete {{(pid=102647) _notify_loop /usr/local/lib/python3.8/dist-packages/neutron_lib/callbacks/manager.py:175}}
Dec 15 13:37:51.774008 dv-cinder-813228-4-iscsi neutron-server[102647]: DEBUG neutron_lib.callbacks.manager [None req-06898d93-169f-4562-837f-9d594ede884e admin admin] Publish callbacks ['neutron.plugins.ml2.plugin.Ml2Plugin._network_delete_precommit_handler-4011601', 'neutron.services.segments.db._delete_segments_for_network-8778143306114'] for network, precommit_delete {{(pid=102647) _notify_loop /usr/local/lib/python3.8/dist-packages/neutron_lib/callbacks/manager.py:175}}
Dec 15 13:37:51.796572 dv-cinder-813228-4-iscsi neutron-server[102647]: DEBUG neutron.services.segments.db [None req-06898d93-169f-4562-837f-9d594ede884e admin admin] neutron.services.segments.plugin.Plugin method get_segments called with arguments (,) {'filters': {'network_id': ['5d6416a0-3b53-483b-945b-ef82c2e0f162']}} {{(pid=102647) wrapper /usr/local/lib/python3.8/dist-packages/oslo_log/helpers.py:65}}
Dec 15 13:37:51.807616 dv-cinder-813228-4-iscsi neutron-server[102647]: DEBUG neutron.services.segments.db [None req-06898d93-169f-4562-837f-9d594ede884e admin admin] neutron.services.segments.plugin.Plugin method delete_segment called with arguments (, '39b863fd-80a4-4cff-a28d-5e3079903bab') {'for_net_delete': True} {{(pid=102647) wrapper /usr/local/lib/python3.8/dist-packages/oslo_log/helpers.py:65}}
Dec 15 13:37:51.807823 dv-cinder-813228-4-iscsi neutron-server[102647]: DEBUG neutron.services.segments.db [None req-06898d93-169f-4562-837f-9d594ede884e admin admin] neutron.services.segments.plugin.Plugin method get_segment called with arguments (, '39b863fd-80a4-4cff-a28d-5e3079903bab') {} {{(pid=102647) wrapper /usr/local/lib/python3.8/dist-packages/oslo_log/helpers.py:65}}
Dec 15 13:37:51.818907 dv-cinder-813228-4-iscsi neutron-server[102647]: DEBUG neutron_lib.callbacks.manager [None req-06898d93-169f-4562-837f-9d594ede884e admin admin] Publish callbacks ['neutron.plugins.ml2.db._prevent_segment_delete_with_port_bound-8778143309195', 'neutron.services.segments.plugin.Plugin._prevent_segment_delete_with_subnet_associated-58885252'] for segment, before_delete {{(pid=102647) _notify_loop /usr/local/lib/python3.8/dist-packages/neutron_lib/callbacks/manager.py:175}}
Dec 15 13:37:51.838321 dv-cinder-813228-4-iscsi neutron-server[102647]: DEBUG neutron_lib.callbacks.manager [None req-06898d93-169f-4562-837f-9d594ede884e admin admin] Publish callbacks ['neutron.plugins.ml2.plugin.Ml2Plugin._handle_segment_change-3999055'] for segment, precommit_delete {{(pid=102647) _notify_loop /usr/local/lib/python3.8/dist-packages/neutron_lib/callbacks/manager.py:175}}
Dec 15 13:37:51.847377 dv-cinder-813228-4-iscsi neutron-server[102647]: DEBUG neutron.plugins.ml2.drivers.type_vlan [None req-06898d93-169f-4562-837f-9d594ede884e admin admin] Releasing vlan 788 on physical network physnet1 to pool {{(pid=102647) release_segment /opt/stack/neutron/neutron/plugins/ml2/drivers/type_vlan.py:304}}
Dec 15 13:37:51.847821 dv-cinder-813228-4-iscsi neutron-server[102647]: DEBUG neutron_lib.callbacks.manager [None req-06898d93-169f-4562-837f-9d594ede884e admin admin] Publish callbacks ['neutron.plugins.ml2.plugin.Ml2Plugin._handle_segment_change-3999055', 'neutron.services.segments.plugin.NovaSegmentNotifier._notify_segment_deleted-58932058'] for segment, after_delete {{(pid=102647) _notify_loop /usr/local/lib/python3.8/dist-packages/neutron_lib/callbacks/manager.py:175}}
Dec 15 13:37:51.849555 dv-cinder-813228-4-iscsi neutron-server[102647]: Traceback (most recent call last):
Dec 15 13:37:51.849555 dv-cinder-813228-4-iscsi neutron-server[102647]: File "/usr/local/lib/python3.8/dist-packages/eventlet/hubs/hub.py", line 476, in fire_timers
Dec 15 13:37:51.849555 dv-cinder-813228-4-iscsi neutron-server[102647]: timer()
Dec 15 13:37:51.849555 dv-cinder-813228-4-iscsi neutron-server[102647]: File "/usr/local/lib/python3.8/dist-packages/eventlet/hubs/timer.py", line 59, in __call__
Dec 15 13:37:51.849555 dv-cinder-813228-4-iscsi neutron-server[102647]: cb(*args, **kw)
Dec 15 13:37:51.849555 dv-cinder-813228-4-iscsi neutron-server[102647]: File "/opt/stack/neutron/neutron/common/utils.py", line 914, in wrapper
Dec 15 13:37:51.849555 dv-cinder-813228-4-iscsi neutron-server[102647]: return func(*args, **kwargs)
Dec 15 13:37:51.849555 dv-cinder-813228-4-iscsi neutron-server[102647]: File "/opt/stack/neutron/neutron/notifiers/batch_notifier.py", line 58, in synced_send
Dec 15 13:37:51.849555 dv-cinder-813228-4-iscsi neutron-server[102647]: self._notify()
Dec 15 13:37:51.849555 dv-cinder-813228-4-iscsi neutron-server[102647]: File "/opt/stack/neutron/neutron/notifiers/batch_notifier.py", line 69, in _notify
Dec 15 13:37:51.849555 dv-cinder-813228-4-iscsi neutron-server[102647]: self.callback(batched_events)
Dec 15 13:37:51.849555 dv-cinder-813228-4-iscsi neutron-server[102647]: File "/opt/stack/neutron/neutron/services/segments/plugin.py", line 211, in _send_notifications
Dec 15 13:37:51.849555 dv-cinder-813228-4-iscsi neutron-server[102647]: event.method(event)
Dec 15 13:37:51.849555 dv-cinder-813228-4-iscsi neutron-server[102647]: File "/opt/stack/neutron/neutron/services/segments/plugin.py", line 383, in _delete_nova_inventory
Dec 15 13:37:51.849555 dv-cinder-813228-4-iscsi neutron-server[102647]: aggregate_id = self._get_aggregate_id(event.segment_id)
Dec 15 13:37:51.849555 dv-cinder-813228-4-iscsi neutron-server[102647]: File "/opt/stack/neutron/neutron/services/segments/plugin.py", line 370, in _get_aggregate_id
Dec 15 13:37:51.849555 dv-cinder-813228-4-iscsi neutron-server[102647]: aggregate_uuid = self.p_client.list_aggregates(
Dec 15 13:37:51.849555 dv-cinder-813228-4-iscsi neutron-server[102647]: File "/usr/local/lib/python3.8/dist-packages/neutron_lib/placement/client.py", line 58, in wrapper
Dec 15 13:37:51.849555 dv-cinder-813228-4-iscsi neutron-server[102647]: return f(self, *a, **k)
Dec 15 13:37:51.849555 dv-cinder-813228-4-iscsi neutron-server[102647]: File "/usr/local/lib/python3.8/dist-packages/neutron_lib/placement/client.py", line 554, in list_aggregates
Dec 15 13:37:51.849555 dv-cinder-813228-4-iscsi neutron-server[102647]: return self._get(url).json()
Dec 15 13:37:51.849555 dv-cinder-813228-4-iscsi neutron-server[102647]: File "/usr/local/lib/python3.8/dist-packages/neutron_lib/placement/client.py", line 190, in _get
Dec 15 13:37:51.849555 dv-cinder-813228-4-iscsi neutron-server[102647]: return self._client.get(url, endpoint_filter=self._ks_filter,
Dec 15 13:37:51.849555 dv-cinder-813228-4-iscsi neutron-server[102647]: File "/usr/local/lib/python3.8/dist-packages/keystoneauth1/session.py", line 1141, in get
Dec 15 13:37:51.849555 dv-cinder-813228-4-iscsi neutron-server[102647]: return self.request(url, 'GET', **kwargs)
Dec 15 13:37:51.849555 dv-cinder-813228-4-iscsi neutron-server[102647]: File "/usr/local/lib/python3.8/dist-packages/keystoneauth1/session.py", line 811, in request
Dec 15 13:37:51.849555 dv-cinder-813228-4-iscsi neutron-server[102647]: base_url = self.get_endpoint(auth, allow=allow,
Dec 15 13:37:51.849555 dv-cinder-813228-4-iscsi neutron-server[102647]: File "/usr/local/lib/python3.8/dist-packages/keystoneauth1/session.py", line 1241, in get_endpoint
Dec 15 13:37:51.849555 dv-cinder-813228-4-iscsi neutron-server[102647]: auth = self._auth_required(auth, 'determine endpoint URL')
Dec 15 13:37:51.849555 dv-cinder-813228-4-iscsi neutron-server[102647]: File "/usr/local/lib/python3.8/dist-packages/keystoneauth1/session.py", line 1181, in _auth_required
Dec 15 13:37:51.849555 dv-cinder-813228-4-iscsi neutron-server[102647]: raise exceptions.MissingAuthPlugin(msg_fmt % msg)
Dec 15 13:37:51.849555 dv-cinder-813228-4-iscsi neutron-server[102647]: keystoneauth1.exceptions.auth_plugins.MissingAuthPlugin: An auth plugin is required to determine endpoint URL
Dec 15 13:37:51.909448 dv-cinder-813228-4-iscsi neutron-server[102647]: DEBUG neutron_lib.callbacks.manager [None req-06898d93-169f-4562-837f-9d594ede884e admin admin] Publish callbacks ['neutron.plugins.ml2.plugin.Ml2Plugin._network_delete_after_delete_handler-4011608', 'neutron.plugins.ml2.ovo_rpc._ObjectChangeHandler.handle_event-559154', 'neutron.api.rpc.agentnotifiers.dhcp_rpc_agent_api.DhcpAgentNotifyAPI._native_event_send_dhcp_notification-765044', 'neutron.services.l3_router.l3_router_plugin.DVRResourceOperationHandler.delete_fip_namespaces_for_ext_net-783875'] for network, after_delete {{(pid=102647) _notify_loop /usr/local/lib/python3.8/dist-packages/neutron_lib/callbacks/manager.py:175}}
Dec 15 13:37:51.924260 dv-cinder-813228-4-iscsi neutron-server[102647]: DEBUG neutron_lib.callbacks.manager [None req-06898d93-169f-4562-837f-9d594ede884e admin admin] Publish callbacks ['neutron.api.rpc.agentnotifiers.dhcp_rpc_agent_api.DhcpAgentNotifyAPI._send_dhcp_notification-765034'] for network, before_response {{(pid=102647) _notify_loop /usr/local/lib/python3.8/dist-packages/neutron_lib/callbacks/manager.py:175}}
