Feb 21 00:57:02.190643 dv-cinder-813227-6-smb devstack@c-api.service[110219]: /usr/local/lib/python3.8/dist-packages/oslo_policy/policy.py:809: UserWarning: Policy "volume_extension:default_get":"rule:system_or_domain_or_project_admin" was deprecated in X in favor of "volume_extension:default_get":"rule:admin_api". Reason: Default policies now support the three Keystone default roles, namely 'admin', 'member', and 'reader' to implement three Cinder "personas". See "Policy Personas and Permissions" in the "Cinder Service Configuration" documentation (Xena release) for details.. Either ensure your deployment is ready for the new default or copy/paste the deprecated policy into your policy file and maintain it manually.
Feb 21 00:57:02.190643 dv-cinder-813227-6-smb devstack@c-api.service[110219]: warnings.warn(deprecated_msg)
Feb 21 00:57:02.190643 dv-cinder-813227-6-smb devstack@c-api.service[110219]: /usr/local/lib/python3.8/dist-packages/oslo_policy/policy.py:809: UserWarning: Policy "volume_extension:default_get_all":"role:admin and system_scope:all" was deprecated in X in favor of "volume_extension:default_get_all":"rule:admin_api". Reason: Default policies now support the three Keystone default roles, namely 'admin', 'member', and 'reader' to implement three Cinder "personas". See "Policy Personas and Permissions" in the "Cinder Service Configuration" documentation (Xena release) for details.. Either ensure your deployment is ready for the new default or copy/paste the deprecated policy into your policy file and maintain it manually.
Feb 21 00:57:02.190994 dv-cinder-813227-6-smb devstack@c-api.service[110219]: warnings.warn(deprecated_msg)
Feb 21 00:57:02.190994 dv-cinder-813227-6-smb devstack@c-api.service[110219]: /usr/local/lib/python3.8/dist-packages/oslo_policy/policy.py:809: UserWarning: Policy "volume_extension:default_unset":"rule:system_or_domain_or_project_admin" was deprecated in X in favor of "volume_extension:default_unset":"rule:admin_api". Reason: Default policies now support the three Keystone default roles, namely 'admin', 'member', and 'reader' to implement three Cinder "personas". See "Policy Personas and Permissions" in the "Cinder Service Configuration" documentation (Xena release) for details.. Either ensure your deployment is ready for the new default or copy/paste the deprecated policy into your policy file and maintain it manually.
Feb 21 00:57:02.190994 dv-cinder-813227-6-smb devstack@c-api.service[110219]: warnings.warn(deprecated_msg)
Feb 21 00:57:02.522567 dv-cinder-813227-6-smb devstack@c-api.service[110219]: INFO cinder.api.openstack.wsgi [req-f93fa9ea-8e8b-4c48-a0bc-fade3e126571 req-dd7dcf93-0cd5-4c3f-973c-27ad41e2ef50 admin admin] POST http://10.222.0.37/volume/v3/86623b26304b4aaf82441e56e2e11697/types/e5f5db9c-4880-4d68-844b-c72fac3dd1f6/extra_specs
Feb 21 00:57:02.523333 dv-cinder-813227-6-smb devstack@c-api.service[110219]: DEBUG cinder.api.openstack.wsgi [req-f93fa9ea-8e8b-4c48-a0bc-fade3e126571 req-dd7dcf93-0cd5-4c3f-973c-27ad41e2ef50 admin admin] Action: 'create', calling method: create, body: {"extra_specs": {"volume_backend_name": "lvmdriver-1"}} {{(pid=110219) _process_stack /opt/stack/cinder/cinder/api/openstack/wsgi.py:866}}
Feb 21 00:57:02.525388 dv-cinder-813227-6-smb devstack@c-api.service[110219]: /usr/local/lib/python3.8/dist-packages/oslo_context/context.py:105: DeprecationWarning: Policy enforcement is depending on the value of is_admin. This key is deprecated. Please update your policy file to use the standard policy values.
Feb 21 00:57:02.525388 dv-cinder-813227-6-smb devstack@c-api.service[110219]: warnings.warn('Policy enforcement is depending on the value of '
Feb 21 00:57:02.533001 dv-cinder-813227-6-smb devstack@c-api.service[110219]: DEBUG oslo_db.sqlalchemy.engines [req-f93fa9ea-8e8b-4c48-a0bc-fade3e126571 req-dd7dcf93-0cd5-4c3f-973c-27ad41e2ef50 admin admin] MySQL server mode set to STRICT_TRANS_TABLES,STRICT_ALL_TABLES,NO_ZERO_IN_DATE,NO_ZERO_DATE,ERROR_FOR_DIVISION_BY_ZERO,TRADITIONAL,NO_ENGINE_SUBSTITUTION {{(pid=110219) _check_effective_sql_mode /usr/local/lib/python3.8/dist-packages/oslo_db/sqlalchemy/engines.py:314}}
Feb 21 00:57:02.719771 dv-cinder-813227-6-smb devstack@c-api.service[110219]: INFO cinder.api.openstack.wsgi [req-f93fa9ea-8e8b-4c48-a0bc-fade3e126571 req-dd7dcf93-0cd5-4c3f-973c-27ad41e2ef50 admin admin] http://10.222.0.37/volume/v3/86623b26304b4aaf82441e56e2e11697/types/e5f5db9c-4880-4d68-844b-c72fac3dd1f6/extra_specs returned with HTTP 200
Feb 21 00:57:02.720805 dv-cinder-813227-6-smb devstack@c-api.service[110219]: [pid: 110219|app: 0|req: 1/3] 10.222.0.37 () {62 vars in 1454 bytes} [Mon Feb 21 00:57:02 2022] POST /volume/v3/86623b26304b4aaf82441e56e2e11697/types/e5f5db9c-4880-4d68-844b-c72fac3dd1f6/extra_specs => generated 55 bytes in 578 msecs (HTTP/1.1 200) 7 headers in 284 bytes (1 switches on core 0)
Feb 21 00:57:43.578245 dv-cinder-813227-6-smb devstack@c-api.service[110220]: INFO cinder.api.openstack.wsgi [None req-f93fa9ea-8e8b-4c48-a0bc-fade3e126571 admin admin] GET http://10.222.0.37/volume//
Feb 21 00:57:43.578810 dv-cinder-813227-6-smb devstack@c-api.service[110220]: DEBUG cinder.api.openstack.wsgi [None req-f93fa9ea-8e8b-4c48-a0bc-fade3e126571 admin admin] Empty body provided in request {{(pid=110220) get_body /opt/stack/cinder/cinder/api/openstack/wsgi.py:715}}
Feb 21 00:57:43.579109 dv-cinder-813227-6-smb devstack@c-api.service[110220]: DEBUG cinder.api.openstack.wsgi [None req-f93fa9ea-8e8b-4c48-a0bc-fade3e126571 admin admin] Calling method 'all' {{(pid=110220) _process_stack /opt/stack/cinder/cinder/api/openstack/wsgi.py:868}}
Feb 21 00:57:43.580191 dv-cinder-813227-6-smb devstack@c-api.service[110220]: INFO cinder.api.openstack.wsgi [None req-f93fa9ea-8e8b-4c48-a0bc-fade3e126571 admin admin] http://10.222.0.37/volume// returned with HTTP 300
Feb 21 00:57:43.580728 dv-cinder-813227-6-smb devstack@c-api.service[110220]: [pid: 110220|app: 0|req: 3/4] 10.222.0.37 () {56 vars in 1098 bytes} [Mon Feb 21 00:57:43 2022] GET /volume/ => generated 386 bytes in 3 msecs (HTTP/1.1 300) 5 headers in 169 bytes (1 switches on core 0)
Feb 21 01:00:36.069279 dv-cinder-813227-6-smb devstack@c-api.service[110219]: INFO cinder.api.openstack.wsgi [None req-842aaa2e-97ce-43e6-8929-ae7ffdc30996 tempest-verify_tempest_config-820974556 tempest-verify_tempest_config-820974556-project] GET http://10.222.0.37/volume/v3/3cac25d8dc214b4e8b6dff576f479d91/extensions
Feb 21 01:00:36.070925 dv-cinder-813227-6-smb devstack@c-api.service[110219]: DEBUG cinder.api.openstack.wsgi [None req-842aaa2e-97ce-43e6-8929-ae7ffdc30996 tempest-verify_tempest_config-820974556 tempest-verify_tempest_config-820974556-project] Empty body provided in request {{(pid=110219) get_body /opt/stack/cinder/cinder/api/openstack/wsgi.py:715}}
Feb 21 01:00:36.070925 dv-cinder-813227-6-smb devstack@c-api.service[110219]: DEBUG cinder.api.openstack.wsgi [None req-842aaa2e-97ce-43e6-8929-ae7ffdc30996 tempest-verify_tempest_config-820974556 tempest-verify_tempest_config-820974556-project] Calling method 'index' {{(pid=110219) _process_stack /opt/stack/cinder/cinder/api/openstack/wsgi.py:868}}
Feb 21 01:00:36.071589 dv-cinder-813227-6-smb devstack@c-api.service[110219]: INFO cinder.api.openstack.wsgi [None req-842aaa2e-97ce-43e6-8929-ae7ffdc30996 tempest-verify_tempest_config-820974556 tempest-verify_tempest_config-820974556-project] http://10.222.0.37/volume/v3/3cac25d8dc214b4e8b6dff576f479d91/extensions returned with HTTP 200
Feb 21 01:00:36.072738 dv-cinder-813227-6-smb devstack@c-api.service[110219]: [pid: 110219|app: 0|req: 2/5] 10.222.0.37 () {58 vars in 1222 bytes} [Mon Feb 21 01:00:36 2022] GET /volume/v3/3cac25d8dc214b4e8b6dff576f479d91/extensions => generated 5245 bytes in 9 msecs (HTTP/1.1 200) 7 headers in 286 bytes (1 switches on core 0)
Feb 21 01:02:50.168153 dv-cinder-813227-6-smb devstack@c-api.service[110220]: INFO cinder.api.openstack.wsgi [None req-7e61a867-d2a6-4295-827e-2dd9040b1f6c admin admin] GET http://10.222.0.37/volume/v3/86623b26304b4aaf82441e56e2e11697/os-services
Feb 21 01:02:50.168708 dv-cinder-813227-6-smb devstack@c-api.service[110220]: DEBUG cinder.api.openstack.wsgi [None req-7e61a867-d2a6-4295-827e-2dd9040b1f6c admin admin] Empty body provided in request {{(pid=110220) get_body /opt/stack/cinder/cinder/api/openstack/wsgi.py:715}}
Feb 21 01:02:50.169110 dv-cinder-813227-6-smb devstack@c-api.service[110220]: DEBUG cinder.api.openstack.wsgi [None req-7e61a867-d2a6-4295-827e-2dd9040b1f6c admin admin] Calling method 'index' {{(pid=110220) _process_stack /opt/stack/cinder/cinder/api/openstack/wsgi.py:868}}
Feb 21 01:02:50.179149 dv-cinder-813227-6-smb devstack@c-api.service[110220]: INFO cinder.api.openstack.wsgi [None req-7e61a867-d2a6-4295-827e-2dd9040b1f6c admin admin] http://10.222.0.37/volume/v3/86623b26304b4aaf82441e56e2e11697/os-services returned with HTTP 200
Feb 21 01:02:50.179846 dv-cinder-813227-6-smb devstack@c-api.service[110220]: [pid: 110220|app: 0|req: 4/6] 10.222.0.37 () {56 vars in 1201 bytes} [Mon Feb 21 01:02:50 2022] GET /volume/v3/86623b26304b4aaf82441e56e2e11697/os-services => generated 640 bytes in 108 msecs (HTTP/1.1 200) 7 headers in 285 bytes (1 switches on core 0)
Feb 21 01:02:52.995832 dv-cinder-813227-6-smb devstack@c-api.service[110219]: INFO cinder.api.openstack.wsgi [None req-7c941103-e2be-4e75-b134-b5683de15907 admin admin] GET http://10.222.0.37/volume/v3/86623b26304b4aaf82441e56e2e11697/os-services
Feb 21 01:02:52.996319 dv-cinder-813227-6-smb devstack@c-api.service[110219]: DEBUG cinder.api.openstack.wsgi [None req-7c941103-e2be-4e75-b134-b5683de15907 admin admin] Empty body provided in request {{(pid=110219) get_body /opt/stack/cinder/cinder/api/openstack/wsgi.py:715}}
Feb 21 01:02:52.996764 dv-cinder-813227-6-smb devstack@c-api.service[110219]: DEBUG cinder.api.openstack.wsgi [None req-7c941103-e2be-4e75-b134-b5683de15907 admin admin] Calling method 'index' {{(pid=110219) _process_stack /opt/stack/cinder/cinder/api/openstack/wsgi.py:868}}
Feb 21 01:02:53.005935 dv-cinder-813227-6-smb devstack@c-api.service[110219]: INFO cinder.api.openstack.wsgi [None req-7c941103-e2be-4e75-b134-b5683de15907 admin admin] http://10.222.0.37/volume/v3/86623b26304b4aaf82441e56e2e11697/os-services returned with HTTP 200
Feb 21 01:02:53.006632 dv-cinder-813227-6-smb devstack@c-api.service[110219]: [pid: 110219|app: 0|req: 3/7] 10.222.0.37 () {56 vars in 1201 bytes} [Mon Feb 21 01:02:52 2022] GET /volume/v3/86623b26304b4aaf82441e56e2e11697/os-services => generated 640 bytes in 101 msecs (HTTP/1.1 200) 7 headers in 285 bytes (1 switches on core 0)
Feb 21 01:04:28.992915 dv-cinder-813227-6-smb devstack@c-api.service[110220]: WARNING keystonemiddleware.auth_token [None req-7e61a867-d2a6-4295-827e-2dd9040b1f6c admin admin] A valid token was submitted as a service token, but it was not a valid service token. This is incorrect but backwards compatible behaviour. This will be removed in future releases.
Feb 21 01:04:28.997930 dv-cinder-813227-6-smb devstack@c-api.service[110220]: INFO cinder.api.openstack.wsgi [req-c092a45f-b798-449e-b2bf-d106757bfc82 req-0ae22e03-2f63-433a-9861-20c2c7cc1f83 tempest-VolumesSnapshotsTestJSON-1430244581 tempest-VolumesSnapshotsTestJSON-1430244581-project] POST http://10.222.0.37/volume/v3/5d186fee3e0d4cab8cc32dc2d3e8d925/volumes
Feb 21 01:04:28.998849 dv-cinder-813227-6-smb devstack@c-api.service[110220]: DEBUG cinder.api.openstack.wsgi [req-c092a45f-b798-449e-b2bf-d106757bfc82 req-0ae22e03-2f63-433a-9861-20c2c7cc1f83 tempest-VolumesSnapshotsTestJSON-1430244581 tempest-VolumesSnapshotsTestJSON-1430244581-project] Action: 'create', calling method: create, body: {"volume": {"size": 1, "consistencygroup_id": null, "snapshot_id": null, "name": "tempest-VolumesSnapshotsTestJSON-volume-521965701", "description": null, "volume_type": null, "availability_zone": null, "metadata": {}, "imageRef": null, "source_volid": null, "backup_id": null}} {{(pid=110220) _process_stack /opt/stack/cinder/cinder/api/openstack/wsgi.py:866}}
Feb 21 01:04:29.000691 dv-cinder-813227-6-smb devstack@c-api.service[110220]: DEBUG cinder.api.v3.volumes [req-c092a45f-b798-449e-b2bf-d106757bfc82 req-0ae22e03-2f63-433a-9861-20c2c7cc1f83 tempest-VolumesSnapshotsTestJSON-1430244581 tempest-VolumesSnapshotsTestJSON-1430244581-project] Create volume request body: {'volume': {'size': 1, 'consistencygroup_id': None, 'snapshot_id': None, 'name': 'tempest-VolumesSnapshotsTestJSON-volume-521965701', 'description': None, 'volume_type': None, 'availability_zone': None, 'metadata': {}, 'imageRef': None, 'source_volid': None, 'backup_id': None}} {{(pid=110220) create /opt/stack/cinder/cinder/api/v3/volumes.py:298}}
Feb 21 01:04:29.001606 dv-cinder-813227-6-smb devstack@c-api.service[110220]: INFO cinder.api.v3.volumes [req-c092a45f-b798-449e-b2bf-d106757bfc82 req-0ae22e03-2f63-433a-9861-20c2c7cc1f83 tempest-VolumesSnapshotsTestJSON-1430244581 tempest-VolumesSnapshotsTestJSON-1430244581-project] Create volume of 1 GB
Feb 21 01:04:29.019041 dv-cinder-813227-6-smb devstack@c-api.service[110220]: DEBUG cinder.volume.api [req-c092a45f-b798-449e-b2bf-d106757bfc82 req-0ae22e03-2f63-433a-9861-20c2c7cc1f83 tempest-VolumesSnapshotsTestJSON-1430244581 tempest-VolumesSnapshotsTestJSON-1430244581-project] Availability zone cache updated, next update will occur around 2022-02-21 02:04:29.018205. {{(pid=110220) list_availability_zones /opt/stack/cinder/cinder/volume/api.py:151}}
Feb 21 01:04:29.020046 dv-cinder-813227-6-smb devstack@c-api.service[110220]: INFO cinder.volume.api [req-c092a45f-b798-449e-b2bf-d106757bfc82 req-0ae22e03-2f63-433a-9861-20c2c7cc1f83 tempest-VolumesSnapshotsTestJSON-1430244581 tempest-VolumesSnapshotsTestJSON-1430244581-project] Availability Zones retrieved successfully.
Feb 21 01:04:29.137835 dv-cinder-813227-6-smb devstack@c-api.service[110220]: DEBUG cinder.volume.api [req-c092a45f-b798-449e-b2bf-d106757bfc82 req-0ae22e03-2f63-433a-9861-20c2c7cc1f83 tempest-VolumesSnapshotsTestJSON-1430244581 tempest-VolumesSnapshotsTestJSON-1430244581-project] Flow 'volume_create_api' (e869b6e3-3bc4-4a6b-817c-96ef9d60ff77) transitioned into state 'RUNNING' from state 'PENDING' {{(pid=110220) _flow_receiver /usr/local/lib/python3.8/dist-packages/taskflow/listeners/logging.py:141}}
Feb 21 01:04:29.140891 dv-cinder-813227-6-smb devstack@c-api.service[110220]: DEBUG cinder.volume.api [req-c092a45f-b798-449e-b2bf-d106757bfc82 req-0ae22e03-2f63-433a-9861-20c2c7cc1f83 tempest-VolumesSnapshotsTestJSON-1430244581 tempest-VolumesSnapshotsTestJSON-1430244581-project] Task 'cinder.volume.flows.api.create_volume.ExtractVolumeRequestTask;volume:create' (372a2ba8-8e88-41c4-b997-356878f99ca9) transitioned into state 'RUNNING' from state 'PENDING' {{(pid=110220) _task_receiver /usr/local/lib/python3.8/dist-packages/taskflow/listeners/logging.py:190}}
Feb 21 01:04:29.154484 dv-cinder-813227-6-smb devstack@c-api.service[110220]: DEBUG cinder.volume.flows.api.create_volume [req-c092a45f-b798-449e-b2bf-d106757bfc82 req-0ae22e03-2f63-433a-9861-20c2c7cc1f83 tempest-VolumesSnapshotsTestJSON-1430244581 tempest-VolumesSnapshotsTestJSON-1430244581-project] Validating volume size '1' using validate_int {{(pid=110220) _extract_size /opt/stack/cinder/cinder/volume/flows/api/create_volume.py:225}}
Feb 21 01:04:29.253915 dv-cinder-813227-6-smb devstack@c-api.service[110220]: DEBUG cinder.volume.api [req-c092a45f-b798-449e-b2bf-d106757bfc82 req-0ae22e03-2f63-433a-9861-20c2c7cc1f83 tempest-VolumesSnapshotsTestJSON-1430244581 tempest-VolumesSnapshotsTestJSON-1430244581-project] Task 'cinder.volume.flows.api.create_volume.ExtractVolumeRequestTask;volume:create' (372a2ba8-8e88-41c4-b997-356878f99ca9) transitioned into state 'SUCCESS' from state 'RUNNING' with result '{'size': 1, 'snapshot_id': None, 'source_volid': None, 'volume_type': VolumeType(created_at=2022-02-21T00:48:54Z,deleted=False,deleted_at=None,description='Default Volume Type',extra_specs={},id=3926fb5e-4436-4509-9ab8-8863cce856fe,is_public=True,name='__DEFAULT__',projects=[],qos_specs=,qos_specs_id=None,updated_at=2022-02-21T00:48:54Z), 'volume_type_id': '3926fb5e-4436-4509-9ab8-8863cce856fe', 'encryption_key_id': None, 'qos_specs': None, 'consistencygroup_id': None, 'cgsnapshot_id': None, 'group_id': None, 'replication_status': 'disabled', 'refresh_az': False, 'backup_id': None, 'multiattach': False, 'availability_zones': ['nova']}' {{(pid=110220) _task_receiver /usr/local/lib/python3.8/dist-packages/taskflow/listeners/logging.py:178}}
Feb 21 01:04:29.256621 dv-cinder-813227-6-smb devstack@c-api.service[110220]: DEBUG cinder.volume.api [req-c092a45f-b798-449e-b2bf-d106757bfc82 req-0ae22e03-2f63-433a-9861-20c2c7cc1f83 tempest-VolumesSnapshotsTestJSON-1430244581 tempest-VolumesSnapshotsTestJSON-1430244581-project] Task 'cinder.volume.flows.api.create_volume.QuotaReserveTask;volume:create' (76451778-5ff6-4942-a017-7c0214f3192d) transitioned into state 'RUNNING' from state 'PENDING' {{(pid=110220) _task_receiver /usr/local/lib/python3.8/dist-packages/taskflow/listeners/logging.py:190}}
Feb 21 01:04:29.296160 dv-cinder-813227-6-smb devstack@c-api.service[110219]: INFO cinder.api.openstack.wsgi [None req-6cc1672a-3a37-45b5-a811-fd9db8d6122e tempest-GroupSnapshotsTest-1900957141 tempest-GroupSnapshotsTest-1900957141-project-admin] POST http://10.222.0.37/volume/v3/81f74b52d3a742389fca5560717b0d5c/types
Feb 21 01:04:29.297801 dv-cinder-813227-6-smb devstack@c-api.service[110219]: DEBUG cinder.api.openstack.wsgi [None req-6cc1672a-3a37-45b5-a811-fd9db8d6122e tempest-GroupSnapshotsTest-1900957141 tempest-GroupSnapshotsTest-1900957141-project-admin] Action: 'create', calling method: _create, body: {"volume_type": {"name": "tempest-GroupSnapshotsTest-volume-type-879869646"}} {{(pid=110219) _process_stack /opt/stack/cinder/cinder/api/openstack/wsgi.py:866}}
Feb 21 01:04:29.358536 dv-cinder-813227-6-smb devstack@c-api.service[110220]: WARNING cinder.quota [req-c092a45f-b798-449e-b2bf-d106757bfc82 req-0ae22e03-2f63-433a-9861-20c2c7cc1f83 tempest-VolumesSnapshotsTestJSON-1430244581 tempest-VolumesSnapshotsTestJSON-1430244581-project] Deprecated: Default quota for resource: volumes___DEFAULT__ is set by the default quota flag: quota_volumes___DEFAULT__, it is now deprecated. Please use the default quota class for default quota.
Feb 21 01:04:29.359572 dv-cinder-813227-6-smb devstack@c-api.service[110220]: WARNING cinder.quota [req-c092a45f-b798-449e-b2bf-d106757bfc82 req-0ae22e03-2f63-433a-9861-20c2c7cc1f83 tempest-VolumesSnapshotsTestJSON-1430244581 tempest-VolumesSnapshotsTestJSON-1430244581-project] Deprecated: Default quota for resource: gigabytes___DEFAULT__ is set by the default quota flag: quota_gigabytes___DEFAULT__, it is now deprecated. Please use the default quota class for default quota.
Feb 21 01:04:29.438616 dv-cinder-813227-6-smb devstack@c-api.service[110219]: INFO cinder.api.openstack.wsgi [None req-6cc1672a-3a37-45b5-a811-fd9db8d6122e tempest-GroupSnapshotsTest-1900957141 tempest-GroupSnapshotsTest-1900957141-project-admin] http://10.222.0.37/volume/v3/81f74b52d3a742389fca5560717b0d5c/types returned with HTTP 200
Feb 21 01:04:29.441333 dv-cinder-813227-6-smb devstack@c-api.service[110219]: [pid: 110219|app: 0|req: 4/8] 10.222.0.37 () {60 vars in 1228 bytes} [Mon Feb 21 01:04:28 2022] POST /volume/v3/81f74b52d3a742389fca5560717b0d5c/types => generated 223 bytes in 590 msecs (HTTP/1.1 200) 7 headers in 285 bytes (2 switches on core 0)
Feb 21 01:04:29.621720 dv-cinder-813227-6-smb devstack@c-api.service[110219]: INFO cinder.api.openstack.wsgi [None req-6ac3a5da-6315-4705-b8ec-d4596706c1c9 tempest-VolumeHostsAdminTestsJSON-1646782812 tempest-VolumeHostsAdminTestsJSON-1646782812-project-admin] GET http://10.222.0.37/volume/v3/8c3f6ee58cbf44a38e6a61fc0bb0777f/os-hosts
Feb 21 01:04:29.622518 dv-cinder-813227-6-smb devstack@c-api.service[110219]: DEBUG cinder.api.openstack.wsgi [None req-6ac3a5da-6315-4705-b8ec-d4596706c1c9 tempest-VolumeHostsAdminTestsJSON-1646782812 tempest-VolumeHostsAdminTestsJSON-1646782812-project-admin] Empty body provided in request {{(pid=110219) get_body /opt/stack/cinder/cinder/api/openstack/wsgi.py:715}}
Feb 21 01:04:29.624972 dv-cinder-813227-6-smb devstack@c-api.service[110219]: DEBUG cinder.api.openstack.wsgi [None req-6ac3a5da-6315-4705-b8ec-d4596706c1c9 tempest-VolumeHostsAdminTestsJSON-1646782812 tempest-VolumeHostsAdminTestsJSON-1646782812-project-admin] Calling method 'index' {{(pid=110219) _process_stack /opt/stack/cinder/cinder/api/openstack/wsgi.py:868}}
Feb 21 01:04:29.634910 dv-cinder-813227-6-smb devstack@c-api.service[110220]: DEBUG cinder.quota [req-c092a45f-b798-449e-b2bf-d106757bfc82 req-0ae22e03-2f63-433a-9861-20c2c7cc1f83 tempest-VolumesSnapshotsTestJSON-1430244581 tempest-VolumesSnapshotsTestJSON-1430244581-project] Created reservations ['a0561345-29da-421d-81da-57a7fc5fdf33', 'd1196e93-ad18-4d23-b263-4f00ded99cfb', '14beaa37-39a0-4717-b641-aff89e6ea5a6', '6ca3d920-eb77-4a75-b72b-98c8fa8c5bcf'] {{(pid=110220) reserve /opt/stack/cinder/cinder/quota.py:755}}
Feb 21 01:04:29.638250 dv-cinder-813227-6-smb devstack@c-api.service[110220]: DEBUG cinder.volume.api [req-c092a45f-b798-449e-b2bf-d106757bfc82 req-0ae22e03-2f63-433a-9861-20c2c7cc1f83 tempest-VolumesSnapshotsTestJSON-1430244581 tempest-VolumesSnapshotsTestJSON-1430244581-project] Task 'cinder.volume.flows.api.create_volume.QuotaReserveTask;volume:create' (76451778-5ff6-4942-a017-7c0214f3192d) transitioned into state 'SUCCESS' from state 'RUNNING' with result '{'reservations': ['a0561345-29da-421d-81da-57a7fc5fdf33', 'd1196e93-ad18-4d23-b263-4f00ded99cfb', '14beaa37-39a0-4717-b641-aff89e6ea5a6', '6ca3d920-eb77-4a75-b72b-98c8fa8c5bcf']}' {{(pid=110220) _task_receiver /usr/local/lib/python3.8/dist-packages/taskflow/listeners/logging.py:178}}
Feb 21 01:04:29.640549 dv-cinder-813227-6-smb devstack@c-api.service[110220]: DEBUG cinder.volume.api [req-c092a45f-b798-449e-b2bf-d106757bfc82 req-0ae22e03-2f63-433a-9861-20c2c7cc1f83 tempest-VolumesSnapshotsTestJSON-1430244581 tempest-VolumesSnapshotsTestJSON-1430244581-project] Task 'cinder.volume.flows.api.create_volume.EntryCreateTask;volume:create' (f362a8fc-ca8e-46a6-9d1d-247650763c4c) transitioned into state 'RUNNING' from state 'PENDING' {{(pid=110220) _task_receiver /usr/local/lib/python3.8/dist-packages/taskflow/listeners/logging.py:190}}
Feb 21 01:04:29.647716 dv-cinder-813227-6-smb devstack@c-api.service[110219]: DEBUG cinder.api.contrib.hosts [None req-6ac3a5da-6315-4705-b8ec-d4596706c1c9 tempest-VolumeHostsAdminTestsJSON-1646782812 tempest-VolumeHostsAdminTestsJSON-1646782812-project-admin] status, active and update: available, enabled, 2022-02-21 01:04:23+00:00 {{(pid=110219) _list_hosts /opt/stack/cinder/cinder/api/contrib/hosts.py:59}}
Feb 21 01:04:29.648405 dv-cinder-813227-6-smb devstack@c-api.service[110219]: DEBUG cinder.api.contrib.hosts [None req-6ac3a5da-6315-4705-b8ec-d4596706c1c9 tempest-VolumeHostsAdminTestsJSON-1646782812 tempest-VolumeHostsAdminTestsJSON-1646782812-project-admin] status, active and update: available, enabled, 2022-02-21 01:04:24+00:00 {{(pid=110219) _list_hosts /opt/stack/cinder/cinder/api/contrib/hosts.py:59}}
Feb 21 01:04:29.649052 dv-cinder-813227-6-smb devstack@c-api.service[110219]: DEBUG cinder.api.contrib.hosts [None req-6ac3a5da-6315-4705-b8ec-d4596706c1c9 tempest-VolumeHostsAdminTestsJSON-1646782812 tempest-VolumeHostsAdminTestsJSON-1646782812-project-admin] status, active and update: available, enabled, 2022-02-21 01:04:24+00:00 {{(pid=110219) _list_hosts /opt/stack/cinder/cinder/api/contrib/hosts.py:59}}
Feb 21 01:04:29.649882 dv-cinder-813227-6-smb devstack@c-api.service[110219]: INFO cinder.api.openstack.wsgi [None req-6ac3a5da-6315-4705-b8ec-d4596706c1c9 tempest-VolumeHostsAdminTestsJSON-1646782812 tempest-VolumeHostsAdminTestsJSON-1646782812-project-admin] http://10.222.0.37/volume/v3/8c3f6ee58cbf44a38e6a61fc0bb0777f/os-hosts returned with HTTP 200
Feb 21 01:04:29.651403 dv-cinder-813227-6-smb devstack@c-api.service[110219]: [pid: 110219|app: 0|req: 5/9] 10.222.0.37 () {58 vars in 1216 bytes} [Mon Feb 21 01:04:29 2022] GET /volume/v3/8c3f6ee58cbf44a38e6a61fc0bb0777f/os-hosts => generated 574 bytes in 209 msecs (HTTP/1.1 200) 7 headers in 285 bytes (1 switches on core 0)
Feb 21 01:04:29.658479 dv-cinder-813227-6-smb devstack@c-api.service[110219]: INFO cinder.api.openstack.wsgi [None req-300dc42f-24e1-47d4-96bc-64b5426e7fbf tempest-GroupSnapshotsTest-1900957141 tempest-GroupSnapshotsTest-1900957141-project-admin] POST http://10.222.0.37/volume/v3/81f74b52d3a742389fca5560717b0d5c/group_types
Feb 21 01:04:29.659749 dv-cinder-813227-6-smb devstack@c-api.service[110219]: DEBUG cinder.api.openstack.wsgi [None req-300dc42f-24e1-47d4-96bc-64b5426e7fbf tempest-GroupSnapshotsTest-1900957141 tempest-GroupSnapshotsTest-1900957141-project-admin] Action: 'create', calling method: version_select, body: {"group_type": {"name": "tempest-GroupSnapshotsTest-group-type-553041840"}} {{(pid=110219) _process_stack /opt/stack/cinder/cinder/api/openstack/wsgi.py:866}}
Feb 21 01:04:29.796726 dv-cinder-813227-6-smb devstack@c-api.service[110219]: INFO cinder.api.openstack.wsgi [None req-300dc42f-24e1-47d4-96bc-64b5426e7fbf tempest-GroupSnapshotsTest-1900957141 tempest-GroupSnapshotsTest-1900957141-project-admin] http://10.222.0.37/volume/v3/81f74b52d3a742389fca5560717b0d5c/group_types returned with HTTP 202
Feb 21 01:04:29.798828 dv-cinder-813227-6-smb devstack@c-api.service[110219]: [pid: 110219|app: 0|req: 6/10] 10.222.0.37 () {62 vars in 1287 bytes} [Mon Feb 21 01:04:29 2022] POST /volume/v3/81f74b52d3a742389fca5560717b0d5c/group_types => generated 180 bytes in 145 msecs (HTTP/1.1 202) 7 headers in 292 bytes (1 switches on core 0)
Feb 21 01:04:29.867539 dv-cinder-813227-6-smb devstack@c-api.service[110219]: INFO cinder.api.openstack.wsgi [None req-94510865-6258-4a52-8a0d-fc7857e13036 tempest-GroupsV320Test-1110368675 tempest-GroupsV320Test-1110368675-project-admin] POST http://10.222.0.37/volume/v3/bfeae50455ce46b0be883545357a5e60/types
Feb 21 01:04:29.868396 dv-cinder-813227-6-smb devstack@c-api.service[110219]: DEBUG cinder.api.openstack.wsgi [None req-94510865-6258-4a52-8a0d-fc7857e13036 tempest-GroupsV320Test-1110368675 tempest-GroupsV320Test-1110368675-project-admin] Action: 'create', calling method: _create, body: {"volume_type": {"name": "tempest-GroupsV320Test-volume-type-609273276"}} {{(pid=110219) _process_stack /opt/stack/cinder/cinder/api/openstack/wsgi.py:866}}
Feb 21 01:04:29.891226 dv-cinder-813227-6-smb devstack@c-api.service[110220]: DEBUG cinder.volume.api [req-c092a45f-b798-449e-b2bf-d106757bfc82 req-0ae22e03-2f63-433a-9861-20c2c7cc1f83 tempest-VolumesSnapshotsTestJSON-1430244581 tempest-VolumesSnapshotsTestJSON-1430244581-project] Task 'cinder.volume.flows.api.create_volume.EntryCreateTask;volume:create' (f362a8fc-ca8e-46a6-9d1d-247650763c4c) transitioned into state 'SUCCESS' from state 'RUNNING' with result '{'volume_id': '33ebe272-d598-4554-9cd4-8fdf06eb376a', 'volume_properties': VolumeProperties(attach_status='detached',availability_zone='nova',cgsnapshot_id=None,consistencygroup_id=None,display_description=None,display_name='tempest-VolumesSnapshotsTestJSON-volume-521965701',encryption_key_id=None,group_id=None,group_type_id=,metadata={},multiattach=False,project_id='5d186fee3e0d4cab8cc32dc2d3e8d925',qos_specs=None,replication_status=,reservations=['a0561345-29da-421d-81da-57a7fc5fdf33','d1196e93-ad18-4d23-b263-4f00ded99cfb','14beaa37-39a0-4717-b641-aff89e6ea5a6','6ca3d920-eb77-4a75-b72b-98c8fa8c5bcf'],size=1,snapshot_id=None,source_replicaid=,source_volid=None,status='creating',user_id='f5940bc4ed1f48428d4f4aea302c48f6',volume_type_id=3926fb5e-4436-4509-9ab8-8863cce856fe), 'volume': Volume(_name_id=None,admin_metadata=,attach_status='detached',availability_zone='nova',bootable=False,cluster=,cluster_name=None,consistencygroup=,consistencygroup_id=None,created_at=2022-02-21T01:04:29Z,deleted=False,deleted_at=None,display_description=None,display_name='tempest-VolumesSnapshotsTestJSON-volume-521965701',ec2_id=None,encryption_key_id=None,glance_metadata=,group=,group_id=None,host=None,id=33ebe272-d598-4554-9cd4-8fdf06eb376a,launched_at=None,metadata={},migration_status=None,multiattach=False,previous_status=None,project_id='5d186fee3e0d4cab8cc32dc2d3e8d925',provider_auth=None,provider_geometry=None,provider_id=None,provider_location=None,replication_driver_data=None,replication_extended_status=None,replication_status=None,scheduled_at=None,service_uuid=None,shared_targets=True,size=1,snapshot_id=None,snapshots=,source_volid=None,status='creating',terminated_at=None,updated_at=None,use_quota=True,user_id='f5940bc4ed1f48428d4f4aea302c48f6',volume_attachment=VolumeAttachmentList,volume_type=VolumeType(3926fb5e-4436-4509-9ab8-8863cce856fe),volume_type_id=3926fb5e-4436-4509-9ab8-8863cce856fe)}' {{(pid=110220) _task_receiver /usr/local/lib/python3.8/dist-packages/taskflow/listeners/logging.py:178}}
Feb 21 01:04:29.893502 dv-cinder-813227-6-smb devstack@c-api.service[110220]: DEBUG cinder.volume.api [req-c092a45f-b798-449e-b2bf-d106757bfc82 req-0ae22e03-2f63-433a-9861-20c2c7cc1f83 tempest-VolumesSnapshotsTestJSON-1430244581 tempest-VolumesSnapshotsTestJSON-1430244581-project] Task 'cinder.volume.flows.api.create_volume.QuotaCommitTask;volume:create' (70c70d4e-8f28-4538-82f4-78fe842a28e8) transitioned into state 'RUNNING' from state 'PENDING' {{(pid=110220) _task_receiver /usr/local/lib/python3.8/dist-packages/taskflow/listeners/logging.py:190}}
Feb 21 01:04:30.035429 dv-cinder-813227-6-smb devstack@c-api.service[110219]: INFO cinder.api.openstack.wsgi [None req-94510865-6258-4a52-8a0d-fc7857e13036 tempest-GroupsV320Test-1110368675 tempest-GroupsV320Test-1110368675-project-admin] http://10.222.0.37/volume/v3/bfeae50455ce46b0be883545357a5e60/types returned with HTTP 200
Feb 21 01:04:30.044812 dv-cinder-813227-6-smb devstack@c-api.service[110219]: [pid: 110219|app: 0|req: 7/11] 10.222.0.37 () {60 vars in 1228 bytes} [Mon Feb 21 01:04:29 2022] POST /volume/v3/bfeae50455ce46b0be883545357a5e60/types => generated 219 bytes in 241 msecs (HTTP/1.1 200) 7 headers in 285 bytes (1 switches on core 0)
Feb 21 01:04:30.071572 dv-cinder-813227-6-smb devstack@c-api.service[110220]: DEBUG cinder.volume.api [req-c092a45f-b798-449e-b2bf-d106757bfc82 req-0ae22e03-2f63-433a-9861-20c2c7cc1f83 tempest-VolumesSnapshotsTestJSON-1430244581 tempest-VolumesSnapshotsTestJSON-1430244581-project] Task 'cinder.volume.flows.api.create_volume.QuotaCommitTask;volume:create' (70c70d4e-8f28-4538-82f4-78fe842a28e8) transitioned into state 'SUCCESS' from state 'RUNNING' with result '{'volume_properties': VolumeProperties(attach_status='detached',availability_zone='nova',cgsnapshot_id=None,consistencygroup_id=None,display_description=None,display_name='tempest-VolumesSnapshotsTestJSON-volume-521965701',encryption_key_id=None,group_id=None,group_type_id=,metadata={},multiattach=False,project_id='5d186fee3e0d4cab8cc32dc2d3e8d925',qos_specs=None,replication_status=,reservations=['a0561345-29da-421d-81da-57a7fc5fdf33','d1196e93-ad18-4d23-b263-4f00ded99cfb','14beaa37-39a0-4717-b641-aff89e6ea5a6','6ca3d920-eb77-4a75-b72b-98c8fa8c5bcf'],size=1,snapshot_id=None,source_replicaid=,source_volid=None,status='creating',user_id='f5940bc4ed1f48428d4f4aea302c48f6',volume_type_id=3926fb5e-4436-4509-9ab8-8863cce856fe)}' {{(pid=110220) _task_receiver /usr/local/lib/python3.8/dist-packages/taskflow/listeners/logging.py:178}}
Feb 21 01:04:30.077507 dv-cinder-813227-6-smb devstack@c-api.service[110220]: DEBUG cinder.volume.api [req-c092a45f-b798-449e-b2bf-d106757bfc82 req-0ae22e03-2f63-433a-9861-20c2c7cc1f83 tempest-VolumesSnapshotsTestJSON-1430244581 tempest-VolumesSnapshotsTestJSON-1430244581-project] Task 'cinder.volume.flows.api.create_volume.VolumeCastTask;volume:create' (6c7f9800-c60b-4c77-8d03-03cb131ae27b) transitioned into state 'RUNNING' from state 'PENDING' {{(pid=110220) _task_receiver /usr/local/lib/python3.8/dist-packages/taskflow/listeners/logging.py:190}}
Feb 21 01:04:30.216186 dv-cinder-813227-6-smb devstack@c-api.service[110219]: INFO cinder.api.openstack.wsgi [None req-4a54c844-a437-47a6-a626-6a2e98b73746 tempest-GroupSnapshotsTest-1139365658 tempest-GroupSnapshotsTest-1139365658-project] POST http://10.222.0.37/volume/v3/d9bf610fd05b4bbd9450ceb07cbc5b0e/groups
Feb 21 01:04:30.217340 dv-cinder-813227-6-smb devstack@c-api.service[110219]: DEBUG cinder.api.openstack.wsgi [None req-4a54c844-a437-47a6-a626-6a2e98b73746 tempest-GroupSnapshotsTest-1139365658 tempest-GroupSnapshotsTest-1139365658-project] Action: 'create', calling method: version_select, body: {"group": {"group_type": "23adc7f4-5c84-4c35-b3d1-0a14b00574c1", "volume_types": ["5338c16d-b899-4c41-8f69-86eb55bfab8d"], "name": "tempest-GroupSnapshotsTest-Group-645176099"}} {{(pid=110219) _process_stack /opt/stack/cinder/cinder/api/openstack/wsgi.py:866}}
Feb 21 01:04:30.224219 dv-cinder-813227-6-smb devstack@c-api.service[110219]: DEBUG cinder.api.v3.groups [None req-4a54c844-a437-47a6-a626-6a2e98b73746 tempest-GroupSnapshotsTest-1139365658 tempest-GroupSnapshotsTest-1139365658-project] Creating new group {'group': {'group_type': '23adc7f4-5c84-4c35-b3d1-0a14b00574c1', 'volume_types': ['5338c16d-b899-4c41-8f69-86eb55bfab8d'], 'name': 'tempest-GroupSnapshotsTest-Group-645176099'}} {{(pid=110219) create /opt/stack/cinder/cinder/api/v3/groups.py:190}}
Feb 21 01:04:30.242995 dv-cinder-813227-6-smb devstack@c-api.service[110220]: DEBUG cinder.volume.api [req-c092a45f-b798-449e-b2bf-d106757bfc82 req-0ae22e03-2f63-433a-9861-20c2c7cc1f83 tempest-VolumesSnapshotsTestJSON-1430244581 tempest-VolumesSnapshotsTestJSON-1430244581-project] Task 'cinder.volume.flows.api.create_volume.VolumeCastTask;volume:create' (6c7f9800-c60b-4c77-8d03-03cb131ae27b) transitioned into state 'SUCCESS' from state 'RUNNING' with result 'None' {{(pid=110220) _task_receiver /usr/local/lib/python3.8/dist-packages/taskflow/listeners/logging.py:178}}
Feb 21 01:04:30.250636 dv-cinder-813227-6-smb devstack@c-api.service[110220]: DEBUG cinder.volume.api [req-c092a45f-b798-449e-b2bf-d106757bfc82 req-0ae22e03-2f63-433a-9861-20c2c7cc1f83 tempest-VolumesSnapshotsTestJSON-1430244581 tempest-VolumesSnapshotsTestJSON-1430244581-project] Flow 'volume_create_api' (e869b6e3-3bc4-4a6b-817c-96ef9d60ff77) transitioned into state 'SUCCESS' from state 'RUNNING' {{(pid=110220) _flow_receiver /usr/local/lib/python3.8/dist-packages/taskflow/listeners/logging.py:141}}
Feb 21 01:04:30.268092 dv-cinder-813227-6-smb devstack@c-api.service[110220]: INFO cinder.volume.api [req-c092a45f-b798-449e-b2bf-d106757bfc82 req-0ae22e03-2f63-433a-9861-20c2c7cc1f83 tempest-VolumesSnapshotsTestJSON-1430244581 tempest-VolumesSnapshotsTestJSON-1430244581-project] Create volume request issued successfully.
Feb 21 01:04:30.271977 dv-cinder-813227-6-smb devstack@c-api.service[110219]: INFO cinder.api.v3.groups [None req-4a54c844-a437-47a6-a626-6a2e98b73746 tempest-GroupSnapshotsTest-1139365658 tempest-GroupSnapshotsTest-1139365658-project] Creating group tempest-GroupSnapshotsTest-Group-645176099.
Feb 21 01:04:30.280297 dv-cinder-813227-6-smb devstack@c-api.service[110220]: INFO cinder.api.openstack.wsgi [req-c092a45f-b798-449e-b2bf-d106757bfc82 req-0ae22e03-2f63-433a-9861-20c2c7cc1f83 tempest-VolumesSnapshotsTestJSON-1430244581 tempest-VolumesSnapshotsTestJSON-1430244581-project] http://10.222.0.37/volume/v3/5d186fee3e0d4cab8cc32dc2d3e8d925/volumes returned with HTTP 202
Feb 21 01:04:30.283336 dv-cinder-813227-6-smb devstack@c-api.service[110220]: [pid: 110220|app: 0|req: 5/12] 10.222.0.37 () {64 vars in 1521 bytes} [Mon Feb 21 01:04:28 2022] POST /volume/v3/5d186fee3e0d4cab8cc32dc2d3e8d925/volumes => generated 823 bytes in 1584 msecs (HTTP/1.1 202) 7 headers in 291 bytes (2 switches on core 0)
Feb 21 01:04:30.300261 dv-cinder-813227-6-smb devstack@c-api.service[110220]: INFO cinder.api.openstack.wsgi [None req-47e128d6-4beb-457e-a5db-07cd4821e1ef tempest-GroupsV320Test-1110368675 tempest-GroupsV320Test-1110368675-project-admin] POST http://10.222.0.37/volume/v3/bfeae50455ce46b0be883545357a5e60/group_types
Feb 21 01:04:30.301331 dv-cinder-813227-6-smb devstack@c-api.service[110220]: DEBUG cinder.api.openstack.wsgi [None req-47e128d6-4beb-457e-a5db-07cd4821e1ef tempest-GroupsV320Test-1110368675 tempest-GroupsV320Test-1110368675-project-admin] Action: 'create', calling method: version_select, body: {"group_type": {"name": "tempest-GroupsV320Test-group-type-574003085"}} {{(pid=110220) _process_stack /opt/stack/cinder/cinder/api/openstack/wsgi.py:866}}
Feb 21 01:04:30.302729 dv-cinder-813227-6-smb devstack@c-api.service[110220]: /usr/local/lib/python3.8/dist-packages/oslo_context/context.py:105: DeprecationWarning: Policy enforcement is depending on the value of is_admin. This key is deprecated. Please update your policy file to use the standard policy values.
Feb 21 01:04:30.302729 dv-cinder-813227-6-smb devstack@c-api.service[110220]: warnings.warn('Policy enforcement is depending on the value of '
Feb 21 01:04:30.342797 dv-cinder-813227-6-smb devstack@c-api.service[110219]: DEBUG cinder.volume.api [None req-4a54c844-a437-47a6-a626-6a2e98b73746 tempest-GroupSnapshotsTest-1139365658 tempest-GroupSnapshotsTest-1139365658-project] Availability zone cache updated, next update will occur around 2022-02-21 02:04:30.341329. {{(pid=110219) list_availability_zones /opt/stack/cinder/cinder/volume/api.py:151}}
Feb 21 01:04:30.344151 dv-cinder-813227-6-smb devstack@c-api.service[110219]: INFO cinder.volume.api [None req-4a54c844-a437-47a6-a626-6a2e98b73746 tempest-GroupSnapshotsTest-1139365658 tempest-GroupSnapshotsTest-1139365658-project] Availability Zones retrieved successfully.
Feb 21 01:04:30.449468 dv-cinder-813227-6-smb devstack@c-api.service[110220]: INFO cinder.api.openstack.wsgi [None req-47e128d6-4beb-457e-a5db-07cd4821e1ef tempest-GroupsV320Test-1110368675 tempest-GroupsV320Test-1110368675-project-admin] http://10.222.0.37/volume/v3/bfeae50455ce46b0be883545357a5e60/group_types returned with HTTP 202
Feb 21 01:04:30.449468 dv-cinder-813227-6-smb devstack@c-api.service[110220]: [pid: 110220|app: 0|req: 6/13] 10.222.0.37 () {62 vars in 1287 bytes} [Mon Feb 21 01:04:30 2022] POST /volume/v3/bfeae50455ce46b0be883545357a5e60/group_types => generated 176 bytes in 161 msecs (HTTP/1.1 202) 7 headers in 292 bytes (1 switches on core 0)
Feb 21 01:04:30.456469 dv-cinder-813227-6-smb devstack@c-api.service[110220]: INFO cinder.api.openstack.wsgi [req-c092a45f-b798-449e-b2bf-d106757bfc82 req-bfe87c36-f5bd-4829-bc7f-03ea3abd606e tempest-VolumesSnapshotsTestJSON-1430244581 tempest-VolumesSnapshotsTestJSON-1430244581-project] GET http://10.222.0.37/volume/v3/5d186fee3e0d4cab8cc32dc2d3e8d925/volumes/33ebe272-d598-4554-9cd4-8fdf06eb376a
Feb 21 01:04:30.458971 dv-cinder-813227-6-smb devstack@c-api.service[110220]: DEBUG cinder.api.openstack.wsgi [req-c092a45f-b798-449e-b2bf-d106757bfc82 req-bfe87c36-f5bd-4829-bc7f-03ea3abd606e tempest-VolumesSnapshotsTestJSON-1430244581 tempest-VolumesSnapshotsTestJSON-1430244581-project] Empty body provided in request {{(pid=110220) get_body /opt/stack/cinder/cinder/api/openstack/wsgi.py:715}}
Feb 21 01:04:30.459539 dv-cinder-813227-6-smb devstack@c-api.service[110220]: DEBUG cinder.api.openstack.wsgi [req-c092a45f-b798-449e-b2bf-d106757bfc82 req-bfe87c36-f5bd-4829-bc7f-03ea3abd606e tempest-VolumesSnapshotsTestJSON-1430244581 tempest-VolumesSnapshotsTestJSON-1430244581-project] Calling method 'show' {{(pid=110220) _process_stack /opt/stack/cinder/cinder/api/openstack/wsgi.py:868}}
Feb 21 01:04:30.489960 dv-cinder-813227-6-smb devstack@c-api.service[110220]: /usr/local/lib/python3.8/dist-packages/oslo_context/context.py:105: DeprecationWarning: Policy enforcement is depending on the value of is_admin. This key is deprecated. Please update your policy file to use the standard policy values.
Feb 21 01:04:30.489960 dv-cinder-813227-6-smb devstack@c-api.service[110220]: warnings.warn('Policy enforcement is depending on the value of '
Feb 21 01:04:30.518412 dv-cinder-813227-6-smb devstack@c-api.service[110220]: INFO cinder.volume.api [req-c092a45f-b798-449e-b2bf-d106757bfc82 req-bfe87c36-f5bd-4829-bc7f-03ea3abd606e tempest-VolumesSnapshotsTestJSON-1430244581 tempest-VolumesSnapshotsTestJSON-1430244581-project] Volume info retrieved successfully.
Feb 21 01:04:30.551662 dv-cinder-813227-6-smb devstack@c-api.service[110220]: INFO cinder.api.openstack.wsgi [req-c092a45f-b798-449e-b2bf-d106757bfc82 req-bfe87c36-f5bd-4829-bc7f-03ea3abd606e tempest-VolumesSnapshotsTestJSON-1430244581 tempest-VolumesSnapshotsTestJSON-1430244581-project] http://10.222.0.37/volume/v3/5d186fee3e0d4cab8cc32dc2d3e8d925/volumes/33ebe272-d598-4554-9cd4-8fdf06eb376a returned with HTTP 200
Feb 21 01:04:30.551662 dv-cinder-813227-6-smb devstack@c-api.service[110220]: [pid: 110220|app: 0|req: 7/14] 10.222.0.37 () {60 vars in 1578 bytes} [Mon Feb 21 01:04:30 2022] GET /volume/v3/5d186fee3e0d4cab8cc32dc2d3e8d925/volumes/33ebe272-d598-4554-9cd4-8fdf06eb376a => generated 891 bytes in 100 msecs (HTTP/1.1 200) 7 headers in 285 bytes (1 switches on core 0)
Feb 21 01:04:30.595401 dv-cinder-813227-6-smb devstack@c-api.service[110219]: DEBUG cinder.quota [None req-4a54c844-a437-47a6-a626-6a2e98b73746 tempest-GroupSnapshotsTest-1139365658 tempest-GroupSnapshotsTest-1139365658-project] Created reservations ['3cefa880-2279-498c-a13c-fd7d0b950535'] {{(pid=110219) reserve /opt/stack/cinder/cinder/quota.py:755}}
Feb 21 01:04:30.896696 dv-cinder-813227-6-smb devstack@c-api.service[110220]: INFO cinder.api.openstack.wsgi [None req-15c2b417-dca3-4dee-8b73-90c503cedd61 tempest-GroupsV320Test-1894835119 tempest-GroupsV320Test-1894835119-project] POST http://10.222.0.37/volume/v3/d665e04d6bf9473aa58067536b038523/groups
Feb 21 01:04:30.906290 dv-cinder-813227-6-smb devstack@c-api.service[110220]: DEBUG cinder.api.openstack.wsgi [None req-15c2b417-dca3-4dee-8b73-90c503cedd61 tempest-GroupsV320Test-1894835119 tempest-GroupsV320Test-1894835119-project] Action: 'create', calling method: version_select, body: {"group": {"group_type": "1a13c569-dff1-4a35-ae73-a9f6da1a95be", "volume_types": ["3f856d79-d7af-44f6-a382-13c8b92ba1fc"], "name": "tempest-GroupsV320Test-Group-1399634962"}} {{(pid=110220) _process_stack /opt/stack/cinder/cinder/api/openstack/wsgi.py:866}}
Feb 21 01:04:30.908565 dv-cinder-813227-6-smb devstack@c-api.service[110220]: DEBUG cinder.api.v3.groups [None req-15c2b417-dca3-4dee-8b73-90c503cedd61 tempest-GroupsV320Test-1894835119 tempest-GroupsV320Test-1894835119-project] Creating new group {'group': {'group_type': '1a13c569-dff1-4a35-ae73-a9f6da1a95be', 'volume_types': ['3f856d79-d7af-44f6-a382-13c8b92ba1fc'], 'name': 'tempest-GroupsV320Test-Group-1399634962'}} {{(pid=110220) create /opt/stack/cinder/cinder/api/v3/groups.py:190}}
Feb 21 01:04:30.916925 dv-cinder-813227-6-smb devstack@c-api.service[110220]: INFO cinder.api.v3.groups [None req-15c2b417-dca3-4dee-8b73-90c503cedd61 tempest-GroupsV320Test-1894835119 tempest-GroupsV320Test-1894835119-project] Creating group tempest-GroupsV320Test-Group-1399634962.
Feb 21 01:04:30.924083 dv-cinder-813227-6-smb devstack@c-api.service[110219]: INFO cinder.api.openstack.wsgi [None req-4a54c844-a437-47a6-a626-6a2e98b73746 tempest-GroupSnapshotsTest-1139365658 tempest-GroupSnapshotsTest-1139365658-project] http://10.222.0.37/volume/v3/d9bf610fd05b4bbd9450ceb07cbc5b0e/groups returned with HTTP 202
Feb 21 01:04:30.925504 dv-cinder-813227-6-smb devstack@c-api.service[110219]: [pid: 110219|app: 0|req: 8/15] 10.222.0.37 () {62 vars in 1273 bytes} [Mon Feb 21 01:04:30 2022] POST /volume/v3/d9bf610fd05b4bbd9450ceb07cbc5b0e/groups => generated 111 bytes in 880 msecs (HTTP/1.1 202) 7 headers in 292 bytes (1 switches on core 0)
Feb 21 01:04:30.949497 dv-cinder-813227-6-smb devstack@c-api.service[110219]: INFO cinder.api.openstack.wsgi [None req-25f17adb-b400-45f5-b8ff-662b545a1b59 tempest-GroupSnapshotsTest-1139365658 tempest-GroupSnapshotsTest-1139365658-project] GET http://10.222.0.37/volume/v3/d9bf610fd05b4bbd9450ceb07cbc5b0e/groups/922cf212-1abe-4640-9aee-12000ac89fc0
Feb 21 01:04:30.949497 dv-cinder-813227-6-smb devstack@c-api.service[110219]: DEBUG cinder.api.openstack.wsgi [None req-25f17adb-b400-45f5-b8ff-662b545a1b59 tempest-GroupSnapshotsTest-1139365658 tempest-GroupSnapshotsTest-1139365658-project] Empty body provided in request {{(pid=110219) get_body /opt/stack/cinder/cinder/api/openstack/wsgi.py:715}}
Feb 21 01:04:30.949497 dv-cinder-813227-6-smb devstack@c-api.service[110219]: DEBUG cinder.api.openstack.wsgi [None req-25f17adb-b400-45f5-b8ff-662b545a1b59 tempest-GroupSnapshotsTest-1139365658 tempest-GroupSnapshotsTest-1139365658-project] Calling method 'version_select' {{(pid=110219) _process_stack /opt/stack/cinder/cinder/api/openstack/wsgi.py:868}}
Feb 21 01:04:30.951445 dv-cinder-813227-6-smb devstack@c-api.service[110219]: DEBUG cinder.api.v3.groups [None req-25f17adb-b400-45f5-b8ff-662b545a1b59 tempest-GroupSnapshotsTest-1139365658 tempest-GroupSnapshotsTest-1139365658-project] show called for member 922cf212-1abe-4640-9aee-12000ac89fc0 {{(pid=110219) show /opt/stack/cinder/cinder/api/v3/groups.py:58}}
Feb 21 01:04:30.969941 dv-cinder-813227-6-smb devstack@c-api.service[110219]: /usr/local/lib/python3.8/dist-packages/oslo_context/context.py:105: DeprecationWarning: Policy enforcement is depending on the value of is_admin. This key is deprecated. Please update your policy file to use the standard policy values.
Feb 21 01:04:30.969941 dv-cinder-813227-6-smb devstack@c-api.service[110219]: warnings.warn('Policy enforcement is depending on the value of '
Feb 21 01:04:30.995622 dv-cinder-813227-6-smb devstack@c-api.service[110220]: DEBUG cinder.volume.api [None req-15c2b417-dca3-4dee-8b73-90c503cedd61 tempest-GroupsV320Test-1894835119 tempest-GroupsV320Test-1894835119-project] Availability zone cache updated, next update will occur around 2022-02-21 02:04:30.994644. {{(pid=110220) list_availability_zones /opt/stack/cinder/cinder/volume/api.py:151}}
Feb 21 01:04:30.995921 dv-cinder-813227-6-smb devstack@c-api.service[110220]: INFO cinder.volume.api [None req-15c2b417-dca3-4dee-8b73-90c503cedd61 tempest-GroupsV320Test-1894835119 tempest-GroupsV320Test-1894835119-project] Availability Zones retrieved successfully.
Feb 21 01:04:31.020183 dv-cinder-813227-6-smb devstack@c-api.service[110219]: INFO cinder.api.openstack.wsgi [None req-25f17adb-b400-45f5-b8ff-662b545a1b59 tempest-GroupSnapshotsTest-1139365658 tempest-GroupSnapshotsTest-1139365658-project] http://10.222.0.37/volume/v3/d9bf610fd05b4bbd9450ceb07cbc5b0e/groups/922cf212-1abe-4640-9aee-12000ac89fc0 returned with HTTP 200
Feb 21 01:04:31.022613 dv-cinder-813227-6-smb devstack@c-api.service[110219]: [pid: 110219|app: 0|req: 9/16] 10.222.0.37 () {60 vars in 1362 bytes} [Mon Feb 21 01:04:30 2022] GET /volume/v3/d9bf610fd05b4bbd9450ceb07cbc5b0e/groups/922cf212-1abe-4640-9aee-12000ac89fc0 => generated 391 bytes in 88 msecs (HTTP/1.1 200) 7 headers in 286 bytes (1 switches on core 0)
Feb 21 01:04:31.160702 dv-cinder-813227-6-smb devstack@c-api.service[110220]: DEBUG cinder.quota [None req-15c2b417-dca3-4dee-8b73-90c503cedd61 tempest-GroupsV320Test-1894835119 tempest-GroupsV320Test-1894835119-project] Created reservations ['ce5ed0aa-9c6f-413c-a6f3-8845e647d592'] {{(pid=110220) reserve /opt/stack/cinder/cinder/quota.py:755}}
Feb 21 01:04:31.394183 dv-cinder-813227-6-smb devstack@c-api.service[110219]: WARNING keystonemiddleware.auth_token [None req-25f17adb-b400-45f5-b8ff-662b545a1b59 tempest-GroupSnapshotsTest-1139365658 tempest-GroupSnapshotsTest-1139365658-project] A valid token was submitted as a service token, but it was not a valid service token. This is incorrect but backwards compatible behaviour. This will be removed in future releases.
Feb 21 01:04:31.397487 dv-cinder-813227-6-smb devstack@c-api.service[110219]: INFO cinder.api.openstack.wsgi [req-e5a34470-2ed1-472b-b0fc-2414a78499cb req-8b92dbfc-a126-40f5-a30d-f536db5e89f0 tempest-VolumesSnapshotsTestJSON-1430244581 tempest-VolumesSnapshotsTestJSON-1430244581-project] GET http://10.222.0.37/volume/v3/5d186fee3e0d4cab8cc32dc2d3e8d925/volumes/33ebe272-d598-4554-9cd4-8fdf06eb376a
Feb 21 01:04:31.400928 dv-cinder-813227-6-smb devstack@c-api.service[110219]: DEBUG cinder.api.openstack.wsgi [req-e5a34470-2ed1-472b-b0fc-2414a78499cb req-8b92dbfc-a126-40f5-a30d-f536db5e89f0 tempest-VolumesSnapshotsTestJSON-1430244581 tempest-VolumesSnapshotsTestJSON-1430244581-project] Empty body provided in request {{(pid=110219) get_body /opt/stack/cinder/cinder/api/openstack/wsgi.py:715}}
Feb 21 01:04:31.400928 dv-cinder-813227-6-smb devstack@c-api.service[110219]: DEBUG cinder.api.openstack.wsgi [req-e5a34470-2ed1-472b-b0fc-2414a78499cb req-8b92dbfc-a126-40f5-a30d-f536db5e89f0 tempest-VolumesSnapshotsTestJSON-1430244581 tempest-VolumesSnapshotsTestJSON-1430244581-project] Calling method 'show' {{(pid=110219) _process_stack /opt/stack/cinder/cinder/api/openstack/wsgi.py:868}}
Feb 21 01:04:31.405563 dv-cinder-813227-6-smb devstack@c-api.service[110220]: INFO cinder.api.openstack.wsgi [None req-15c2b417-dca3-4dee-8b73-90c503cedd61 tempest-GroupsV320Test-1894835119 tempest-GroupsV320Test-1894835119-project] http://10.222.0.37/volume/v3/d665e04d6bf9473aa58067536b038523/groups returned with HTTP 202
Feb 21 01:04:31.410424 dv-cinder-813227-6-smb devstack@c-api.service[110220]: [pid: 110220|app: 0|req: 8/17] 10.222.0.37 () {62 vars in 1273 bytes} [Mon Feb 21 01:04:30 2022] POST /volume/v3/d665e04d6bf9473aa58067536b038523/groups => generated 108 bytes in 864 msecs (HTTP/1.1 202) 7 headers in 292 bytes (1 switches on core 0)
