Jan 31 19:56:03.446874 dv-cinder-813225-5-smb neutron-server[102547]: INFO neutron.wsgi [req-46db3bc3-7c8b-45bc-933b-97c55d050aeb req-51d792ef-ca58-4523-bf56-2331b815707e tempest-AttachVolumeShelveTestJSON-848247908 tempest-AttachVolumeShelveTestJSON-848247908-project] 10.222.0.59 "GET /v2.0/ports?device_id=00323afc-f44d-41f7-acb1-4212fc17ec3d HTTP/1.1" status: 200 len: 210 time: 0.6423006
Jan 31 19:56:03.464363 dv-cinder-813225-5-smb neutron-server[102549]: DEBUG neutron.plugins.ml2.rpc [None req-c313a761-7eb3-47a7-b374-6224dbab512c None None] Device 43e016c8-0af0-4b87-a398-c61a019e2d61 up at agent hyperv_hv-cinder-81322 {{(pid=102549) update_device_up /opt/stack/neutron/neutron/plugins/ml2/rpc.py:296}}
Jan 31 19:56:03.510840 dv-cinder-813225-5-smb neutron-server[102548]: INFO neutron.wsgi [req-24e3dfc4-7d3c-4eb4-9012-db210ef36de5 req-393cada0-3a57-4e4f-b665-2fe3d5cc4768 service neutron] 10.222.0.43 "GET /v2.0/networks/a5afe9dd-2841-414c-b468-7addf466f649?fields=provider%3Aphysical_network&fields=provider%3Anetwork_type HTTP/1.1" status: 200 len: 281 time: 0.2988875
Jan 31 19:56:03.550896 dv-cinder-813225-5-smb neutron-server[102547]: DEBUG neutron_lib.callbacks.manager [req-d6808628-6fbb-479a-8d58-849592583fcb req-ec976968-c557-4664-be4c-33c00f8fcb9a tempest-AttachVolumeShelveTestJSON-848247908 tempest-AttachVolumeShelveTestJSON-848247908-project] Publish callbacks ['neutron.plugins.ml2.plugin.SecurityGroupServerNotifierRpcMixin._notify_sg_on_port_change-1616472', 'neutron.plugins.ml2.ovo_rpc._ObjectChangeHandler.handle_event-201119', 'neutron.api.rpc.agentnotifiers.dhcp_rpc_agent_api.DhcpAgentNotifyAPI._native_event_send_dhcp_notification-623628', 'neutron.db.l3_dvrscheduler_db._notify_l3_agent_new_port-8735758153494', 'neutron.services.segments.plugin.NovaSegmentNotifier._notify_port_created_or_deleted-5400582'] for port (992a24da-0462-4a53-afc9-6c58f13966fc), after_create {{(pid=102547) _notify_loop /usr/local/lib/python3.8/dist-packages/neutron_lib/callbacks/manager.py:176}}
Jan 31 19:56:03.560998 dv-cinder-813225-5-smb neutron-server[102547]: INFO neutron.wsgi [req-18be235c-b43c-4ef1-bf95-9a4462ae93fb req-8d259199-2f89-401c-a3de-ed8561dcbbcf service neutron] 10.222.0.59 "GET /v2.0/networks/cfafa9d1-05af-4742-8172-3e3b34d400cb?fields=segments HTTP/1.1" status: 200 len: 212 time: 0.9942136
Jan 31 19:56:03.615821 dv-cinder-813225-5-smb neutron-server[102548]: DEBUG neutron_lib.callbacks.manager [None req-28c6be08-c7d6-42fb-8fac-93f8f85d43f2 admin admin] Publish callbacks [] for security_group (None), before_create {{(pid=102548) _notify_loop /usr/local/lib/python3.8/dist-packages/neutron_lib/callbacks/manager.py:176}}
Jan 31 19:56:03.661388 dv-cinder-813225-5-smb neutron-server[102549]: DEBUG neutron.plugins.ml2.db [None req-6a882c81-068a-4b28-b907-8c760712a2bb None None] For port 85a608db-38d9-4d8a-87e5-c6f593fb6686, host dv-cinder-813225-5-smb, got binding levels [PortBindingLevel(driver='openvswitch',host='dv-cinder-813225-5-smb',level=0,port_id=85a608db-38d9-4d8a-87e5-c6f593fb6686,segment=NetworkSegment(ef50ae12-85c6-46bf-8c17-e24718673a13),segment_id=ef50ae12-85c6-46bf-8c17-e24718673a13)] {{(pid=102549) get_binding_level_objs /opt/stack/neutron/neutron/plugins/ml2/db.py:74}}
Jan 31 19:56:03.674760 dv-cinder-813225-5-smb neutron-server[102549]: DEBUG neutron_lib.callbacks.manager [None req-6a882c81-068a-4b28-b907-8c760712a2bb None None] Publish callbacks ['neutron.plugins.ml2.plugin.SecurityGroupServerNotifierRpcMixin._notify_sg_on_port_change-1616472', 'neutron.plugins.ml2.ovo_rpc._ObjectChangeHandler.handle_event-201119', 'neutron.api.rpc.agentnotifiers.dhcp_rpc_agent_api.DhcpAgentNotifyAPI._native_event_send_dhcp_notification-623628', 'neutron.db.l3_db.L3RpcNotifierMixin._notify_gateway_port_ip_changed-8735758631114', 'neutron.db.l3_dvrscheduler_db._notify_l3_agent_port_update-8735758153512', 'neutron.db.l3_hascheduler_db._notify_l3_agent_ha_port_update-8735758153530'] for port (85a608db-38d9-4d8a-87e5-c6f593fb6686), after_update {{(pid=102549) _notify_loop /usr/local/lib/python3.8/dist-packages/neutron_lib/callbacks/manager.py:176}}
Jan 31 19:56:03.694744 dv-cinder-813225-5-smb neutron-server[102549]: DEBUG neutron.db.provisioning_blocks [None req-c313a761-7eb3-47a7-b374-6224dbab512c None None] Provisioning for port 43e016c8-0af0-4b87-a398-c61a019e2d61 completed by entity L2. {{(pid=102549) provisioning_complete /opt/stack/neutron/neutron/db/provisioning_blocks.py:133}}
Jan 31 19:56:03.742815 dv-cinder-813225-5-smb neutron-server[102549]: DEBUG neutron.db.provisioning_blocks [None req-c313a761-7eb3-47a7-b374-6224dbab512c None None] Provisioning complete for port 43e016c8-0af0-4b87-a398-c61a019e2d61 triggered by entity L2. {{(pid=102549) provisioning_complete /opt/stack/neutron/neutron/db/provisioning_blocks.py:139}}
Jan 31 19:56:03.743189 dv-cinder-813225-5-smb neutron-server[102549]: DEBUG neutron_lib.callbacks.manager [None req-c313a761-7eb3-47a7-b374-6224dbab512c None None] Publish callbacks ['neutron.plugins.ml2.plugin.Ml2Plugin._port_provisioned-1661115'] for port (43e016c8-0af0-4b87-a398-c61a019e2d61), provisioning_complete {{(pid=102549) _notify_loop /usr/local/lib/python3.8/dist-packages/neutron_lib/callbacks/manager.py:176}}
Jan 31 19:56:03.870607 dv-cinder-813225-5-smb neutron-server[102548]: DEBUG neutron_lib.callbacks.manager [None req-28c6be08-c7d6-42fb-8fac-93f8f85d43f2 admin admin] Publish callbacks [] for security_group (c2fc9e8b-de35-4fe1-b18f-6dde6676d233), precommit_create {{(pid=102548) _notify_loop /usr/local/lib/python3.8/dist-packages/neutron_lib/callbacks/manager.py:176}}
Jan 31 19:56:03.878940 dv-cinder-813225-5-smb neutron-server[102547]: DEBUG neutron.scheduler.dhcp_agent_scheduler [req-d6808628-6fbb-479a-8d58-849592583fcb req-ec976968-c557-4664-be4c-33c00f8fcb9a tempest-AttachVolumeShelveTestJSON-848247908 tempest-AttachVolumeShelveTestJSON-848247908-project] Network d61ee48d-b1f0-4569-86ed-b9e3c0c4e6c7 is already hosted by enough agents. {{(pid=102547) _get_dhcp_agents_hosting_network /opt/stack/neutron/neutron/scheduler/dhcp_agent_scheduler.py:275}}
Jan 31 19:56:03.879146 dv-cinder-813225-5-smb neutron-server[102548]: DEBUG neutron_lib.callbacks.manager [None req-28c6be08-c7d6-42fb-8fac-93f8f85d43f2 admin admin] Publish callbacks ['neutron.plugins.ml2.ovo_rpc._ObjectChangeHandler.handle_event-604094'] for security_group (c2fc9e8b-de35-4fe1-b18f-6dde6676d233), after_create {{(pid=102548) _notify_loop /usr/local/lib/python3.8/dist-packages/neutron_lib/callbacks/manager.py:176}}
Jan 31 19:56:03.887819 dv-cinder-813225-5-smb neutron-server[102547]: DEBUG neutron.scheduler.base_scheduler [req-d6808628-6fbb-479a-8d58-849592583fcb req-ec976968-c557-4664-be4c-33c00f8fcb9a tempest-AttachVolumeShelveTestJSON-848247908 tempest-AttachVolumeShelveTestJSON-848247908-project] Resources bound (agent type, host, resource id): {{(pid=102547) schedule /opt/stack/neutron/neutron/scheduler/base_scheduler.py:57}}
Jan 31 19:56:03.918376 dv-cinder-813225-5-smb neutron-server[102547]: DEBUG neutron.db.l3_dvrscheduler_db [req-d6808628-6fbb-479a-8d58-849592583fcb req-ec976968-c557-4664-be4c-33c00f8fcb9a tempest-AttachVolumeShelveTestJSON-848247908 tempest-AttachVolumeShelveTestJSON-848247908-project] Received port after_create {{(pid=102547) _notify_l3_agent_new_port /opt/stack/neutron/neutron/db/l3_dvrscheduler_db.py:536}}
Jan 31 19:56:03.967728 dv-cinder-813225-5-smb neutron-server[102549]: DEBUG neutron.api.rpc.handlers.resources_rpc [None req-6a882c81-068a-4b28-b907-8c760712a2bb None None] Pushing event updated for resources: {'Port': ['ID=85a608db-38d9-4d8a-87e5-c6f593fb6686,revision_number=5']} {{(pid=102549) push /opt/stack/neutron/neutron/api/rpc/handlers/resources_rpc.py:237}}
Jan 31 19:56:04.017161 dv-cinder-813225-5-smb neutron-server[102548]: INFO neutron.wsgi [None req-28c6be08-c7d6-42fb-8fac-93f8f85d43f2 admin admin] 10.222.0.59 "GET /v2.0/security-groups?tenant_id=cb7e3f2297b341c58fbd36a03049196a&name=default HTTP/1.1" status: 200 len: 2996 time: 0.8495741
Jan 31 19:56:04.018395 dv-cinder-813225-5-smb neutron-server[102549]: DEBUG neutron.plugins.ml2.plugin [None req-c313a761-7eb3-47a7-b374-6224dbab512c None None] Current status of the port 43e016c8-0af0-4b87-a398-c61a019e2d61 is: BUILD; New status is: ACTIVE {{(pid=102549) _update_individual_port_db_status /opt/stack/neutron/neutron/plugins/ml2/plugin.py:2238}}
Jan 31 19:56:04.018779 dv-cinder-813225-5-smb neutron-server[102549]: DEBUG neutron_lib.callbacks.manager [None req-c313a761-7eb3-47a7-b374-6224dbab512c None None] Publish callbacks ['neutron.plugins.ml2.plugin.SecurityGroupDbMixin._ensure_default_security_group_handler-1616007'] for port (43e016c8-0af0-4b87-a398-c61a019e2d61), before_update {{(pid=102549) _notify_loop /usr/local/lib/python3.8/dist-packages/neutron_lib/callbacks/manager.py:176}}
Jan 31 19:56:04.023028 dv-cinder-813225-5-smb neutron-server[102547]: DEBUG neutron.api.rpc.handlers.resources_rpc [None req-ec976968-c557-4664-be4c-33c00f8fcb9a tempest-AttachVolumeShelveTestJSON-848247908 tempest-AttachVolumeShelveTestJSON-848247908-project] Pushing event updated for resources: {'Port': ['ID=992a24da-0462-4a53-afc9-6c58f13966fc,revision_number=1']} {{(pid=102547) push /opt/stack/neutron/neutron/api/rpc/handlers/resources_rpc.py:237}}
Jan 31 19:56:04.026299 dv-cinder-813225-5-smb neutron-server[102548]: DEBUG neutron.wsgi [-] (102548) accepted ('10.222.0.59', 51422) {{(pid=102548) server /usr/local/lib/python3.8/dist-packages/eventlet/wsgi.py:1004}}
Jan 31 19:56:04.072657 dv-cinder-813225-5-smb neutron-server[102548]: DEBUG neutron.api.rpc.handlers.resources_rpc [None req-28c6be08-c7d6-42fb-8fac-93f8f85d43f2 admin admin] Pushing event updated for resources: {'SecurityGroup': ['ID=c2fc9e8b-de35-4fe1-b18f-6dde6676d233,revision_number=1']} {{(pid=102548) push /opt/stack/neutron/neutron/api/rpc/handlers/resources_rpc.py:237}}
Jan 31 19:56:04.146261 dv-cinder-813225-5-smb neutron-server[102549]: DEBUG neutron.plugins.ml2.db [None req-c313a761-7eb3-47a7-b374-6224dbab512c None None] For port 43e016c8-0af0-4b87-a398-c61a019e2d61, host hv-cinder-81322, got binding levels [PortBindingLevel(driver='hyperv',host='hv-cinder-81322',level=0,port_id=43e016c8-0af0-4b87-a398-c61a019e2d61,segment=NetworkSegment(a42d05cf-34d2-476f-8bfe-db3eefb877a0),segment_id=a42d05cf-34d2-476f-8bfe-db3eefb877a0)] {{(pid=102549) get_binding_level_objs /opt/stack/neutron/neutron/plugins/ml2/db.py:74}}
Jan 31 19:56:04.152620 dv-cinder-813225-5-smb neutron-server[102549]: DEBUG neutron.notifiers.nova [-] Sending events: [{'server_uuid': 'a49e7a64-d149-4806-812c-42f364ac82ec', 'name': 'network-vif-plugged', 'status': 'completed', 'tag': '43e016c8-0af0-4b87-a398-c61a019e2d61'}] {{(pid=102549) send_events /opt/stack/neutron/neutron/notifiers/nova.py:266}}
Jan 31 19:56:04.235655 dv-cinder-813225-5-smb neutron-server[102548]: DEBUG neutron_lib.callbacks.manager [None req-ec86c5ad-469e-4f7d-b7ca-8b7d94b8e45f admin admin] Publish callbacks [] for security_group (c2fc9e8b-de35-4fe1-b18f-6dde6676d233), before_delete {{(pid=102548) _notify_loop /usr/local/lib/python3.8/dist-packages/neutron_lib/callbacks/manager.py:176}}
Jan 31 19:56:04.251435 dv-cinder-813225-5-smb neutron-server[102547]: DEBUG neutron.pecan_wsgi.hooks.policy_enforcement [req-d4ed10f8-8e94-4758-9ff7-401963a11100 req-92fd1129-9682-496c-aa94-ead941242ff6 tempest-DeleteServersTestJSON-1158044061 tempest-DeleteServersTestJSON-1158044061-project] Attributes excluded by policy engine: ['standard_attr_id', 'binding:profile', 'binding:host_id', 'binding:vif_type', 'binding:vif_details'] {{(pid=102547) _exclude_attributes_by_policy /opt/stack/neutron/neutron/pecan_wsgi/hooks/policy_enforcement.py:255}}
Jan 31 19:56:04.253409 dv-cinder-813225-5-smb neutron-server[102547]: INFO neutron.wsgi [req-d4ed10f8-8e94-4758-9ff7-401963a11100 req-92fd1129-9682-496c-aa94-ead941242ff6 tempest-DeleteServersTestJSON-1158044061 tempest-DeleteServersTestJSON-1158044061-project] 10.222.0.59 "GET /v2.0/ports?device_id=a49e7a64-d149-4806-812c-42f364ac82ec HTTP/1.1" status: 200 len: 945 time: 0.5331593
Jan 31 19:56:04.267382 dv-cinder-813225-5-smb neutron-server[102547]: DEBUG neutron.pecan_wsgi.hooks.policy_enforcement [req-d6808628-6fbb-479a-8d58-849592583fcb req-ec976968-c557-4664-be4c-33c00f8fcb9a tempest-AttachVolumeShelveTestJSON-848247908 tempest-AttachVolumeShelveTestJSON-848247908-project] Attributes excluded by policy engine: ['standard_attr_id', 'binding:profile', 'binding:host_id', 'binding:vif_type', 'binding:vif_details', 'network'] {{(pid=102547) _exclude_attributes_by_policy /opt/stack/neutron/neutron/pecan_wsgi/hooks/policy_enforcement.py:255}}
Jan 31 19:56:04.268074 dv-cinder-813225-5-smb neutron-server[102547]: DEBUG neutron_lib.callbacks.manager [req-d6808628-6fbb-479a-8d58-849592583fcb req-ec976968-c557-4664-be4c-33c00f8fcb9a tempest-AttachVolumeShelveTestJSON-848247908 tempest-AttachVolumeShelveTestJSON-848247908-project] Publish callbacks ['neutron.notifiers.nova.Notifier._send_nova_notification-190283', 'neutron.api.rpc.agentnotifiers.dhcp_rpc_agent_api.DhcpAgentNotifyAPI._send_dhcp_notification-623870'] for port (None), before_response {{(pid=102547) _notify_loop /usr/local/lib/python3.8/dist-packages/neutron_lib/callbacks/manager.py:176}}
Jan 31 19:56:04.270630 dv-cinder-813225-5-smb neutron-server[102549]: DEBUG neutron_lib.callbacks.manager [None req-c313a761-7eb3-47a7-b374-6224dbab512c None None] Publish callbacks ['neutron.plugins.ml2.plugin.SecurityGroupServerNotifierRpcMixin._notify_sg_on_port_change-1616472', 'neutron.plugins.ml2.ovo_rpc._ObjectChangeHandler.handle_event-201119', 'neutron.api.rpc.agentnotifiers.dhcp_rpc_agent_api.DhcpAgentNotifyAPI._native_event_send_dhcp_notification-623628', 'neutron.db.l3_db.L3RpcNotifierMixin._notify_gateway_port_ip_changed-8735758631114', 'neutron.db.l3_dvrscheduler_db._notify_l3_agent_port_update-8735758153512', 'neutron.db.l3_hascheduler_db._notify_l3_agent_ha_port_update-8735758153530'] for port (43e016c8-0af0-4b87-a398-c61a019e2d61), after_update {{(pid=102549) _notify_loop /usr/local/lib/python3.8/dist-packages/neutron_lib/callbacks/manager.py:176}}
Jan 31 19:56:04.288585 dv-cinder-813225-5-smb neutron-server[102547]: INFO neutron.wsgi [req-18be235c-b43c-4ef1-bf95-9a4462ae93fb req-50911c11-b645-4257-93b9-ad426324968d service neutron] 10.222.0.59 "GET /v2.0/networks/cfafa9d1-05af-4742-8172-3e3b34d400cb?fields=provider%3Aphysical_network&fields=provider%3Anetwork_type HTTP/1.1" status: 200 len: 281 time: 0.7029598
Jan 31 19:56:04.327116 dv-cinder-813225-5-smb neutron-server[102548]: DEBUG neutron_lib.callbacks.manager [None req-ec86c5ad-469e-4f7d-b7ca-8b7d94b8e45f admin admin] Publish callbacks [] for security_group (c2fc9e8b-de35-4fe1-b18f-6dde6676d233), precommit_delete {{(pid=102548) _notify_loop /usr/local/lib/python3.8/dist-packages/neutron_lib/callbacks/manager.py:176}}
Jan 31 19:56:04.363762 dv-cinder-813225-5-smb neutron-server[102547]: INFO neutron.wsgi [req-d6808628-6fbb-479a-8d58-849592583fcb req-ec976968-c557-4664-be4c-33c00f8fcb9a tempest-AttachVolumeShelveTestJSON-848247908 tempest-AttachVolumeShelveTestJSON-848247908-project] 10.222.0.43 "POST /v2.0/ports HTTP/1.1" status: 201 len: 933 time: 3.4020214
Jan 31 19:56:04.453110 dv-cinder-813225-5-smb neutron-server[102548]: DEBUG neutron_lib.callbacks.manager [None req-ec86c5ad-469e-4f7d-b7ca-8b7d94b8e45f admin admin] Publish callbacks ['neutron.plugins.ml2.ovo_rpc._ObjectChangeHandler.handle_event-604094'] for security_group (c2fc9e8b-de35-4fe1-b18f-6dde6676d233), after_delete {{(pid=102548) _notify_loop /usr/local/lib/python3.8/dist-packages/neutron_lib/callbacks/manager.py:176}}
Jan 31 19:56:04.455863 dv-cinder-813225-5-smb neutron-server[102548]: DEBUG neutron_lib.callbacks.manager [None req-ec86c5ad-469e-4f7d-b7ca-8b7d94b8e45f admin admin] Publish callbacks [] for security_group (None), before_response {{(pid=102548) _notify_loop /usr/local/lib/python3.8/dist-packages/neutron_lib/callbacks/manager.py:176}}
Jan 31 19:56:04.457272 dv-cinder-813225-5-smb neutron-server[102548]: INFO neutron.wsgi [None req-ec86c5ad-469e-4f7d-b7ca-8b7d94b8e45f admin admin] 10.222.0.59 "DELETE /v2.0/security-groups/c2fc9e8b-de35-4fe1-b18f-6dde6676d233 HTTP/1.1" status: 204 len: 168 time: 0.4288332
Jan 31 19:56:04.461153 dv-cinder-813225-5-smb neutron-server[102549]: DEBUG neutron.api.rpc.handlers.resources_rpc [None req-c313a761-7eb3-47a7-b374-6224dbab512c None None] Pushing event updated for resources: {'Port': ['ID=43e016c8-0af0-4b87-a398-c61a019e2d61,revision_number=5']} {{(pid=102549) push /opt/stack/neutron/neutron/api/rpc/handlers/resources_rpc.py:237}}
Jan 31 19:56:04.488119 dv-cinder-813225-5-smb neutron-server[102547]: INFO neutron.wsgi [req-d4ed10f8-8e94-4758-9ff7-401963a11100 req-d0762e35-af1b-4104-866d-c49ca1762a41 tempest-DeleteServersTestJSON-1158044061 tempest-DeleteServersTestJSON-1158044061-project] 10.222.0.59 "GET /v2.0/security-groups?id=7d6fb52c-b1bb-400c-9616-7b5b9145b9ea&fields=id&fields=name HTTP/1.1" status: 200 len: 286 time: 0.2047431
Jan 31 19:56:04.489484 dv-cinder-813225-5-smb neutron-server[102549]: DEBUG neutron.db.provisioning_blocks [None req-65f546d3-536b-4491-aa05-20b3bc5a6f23 None None] Provisioning complete for port 992a24da-0462-4a53-afc9-6c58f13966fc triggered by entity DHCP. {{(pid=102549) provisioning_complete /opt/stack/neutron/neutron/db/provisioning_blocks.py:139}}
Jan 31 19:56:04.490429 dv-cinder-813225-5-smb neutron-server[102549]: DEBUG neutron_lib.callbacks.manager [None req-65f546d3-536b-4491-aa05-20b3bc5a6f23 None None] Publish callbacks ['neutron.plugins.ml2.plugin.Ml2Plugin._port_provisioned-1661115'] for port (992a24da-0462-4a53-afc9-6c58f13966fc), provisioning_complete {{(pid=102549) _notify_loop /usr/local/lib/python3.8/dist-packages/neutron_lib/callbacks/manager.py:176}}
Jan 31 19:56:04.506501 dv-cinder-813225-5-smb neutron-server[102548]: DEBUG neutron.api.rpc.handlers.resources_rpc [None req-ec86c5ad-469e-4f7d-b7ca-8b7d94b8e45f admin admin] Pushing event deleted for resources: {'SecurityGroup': ['ID=c2fc9e8b-de35-4fe1-b18f-6dde6676d233,revision_number=None']} {{(pid=102548) push /opt/stack/neutron/neutron/api/rpc/handlers/resources_rpc.py:237}}
Jan 31 19:56:04.518224 dv-cinder-813225-5-smb neutron-server[102547]: DEBUG neutron.api.v2.base [req-d6808628-6fbb-479a-8d58-849592583fcb req-171b5d16-12f9-4d41-9912-8dcb5aab4d61 service neutron] Request body: {'port': {'device_id': '00323afc-f44d-41f7-acb1-4212fc17ec3d', 'device_owner': 'compute:nova', 'binding:host_id': 'hv-cinder-81322'}} {{(pid=102547) prepare_request_body /opt/stack/neutron/neutron/api/v2/base.py:729}}
Jan 31 19:56:04.644154 dv-cinder-813225-5-smb neutron-server[102549]: DEBUG neutron.plugins.ml2.plugin [None req-65f546d3-536b-4491-aa05-20b3bc5a6f23 None None] Port 992a24da-0462-4a53-afc9-6c58f13966fc cannot update to ACTIVE because it is not bound. {{(pid=102549) _port_provisioned /opt/stack/neutron/neutron/plugins/ml2/plugin.py:343}}
Jan 31 19:56:04.724450 dv-cinder-813225-5-smb neutron-server[102547]: DEBUG neutron_lib.callbacks.manager [req-d6808628-6fbb-479a-8d58-849592583fcb req-171b5d16-12f9-4d41-9912-8dcb5aab4d61 service neutron] Publish callbacks ['neutron.plugins.ml2.plugin.SecurityGroupDbMixin._ensure_default_security_group_handler-1616007'] for port (992a24da-0462-4a53-afc9-6c58f13966fc), before_update {{(pid=102547) _notify_loop /usr/local/lib/python3.8/dist-packages/neutron_lib/callbacks/manager.py:176}}
Jan 31 19:56:04.853858 dv-cinder-813225-5-smb neutron-server[102549]: DEBUG novaclient.v2.client [-] REQ: curl -g -i --cacert "/opt/stack/data/ca-bundle.pem" -X POST http://10.222.0.59/compute/v2.1/os-server-external-events -H "Accept: application/json" -H "Content-Type: application/json" -H "User-Agent: python-novaclient" -H "X-Auth-Token: {SHA256}5794a79213f1cc561bfa991ef8f903458b574d699572edbda4b8a38cb7658fe4" -H "X-OpenStack-Nova-API-Version: 2.1" -H "X-OpenStack-Request-ID: req-f24a3224-043e-4326-bf57-c952411957fa" -d '{"events": [{"server_uuid": "a49e7a64-d149-4806-812c-42f364ac82ec", "name": "network-vif-plugged", "status": "completed", "tag": "43e016c8-0af0-4b87-a398-c61a019e2d61"}]}' {{(pid=102549) _http_log_request /usr/local/lib/python3.8/dist-packages/keystoneauth1/session.py:519}}
Jan 31 19:56:05.014908 dv-cinder-813225-5-smb neutron-server[102549]: DEBUG neutron.plugins.ml2.rpc [None req-6a882c81-068a-4b28-b907-8c760712a2bb None None] Device 85a608db-38d9-4d8a-87e5-c6f593fb6686 up at agent ovs-agent-dv-cinder-813225-5-smb {{(pid=102549) update_device_up /opt/stack/neutron/neutron/plugins/ml2/rpc.py:296}}
Jan 31 19:56:05.169888 dv-cinder-813225-5-smb neutron-server[102549]: DEBUG neutron.db.provisioning_blocks [None req-6a882c81-068a-4b28-b907-8c760712a2bb None None] Provisioning complete for port 85a608db-38d9-4d8a-87e5-c6f593fb6686 triggered by entity L2. {{(pid=102549) provisioning_complete /opt/stack/neutron/neutron/db/provisioning_blocks.py:139}}
Jan 31 19:56:05.170619 dv-cinder-813225-5-smb neutron-server[102549]: DEBUG neutron_lib.callbacks.manager [None req-6a882c81-068a-4b28-b907-8c760712a2bb None None] Publish callbacks ['neutron.plugins.ml2.plugin.Ml2Plugin._port_provisioned-1661115'] for port (85a608db-38d9-4d8a-87e5-c6f593fb6686), provisioning_complete {{(pid=102549) _notify_loop /usr/local/lib/python3.8/dist-packages/neutron_lib/callbacks/manager.py:176}}
Jan 31 19:56:05.239906 dv-cinder-813225-5-smb neutron-server[102548]: DEBUG novaclient.v2.client [-] RESP: [200] Connection: close Content-Length: 179 Content-Type: application/json Date: Mon, 31 Jan 2022 19:56:03 GMT OpenStack-API-Version: compute 2.1 Server: Apache/2.4.41 (Ubuntu) Vary: OpenStack-API-Version,X-OpenStack-Nova-API-Version X-OpenStack-Nova-API-Version: 2.1 x-compute-request-id: req-90c20d65-8b9f-4ba5-9a6e-866178a66d1a x-openstack-request-id: req-90c20d65-8b9f-4ba5-9a6e-866178a66d1a {{(pid=102548) _http_log_response /usr/local/lib/python3.8/dist-packages/keystoneauth1/session.py:550}}
Jan 31 19:56:05.241078 dv-cinder-813225-5-smb neutron-server[102548]: DEBUG novaclient.v2.client [-] RESP BODY: {"events": [{"name": "network-changed", "server_uuid": "61fc5600-fd8a-48f9-ad6c-1f79342e9640", "tag": "c41a4170-6076-4bb3-864c-be898f471829", "status": "completed", "code": 200}]} {{(pid=102548) _http_log_response /usr/local/lib/python3.8/dist-packages/keystoneauth1/session.py:582}}
Jan 31 19:56:05.241748 dv-cinder-813225-5-smb neutron-server[102548]: DEBUG novaclient.v2.client [-] POST call to compute for http://10.222.0.59/compute/v2.1/os-server-external-events used request id req-90c20d65-8b9f-4ba5-9a6e-866178a66d1a {{(pid=102548) request /usr/local/lib/python3.8/dist-packages/keystoneauth1/session.py:954}}
Jan 31 19:56:05.242554 dv-cinder-813225-5-smb neutron-server[102548]: INFO neutron.notifiers.nova [-] Nova event response: {'name': 'network-changed', 'server_uuid': '61fc5600-fd8a-48f9-ad6c-1f79342e9640', 'tag': 'c41a4170-6076-4bb3-864c-be898f471829', 'status': 'completed', 'code': 200}
Jan 31 19:56:05.451985 dv-cinder-813225-5-smb neutron-server[102547]: DEBUG neutron.pecan_wsgi.hooks.policy_enforcement [req-873241a1-f98b-4cc9-bc00-b6cf227ab0d0 req-d4d2765e-8509-44f8-91db-6575fcaf2560 tempest-AttachVolumeTestJSON-1651232068 tempest-AttachVolumeTestJSON-1651232068-project] Attributes excluded by policy engine: ['standard_attr_id', 'binding:profile', 'binding:host_id', 'binding:vif_type', 'binding:vif_details'] {{(pid=102547) _exclude_attributes_by_policy /opt/stack/neutron/neutron/pecan_wsgi/hooks/policy_enforcement.py:255}}
Jan 31 19:56:05.464724 dv-cinder-813225-5-smb neutron-server[102547]: INFO neutron.wsgi [req-873241a1-f98b-4cc9-bc00-b6cf227ab0d0 req-d4d2765e-8509-44f8-91db-6575fcaf2560 tempest-AttachVolumeTestJSON-1651232068 tempest-AttachVolumeTestJSON-1651232068-project] 10.222.0.59 "GET /v2.0/ports?device_id=61fc5600-fd8a-48f9-ad6c-1f79342e9640 HTTP/1.1" status: 200 len: 943 time: 0.4306390
Jan 31 19:56:05.476001 dv-cinder-813225-5-smb neutron-server[102549]: DEBUG neutron.plugins.ml2.plugin [None req-6a882c81-068a-4b28-b907-8c760712a2bb None None] Current status of the port 85a608db-38d9-4d8a-87e5-c6f593fb6686 is: ACTIVE; New status is: ACTIVE {{(pid=102549) _update_individual_port_db_status /opt/stack/neutron/neutron/plugins/ml2/plugin.py:2238}}
Jan 31 19:56:05.643323 dv-cinder-813225-5-smb neutron-server[102547]: DEBUG neutron.wsgi [-] (102547) accepted ('10.222.0.59', 51514) {{(pid=102547) server /usr/local/lib/python3.8/dist-packages/eventlet/wsgi.py:1004}}
Jan 31 19:56:05.712499 dv-cinder-813225-5-smb neutron-server[102547]: INFO neutron.wsgi [req-873241a1-f98b-4cc9-bc00-b6cf227ab0d0 req-13070031-5f96-47ed-b120-36c23bc4aee3 tempest-AttachVolumeTestJSON-1651232068 tempest-AttachVolumeTestJSON-1651232068-project] 10.222.0.59 "GET /v2.0/security-groups?id=6947e0fc-54ff-4bc4-a6a4-2f9cd0188ea7&fields=id&fields=name HTTP/1.1" status: 200 len: 312 time: 0.2445655
Jan 31 19:56:05.715807 dv-cinder-813225-5-smb neutron-server[102547]: DEBUG neutron.wsgi [-] (102547) accepted ('10.222.0.59', 51516) {{(pid=102547) server /usr/local/lib/python3.8/dist-packages/eventlet/wsgi.py:1004}}
Jan 31 19:56:05.738218 dv-cinder-813225-5-smb neutron-server[102547]: DEBUG neutron_lib.callbacks.manager [None req-2725be9c-c5e1-4074-af1d-d479f6c942ef admin admin] Publish callbacks [] for security_group (None), before_create {{(pid=102547) _notify_loop /usr/local/lib/python3.8/dist-packages/neutron_lib/callbacks/manager.py:176}}
Jan 31 19:56:05.794214 dv-cinder-813225-5-smb neutron-server[102547]: DEBUG neutron.pecan_wsgi.hooks.policy_enforcement [req-d2a8b2bd-5918-4e7b-a6a2-7e6a7a4266d2 req-6d3aaecb-39f3-4f6e-840d-85f3d78cb611 tempest-AttachVolumeShelveTestJSON-848247908 tempest-AttachVolumeShelveTestJSON-848247908-project] Attributes excluded by policy engine: ['standard_attr_id', 'binding:profile', 'binding:host_id', 'binding:vif_type', 'binding:vif_details'] {{(pid=102547) _exclude_attributes_by_policy /opt/stack/neutron/neutron/pecan_wsgi/hooks/policy_enforcement.py:255}}
Jan 31 19:56:05.803930 dv-cinder-813225-5-smb neutron-server[102547]: INFO neutron.wsgi [req-d2a8b2bd-5918-4e7b-a6a2-7e6a7a4266d2 req-6d3aaecb-39f3-4f6e-840d-85f3d78cb611 tempest-AttachVolumeShelveTestJSON-848247908 tempest-AttachVolumeShelveTestJSON-848247908-project] 10.222.0.59 "GET /v2.0/ports?device_id=00323afc-f44d-41f7-acb1-4212fc17ec3d HTTP/1.1" status: 200 len: 931 time: 0.3284883
Jan 31 19:56:05.826760 dv-cinder-813225-5-smb neutron-server[102548]: DEBUG neutron.pecan_wsgi.hooks.policy_enforcement [req-4e123112-603d-4f68-a347-1f20f8db0cde req-509172a2-12a6-4eac-b86a-5a62a9bee6a2 service neutron] Attributes excluded by policy engine: ['standard_attr_id'] {{(pid=102548) _exclude_attributes_by_policy /opt/stack/neutron/neutron/pecan_wsgi/hooks/policy_enforcement.py:255}}
Jan 31 19:56:05.830505 dv-cinder-813225-5-smb neutron-server[102548]: INFO neutron.wsgi [req-4e123112-603d-4f68-a347-1f20f8db0cde req-509172a2-12a6-4eac-b86a-5a62a9bee6a2 service neutron] 10.222.0.43 "GET /v2.0/ports?tenant_id=a53311b49470442ab0e71cdaf420a2e1&device_id=61fc5600-fd8a-48f9-ad6c-1f79342e9640 HTTP/1.1" status: 200 len: 1127 time: 0.5635254
Jan 31 19:56:05.911048 dv-cinder-813225-5-smb neutron-server[102547]: INFO neutron.wsgi [req-d2a8b2bd-5918-4e7b-a6a2-7e6a7a4266d2 req-a076f3df-fb60-4e15-97a1-dd6af73e9168 tempest-AttachVolumeShelveTestJSON-848247908 tempest-AttachVolumeShelveTestJSON-848247908-project] 10.222.0.59 "GET /v2.0/security-groups?id=49dbdfe0-b612-434e-944c-5e1110fd496d&fields=id&fields=name HTTP/1.1" status: 200 len: 313 time: 0.1058855
Jan 31 19:56:06.019101 dv-cinder-813225-5-smb neutron-server[102547]: DEBUG neutron.notifiers.nova [req-d6808628-6fbb-479a-8d58-849592583fcb req-171b5d16-12f9-4d41-9912-8dcb5aab4d61 service neutron] Ignoring state change previous_port_status: DOWN current_port_status: DOWN port_id 992a24da-0462-4a53-afc9-6c58f13966fc {{(pid=102547) record_port_status_changed /opt/stack/neutron/neutron/notifiers/nova.py:228}}
Jan 31 19:56:06.037328 dv-cinder-813225-5-smb neutron-server[102547]: DEBUG neutron_lib.callbacks.manager [req-d6808628-6fbb-479a-8d58-849592583fcb req-171b5d16-12f9-4d41-9912-8dcb5aab4d61 service neutron] Publish callbacks [] for port (992a24da-0462-4a53-afc9-6c58f13966fc), precommit_update {{(pid=102547) _notify_loop /usr/local/lib/python3.8/dist-packages/neutron_lib/callbacks/manager.py:176}}
Jan 31 19:56:06.092564 dv-cinder-813225-5-smb neutron-server[102547]: INFO neutron.wsgi [req-b45953e3-9db5-47af-9a28-ec46173718cb req-8d9cb5b5-2e13-4897-a8d2-2af00e720cc5 tempest-ServerRescueNegativeTestJSON-417093280 tempest-ServerRescueNegativeTestJSON-417093280-project] 10.222.0.59 "GET /v2.0/ports?device_id=bda82113-aff2-464f-afaf-458cc09566d6 HTTP/1.1" status: 200 len: 210 time: 0.0973368
Jan 31 19:56:06.137097 dv-cinder-813225-5-smb neutron-server[102547]: DEBUG neutron_lib.callbacks.manager [None req-09f4f41d-87d5-4464-8ac5-bff9b9408acd admin admin] Publish callbacks [] for security_group (None), before_create {{(pid=102547) _notify_loop /usr/local/lib/python3.8/dist-packages/neutron_lib/callbacks/manager.py:176}}
Jan 31 19:56:06.228510 dv-cinder-813225-5-smb neutron-server[102547]: DEBUG neutron_lib.callbacks.manager [None req-2725be9c-c5e1-4074-af1d-d479f6c942ef admin admin] Publish callbacks [] for security_group (f7588d8c-120b-4b45-ba40-ed303f101678), precommit_create {{(pid=102547) _notify_loop /usr/local/lib/python3.8/dist-packages/neutron_lib/callbacks/manager.py:176}}
Jan 31 19:56:06.249402 dv-cinder-813225-5-smb neutron-server[102547]: DEBUG neutron.db.provisioning_blocks [req-d6808628-6fbb-479a-8d58-849592583fcb req-171b5d16-12f9-4d41-9912-8dcb5aab4d61 service neutron] Transition to ACTIVE for port object 992a24da-0462-4a53-afc9-6c58f13966fc will not be triggered until provisioned by entity L2. {{(pid=102547) add_provisioning_component /opt/stack/neutron/neutron/db/provisioning_blocks.py:73}}
Jan 31 19:56:06.254899 dv-cinder-813225-5-smb neutron-server[102547]: DEBUG neutron_lib.callbacks.manager [None req-2725be9c-c5e1-4074-af1d-d479f6c942ef admin admin] Publish callbacks ['neutron.plugins.ml2.ovo_rpc._ObjectChangeHandler.handle_event-604094'] for security_group (f7588d8c-120b-4b45-ba40-ed303f101678), after_create {{(pid=102547) _notify_loop /usr/local/lib/python3.8/dist-packages/neutron_lib/callbacks/manager.py:176}}
Jan 31 19:56:06.264861 dv-cinder-813225-5-smb neutron-server[102548]: DEBUG neutron.pecan_wsgi.hooks.policy_enforcement [req-4e123112-603d-4f68-a347-1f20f8db0cde req-67f84d48-46ad-47e6-8493-f77d0e36aa4c service neutron] Attributes excluded by policy engine: ['standard_attr_id', 'vlan_transparent'] {{(pid=102548) _exclude_attributes_by_policy /opt/stack/neutron/neutron/pecan_wsgi/hooks/policy_enforcement.py:255}}
Jan 31 19:56:06.267599 dv-cinder-813225-5-smb neutron-server[102548]: INFO neutron.wsgi [req-4e123112-603d-4f68-a347-1f20f8db0cde req-67f84d48-46ad-47e6-8493-f77d0e36aa4c service neutron] 10.222.0.43 "GET /v2.0/networks?id=a5afe9dd-2841-414c-b468-7addf466f649 HTTP/1.1" status: 200 len: 912 time: 0.4313326
Jan 31 19:56:06.311376 dv-cinder-813225-5-smb neutron-server[102547]: DEBUG neutron_lib.callbacks.manager [req-d6808628-6fbb-479a-8d58-849592583fcb req-171b5d16-12f9-4d41-9912-8dcb5aab4d61 service neutron] Publish callbacks ['neutron.plugins.ml2.plugin.SecurityGroupServerNotifierRpcMixin._notify_sg_on_port_change-1616472', 'neutron.plugins.ml2.ovo_rpc._ObjectChangeHandler.handle_event-201119', 'neutron.api.rpc.agentnotifiers.dhcp_rpc_agent_api.DhcpAgentNotifyAPI._native_event_send_dhcp_notification-623628', 'neutron.db.l3_db.L3RpcNotifierMixin._notify_gateway_port_ip_changed-8735758631114', 'neutron.db.l3_dvrscheduler_db._notify_l3_agent_port_update-8735758153512', 'neutron.db.l3_hascheduler_db._notify_l3_agent_ha_port_update-8735758153530', 'neutron.services.segments.plugin.NovaSegmentNotifier._notify_port_updated-5400593'] for port (992a24da-0462-4a53-afc9-6c58f13966fc), after_update {{(pid=102547) _notify_loop /usr/local/lib/python3.8/dist-packages/neutron_lib/callbacks/manager.py:176}}
Jan 31 19:56:06.361092 dv-cinder-813225-5-smb neutron-server[102548]: INFO neutron.wsgi [req-4e123112-603d-4f68-a347-1f20f8db0cde req-5ce2e397-ff63-4fac-be56-b10392c7b110 service neutron] 10.222.0.43 "GET /v2.0/floatingips?fixed_ip_address=172.20.0.5&port_id=c41a4170-6076-4bb3-864c-be898f471829 HTTP/1.1" status: 200 len: 217 time: 0.0835986
Jan 31 19:56:06.396256 dv-cinder-813225-5-smb neutron-server[102549]: DEBUG novaclient.v2.client [-] RESP: [200] Connection: close Content-Length: 183 Content-Type: application/json Date: Mon, 31 Jan 2022 19:56:04 GMT OpenStack-API-Version: compute 2.1 Server: Apache/2.4.41 (Ubuntu) Vary: OpenStack-API-Version,X-OpenStack-Nova-API-Version X-OpenStack-Nova-API-Version: 2.1 x-compute-request-id: req-9051a412-d38a-4530-acfe-18bfd029800e x-openstack-request-id: req-9051a412-d38a-4530-acfe-18bfd029800e {{(pid=102549) _http_log_response /usr/local/lib/python3.8/dist-packages/keystoneauth1/session.py:550}}
Jan 31 19:56:06.397344 dv-cinder-813225-5-smb neutron-server[102549]: DEBUG novaclient.v2.client [-] RESP BODY: {"events": [{"server_uuid": "a49e7a64-d149-4806-812c-42f364ac82ec", "name": "network-vif-plugged", "status": "completed", "tag": "43e016c8-0af0-4b87-a398-c61a019e2d61", "code": 200}]} {{(pid=102549) _http_log_response /usr/local/lib/python3.8/dist-packages/keystoneauth1/session.py:582}}
Jan 31 19:56:06.397787 dv-cinder-813225-5-smb neutron-server[102549]: DEBUG novaclient.v2.client [-] POST call to compute for http://10.222.0.59/compute/v2.1/os-server-external-events used request id req-9051a412-d38a-4530-acfe-18bfd029800e {{(pid=102549) request /usr/local/lib/python3.8/dist-packages/keystoneauth1/session.py:954}}
Jan 31 19:56:06.398382 dv-cinder-813225-5-smb neutron-server[102549]: INFO neutron.notifiers.nova [-] Nova event response: {'server_uuid': 'a49e7a64-d149-4806-812c-42f364ac82ec', 'name': 'network-vif-plugged', 'status': 'completed', 'tag': '43e016c8-0af0-4b87-a398-c61a019e2d61', 'code': 200}
Jan 31 19:56:06.453989 dv-cinder-813225-5-smb neutron-server[102548]: DEBUG neutron.pecan_wsgi.hooks.policy_enforcement [req-4e123112-603d-4f68-a347-1f20f8db0cde req-33b3a4a0-7728-4c1b-9b4b-f75ea3e2501a service neutron] Attributes excluded by policy engine: ['standard_attr_id', 'shared', 'segment_id'] {{(pid=102548) _exclude_attributes_by_policy /opt/stack/neutron/neutron/pecan_wsgi/hooks/policy_enforcement.py:255}}
Jan 31 19:56:06.455686 dv-cinder-813225-5-smb neutron-server[102548]: INFO neutron.wsgi [req-4e123112-603d-4f68-a347-1f20f8db0cde req-33b3a4a0-7728-4c1b-9b4b-f75ea3e2501a service neutron] 10.222.0.43 "GET /v2.0/subnets?id=bc8d133d-fe00-4d30-9bb3-214733569f59 HTTP/1.1" status: 200 len: 850 time: 0.0870984
Jan 31 19:56:06.460202 dv-cinder-813225-5-smb neutron-server[102547]: INFO neutron.wsgi [None req-2725be9c-c5e1-4074-af1d-d479f6c942ef admin admin] 10.222.0.59 "GET /v2.0/security-groups?tenant_id=33f72d05ee4a4c609b5e8f5900fe8e80&name=default HTTP/1.1" status: 200 len: 2996 time: 0.8154433
Jan 31 19:56:06.491701 dv-cinder-813225-5-smb neutron-server[102548]: DEBUG neutron.wsgi [-] (102548) accepted ('10.222.0.59', 51538) {{(pid=102548) server /usr/local/lib/python3.8/dist-packages/eventlet/wsgi.py:1004}}
Jan 31 19:56:06.503868 dv-cinder-813225-5-smb neutron-server[102548]: DEBUG neutron.wsgi [-] (102548) accepted ('10.222.0.59', 51540) {{(pid=102548) server /usr/local/lib/python3.8/dist-packages/eventlet/wsgi.py:1004}}
Jan 31 19:56:06.550663 dv-cinder-813225-5-smb neutron-server[102547]: DEBUG neutron.api.rpc.handlers.resources_rpc [None req-2725be9c-c5e1-4074-af1d-d479f6c942ef admin admin] Pushing event updated for resources: {'SecurityGroup': ['ID=f7588d8c-120b-4b45-ba40-ed303f101678,revision_number=1']} {{(pid=102547) push /opt/stack/neutron/neutron/api/rpc/handlers/resources_rpc.py:237}}
Jan 31 19:56:06.554868 dv-cinder-813225-5-smb neutron-server[102548]: DEBUG neutron.pecan_wsgi.hooks.policy_enforcement [req-4e123112-603d-4f68-a347-1f20f8db0cde req-efcb2362-d386-4b67-8922-719a84ea6b9a service neutron] Attributes excluded by policy engine: ['standard_attr_id'] {{(pid=102548) _exclude_attributes_by_policy /opt/stack/neutron/neutron/pecan_wsgi/hooks/policy_enforcement.py:255}}
Jan 31 19:56:06.556742 dv-cinder-813225-5-smb neutron-server[102548]: INFO neutron.wsgi [req-4e123112-603d-4f68-a347-1f20f8db0cde req-efcb2362-d386-4b67-8922-719a84ea6b9a service neutron] 10.222.0.43 "GET /v2.0/ports?network_id=a5afe9dd-2841-414c-b468-7addf466f649&device_owner=network%3Adhcp HTTP/1.1" status: 200 len: 1210 time: 0.0941341
Jan 31 19:56:06.640659 dv-cinder-813225-5-smb neutron-server[102547]: DEBUG neutron.wsgi [-] (102547) accepted ('10.222.0.59', 51546) {{(pid=102547) server /usr/local/lib/python3.8/dist-packages/eventlet/wsgi.py:1004}}
Jan 31 19:56:06.724295 dv-cinder-813225-5-smb neutron-server[102547]: DEBUG neutron.pecan_wsgi.hooks.policy_enforcement [req-2148f454-4caa-4900-a048-5bee72d9c06e req-e42888f2-5c10-4175-9481-9fd0bf9cf0fc tempest-DeleteServersTestJSON-1158044061 tempest-DeleteServersTestJSON-1158044061-project] Attributes excluded by policy engine: ['standard_attr_id', 'binding:profile', 'binding:host_id', 'binding:vif_type', 'binding:vif_details'] {{(pid=102547) _exclude_attributes_by_policy /opt/stack/neutron/neutron/pecan_wsgi/hooks/policy_enforcement.py:255}}
Jan 31 19:56:06.726525 dv-cinder-813225-5-smb neutron-server[102547]: INFO neutron.wsgi [req-2148f454-4caa-4900-a048-5bee72d9c06e req-e42888f2-5c10-4175-9481-9fd0bf9cf0fc tempest-DeleteServersTestJSON-1158044061 tempest-DeleteServersTestJSON-1158044061-project] 10.222.0.59 "GET /v2.0/ports?device_id=a49e7a64-d149-4806-812c-42f364ac82ec HTTP/1.1" status: 200 len: 946 time: 0.4273970
Jan 31 19:56:06.744479 dv-cinder-813225-5-smb neutron-server[102548]: DEBUG neutron_lib.callbacks.manager [None req-4b1aad69-6c7e-4435-8004-88e159fe957b admin admin] Publish callbacks [] for security_group (f7588d8c-120b-4b45-ba40-ed303f101678), before_delete {{(pid=102548) _notify_loop /usr/local/lib/python3.8/dist-packages/neutron_lib/callbacks/manager.py:176}}
Jan 31 19:56:06.789427 dv-cinder-813225-5-smb neutron-server[102548]: INFO neutron.wsgi [req-4e123112-603d-4f68-a347-1f20f8db0cde req-1a0660cf-8a23-4f4b-8350-f5147902d6a3 service neutron] 10.222.0.43 "GET /v2.0/networks/a5afe9dd-2841-414c-b468-7addf466f649?fields=segments HTTP/1.1" status: 200 len: 212 time: 0.2241030
Jan 31 19:56:06.846353 dv-cinder-813225-5-smb neutron-server[102548]: DEBUG neutron_lib.callbacks.manager [None req-4b1aad69-6c7e-4435-8004-88e159fe957b admin admin] Publish callbacks [] for security_group (f7588d8c-120b-4b45-ba40-ed303f101678), precommit_delete {{(pid=102548) _notify_loop /usr/local/lib/python3.8/dist-packages/neutron_lib/callbacks/manager.py:176}}
Jan 31 19:56:06.881639 dv-cinder-813225-5-smb neutron-server[102548]: DEBUG neutron.wsgi [-] (102548) accepted ('10.222.0.43', 56642) {{(pid=102548) server /usr/local/lib/python3.8/dist-packages/eventlet/wsgi.py:1004}}
Jan 31 19:56:06.906708 dv-cinder-813225-5-smb neutron-server[102547]: DEBUG neutron.api.rpc.handlers.resources_rpc [None req-171b5d16-12f9-4d41-9912-8dcb5aab4d61 service neutron] Pushing event updated for resources: {'Port': ['ID=992a24da-0462-4a53-afc9-6c58f13966fc,revision_number=2']} {{(pid=102547) push /opt/stack/neutron/neutron/api/rpc/handlers/resources_rpc.py:237}}
Jan 31 19:56:06.925425 dv-cinder-813225-5-smb neutron-server[102547]: DEBUG neutron.wsgi [-] (102547) accepted ('10.222.0.43', 56643) {{(pid=102547) server /usr/local/lib/python3.8/dist-packages/eventlet/wsgi.py:1004}}
Jan 31 19:56:06.951272 dv-cinder-813225-5-smb neutron-server[102547]: DEBUG neutron.pecan_wsgi.hooks.policy_enforcement [req-c7897e60-964d-40e3-b6ee-1d82e55b1a3c req-1f5ce208-1038-4982-8ba8-832ca78eb3d7 tempest-ServerRescueNegativeTestJSON-417093280 tempest-ServerRescueNegativeTestJSON-417093280-project] Attributes excluded by policy engine: ['standard_attr_id', 'vlan_transparent', 'provider:network_type', 'provider:physical_network', 'provider:segmentation_id'] {{(pid=102547) _exclude_attributes_by_policy /opt/stack/neutron/neutron/pecan_wsgi/hooks/policy_enforcement.py:255}}
Jan 31 19:56:06.959503 dv-cinder-813225-5-smb neutron-server[102547]: INFO neutron.wsgi [req-c7897e60-964d-40e3-b6ee-1d82e55b1a3c req-1f5ce208-1038-4982-8ba8-832ca78eb3d7 tempest-ServerRescueNegativeTestJSON-417093280 tempest-ServerRescueNegativeTestJSON-417093280-project] 10.222.0.59 "GET /v2.0/networks?id=cfafa9d1-05af-4742-8172-3e3b34d400cb HTTP/1.1" status: 200 len: 818 time: 0.2317686
Jan 31 19:56:07.025343 dv-cinder-813225-5-smb neutron-server[102548]: DEBUG neutron_lib.callbacks.manager [None req-d7c17785-25f1-48ee-a5d0-37d147d830e6 admin admin] Publish callbacks [] for security_group (None), before_create {{(pid=102548) _notify_loop /usr/local/lib/python3.8/dist-packages/neutron_lib/callbacks/manager.py:176}}
Jan 31 19:56:07.039777 dv-cinder-813225-5-smb neutron-server[102547]: INFO neutron.wsgi [req-c7897e60-964d-40e3-b6ee-1d82e55b1a3c req-4a1dccbc-b8b3-4b6d-8ffa-59c51583bb7f tempest-ServerRescueNegativeTestJSON-417093280 tempest-ServerRescueNegativeTestJSON-417093280-project] 10.222.0.59 "GET /v2.0/quotas/aad30a83452c4905ad68693401bb67fd HTTP/1.1" status: 200 len: 375 time: 0.0790741
Jan 31 19:56:07.077443 dv-cinder-813225-5-smb neutron-server[102548]: INFO neutron.wsgi [req-4e123112-603d-4f68-a347-1f20f8db0cde req-d28d0f49-a9f1-46eb-bbfc-81b1c55e3570 service neutron] 10.222.0.43 "GET /v2.0/networks/a5afe9dd-2841-414c-b468-7addf466f649?fields=provider%3Aphysical_network&fields=provider%3Anetwork_type HTTP/1.1" status: 200 len: 281 time: 0.2806737
Jan 31 19:56:07.080909 dv-cinder-813225-5-smb neutron-server[102547]: DEBUG neutron_lib.callbacks.manager [None req-c674f88c-c09d-4023-9489-4284fc6b7f3d admin admin] Publish callbacks [] for security_group (None), before_create {{(pid=102547) _notify_loop /usr/local/lib/python3.8/dist-packages/neutron_lib/callbacks/manager.py:176}}
Jan 31 19:56:07.114624 dv-cinder-813225-5-smb neutron-server[102548]: DEBUG neutron_lib.callbacks.manager [None req-4b1aad69-6c7e-4435-8004-88e159fe957b admin admin] Publish callbacks ['neutron.plugins.ml2.ovo_rpc._ObjectChangeHandler.handle_event-604094'] for security_group (f7588d8c-120b-4b45-ba40-ed303f101678), after_delete {{(pid=102548) _notify_loop /usr/local/lib/python3.8/dist-packages/neutron_lib/callbacks/manager.py:176}}
Jan 31 19:56:07.116414 dv-cinder-813225-5-smb neutron-server[102547]: DEBUG neutron_lib.callbacks.manager [None req-09f4f41d-87d5-4464-8ac5-bff9b9408acd admin admin] Publish callbacks [] for security_group (45dcdfe4-b205-4a0d-828e-b8358dc2614c), precommit_create {{(pid=102547) _notify_loop /usr/local/lib/python3.8/dist-packages/neutron_lib/callbacks/manager.py:176}}
Jan 31 19:56:07.117871 dv-cinder-813225-5-smb neutron-server[102548]: DEBUG neutron_lib.callbacks.manager [None req-4b1aad69-6c7e-4435-8004-88e159fe957b admin admin] Publish callbacks [] for security_group (None), before_response {{(pid=102548) _notify_loop /usr/local/lib/python3.8/dist-packages/neutron_lib/callbacks/manager.py:176}}
Jan 31 19:56:07.119207 dv-cinder-813225-5-smb neutron-server[102548]: INFO neutron.wsgi [None req-4b1aad69-6c7e-4435-8004-88e159fe957b admin admin] 10.222.0.59 "DELETE /v2.0/security-groups/f7588d8c-120b-4b45-ba40-ed303f101678 HTTP/1.1" status: 204 len: 168 time: 0.6261697
Jan 31 19:56:07.132060 dv-cinder-813225-5-smb neutron-server[102548]: DEBUG neutron.pecan_wsgi.hooks.policy_enforcement [req-0d1b1e7d-213e-47ed-9bc6-66e3ca449715 req-a109f25a-8655-40de-9055-630ff4eaec7f service neutron] Attributes excluded by policy engine: ['standard_attr_id'] {{(pid=102548) _exclude_attributes_by_policy /opt/stack/neutron/neutron/pecan_wsgi/hooks/policy_enforcement.py:255}}
Jan 31 19:56:07.133825 dv-cinder-813225-5-smb neutron-server[102548]: INFO neutron.wsgi [req-0d1b1e7d-213e-47ed-9bc6-66e3ca449715 req-a109f25a-8655-40de-9055-630ff4eaec7f service neutron] 10.222.0.43 "GET /v2.0/ports?device_id=a49e7a64-d149-4806-812c-42f364ac82ec HTTP/1.1" status: 200 len: 1130 time: 0.1925497
Jan 31 19:56:07.162151 dv-cinder-813225-5-smb neutron-server[102548]: DEBUG neutron.api.rpc.handlers.resources_rpc [None req-4b1aad69-6c7e-4435-8004-88e159fe957b admin admin] Pushing event deleted for resources: {'SecurityGroup': ['ID=f7588d8c-120b-4b45-ba40-ed303f101678,revision_number=None']} {{(pid=102548) push /opt/stack/neutron/neutron/api/rpc/handlers/resources_rpc.py:237}}
Jan 31 19:56:07.170788 dv-cinder-813225-5-smb neutron-server[102548]: DEBUG neutron_lib.callbacks.manager [req-0d1b1e7d-213e-47ed-9bc6-66e3ca449715 req-a42f8428-bf94-4215-bc13-bc07fa885e5a service neutron] Publish callbacks [] for security_group (None), before_create {{(pid=102548) _notify_loop /usr/local/lib/python3.8/dist-packages/neutron_lib/callbacks/manager.py:176}}
Jan 31 19:56:07.226675 dv-cinder-813225-5-smb neutron-server[102548]: DEBUG neutron_lib.callbacks.manager [None req-d7c17785-25f1-48ee-a5d0-37d147d830e6 admin admin] Publish callbacks [] for security_group (8201cd7a-e3cf-4c74-a822-d401bc43e708), precommit_create {{(pid=102548) _notify_loop /usr/local/lib/python3.8/dist-packages/neutron_lib/callbacks/manager.py:176}}
Jan 31 19:56:07.230442 dv-cinder-813225-5-smb neutron-server[102547]: DEBUG neutron_lib.callbacks.manager [None req-09f4f41d-87d5-4464-8ac5-bff9b9408acd admin admin] Publish callbacks ['neutron.plugins.ml2.ovo_rpc._ObjectChangeHandler.handle_event-604094'] for security_group (45dcdfe4-b205-4a0d-828e-b8358dc2614c), after_create {{(pid=102547) _notify_loop /usr/local/lib/python3.8/dist-packages/neutron_lib/callbacks/manager.py:176}}
Jan 31 19:56:07.241440 dv-cinder-813225-5-smb neutron-server[102548]: DEBUG neutron_lib.callbacks.manager [None req-d7c17785-25f1-48ee-a5d0-37d147d830e6 admin admin] Publish callbacks ['neutron.plugins.ml2.ovo_rpc._ObjectChangeHandler.handle_event-604094'] for security_group (8201cd7a-e3cf-4c74-a822-d401bc43e708), after_create {{(pid=102548) _notify_loop /usr/local/lib/python3.8/dist-packages/neutron_lib/callbacks/manager.py:176}}
Jan 31 19:56:07.310680 dv-cinder-813225-5-smb neutron-server[102548]: DEBUG neutron.api.rpc.handlers.resources_rpc [None req-d7c17785-25f1-48ee-a5d0-37d147d830e6 admin admin] Pushing event updated for resources: {'SecurityGroup': ['ID=8201cd7a-e3cf-4c74-a822-d401bc43e708,revision_number=1']} {{(pid=102548) push /opt/stack/neutron/neutron/api/rpc/handlers/resources_rpc.py:237}}
Jan 31 19:56:07.315613 dv-cinder-813225-5-smb neutron-server[102547]: DEBUG neutron.plugins.ml2.managers [req-d6808628-6fbb-479a-8d58-849592583fcb req-171b5d16-12f9-4d41-9912-8dcb5aab4d61 service neutron] Attempting to bind port 992a24da-0462-4a53-afc9-6c58f13966fc on host hv-cinder-81322 for vnic_type normal with profile {{(pid=102547) bind_port /opt/stack/neutron/neutron/plugins/ml2/managers.py:795}}
Jan 31 19:56:07.315950 dv-cinder-813225-5-smb neutron-server[102547]: DEBUG neutron.plugins.ml2.managers [req-d6808628-6fbb-479a-8d58-849592583fcb req-171b5d16-12f9-4d41-9912-8dcb5aab4d61 service neutron] Attempting to bind port 992a24da-0462-4a53-afc9-6c58f13966fc by drivers openvswitch,hyperv on host hv-cinder-81322 at level 0 using segments [{'id': '18ff4265-5374-4579-967d-8d7f4dfa8ed7', 'network_type': 'vlan', 'physical_network': 'physnet1', 'segmentation_id': 698, 'network_id': 'd61ee48d-b1f0-4569-86ed-b9e3c0c4e6c7'}] {{(pid=102547) _bind_port_level /opt/stack/neutron/neutron/plugins/ml2/managers.py:820}}
Jan 31 19:56:07.316284 dv-cinder-813225-5-smb neutron-server[102547]: DEBUG neutron.plugins.ml2.drivers.mech_agent [req-d6808628-6fbb-479a-8d58-849592583fcb req-171b5d16-12f9-4d41-9912-8dcb5aab4d61 service neutron] Attempting to bind port 992a24da-0462-4a53-afc9-6c58f13966fc on network d61ee48d-b1f0-4569-86ed-b9e3c0c4e6c7 {{(pid=102547) bind_port /opt/stack/neutron/neutron/plugins/ml2/drivers/mech_agent.py:91}}
Jan 31 19:56:07.319574 dv-cinder-813225-5-smb neutron-server[102548]: INFO neutron.wsgi [None req-d7c17785-25f1-48ee-a5d0-37d147d830e6 admin admin] 10.222.0.59 "GET /v2.0/security-groups?tenant_id=2afd1250360a47a9a2d0d94dc2089bed&name=default HTTP/1.1" status: 200 len: 2996 time: 0.8143775
Jan 31 19:56:07.320608 dv-cinder-813225-5-smb neutron-server[102548]: DEBUG neutron.wsgi [-] (102548) accepted ('10.222.0.59', 51572) {{(pid=102548) server /usr/local/lib/python3.8/dist-packages/eventlet/wsgi.py:1004}}
Jan 31 19:56:07.322235 dv-cinder-813225-5-smb neutron-server[102547]: INFO neutron.wsgi [req-2148f454-4caa-4900-a048-5bee72d9c06e req-74a39ccb-dfc1-4679-8960-b6a5de3b69de tempest-DeleteServersTestJSON-1158044061 tempest-DeleteServersTestJSON-1158044061-project] 10.222.0.59 "GET /v2.0/security-groups?id=7d6fb52c-b1bb-400c-9616-7b5b9145b9ea&fields=id&fields=name HTTP/1.1" status: 200 len: 286 time: 0.3948178
Jan 31 19:56:07.370914 dv-cinder-813225-5-smb neutron-server[102547]: INFO neutron.wsgi [None req-09f4f41d-87d5-4464-8ac5-bff9b9408acd admin admin] 10.222.0.59 "GET /v2.0/security-groups?tenant_id=8692cc0d34a14de880f01b93da857642&name=default HTTP/1.1" status: 200 len: 2996 time: 1.6446006
Jan 31 19:56:07.371593 dv-cinder-813225-5-smb neutron-server[102548]: DEBUG neutron.wsgi [-] (102548) accepted ('10.222.0.59', 51574) {{(pid=102548) server /usr/local/lib/python3.8/dist-packages/eventlet/wsgi.py:1004}}
Jan 31 19:56:07.375486 dv-cinder-813225-5-smb neutron-server[102547]: DEBUG neutron.plugins.ml2.drivers.mech_agent [req-d6808628-6fbb-479a-8d58-849592583fcb req-171b5d16-12f9-4d41-9912-8dcb5aab4d61 service neutron] Port 992a24da-0462-4a53-afc9-6c58f13966fc on network d61ee48d-b1f0-4569-86ed-b9e3c0c4e6c7 not bound, no agent of type Open vSwitch agent registered on host hv-cinder-81322 {{(pid=102547) bind_port /opt/stack/neutron/neutron/plugins/ml2/drivers/mech_agent.py:103}}
