Dec 15 12:42:57.683061 dv-cinder-813225-4-iscsi neutron-server[109096]: INFO neutron.wsgi [req-68118890-4d20-4ae7-8687-17f99f1d43ba req-3872c117-c09f-43b4-a75f-fbd6b28a07b0 tempest-AttachVolumeTestJSON-161300965 tempest-AttachVolumeTestJSON-161300965-project] 10.222.0.71 "GET /v2.0/security-groups?id=fa0c1d32-5c65-4a1a-b38a-f8178472d34d&fields=id&fields=name HTTP/1.1" status: 200 len: 312 time: 0.0695224
Dec 15 12:42:57.689937 dv-cinder-813225-4-iscsi neutron-server[109096]: DEBUG neutron_lib.callbacks.manager [None req-602851c9-f9fb-442a-8cf8-ea4daf691493 admin admin] Publish callbacks ['neutron.plugins.ml2.ovo_rpc._ObjectChangeHandler.handle_event-134075015'] for security_group, after_delete {{(pid=109096) _notify_loop /usr/local/lib/python3.8/dist-packages/neutron_lib/callbacks/manager.py:175}}
Dec 15 12:42:57.692553 dv-cinder-813225-4-iscsi neutron-server[109096]: DEBUG neutron_lib.callbacks.manager [None req-602851c9-f9fb-442a-8cf8-ea4daf691493 admin admin] Publish callbacks [] for security_group, before_response {{(pid=109096) _notify_loop /usr/local/lib/python3.8/dist-packages/neutron_lib/callbacks/manager.py:175}}
Dec 15 12:42:57.696440 dv-cinder-813225-4-iscsi neutron-server[109096]: INFO neutron.wsgi [None req-602851c9-f9fb-442a-8cf8-ea4daf691493 admin admin] 10.222.0.71 "DELETE /v2.0/security-groups/a7d66380-4f85-4736-8a9f-57655cc6fa8f HTTP/1.1" status: 204 len: 168 time: 0.3530116
Dec 15 12:42:57.698231 dv-cinder-813225-4-iscsi neutron-server[109096]: DEBUG neutron_lib.callbacks.manager [None req-e4ad1159-26f6-4b03-ac81-13f4131b63b8 admin admin] Publish callbacks ['neutron.plugins.ml2.ovo_rpc._ObjectChangeHandler.handle_event-134075015'] for security_group, after_delete {{(pid=109096) _notify_loop /usr/local/lib/python3.8/dist-packages/neutron_lib/callbacks/manager.py:175}}
Dec 15 12:42:57.700514 dv-cinder-813225-4-iscsi neutron-server[109096]: DEBUG neutron_lib.callbacks.manager [None req-e4ad1159-26f6-4b03-ac81-13f4131b63b8 admin admin] Publish callbacks [] for security_group, before_response {{(pid=109096) _notify_loop /usr/local/lib/python3.8/dist-packages/neutron_lib/callbacks/manager.py:175}}
Dec 15 12:42:57.703846 dv-cinder-813225-4-iscsi neutron-server[109096]: INFO neutron.wsgi [None req-e4ad1159-26f6-4b03-ac81-13f4131b63b8 admin admin] 10.222.0.71 "DELETE /v2.0/security-groups/8e1495f4-8bf7-435f-9c28-d1b8a8c2d845 HTTP/1.1" status: 204 len: 168 time: 0.3542175
Dec 15 12:42:57.711230 dv-cinder-813225-4-iscsi neutron-server[109096]: DEBUG neutron.api.rpc.handlers.resources_rpc [None req-602851c9-f9fb-442a-8cf8-ea4daf691493 admin admin] Pushing event deleted for resources: {'SecurityGroup': ['ID=a7d66380-4f85-4736-8a9f-57655cc6fa8f,revision_number=None']} {{(pid=109096) push /opt/stack/neutron/neutron/api/rpc/handlers/resources_rpc.py:237}}
Dec 15 12:42:57.731316 dv-cinder-813225-4-iscsi neutron-server[109096]: DEBUG neutron.api.rpc.handlers.resources_rpc [None req-e4ad1159-26f6-4b03-ac81-13f4131b63b8 admin admin] Pushing event deleted for resources: {'SecurityGroup': ['ID=8e1495f4-8bf7-435f-9c28-d1b8a8c2d845,revision_number=None']} {{(pid=109096) push /opt/stack/neutron/neutron/api/rpc/handlers/resources_rpc.py:237}}
Dec 15 12:42:57.735360 dv-cinder-813225-4-iscsi neutron-server[109098]: DEBUG neutron.db.agents_db [None req-64c4110f-428a-49e6-b9ad-e95fc9da08e2 None None] Agent healthcheck: found 6 active agents {{(pid=109098) agent_health_check /opt/stack/neutron/neutron/db/agents_db.py:317}}
Dec 15 12:42:57.932412 dv-cinder-813225-4-iscsi neutron-server[109096]: DEBUG neutron.pecan_wsgi.hooks.policy_enforcement [req-b6ab4291-c39c-46c2-a1b0-3e3d412ba9a1 req-ab5b3369-e8f8-480d-986f-b00c431d8909 tempest-ServerRescueNegativeTestJSON-415451707 tempest-ServerRescueNegativeTestJSON-415451707-project] Attributes excluded by policy engine: ['standard_attr_id', 'binding:profile', 'binding:host_id', 'binding:vif_type', 'binding:vif_details'] {{(pid=109096) _exclude_attributes_by_policy /opt/stack/neutron/neutron/pecan_wsgi/hooks/policy_enforcement.py:255}}
Dec 15 12:42:57.939804 dv-cinder-813225-4-iscsi neutron-server[109096]: INFO neutron.wsgi [req-b6ab4291-c39c-46c2-a1b0-3e3d412ba9a1 req-ab5b3369-e8f8-480d-986f-b00c431d8909 tempest-ServerRescueNegativeTestJSON-415451707 tempest-ServerRescueNegativeTestJSON-415451707-project] 10.222.0.71 "GET /v2.0/ports?device_id=8728841b-c4e9-4c61-a27b-44b4de461131 HTTP/1.1" status: 200 len: 944 time: 0.0690367
Dec 15 12:42:57.968528 dv-cinder-813225-4-iscsi neutron-server[109097]: DEBUG neutron_lib.callbacks.manager [None req-9d969598-3e1e-4053-8706-d6e534f61a74 None None] Publish callbacks ['neutron.services.segments.db._update_segment_host_mapping_for_agent-8752808210773', 'neutron.plugins.ml2.plugin.Ml2Plugin._retry_binding_revived_agents-764897'] for agent, after_update {{(pid=109097) _notify_loop /usr/local/lib/python3.8/dist-packages/neutron_lib/callbacks/manager.py:175}}
Dec 15 12:42:58.001320 dv-cinder-813225-4-iscsi neutron-server[109096]: INFO neutron.wsgi [req-b6ab4291-c39c-46c2-a1b0-3e3d412ba9a1 req-ca0058e2-92c6-4b67-99a2-c888dc6edebf tempest-ServerRescueNegativeTestJSON-415451707 tempest-ServerRescueNegativeTestJSON-415451707-project] 10.222.0.71 "GET /v2.0/security-groups?id=7075bd11-4861-45a4-b450-99b8c8811710&fields=id&fields=name HTTP/1.1" status: 200 len: 286 time: 0.0600913
Dec 15 12:42:58.064012 dv-cinder-813225-4-iscsi neutron-server[109097]: DEBUG neutron.plugins.ml2.rpc [None req-9d969598-3e1e-4053-8706-d6e534f61a74 None None] Device cc64abda-b3e6-4bd9-91f7-52f433c02a62 up at agent hyperv_hv-cinder-81322 {{(pid=109097) update_device_up /opt/stack/neutron/neutron/plugins/ml2/rpc.py:296}}
Dec 15 12:42:58.123790 dv-cinder-813225-4-iscsi neutron-server[109096]: DEBUG neutron.wsgi [-] (109096) accepted ('10.222.0.71', 41772) {{(pid=109096) server /usr/local/lib/python3.8/dist-packages/eventlet/wsgi.py:1004}}
Dec 15 12:42:58.128105 dv-cinder-813225-4-iscsi neutron-server[109097]: DEBUG neutron.db.provisioning_blocks [None req-9d969598-3e1e-4053-8706-d6e534f61a74 None None] Provisioning for port cc64abda-b3e6-4bd9-91f7-52f433c02a62 completed by entity L2. {{(pid=109097) provisioning_complete /opt/stack/neutron/neutron/db/provisioning_blocks.py:133}}
Dec 15 12:42:58.134005 dv-cinder-813225-4-iscsi neutron-server[109097]: DEBUG neutron.db.provisioning_blocks [None req-9d969598-3e1e-4053-8706-d6e534f61a74 None None] Provisioning complete for port cc64abda-b3e6-4bd9-91f7-52f433c02a62 triggered by entity L2. {{(pid=109097) provisioning_complete /opt/stack/neutron/neutron/db/provisioning_blocks.py:139}}
Dec 15 12:42:58.134578 dv-cinder-813225-4-iscsi neutron-server[109097]: DEBUG neutron_lib.callbacks.manager [None req-9d969598-3e1e-4053-8706-d6e534f61a74 None None] Publish callbacks ['neutron.plugins.ml2.plugin.Ml2Plugin._port_provisioned-764814'] for port, provisioning_complete {{(pid=109097) _notify_loop /usr/local/lib/python3.8/dist-packages/neutron_lib/callbacks/manager.py:175}}
Dec 15 12:42:58.138064 dv-cinder-813225-4-iscsi neutron-server[109096]: DEBUG neutron_lib.callbacks.manager [None req-f8a7365f-aca1-470e-a3ac-0b62ce6c91b2 admin admin] Publish callbacks [] for security_group, before_create {{(pid=109096) _notify_loop /usr/local/lib/python3.8/dist-packages/neutron_lib/callbacks/manager.py:175}}
Dec 15 12:42:58.222857 dv-cinder-813225-4-iscsi neutron-server[109097]: DEBUG neutron_lib.callbacks.manager [None req-9d969598-3e1e-4053-8706-d6e534f61a74 None None] Publish callbacks ['neutron.plugins.ml2.plugin.SecurityGroupDbMixin._ensure_default_security_group_handler-578943'] for port, before_update {{(pid=109097) _notify_loop /usr/local/lib/python3.8/dist-packages/neutron_lib/callbacks/manager.py:175}}
Dec 15 12:42:58.235042 dv-cinder-813225-4-iscsi neutron-server[109096]: DEBUG neutron_lib.callbacks.manager [None req-f8a7365f-aca1-470e-a3ac-0b62ce6c91b2 admin admin] Publish callbacks [] for security_group, precommit_create {{(pid=109096) _notify_loop /usr/local/lib/python3.8/dist-packages/neutron_lib/callbacks/manager.py:175}}
Dec 15 12:42:58.246074 dv-cinder-813225-4-iscsi neutron-server[109096]: DEBUG neutron_lib.callbacks.manager [None req-f8a7365f-aca1-470e-a3ac-0b62ce6c91b2 admin admin] Publish callbacks ['neutron.plugins.ml2.ovo_rpc._ObjectChangeHandler.handle_event-134075015'] for security_group, after_create {{(pid=109096) _notify_loop /usr/local/lib/python3.8/dist-packages/neutron_lib/callbacks/manager.py:175}}
Dec 15 12:42:58.250384 dv-cinder-813225-4-iscsi neutron-server[109097]: DEBUG neutron.notifiers.nova [-] Sending events: [{'server_uuid': '8728841b-c4e9-4c61-a27b-44b4de461131', 'name': 'network-vif-plugged', 'status': 'completed', 'tag': 'cc64abda-b3e6-4bd9-91f7-52f433c02a62'}] {{(pid=109097) send_events /opt/stack/neutron/neutron/notifiers/nova.py:262}}
Dec 15 12:42:58.296832 dv-cinder-813225-4-iscsi neutron-server[109095]: DEBUG neutron.wsgi [-] (109095) accepted ('10.222.0.71', 41780) {{(pid=109095) server /usr/local/lib/python3.8/dist-packages/eventlet/wsgi.py:1004}}
Dec 15 12:42:58.312934 dv-cinder-813225-4-iscsi neutron-server[109096]: INFO neutron.wsgi [None req-f8a7365f-aca1-470e-a3ac-0b62ce6c91b2 admin admin] 10.222.0.71 "GET /v2.0/security-groups?tenant_id=c2e2e868eee04af9835719a33e5e039e&name=default HTTP/1.1" status: 200 len: 2996 time: 0.1850078
Dec 15 12:42:58.320838 dv-cinder-813225-4-iscsi neutron-server[109095]: DEBUG neutron.wsgi [-] (109095) accepted ('10.222.0.71', 41786) {{(pid=109095) server /usr/local/lib/python3.8/dist-packages/eventlet/wsgi.py:1004}}
Dec 15 12:42:58.336588 dv-cinder-813225-4-iscsi neutron-server[109096]: DEBUG neutron.api.rpc.handlers.resources_rpc [None req-f8a7365f-aca1-470e-a3ac-0b62ce6c91b2 admin admin] Pushing event updated for resources: {'SecurityGroup': ['ID=f98f2fb5-27f1-4059-ab66-8171907d5725,revision_number=1']} {{(pid=109096) push /opt/stack/neutron/neutron/api/rpc/handlers/resources_rpc.py:237}}
Dec 15 12:42:58.343585 dv-cinder-813225-4-iscsi neutron-server[109097]: DEBUG neutron.plugins.ml2.db [None req-9d969598-3e1e-4053-8706-d6e534f61a74 None None] For port cc64abda-b3e6-4bd9-91f7-52f433c02a62, host hv-cinder-81322, got binding levels [PortBindingLevel(driver='hyperv',host='hv-cinder-81322',level=0,port_id=cc64abda-b3e6-4bd9-91f7-52f433c02a62,segment=NetworkSegment(f4b98026-25a1-4fc1-b909-599e5e564508),segment_id=f4b98026-25a1-4fc1-b909-599e5e564508)] {{(pid=109097) get_binding_level_objs /opt/stack/neutron/neutron/plugins/ml2/db.py:74}}
Dec 15 12:42:58.354591 dv-cinder-813225-4-iscsi neutron-server[109096]: DEBUG neutron.pecan_wsgi.hooks.policy_enforcement [req-4d8574c3-0305-45c1-b5b7-d1554cc365f4 req-0999aa10-dab4-4da4-8b23-6b366ca777d5 tempest-DeleteServersTestJSON-1570584850 tempest-DeleteServersTestJSON-1570584850-project] Attributes excluded by policy engine: ['standard_attr_id', 'binding:profile', 'binding:host_id', 'binding:vif_type', 'binding:vif_details'] {{(pid=109096) _exclude_attributes_by_policy /opt/stack/neutron/neutron/pecan_wsgi/hooks/policy_enforcement.py:255}}
Dec 15 12:42:58.356227 dv-cinder-813225-4-iscsi neutron-server[109096]: INFO neutron.wsgi [req-4d8574c3-0305-45c1-b5b7-d1554cc365f4 req-0999aa10-dab4-4da4-8b23-6b366ca777d5 tempest-DeleteServersTestJSON-1570584850 tempest-DeleteServersTestJSON-1570584850-project] 10.222.0.71 "GET /v2.0/ports?device_id=d8c53727-0a11-491a-8423-6be02dafa8f6 HTTP/1.1" status: 200 len: 944 time: 0.0889590
Dec 15 12:42:58.356969 dv-cinder-813225-4-iscsi neutron-server[109097]: DEBUG neutron_lib.callbacks.manager [None req-9d969598-3e1e-4053-8706-d6e534f61a74 None None] Publish callbacks ['neutron.plugins.ml2.plugin.SecurityGroupServerNotifierRpcMixin._notify_sg_on_port_change-578208', 'neutron.plugins.ml2.ovo_rpc._ObjectChangeHandler.handle_event-27038', 'neutron.api.rpc.agentnotifiers.dhcp_rpc_agent_api.DhcpAgentNotifyAPI._native_event_send_dhcp_notification-133755505', 'neutron.db.l3_db.L3RpcNotifierMixin._notify_gateway_port_ip_changed-8752808225509', 'neutron.db.l3_dvrscheduler_db._notify_l3_agent_port_update-8752807658972', 'neutron.db.l3_hascheduler_db._notify_l3_agent_ha_port_update-8752807658990'] for port, after_update {{(pid=109097) _notify_loop /usr/local/lib/python3.8/dist-packages/neutron_lib/callbacks/manager.py:175}}
Dec 15 12:42:58.357773 dv-cinder-813225-4-iscsi neutron-server[109097]: DEBUG neutron.plugins.ml2.rpc [None req-9d969598-3e1e-4053-8706-d6e534f61a74 None None] Device 6434af65-9cea-46cb-9e36-23633ba0a5a3 up at agent hyperv_hv-cinder-81322 {{(pid=109097) update_device_up /opt/stack/neutron/neutron/plugins/ml2/rpc.py:296}}
Dec 15 12:42:58.407948 dv-cinder-813225-4-iscsi neutron-server[109095]: DEBUG neutron_lib.callbacks.manager [None req-1f034d21-0958-461e-bfee-9fceb8fef35c admin admin] Publish callbacks [] for security_group, before_delete {{(pid=109095) _notify_loop /usr/local/lib/python3.8/dist-packages/neutron_lib/callbacks/manager.py:175}}
Dec 15 12:42:58.432861 dv-cinder-813225-4-iscsi neutron-server[109096]: INFO neutron.wsgi [req-4d8574c3-0305-45c1-b5b7-d1554cc365f4 req-676d2bac-bc01-4ea6-ac72-653cc2c2f9d1 tempest-DeleteServersTestJSON-1570584850 tempest-DeleteServersTestJSON-1570584850-project] 10.222.0.71 "GET /v2.0/security-groups?id=930be76b-7896-442f-a3dc-523a364acfb0&fields=id&fields=name HTTP/1.1" status: 200 len: 286 time: 0.0689461
Dec 15 12:42:58.448218 dv-cinder-813225-4-iscsi neutron-server[109095]: DEBUG neutron_lib.callbacks.manager [None req-1f034d21-0958-461e-bfee-9fceb8fef35c admin admin] Publish callbacks [] for security_group, precommit_delete {{(pid=109095) _notify_loop /usr/local/lib/python3.8/dist-packages/neutron_lib/callbacks/manager.py:175}}
Dec 15 12:42:58.460290 dv-cinder-813225-4-iscsi neutron-server[109097]: DEBUG neutron.api.rpc.handlers.resources_rpc [None req-9d969598-3e1e-4053-8706-d6e534f61a74 None None] Pushing event updated for resources: {'Port': ['ID=cc64abda-b3e6-4bd9-91f7-52f433c02a62,revision_number=5']} {{(pid=109097) push /opt/stack/neutron/neutron/api/rpc/handlers/resources_rpc.py:237}}
Dec 15 12:42:58.473764 dv-cinder-813225-4-iscsi neutron-server[109097]: DEBUG neutron.db.provisioning_blocks [None req-9d969598-3e1e-4053-8706-d6e534f61a74 None None] Provisioning for port 6434af65-9cea-46cb-9e36-23633ba0a5a3 completed by entity L2. {{(pid=109097) provisioning_complete /opt/stack/neutron/neutron/db/provisioning_blocks.py:133}}
Dec 15 12:42:58.478217 dv-cinder-813225-4-iscsi neutron-server[109097]: DEBUG neutron.db.provisioning_blocks [None req-9d969598-3e1e-4053-8706-d6e534f61a74 None None] Provisioning complete for port 6434af65-9cea-46cb-9e36-23633ba0a5a3 triggered by entity L2. {{(pid=109097) provisioning_complete /opt/stack/neutron/neutron/db/provisioning_blocks.py:139}}
Dec 15 12:42:58.478782 dv-cinder-813225-4-iscsi neutron-server[109097]: DEBUG neutron_lib.callbacks.manager [None req-9d969598-3e1e-4053-8706-d6e534f61a74 None None] Publish callbacks ['neutron.plugins.ml2.plugin.Ml2Plugin._port_provisioned-764814'] for port, provisioning_complete {{(pid=109097) _notify_loop /usr/local/lib/python3.8/dist-packages/neutron_lib/callbacks/manager.py:175}}
Dec 15 12:42:58.528602 dv-cinder-813225-4-iscsi neutron-server[109095]: DEBUG neutron_lib.callbacks.manager [None req-1f034d21-0958-461e-bfee-9fceb8fef35c admin admin] Publish callbacks ['neutron.plugins.ml2.ovo_rpc._ObjectChangeHandler.handle_event-134075015'] for security_group, after_delete {{(pid=109095) _notify_loop /usr/local/lib/python3.8/dist-packages/neutron_lib/callbacks/manager.py:175}}
Dec 15 12:42:58.531779 dv-cinder-813225-4-iscsi neutron-server[109095]: DEBUG neutron_lib.callbacks.manager [None req-1f034d21-0958-461e-bfee-9fceb8fef35c admin admin] Publish callbacks [] for security_group, before_response {{(pid=109095) _notify_loop /usr/local/lib/python3.8/dist-packages/neutron_lib/callbacks/manager.py:175}}
Dec 15 12:42:58.536062 dv-cinder-813225-4-iscsi neutron-server[109095]: INFO neutron.wsgi [None req-1f034d21-0958-461e-bfee-9fceb8fef35c admin admin] 10.222.0.71 "DELETE /v2.0/security-groups/f98f2fb5-27f1-4059-ab66-8171907d5725 HTTP/1.1" status: 204 len: 168 time: 0.2206271
Dec 15 12:42:58.545236 dv-cinder-813225-4-iscsi neutron-server[109095]: DEBUG neutron.api.rpc.handlers.resources_rpc [None req-1f034d21-0958-461e-bfee-9fceb8fef35c admin admin] Pushing event deleted for resources: {'SecurityGroup': ['ID=f98f2fb5-27f1-4059-ab66-8171907d5725,revision_number=None']} {{(pid=109095) push /opt/stack/neutron/neutron/api/rpc/handlers/resources_rpc.py:237}}
Dec 15 12:42:58.562862 dv-cinder-813225-4-iscsi neutron-server[109095]: DEBUG neutron_lib.callbacks.manager [None req-11544f66-f9cb-42ed-a792-bdf5a5080641 admin admin] Publish callbacks [] for security_group, before_create {{(pid=109095) _notify_loop /usr/local/lib/python3.8/dist-packages/neutron_lib/callbacks/manager.py:175}}
Dec 15 12:42:58.590058 dv-cinder-813225-4-iscsi neutron-server[109097]: DEBUG neutron_lib.callbacks.manager [None req-9d969598-3e1e-4053-8706-d6e534f61a74 None None] Publish callbacks ['neutron.plugins.ml2.plugin.SecurityGroupDbMixin._ensure_default_security_group_handler-578943'] for port, before_update {{(pid=109097) _notify_loop /usr/local/lib/python3.8/dist-packages/neutron_lib/callbacks/manager.py:175}}
Dec 15 12:42:58.635996 dv-cinder-813225-4-iscsi neutron-server[109097]: DEBUG neutron.plugins.ml2.db [None req-9d969598-3e1e-4053-8706-d6e534f61a74 None None] For port 6434af65-9cea-46cb-9e36-23633ba0a5a3, host hv-cinder-81322, got binding levels [PortBindingLevel(driver='hyperv',host='hv-cinder-81322',level=0,port_id=6434af65-9cea-46cb-9e36-23633ba0a5a3,segment=NetworkSegment(f4b98026-25a1-4fc1-b909-599e5e564508),segment_id=f4b98026-25a1-4fc1-b909-599e5e564508)] {{(pid=109097) get_binding_level_objs /opt/stack/neutron/neutron/plugins/ml2/db.py:74}}
Dec 15 12:42:58.643173 dv-cinder-813225-4-iscsi neutron-server[109097]: DEBUG neutron_lib.callbacks.manager [None req-9d969598-3e1e-4053-8706-d6e534f61a74 None None] Publish callbacks ['neutron.plugins.ml2.plugin.SecurityGroupServerNotifierRpcMixin._notify_sg_on_port_change-578208', 'neutron.plugins.ml2.ovo_rpc._ObjectChangeHandler.handle_event-27038', 'neutron.api.rpc.agentnotifiers.dhcp_rpc_agent_api.DhcpAgentNotifyAPI._native_event_send_dhcp_notification-133755505', 'neutron.db.l3_db.L3RpcNotifierMixin._notify_gateway_port_ip_changed-8752808225509', 'neutron.db.l3_dvrscheduler_db._notify_l3_agent_port_update-8752807658972', 'neutron.db.l3_hascheduler_db._notify_l3_agent_ha_port_update-8752807658990'] for port, after_update {{(pid=109097) _notify_loop /usr/local/lib/python3.8/dist-packages/neutron_lib/callbacks/manager.py:175}}
Dec 15 12:42:58.644452 dv-cinder-813225-4-iscsi neutron-server[109097]: DEBUG neutron.plugins.ml2.rpc [None req-9d969598-3e1e-4053-8706-d6e534f61a74 None None] Device 26fcdfb4-9148-47d7-a089-927a3edb5654 up at agent hyperv_hv-cinder-81322 {{(pid=109097) update_device_up /opt/stack/neutron/neutron/plugins/ml2/rpc.py:296}}
Dec 15 12:42:58.662326 dv-cinder-813225-4-iscsi neutron-server[109095]: DEBUG neutron_lib.callbacks.manager [None req-11544f66-f9cb-42ed-a792-bdf5a5080641 admin admin] Publish callbacks [] for security_group, precommit_create {{(pid=109095) _notify_loop /usr/local/lib/python3.8/dist-packages/neutron_lib/callbacks/manager.py:175}}
Dec 15 12:42:58.670088 dv-cinder-813225-4-iscsi neutron-server[109095]: DEBUG neutron_lib.callbacks.manager [None req-11544f66-f9cb-42ed-a792-bdf5a5080641 admin admin] Publish callbacks ['neutron.plugins.ml2.ovo_rpc._ObjectChangeHandler.handle_event-134075015'] for security_group, after_create {{(pid=109095) _notify_loop /usr/local/lib/python3.8/dist-packages/neutron_lib/callbacks/manager.py:175}}
Dec 15 12:42:58.731212 dv-cinder-813225-4-iscsi neutron-server[109097]: DEBUG neutron.api.rpc.handlers.resources_rpc [None req-9d969598-3e1e-4053-8706-d6e534f61a74 None None] Pushing event updated for resources: {'Port': ['ID=6434af65-9cea-46cb-9e36-23633ba0a5a3,revision_number=5']} {{(pid=109097) push /opt/stack/neutron/neutron/api/rpc/handlers/resources_rpc.py:237}}
Dec 15 12:42:58.748796 dv-cinder-813225-4-iscsi neutron-server[109097]: DEBUG neutron.db.provisioning_blocks [None req-9d969598-3e1e-4053-8706-d6e534f61a74 None None] Provisioning for port 26fcdfb4-9148-47d7-a089-927a3edb5654 completed by entity L2. {{(pid=109097) provisioning_complete /opt/stack/neutron/neutron/db/provisioning_blocks.py:133}}
Dec 15 12:42:58.760927 dv-cinder-813225-4-iscsi neutron-server[109097]: DEBUG novaclient.v2.client [-] REQ: curl -g -i --cacert "/opt/stack/data/ca-bundle.pem" -X POST http://10.222.0.71/compute/v2.1/os-server-external-events -H "Accept: application/json" -H "Content-Type: application/json" -H "User-Agent: python-novaclient" -H "X-Auth-Token: {SHA256}f82b834824dc550654e9e43719704479b6b8de95ba910c41b5a228bdcc9eb55d" -H "X-OpenStack-Nova-API-Version: 2.1" -H "X-OpenStack-Request-ID: req-f8fac0eb-0de4-4210-8bc7-1840776978b5" -d '{"events": [{"server_uuid": "8728841b-c4e9-4c61-a27b-44b4de461131", "name": "network-vif-plugged", "status": "completed", "tag": "cc64abda-b3e6-4bd9-91f7-52f433c02a62"}]}' {{(pid=109097) _http_log_request /usr/local/lib/python3.8/dist-packages/keystoneauth1/session.py:519}}
Dec 15 12:42:58.768554 dv-cinder-813225-4-iscsi neutron-server[109097]: DEBUG neutron.db.provisioning_blocks [None req-9d969598-3e1e-4053-8706-d6e534f61a74 None None] Provisioning complete for port 26fcdfb4-9148-47d7-a089-927a3edb5654 triggered by entity L2. {{(pid=109097) provisioning_complete /opt/stack/neutron/neutron/db/provisioning_blocks.py:139}}
Dec 15 12:42:58.768929 dv-cinder-813225-4-iscsi neutron-server[109097]: DEBUG neutron_lib.callbacks.manager [None req-9d969598-3e1e-4053-8706-d6e534f61a74 None None] Publish callbacks ['neutron.plugins.ml2.plugin.Ml2Plugin._port_provisioned-764814'] for port, provisioning_complete {{(pid=109097) _notify_loop /usr/local/lib/python3.8/dist-packages/neutron_lib/callbacks/manager.py:175}}
Dec 15 12:42:58.772018 dv-cinder-813225-4-iscsi neutron-server[109095]: INFO neutron.wsgi [None req-11544f66-f9cb-42ed-a792-bdf5a5080641 admin admin] 10.222.0.71 "GET /v2.0/security-groups?tenant_id=66aeb254294346bbb090a1afd356778c&name=default HTTP/1.1" status: 200 len: 2996 time: 0.4737730
Dec 15 12:42:58.774684 dv-cinder-813225-4-iscsi neutron-server[109096]: DEBUG neutron.wsgi [-] (109096) accepted ('10.222.0.71', 41818) {{(pid=109096) server /usr/local/lib/python3.8/dist-packages/eventlet/wsgi.py:1004}}
Dec 15 12:42:58.812666 dv-cinder-813225-4-iscsi neutron-server[109095]: DEBUG neutron.api.rpc.handlers.resources_rpc [None req-11544f66-f9cb-42ed-a792-bdf5a5080641 admin admin] Pushing event updated for resources: {'SecurityGroup': ['ID=deca500f-766e-4584-93fb-e53627cea3ba,revision_number=1']} {{(pid=109095) push /opt/stack/neutron/neutron/api/rpc/handlers/resources_rpc.py:237}}
Dec 15 12:42:58.894189 dv-cinder-813225-4-iscsi neutron-server[109096]: DEBUG neutron_lib.callbacks.manager [None req-3a37824e-3d60-4757-87b8-ae503e519919 admin admin] Publish callbacks [] for security_group, before_delete {{(pid=109096) _notify_loop /usr/local/lib/python3.8/dist-packages/neutron_lib/callbacks/manager.py:175}}
Dec 15 12:42:58.918230 dv-cinder-813225-4-iscsi neutron-server[109096]: DEBUG neutron.pecan_wsgi.hooks.policy_enforcement [req-c6468b72-bb3e-4670-b7a5-a0f1e3657747 req-0cc81048-afb2-45da-baee-b97b60bc136a tempest-AttachVolumeTestJSON-161300965 tempest-AttachVolumeTestJSON-161300965-project] Attributes excluded by policy engine: ['standard_attr_id', 'binding:profile', 'binding:host_id', 'binding:vif_type', 'binding:vif_details'] {{(pid=109096) _exclude_attributes_by_policy /opt/stack/neutron/neutron/pecan_wsgi/hooks/policy_enforcement.py:255}}
Dec 15 12:42:58.919126 dv-cinder-813225-4-iscsi neutron-server[109097]: DEBUG neutron_lib.callbacks.manager [None req-9d969598-3e1e-4053-8706-d6e534f61a74 None None] Publish callbacks ['neutron.plugins.ml2.plugin.SecurityGroupDbMixin._ensure_default_security_group_handler-578943'] for port, before_update {{(pid=109097) _notify_loop /usr/local/lib/python3.8/dist-packages/neutron_lib/callbacks/manager.py:175}}
Dec 15 12:42:58.920231 dv-cinder-813225-4-iscsi neutron-server[109096]: INFO neutron.wsgi [req-c6468b72-bb3e-4670-b7a5-a0f1e3657747 req-0cc81048-afb2-45da-baee-b97b60bc136a tempest-AttachVolumeTestJSON-161300965 tempest-AttachVolumeTestJSON-161300965-project] 10.222.0.71 "GET /v2.0/ports?device_id=b0cdd7f6-b6b7-4af5-b72c-21d437237733 HTTP/1.1" status: 200 len: 944 time: 0.1009855
Dec 15 12:42:58.944103 dv-cinder-813225-4-iscsi neutron-server[109096]: DEBUG neutron_lib.callbacks.manager [None req-3a37824e-3d60-4757-87b8-ae503e519919 admin admin] Publish callbacks [] for security_group, precommit_delete {{(pid=109096) _notify_loop /usr/local/lib/python3.8/dist-packages/neutron_lib/callbacks/manager.py:175}}
Dec 15 12:42:58.966927 dv-cinder-813225-4-iscsi neutron-server[109097]: DEBUG neutron.plugins.ml2.db [None req-9d969598-3e1e-4053-8706-d6e534f61a74 None None] For port 26fcdfb4-9148-47d7-a089-927a3edb5654, host hv-cinder-81322, got binding levels [PortBindingLevel(driver='hyperv',host='hv-cinder-81322',level=0,port_id=26fcdfb4-9148-47d7-a089-927a3edb5654,segment=NetworkSegment(7d316a48-1580-45f8-bae9-322f45de9fa6),segment_id=7d316a48-1580-45f8-bae9-322f45de9fa6)] {{(pid=109097) get_binding_level_objs /opt/stack/neutron/neutron/plugins/ml2/db.py:74}}
Dec 15 12:42:58.971700 dv-cinder-813225-4-iscsi neutron-server[109097]: DEBUG neutron_lib.callbacks.manager [None req-9d969598-3e1e-4053-8706-d6e534f61a74 None None] Publish callbacks ['neutron.plugins.ml2.plugin.SecurityGroupServerNotifierRpcMixin._notify_sg_on_port_change-578208', 'neutron.plugins.ml2.ovo_rpc._ObjectChangeHandler.handle_event-27038', 'neutron.api.rpc.agentnotifiers.dhcp_rpc_agent_api.DhcpAgentNotifyAPI._native_event_send_dhcp_notification-133755505', 'neutron.db.l3_db.L3RpcNotifierMixin._notify_gateway_port_ip_changed-8752808225509', 'neutron.db.l3_dvrscheduler_db._notify_l3_agent_port_update-8752807658972', 'neutron.db.l3_hascheduler_db._notify_l3_agent_ha_port_update-8752807658990'] for port, after_update {{(pid=109097) _notify_loop /usr/local/lib/python3.8/dist-packages/neutron_lib/callbacks/manager.py:175}}
Dec 15 12:42:58.973062 dv-cinder-813225-4-iscsi neutron-server[109097]: DEBUG neutron.plugins.ml2.rpc [None req-9d969598-3e1e-4053-8706-d6e534f61a74 None None] Device b85e1779-0249-4715-b1b5-47b347333862 up at agent hyperv_hv-cinder-81322 {{(pid=109097) update_device_up /opt/stack/neutron/neutron/plugins/ml2/rpc.py:296}}
Dec 15 12:42:59.010651 dv-cinder-813225-4-iscsi neutron-server[109096]: INFO neutron.wsgi [req-c6468b72-bb3e-4670-b7a5-a0f1e3657747 req-28187306-9681-40e5-81ca-dc436f2896b8 tempest-AttachVolumeTestJSON-161300965 tempest-AttachVolumeTestJSON-161300965-project] 10.222.0.71 "GET /v2.0/security-groups?id=fa0c1d32-5c65-4a1a-b38a-f8178472d34d&fields=id&fields=name HTTP/1.1" status: 200 len: 312 time: 0.0800014
Dec 15 12:42:59.066841 dv-cinder-813225-4-iscsi neutron-server[109096]: DEBUG neutron_lib.callbacks.manager [None req-3a37824e-3d60-4757-87b8-ae503e519919 admin admin] Publish callbacks ['neutron.plugins.ml2.ovo_rpc._ObjectChangeHandler.handle_event-134075015'] for security_group, after_delete {{(pid=109096) _notify_loop /usr/local/lib/python3.8/dist-packages/neutron_lib/callbacks/manager.py:175}}
Dec 15 12:42:59.070065 dv-cinder-813225-4-iscsi neutron-server[109096]: DEBUG neutron_lib.callbacks.manager [None req-3a37824e-3d60-4757-87b8-ae503e519919 admin admin] Publish callbacks [] for security_group, before_response {{(pid=109096) _notify_loop /usr/local/lib/python3.8/dist-packages/neutron_lib/callbacks/manager.py:175}}
Dec 15 12:42:59.071919 dv-cinder-813225-4-iscsi neutron-server[109096]: INFO neutron.wsgi [None req-3a37824e-3d60-4757-87b8-ae503e519919 admin admin] 10.222.0.71 "DELETE /v2.0/security-groups/deca500f-766e-4584-93fb-e53627cea3ba HTTP/1.1" status: 204 len: 168 time: 0.2962079
Dec 15 12:42:59.087851 dv-cinder-813225-4-iscsi neutron-server[109096]: DEBUG neutron.api.rpc.handlers.resources_rpc [None req-3a37824e-3d60-4757-87b8-ae503e519919 admin admin] Pushing event deleted for resources: {'SecurityGroup': ['ID=deca500f-766e-4584-93fb-e53627cea3ba,revision_number=None']} {{(pid=109096) push /opt/stack/neutron/neutron/api/rpc/handlers/resources_rpc.py:237}}
Dec 15 12:42:59.139901 dv-cinder-813225-4-iscsi neutron-server[109097]: DEBUG neutron.api.rpc.handlers.resources_rpc [None req-9d969598-3e1e-4053-8706-d6e534f61a74 None None] Pushing event updated for resources: {'Port': ['ID=26fcdfb4-9148-47d7-a089-927a3edb5654,revision_number=5']} {{(pid=109097) push /opt/stack/neutron/neutron/api/rpc/handlers/resources_rpc.py:237}}
Dec 15 12:42:59.154067 dv-cinder-813225-4-iscsi neutron-server[109097]: DEBUG novaclient.v2.client [-] RESP: [200] Connection: close Content-Length: 183 Content-Type: application/json Date: Wed, 15 Dec 2021 12:42:58 GMT OpenStack-API-Version: compute 2.1 Server: Apache/2.4.41 (Ubuntu) Vary: OpenStack-API-Version,X-OpenStack-Nova-API-Version X-OpenStack-Nova-API-Version: 2.1 x-compute-request-id: req-d806bdbe-7ed7-4365-b688-8ee84de15b45 x-openstack-request-id: req-d806bdbe-7ed7-4365-b688-8ee84de15b45 {{(pid=109097) _http_log_response /usr/local/lib/python3.8/dist-packages/keystoneauth1/session.py:550}}
Dec 15 12:42:59.155025 dv-cinder-813225-4-iscsi neutron-server[109097]: DEBUG novaclient.v2.client [-] RESP BODY: {"events": [{"server_uuid": "8728841b-c4e9-4c61-a27b-44b4de461131", "name": "network-vif-plugged", "status": "completed", "tag": "cc64abda-b3e6-4bd9-91f7-52f433c02a62", "code": 200}]} {{(pid=109097) _http_log_response /usr/local/lib/python3.8/dist-packages/keystoneauth1/session.py:582}}
Dec 15 12:42:59.155670 dv-cinder-813225-4-iscsi neutron-server[109097]: DEBUG novaclient.v2.client [-] POST call to compute for http://10.222.0.71/compute/v2.1/os-server-external-events used request id req-d806bdbe-7ed7-4365-b688-8ee84de15b45 {{(pid=109097) request /usr/local/lib/python3.8/dist-packages/keystoneauth1/session.py:954}}
Dec 15 12:42:59.157208 dv-cinder-813225-4-iscsi neutron-server[109097]: INFO neutron.notifiers.nova [-] Nova event response: {'server_uuid': '8728841b-c4e9-4c61-a27b-44b4de461131', 'name': 'network-vif-plugged', 'status': 'completed', 'tag': 'cc64abda-b3e6-4bd9-91f7-52f433c02a62', 'code': 200}
Dec 15 12:42:59.205317 dv-cinder-813225-4-iscsi neutron-server[109097]: DEBUG neutron.db.provisioning_blocks [None req-9d969598-3e1e-4053-8706-d6e534f61a74 None None] Provisioning for port b85e1779-0249-4715-b1b5-47b347333862 completed by entity L2. {{(pid=109097) provisioning_complete /opt/stack/neutron/neutron/db/provisioning_blocks.py:133}}
Dec 15 12:42:59.211253 dv-cinder-813225-4-iscsi neutron-server[109097]: DEBUG neutron.db.provisioning_blocks [None req-9d969598-3e1e-4053-8706-d6e534f61a74 None None] Provisioning complete for port b85e1779-0249-4715-b1b5-47b347333862 triggered by entity L2. {{(pid=109097) provisioning_complete /opt/stack/neutron/neutron/db/provisioning_blocks.py:139}}
Dec 15 12:42:59.211632 dv-cinder-813225-4-iscsi neutron-server[109097]: DEBUG neutron_lib.callbacks.manager [None req-9d969598-3e1e-4053-8706-d6e534f61a74 None None] Publish callbacks ['neutron.plugins.ml2.plugin.Ml2Plugin._port_provisioned-764814'] for port, provisioning_complete {{(pid=109097) _notify_loop /usr/local/lib/python3.8/dist-packages/neutron_lib/callbacks/manager.py:175}}
Dec 15 12:42:59.237881 dv-cinder-813225-4-iscsi neutron-server[109096]: DEBUG neutron.pecan_wsgi.hooks.policy_enforcement [req-19eea994-c175-4126-b826-6756c4069860 req-227fb3b6-b17e-4930-9085-e1b4800dfd53 tempest-ServerRescueNegativeTestJSON-415451707 tempest-ServerRescueNegativeTestJSON-415451707-project] Attributes excluded by policy engine: ['standard_attr_id', 'binding:profile', 'binding:host_id', 'binding:vif_type', 'binding:vif_details'] {{(pid=109096) _exclude_attributes_by_policy /opt/stack/neutron/neutron/pecan_wsgi/hooks/policy_enforcement.py:255}}
Dec 15 12:42:59.240123 dv-cinder-813225-4-iscsi neutron-server[109096]: INFO neutron.wsgi [req-19eea994-c175-4126-b826-6756c4069860 req-227fb3b6-b17e-4930-9085-e1b4800dfd53 tempest-ServerRescueNegativeTestJSON-415451707 tempest-ServerRescueNegativeTestJSON-415451707-project] 10.222.0.71 "GET /v2.0/ports?device_id=8728841b-c4e9-4c61-a27b-44b4de461131 HTTP/1.1" status: 200 len: 945 time: 0.0885584
Dec 15 12:42:59.298506 dv-cinder-813225-4-iscsi neutron-server[109096]: INFO neutron.wsgi [req-19eea994-c175-4126-b826-6756c4069860 req-e4957b7a-ed58-437a-bf1e-e3d5bf438114 tempest-ServerRescueNegativeTestJSON-415451707 tempest-ServerRescueNegativeTestJSON-415451707-project] 10.222.0.71 "GET /v2.0/security-groups?id=7075bd11-4861-45a4-b450-99b8c8811710&fields=id&fields=name HTTP/1.1" status: 200 len: 286 time: 0.0527425
Dec 15 12:42:59.325078 dv-cinder-813225-4-iscsi neutron-server[109097]: DEBUG neutron_lib.callbacks.manager [None req-9d969598-3e1e-4053-8706-d6e534f61a74 None None] Publish callbacks ['neutron.plugins.ml2.plugin.SecurityGroupDbMixin._ensure_default_security_group_handler-578943'] for port, before_update {{(pid=109097) _notify_loop /usr/local/lib/python3.8/dist-packages/neutron_lib/callbacks/manager.py:175}}
Dec 15 12:42:59.367515 dv-cinder-813225-4-iscsi neutron-server[109097]: DEBUG neutron.plugins.ml2.db [None req-9d969598-3e1e-4053-8706-d6e534f61a74 None None] For port b85e1779-0249-4715-b1b5-47b347333862, host hv-cinder-81322, got binding levels [PortBindingLevel(driver='hyperv',host='hv-cinder-81322',level=0,port_id=b85e1779-0249-4715-b1b5-47b347333862,segment=NetworkSegment(7fd15137-b258-4fe3-9cae-1bd845fbe041),segment_id=7fd15137-b258-4fe3-9cae-1bd845fbe041)] {{(pid=109097) get_binding_level_objs /opt/stack/neutron/neutron/plugins/ml2/db.py:74}}
Dec 15 12:42:59.372151 dv-cinder-813225-4-iscsi neutron-server[109097]: DEBUG neutron_lib.callbacks.manager [None req-9d969598-3e1e-4053-8706-d6e534f61a74 None None] Publish callbacks ['neutron.plugins.ml2.plugin.SecurityGroupServerNotifierRpcMixin._notify_sg_on_port_change-578208', 'neutron.plugins.ml2.ovo_rpc._ObjectChangeHandler.handle_event-27038', 'neutron.api.rpc.agentnotifiers.dhcp_rpc_agent_api.DhcpAgentNotifyAPI._native_event_send_dhcp_notification-133755505', 'neutron.db.l3_db.L3RpcNotifierMixin._notify_gateway_port_ip_changed-8752808225509', 'neutron.db.l3_dvrscheduler_db._notify_l3_agent_port_update-8752807658972', 'neutron.db.l3_hascheduler_db._notify_l3_agent_ha_port_update-8752807658990'] for port, after_update {{(pid=109097) _notify_loop /usr/local/lib/python3.8/dist-packages/neutron_lib/callbacks/manager.py:175}}
Dec 15 12:42:59.422148 dv-cinder-813225-4-iscsi neutron-server[109097]: DEBUG neutron.api.rpc.handlers.resources_rpc [None req-9d969598-3e1e-4053-8706-d6e534f61a74 None None] Pushing event updated for resources: {'Port': ['ID=b85e1779-0249-4715-b1b5-47b347333862,revision_number=5']} {{(pid=109097) push /opt/stack/neutron/neutron/api/rpc/handlers/resources_rpc.py:237}}
Dec 15 12:42:59.553782 dv-cinder-813225-4-iscsi neutron-server[109095]: DEBUG neutron.wsgi [-] (109095) accepted ('10.222.0.71', 41860) {{(pid=109095) server /usr/local/lib/python3.8/dist-packages/eventlet/wsgi.py:1004}}
Dec 15 12:42:59.555710 dv-cinder-813225-4-iscsi neutron-server[109096]: DEBUG neutron.pecan_wsgi.hooks.policy_enforcement [req-9284c536-ca82-427e-a3b1-d2534009caad req-f49aa206-2cc5-4c45-ac11-f7bc085af001 tempest-DeleteServersTestJSON-1570584850 tempest-DeleteServersTestJSON-1570584850-project] Attributes excluded by policy engine: ['standard_attr_id', 'binding:profile', 'binding:host_id', 'binding:vif_type', 'binding:vif_details'] {{(pid=109096) _exclude_attributes_by_policy /opt/stack/neutron/neutron/pecan_wsgi/hooks/policy_enforcement.py:255}}
Dec 15 12:42:59.557332 dv-cinder-813225-4-iscsi neutron-server[109096]: INFO neutron.wsgi [req-9284c536-ca82-427e-a3b1-d2534009caad req-f49aa206-2cc5-4c45-ac11-f7bc085af001 tempest-DeleteServersTestJSON-1570584850 tempest-DeleteServersTestJSON-1570584850-project] 10.222.0.71 "GET /v2.0/ports?device_id=d8c53727-0a11-491a-8423-6be02dafa8f6 HTTP/1.1" status: 200 len: 945 time: 0.0561244
Dec 15 12:42:59.569141 dv-cinder-813225-4-iscsi neutron-server[109095]: DEBUG neutron_lib.callbacks.manager [None req-1723d7a5-eaa5-44cf-ba15-1b9383e19641 admin admin] Publish callbacks [] for security_group, before_create {{(pid=109095) _notify_loop /usr/local/lib/python3.8/dist-packages/neutron_lib/callbacks/manager.py:175}}
Dec 15 12:42:59.628946 dv-cinder-813225-4-iscsi neutron-server[109096]: INFO neutron.wsgi [req-9284c536-ca82-427e-a3b1-d2534009caad req-41f5978a-b8ec-44e5-84d2-754cc202de56 tempest-DeleteServersTestJSON-1570584850 tempest-DeleteServersTestJSON-1570584850-project] 10.222.0.71 "GET /v2.0/security-groups?id=930be76b-7896-442f-a3dc-523a364acfb0&fields=id&fields=name HTTP/1.1" status: 200 len: 286 time: 0.0637646
Dec 15 12:42:59.675363 dv-cinder-813225-4-iscsi neutron-server[109095]: DEBUG neutron_lib.callbacks.manager [None req-1723d7a5-eaa5-44cf-ba15-1b9383e19641 admin admin] Publish callbacks [] for security_group, precommit_create {{(pid=109095) _notify_loop /usr/local/lib/python3.8/dist-packages/neutron_lib/callbacks/manager.py:175}}
Dec 15 12:42:59.679010 dv-cinder-813225-4-iscsi neutron-server[109095]: DEBUG neutron_lib.callbacks.manager [None req-1723d7a5-eaa5-44cf-ba15-1b9383e19641 admin admin] Publish callbacks ['neutron.plugins.ml2.ovo_rpc._ObjectChangeHandler.handle_event-134075015'] for security_group, after_create {{(pid=109095) _notify_loop /usr/local/lib/python3.8/dist-packages/neutron_lib/callbacks/manager.py:175}}
Dec 15 12:42:59.718072 dv-cinder-813225-4-iscsi neutron-server[109095]: DEBUG neutron.api.rpc.handlers.resources_rpc [None req-1723d7a5-eaa5-44cf-ba15-1b9383e19641 admin admin] Pushing event updated for resources: {'SecurityGroup': ['ID=23863740-cc21-430e-ba64-6a36e9b8fdca,revision_number=1']} {{(pid=109095) push /opt/stack/neutron/neutron/api/rpc/handlers/resources_rpc.py:237}}
Dec 15 12:42:59.723868 dv-cinder-813225-4-iscsi neutron-server[109095]: INFO neutron.wsgi [None req-1723d7a5-eaa5-44cf-ba15-1b9383e19641 admin admin] 10.222.0.71 "GET /v2.0/security-groups?tenant_id=c2dfb708127942d8bbb895bad42dbc78&name=default HTTP/1.1" status: 200 len: 2996 time: 0.1685143
Dec 15 12:42:59.726146 dv-cinder-813225-4-iscsi neutron-server[109095]: DEBUG neutron.wsgi [-] (109095) accepted ('10.222.0.71', 41864) {{(pid=109095) server /usr/local/lib/python3.8/dist-packages/eventlet/wsgi.py:1004}}
Dec 15 12:42:59.779180 dv-cinder-813225-4-iscsi neutron-server[109095]: DEBUG neutron_lib.callbacks.manager [None req-04bf5b22-803c-4e6a-bc77-5328a8c5fe99 admin admin] Publish callbacks [] for security_group, before_delete {{(pid=109095) _notify_loop /usr/local/lib/python3.8/dist-packages/neutron_lib/callbacks/manager.py:175}}
Dec 15 12:42:59.802127 dv-cinder-813225-4-iscsi neutron-server[109095]: DEBUG neutron_lib.callbacks.manager [None req-04bf5b22-803c-4e6a-bc77-5328a8c5fe99 admin admin] Publish callbacks [] for security_group, precommit_delete {{(pid=109095) _notify_loop /usr/local/lib/python3.8/dist-packages/neutron_lib/callbacks/manager.py:175}}
Dec 15 12:42:59.853122 dv-cinder-813225-4-iscsi neutron-server[109095]: DEBUG neutron_lib.callbacks.manager [None req-04bf5b22-803c-4e6a-bc77-5328a8c5fe99 admin admin] Publish callbacks ['neutron.plugins.ml2.ovo_rpc._ObjectChangeHandler.handle_event-134075015'] for security_group, after_delete {{(pid=109095) _notify_loop /usr/local/lib/python3.8/dist-packages/neutron_lib/callbacks/manager.py:175}}
Dec 15 12:42:59.855872 dv-cinder-813225-4-iscsi neutron-server[109095]: DEBUG neutron_lib.callbacks.manager [None req-04bf5b22-803c-4e6a-bc77-5328a8c5fe99 admin admin] Publish callbacks [] for security_group, before_response {{(pid=109095) _notify_loop /usr/local/lib/python3.8/dist-packages/neutron_lib/callbacks/manager.py:175}}
Dec 15 12:42:59.857026 dv-cinder-813225-4-iscsi neutron-server[109095]: INFO neutron.wsgi [None req-04bf5b22-803c-4e6a-bc77-5328a8c5fe99 admin admin] 10.222.0.71 "DELETE /v2.0/security-groups/23863740-cc21-430e-ba64-6a36e9b8fdca HTTP/1.1" status: 204 len: 168 time: 0.1300125
Dec 15 12:42:59.866923 dv-cinder-813225-4-iscsi neutron-server[109095]: DEBUG neutron.api.rpc.handlers.resources_rpc [None req-04bf5b22-803c-4e6a-bc77-5328a8c5fe99 admin admin] Pushing event deleted for resources: {'SecurityGroup': ['ID=23863740-cc21-430e-ba64-6a36e9b8fdca,revision_number=None']} {{(pid=109095) push /opt/stack/neutron/neutron/api/rpc/handlers/resources_rpc.py:237}}
Dec 15 12:42:59.938945 dv-cinder-813225-4-iscsi neutron-server[109095]: DEBUG neutron.wsgi [-] (109095) accepted ('10.222.0.71', 41892) {{(pid=109095) server /usr/local/lib/python3.8/dist-packages/eventlet/wsgi.py:1004}}
Dec 15 12:43:00.158777 dv-cinder-813225-4-iscsi neutron-server[109096]: DEBUG neutron.pecan_wsgi.hooks.policy_enforcement [req-2c0438c1-fe3e-463e-828d-a2436e210a79 req-4bb20821-5604-4644-8bbb-c3b01f5ec2cd tempest-AttachVolumeTestJSON-161300965 tempest-AttachVolumeTestJSON-161300965-project] Attributes excluded by policy engine: ['standard_attr_id', 'binding:profile', 'binding:host_id', 'binding:vif_type', 'binding:vif_details'] {{(pid=109096) _exclude_attributes_by_policy /opt/stack/neutron/neutron/pecan_wsgi/hooks/policy_enforcement.py:255}}
Dec 15 12:43:00.167453 dv-cinder-813225-4-iscsi neutron-server[109096]: INFO neutron.wsgi [req-2c0438c1-fe3e-463e-828d-a2436e210a79 req-4bb20821-5604-4644-8bbb-c3b01f5ec2cd tempest-AttachVolumeTestJSON-161300965 tempest-AttachVolumeTestJSON-161300965-project] 10.222.0.71 "GET /v2.0/ports?device_id=b0cdd7f6-b6b7-4af5-b72c-21d437237733 HTTP/1.1" status: 200 len: 945 time: 0.0681968
Dec 15 12:43:00.181420 dv-cinder-813225-4-iscsi neutron-server[109095]: DEBUG neutron.api.v2.base [None req-bf3cb406-0486-43be-a503-749f9fc18a92 admin admin] Request body: {'network': {'name': 'tempest-VolumesActionsTest-1593623129-network', 'tenant_id': '77c7d7e6622e478ab83ceb8156edc6b4'}} {{(pid=109095) prepare_request_body /opt/stack/neutron/neutron/api/v2/base.py:729}}
Dec 15 12:43:00.232490 dv-cinder-813225-4-iscsi neutron-server[109095]: DEBUG neutron.pecan_wsgi.hooks.quota_enforcement [None req-bf3cb406-0486-43be-a503-749f9fc18a92 admin admin] Made reservation on behalf of 77c7d7e6622e478ab83ceb8156edc6b4 for: {'network': 1} {{(pid=109095) before /opt/stack/neutron/neutron/pecan_wsgi/hooks/quota_enforcement.py:53}}
Dec 15 12:43:00.235377 dv-cinder-813225-4-iscsi neutron-server[109095]: DEBUG neutron_lib.callbacks.manager [None req-bf3cb406-0486-43be-a503-749f9fc18a92 admin admin] Publish callbacks ['neutron.plugins.ml2.plugin.SecurityGroupDbMixin._ensure_default_security_group_handler-578943'] for network, before_create {{(pid=109095) _notify_loop /usr/local/lib/python3.8/dist-packages/neutron_lib/callbacks/manager.py:175}}
Dec 15 12:43:00.245434 dv-cinder-813225-4-iscsi neutron-server[109096]: INFO neutron.wsgi [req-2c0438c1-fe3e-463e-828d-a2436e210a79 req-36db4a36-0a2c-42ae-b9fc-894ded1caea5 tempest-AttachVolumeTestJSON-161300965 tempest-AttachVolumeTestJSON-161300965-project] 10.222.0.71 "GET /v2.0/security-groups?id=fa0c1d32-5c65-4a1a-b38a-f8178472d34d&fields=id&fields=name HTTP/1.1" status: 200 len: 312 time: 0.0768406
Dec 15 12:43:00.247948 dv-cinder-813225-4-iscsi neutron-server[109095]: DEBUG neutron_lib.callbacks.manager [None req-bf3cb406-0486-43be-a503-749f9fc18a92 admin admin] Publish callbacks [] for security_group, before_create {{(pid=109095) _notify_loop /usr/local/lib/python3.8/dist-packages/neutron_lib/callbacks/manager.py:175}}
Dec 15 12:43:00.350206 dv-cinder-813225-4-iscsi neutron-server[109095]: DEBUG neutron_lib.callbacks.manager [None req-bf3cb406-0486-43be-a503-749f9fc18a92 admin admin] Publish callbacks [] for security_group, precommit_create {{(pid=109095) _notify_loop /usr/local/lib/python3.8/dist-packages/neutron_lib/callbacks/manager.py:175}}
Dec 15 12:43:00.355768 dv-cinder-813225-4-iscsi neutron-server[109095]: DEBUG neutron_lib.callbacks.manager [None req-bf3cb406-0486-43be-a503-749f9fc18a92 admin admin] Publish callbacks ['neutron.plugins.ml2.ovo_rpc._ObjectChangeHandler.handle_event-134075015'] for security_group, after_create {{(pid=109095) _notify_loop /usr/local/lib/python3.8/dist-packages/neutron_lib/callbacks/manager.py:175}}
Dec 15 12:43:00.390254 dv-cinder-813225-4-iscsi neutron-server[109095]: DEBUG neutron.plugins.ml2.drivers.helpers [None req-bf3cb406-0486-43be-a503-749f9fc18a92 admin admin] vlan segment allocate from pool success with {'physical_network': 'physnet1', 'vlan_id': 538} {{(pid=109095) allocate_partially_specified_segment /opt/stack/neutron/neutron/plugins/ml2/drivers/helpers.py:153}}
Dec 15 12:43:00.403151 dv-cinder-813225-4-iscsi neutron-server[109095]: DEBUG neutron.api.rpc.handlers.resources_rpc [None req-bf3cb406-0486-43be-a503-749f9fc18a92 admin admin] Pushing event updated for resources: {'SecurityGroup': ['ID=b03fb1cb-91b6-49c0-b4b9-a76a26e509e6,revision_number=1']} {{(pid=109095) push /opt/stack/neutron/neutron/api/rpc/handlers/resources_rpc.py:237}}
Dec 15 12:43:00.425770 dv-cinder-813225-4-iscsi neutron-server[109095]: DEBUG neutron_lib.callbacks.manager [None req-bf3cb406-0486-43be-a503-749f9fc18a92 admin admin] Publish callbacks ['neutron.plugins.ml2.plugin.Ml2Plugin._handle_segment_change-738089'] for segment, precommit_create {{(pid=109095) _notify_loop /usr/local/lib/python3.8/dist-packages/neutron_lib/callbacks/manager.py:175}}
Dec 15 12:43:00.426124 dv-cinder-813225-4-iscsi neutron-server[109095]: INFO neutron.db.segments_db [None req-bf3cb406-0486-43be-a503-749f9fc18a92 admin admin] Added segment f63ef70c-3453-4279-b807-685aad47d9af of type vlan for network f6456978-6a92-465a-bcb3-ae3538ed2649
Dec 15 12:43:00.443819 dv-cinder-813225-4-iscsi neutron-server[109096]: DEBUG neutron.pecan_wsgi.hooks.policy_enforcement [req-9ec7a6aa-20c1-422f-a47c-ebc542a6951a req-09c0cf09-80eb-469c-9870-cfbd30884dec tempest-ServerRescueNegativeTestJSON-415451707 tempest-ServerRescueNegativeTestJSON-415451707-project] Attributes excluded by policy engine: ['standard_attr_id', 'binding:profile', 'binding:host_id', 'binding:vif_type', 'binding:vif_details'] {{(pid=109096) _exclude_attributes_by_policy /opt/stack/neutron/neutron/pecan_wsgi/hooks/policy_enforcement.py:255}}
Dec 15 12:43:00.445843 dv-cinder-813225-4-iscsi neutron-server[109096]: INFO neutron.wsgi [req-9ec7a6aa-20c1-422f-a47c-ebc542a6951a req-09c0cf09-80eb-469c-9870-cfbd30884dec tempest-ServerRescueNegativeTestJSON-415451707 tempest-ServerRescueNegativeTestJSON-415451707-project] 10.222.0.71 "GET /v2.0/ports?device_id=8728841b-c4e9-4c61-a27b-44b4de461131 HTTP/1.1" status: 200 len: 945 time: 0.0650933
Dec 15 12:43:00.470468 dv-cinder-813225-4-iscsi neutron-server[109095]: DEBUG neutron_lib.callbacks.manager [None req-bf3cb406-0486-43be-a503-749f9fc18a92 admin admin] Publish callbacks ['neutron.services.auto_allocate.db._ensure_external_network_default_value_callback-8752807676447'] for network, precommit_create {{(pid=109095) _notify_loop /usr/local/lib/python3.8/dist-packages/neutron_lib/callbacks/manager.py:175}}
Dec 15 12:43:00.501550 dv-cinder-813225-4-iscsi neutron-server[109095]: DEBUG neutron_lib.callbacks.manager [None req-bf3cb406-0486-43be-a503-749f9fc18a92 admin admin] Publish callbacks ['neutron.plugins.ml2.ovo_rpc._ObjectChangeHandler.handle_event-134074939', 'neutron.api.rpc.agentnotifiers.dhcp_rpc_agent_api.DhcpAgentNotifyAPI._native_event_send_dhcp_notification-133755505'] for network, after_create {{(pid=109095) _notify_loop /usr/local/lib/python3.8/dist-packages/neutron_lib/callbacks/manager.py:175}}
Dec 15 12:43:00.514653 dv-cinder-813225-4-iscsi neutron-server[109095]: DEBUG neutron.pecan_wsgi.hooks.policy_enforcement [None req-bf3cb406-0486-43be-a503-749f9fc18a92 admin admin] Attributes excluded by policy engine: ['standard_attr_id', 'vlan_transparent'] {{(pid=109095) _exclude_attributes_by_policy /opt/stack/neutron/neutron/pecan_wsgi/hooks/policy_enforcement.py:255}}
Dec 15 12:43:00.514925 dv-cinder-813225-4-iscsi neutron-server[109096]: INFO neutron.wsgi [req-9ec7a6aa-20c1-422f-a47c-ebc542a6951a req-fc289921-514c-4fd0-af9a-33b5985fee79 tempest-ServerRescueNegativeTestJSON-415451707 tempest-ServerRescueNegativeTestJSON-415451707-project] 10.222.0.71 "GET /v2.0/security-groups?id=7075bd11-4861-45a4-b450-99b8c8811710&fields=id&fields=name HTTP/1.1" status: 200 len: 286 time: 0.0586729
Dec 15 12:43:00.515031 dv-cinder-813225-4-iscsi neutron-server[109095]: DEBUG neutron_lib.callbacks.manager [None req-bf3cb406-0486-43be-a503-749f9fc18a92 admin admin] Publish callbacks ['neutron.api.rpc.agentnotifiers.dhcp_rpc_agent_api.DhcpAgentNotifyAPI._send_dhcp_notification-133755503'] for network, before_response {{(pid=109095) _notify_loop /usr/local/lib/python3.8/dist-packages/neutron_lib/callbacks/manager.py:175}}
Dec 15 12:43:00.585204 dv-cinder-813225-4-iscsi neutron-server[109095]: INFO neutron.wsgi [None req-bf3cb406-0486-43be-a503-749f9fc18a92 admin admin] 10.222.0.71 "POST /v2.0/networks HTTP/1.1" status: 201 len: 882 time: 0.6448233
Dec 15 12:43:00.588571 dv-cinder-813225-4-iscsi neutron-server[109096]: DEBUG neutron.wsgi [-] (109096) accepted ('10.222.0.71', 41946) {{(pid=109096) server /usr/local/lib/python3.8/dist-packages/eventlet/wsgi.py:1004}}
Dec 15 12:43:00.597237 dv-cinder-813225-4-iscsi neutron-server[109096]: DEBUG neutron.api.v2.base [None req-f148549f-6a6e-4d48-9c09-b50258fd9ca3 admin admin] Request body: {'subnet': {'network_id': 'f6456978-6a92-465a-bcb3-ae3538ed2649', 'cidr': '172.20.0.0/28', 'name': 'tempest-VolumesActionsTest-1593623129-subnet', 'tenant_id': '77c7d7e6622e478ab83ceb8156edc6b4', 'enable_dhcp': False, 'ip_version': 4}} {{(pid=109096) prepare_request_body /opt/stack/neutron/neutron/api/v2/base.py:729}}
