Dec 15 12:43:09.870249 dv-cinder-813225-4-iscsi neutron-server[109095]: DEBUG neutron_lib.callbacks.manager [None req-707d5410-8054-4c2f-9cb9-47a2309c3bf7 admin admin] Publish callbacks [] for security_group, precommit_create {{(pid=109095) _notify_loop /usr/local/lib/python3.8/dist-packages/neutron_lib/callbacks/manager.py:175}}
Dec 15 12:43:09.878368 dv-cinder-813225-4-iscsi neutron-server[109095]: DEBUG neutron_lib.callbacks.manager [None req-707d5410-8054-4c2f-9cb9-47a2309c3bf7 admin admin] Publish callbacks ['neutron.plugins.ml2.ovo_rpc._ObjectChangeHandler.handle_event-134075015'] for security_group, after_create {{(pid=109095) _notify_loop /usr/local/lib/python3.8/dist-packages/neutron_lib/callbacks/manager.py:175}}
Dec 15 12:43:09.931236 dv-cinder-813225-4-iscsi neutron-server[109095]: DEBUG neutron.api.rpc.handlers.resources_rpc [None req-707d5410-8054-4c2f-9cb9-47a2309c3bf7 admin admin] Pushing event updated for resources: {'SecurityGroup': ['ID=373f9f6d-f8d3-4055-b50c-0cd87c08c733,revision_number=1']} {{(pid=109095) push /opt/stack/neutron/neutron/api/rpc/handlers/resources_rpc.py:237}}
Dec 15 12:43:09.938366 dv-cinder-813225-4-iscsi neutron-server[109095]: INFO neutron.wsgi [None req-707d5410-8054-4c2f-9cb9-47a2309c3bf7 admin admin] 10.222.0.71 "GET /v2.0/security-groups?tenant_id=b4b30b1bf5fc4478af74b52955eaf8d9&name=default HTTP/1.1" status: 200 len: 2996 time: 0.1647060
Dec 15 12:43:09.942053 dv-cinder-813225-4-iscsi neutron-server[109095]: DEBUG neutron.wsgi [-] (109095) accepted ('10.222.0.71', 42354) {{(pid=109095) server /usr/local/lib/python3.8/dist-packages/eventlet/wsgi.py:1004}}
Dec 15 12:43:10.000131 dv-cinder-813225-4-iscsi neutron-server[109096]: INFO neutron.wsgi [req-dc5c46c1-07a0-4e7b-90c2-7e2856c58b04 req-065595d9-c029-41ba-a6dc-c15c5fa67604 service neutron] 10.222.0.36 "GET /v2.0/networks/925e712b-de7c-4c52-858d-d57a23b8d9bc?fields=segments HTTP/1.1" status: 200 len: 212 time: 0.1438775
Dec 15 12:43:10.008827 dv-cinder-813225-4-iscsi neutron-server[109095]: DEBUG neutron_lib.callbacks.manager [None req-ac65a092-df59-45fc-b905-81ef62a20693 admin admin] Publish callbacks [] for security_group, before_delete {{(pid=109095) _notify_loop /usr/local/lib/python3.8/dist-packages/neutron_lib/callbacks/manager.py:175}}
Dec 15 12:43:10.034852 dv-cinder-813225-4-iscsi neutron-server[109095]: DEBUG neutron_lib.callbacks.manager [None req-ac65a092-df59-45fc-b905-81ef62a20693 admin admin] Publish callbacks [] for security_group, precommit_delete {{(pid=109095) _notify_loop /usr/local/lib/python3.8/dist-packages/neutron_lib/callbacks/manager.py:175}}
Dec 15 12:43:10.091801 dv-cinder-813225-4-iscsi neutron-server[109095]: DEBUG neutron_lib.callbacks.manager [None req-ac65a092-df59-45fc-b905-81ef62a20693 admin admin] Publish callbacks ['neutron.plugins.ml2.ovo_rpc._ObjectChangeHandler.handle_event-134075015'] for security_group, after_delete {{(pid=109095) _notify_loop /usr/local/lib/python3.8/dist-packages/neutron_lib/callbacks/manager.py:175}}
Dec 15 12:43:10.094781 dv-cinder-813225-4-iscsi neutron-server[109095]: DEBUG neutron_lib.callbacks.manager [None req-ac65a092-df59-45fc-b905-81ef62a20693 admin admin] Publish callbacks [] for security_group, before_response {{(pid=109095) _notify_loop /usr/local/lib/python3.8/dist-packages/neutron_lib/callbacks/manager.py:175}}
Dec 15 12:43:10.098299 dv-cinder-813225-4-iscsi neutron-server[109095]: INFO neutron.wsgi [None req-ac65a092-df59-45fc-b905-81ef62a20693 admin admin] 10.222.0.71 "DELETE /v2.0/security-groups/373f9f6d-f8d3-4055-b50c-0cd87c08c733 HTTP/1.1" status: 204 len: 168 time: 0.1525581
Dec 15 12:43:10.104257 dv-cinder-813225-4-iscsi neutron-server[109095]: DEBUG neutron.api.rpc.handlers.resources_rpc [None req-ac65a092-df59-45fc-b905-81ef62a20693 admin admin] Pushing event deleted for resources: {'SecurityGroup': ['ID=373f9f6d-f8d3-4055-b50c-0cd87c08c733,revision_number=None']} {{(pid=109095) push /opt/stack/neutron/neutron/api/rpc/handlers/resources_rpc.py:237}}
Dec 15 12:43:10.132401 dv-cinder-813225-4-iscsi neutron-server[109096]: DEBUG neutron.pecan_wsgi.hooks.policy_enforcement [req-7d45ba4d-ee32-44ba-84b8-fb5e281ff0fb req-f55b178e-0f7d-4a28-9835-410894e6a38b tempest-ServerRescueNegativeTestJSON-415451707 tempest-ServerRescueNegativeTestJSON-415451707-project] Attributes excluded by policy engine: ['standard_attr_id', 'binding:profile', 'binding:host_id', 'binding:vif_type', 'binding:vif_details'] {{(pid=109096) _exclude_attributes_by_policy /opt/stack/neutron/neutron/pecan_wsgi/hooks/policy_enforcement.py:255}}
Dec 15 12:43:10.136956 dv-cinder-813225-4-iscsi neutron-server[109096]: INFO neutron.wsgi [req-7d45ba4d-ee32-44ba-84b8-fb5e281ff0fb req-f55b178e-0f7d-4a28-9835-410894e6a38b tempest-ServerRescueNegativeTestJSON-415451707 tempest-ServerRescueNegativeTestJSON-415451707-project] 10.222.0.71 "GET /v2.0/ports?device_id=8728841b-c4e9-4c61-a27b-44b4de461131 HTTP/1.1" status: 200 len: 945 time: 0.0660410
Dec 15 12:43:10.190003 dv-cinder-813225-4-iscsi neutron-server[109096]: INFO neutron.wsgi [req-dc5c46c1-07a0-4e7b-90c2-7e2856c58b04 req-93a188ec-f265-455e-b956-312e1ef3de41 service neutron] 10.222.0.36 "GET /v2.0/networks/925e712b-de7c-4c52-858d-d57a23b8d9bc?fields=provider%3Aphysical_network&fields=provider%3Anetwork_type HTTP/1.1" status: 200 len: 281 time: 0.1788588
Dec 15 12:43:10.237661 dv-cinder-813225-4-iscsi neutron-server[109096]: INFO neutron.wsgi [req-7d45ba4d-ee32-44ba-84b8-fb5e281ff0fb req-e62c5862-667e-4027-b436-3cb4700ae026 tempest-ServerRescueNegativeTestJSON-415451707 tempest-ServerRescueNegativeTestJSON-415451707-project] 10.222.0.71 "GET /v2.0/security-groups?id=7075bd11-4861-45a4-b450-99b8c8811710&fields=id&fields=name HTTP/1.1" status: 200 len: 286 time: 0.0861311
Dec 15 12:43:11.426537 dv-cinder-813225-4-iscsi neutron-server[109096]: DEBUG neutron.pecan_wsgi.hooks.policy_enforcement [req-fc55b7ae-2f6d-4345-bd27-71ae5f789281 req-a805cb38-6af5-419c-a343-54008bc2ddc5 tempest-ServerRescueNegativeTestJSON-415451707 tempest-ServerRescueNegativeTestJSON-415451707-project] Attributes excluded by policy engine: ['standard_attr_id', 'binding:profile', 'binding:host_id', 'binding:vif_type', 'binding:vif_details'] {{(pid=109096) _exclude_attributes_by_policy /opt/stack/neutron/neutron/pecan_wsgi/hooks/policy_enforcement.py:255}}
Dec 15 12:43:11.428809 dv-cinder-813225-4-iscsi neutron-server[109096]: INFO neutron.wsgi [req-fc55b7ae-2f6d-4345-bd27-71ae5f789281 req-a805cb38-6af5-419c-a343-54008bc2ddc5 tempest-ServerRescueNegativeTestJSON-415451707 tempest-ServerRescueNegativeTestJSON-415451707-project] 10.222.0.71 "GET /v2.0/ports?device_id=8728841b-c4e9-4c61-a27b-44b4de461131 HTTP/1.1" status: 200 len: 945 time: 0.0787022
Dec 15 12:43:11.497007 dv-cinder-813225-4-iscsi neutron-server[109096]: INFO neutron.wsgi [req-fc55b7ae-2f6d-4345-bd27-71ae5f789281 req-513c3441-3743-4f2d-aafd-302078728f90 tempest-ServerRescueNegativeTestJSON-415451707 tempest-ServerRescueNegativeTestJSON-415451707-project] 10.222.0.71 "GET /v2.0/security-groups?id=7075bd11-4861-45a4-b450-99b8c8811710&fields=id&fields=name HTTP/1.1" status: 200 len: 286 time: 0.0605764
Dec 15 12:43:12.468670 dv-cinder-813225-4-iscsi neutron-server[109096]: DEBUG neutron.wsgi [-] (109096) accepted ('10.222.0.71', 42512) {{(pid=109096) server /usr/local/lib/python3.8/dist-packages/eventlet/wsgi.py:1004}}
Dec 15 12:43:12.603346 dv-cinder-813225-4-iscsi neutron-server[109096]: DEBUG neutron_lib.callbacks.manager [None req-e8d49aba-c230-4a86-b560-d1b4359e08f5 admin admin] Publish callbacks [] for security_group, before_create {{(pid=109096) _notify_loop /usr/local/lib/python3.8/dist-packages/neutron_lib/callbacks/manager.py:175}}
Dec 15 12:43:12.675343 dv-cinder-813225-4-iscsi neutron-server[109096]: DEBUG neutron.pecan_wsgi.hooks.policy_enforcement [req-ebfb3246-54f4-4050-829a-1c9972be70fa req-f6854c67-4825-47be-9ef9-482fd49a6b8b tempest-ServerRescueNegativeTestJSON-415451707 tempest-ServerRescueNegativeTestJSON-415451707-project] Attributes excluded by policy engine: ['standard_attr_id', 'binding:profile', 'binding:host_id', 'binding:vif_type', 'binding:vif_details'] {{(pid=109096) _exclude_attributes_by_policy /opt/stack/neutron/neutron/pecan_wsgi/hooks/policy_enforcement.py:255}}
Dec 15 12:43:12.676968 dv-cinder-813225-4-iscsi neutron-server[109096]: INFO neutron.wsgi [req-ebfb3246-54f4-4050-829a-1c9972be70fa req-f6854c67-4825-47be-9ef9-482fd49a6b8b tempest-ServerRescueNegativeTestJSON-415451707 tempest-ServerRescueNegativeTestJSON-415451707-project] 10.222.0.71 "GET /v2.0/ports?device_id=8728841b-c4e9-4c61-a27b-44b4de461131 HTTP/1.1" status: 200 len: 945 time: 0.0934546
Dec 15 12:43:12.746261 dv-cinder-813225-4-iscsi neutron-server[109096]: INFO neutron.wsgi [req-ebfb3246-54f4-4050-829a-1c9972be70fa req-3029a741-2e2f-45ec-a197-1148674f9037 tempest-ServerRescueNegativeTestJSON-415451707 tempest-ServerRescueNegativeTestJSON-415451707-project] 10.222.0.71 "GET /v2.0/security-groups?id=7075bd11-4861-45a4-b450-99b8c8811710&fields=id&fields=name HTTP/1.1" status: 200 len: 286 time: 0.0624611
Dec 15 12:43:12.766330 dv-cinder-813225-4-iscsi neutron-server[109096]: DEBUG neutron_lib.callbacks.manager [None req-e8d49aba-c230-4a86-b560-d1b4359e08f5 admin admin] Publish callbacks [] for security_group, precommit_create {{(pid=109096) _notify_loop /usr/local/lib/python3.8/dist-packages/neutron_lib/callbacks/manager.py:175}}
Dec 15 12:43:12.772438 dv-cinder-813225-4-iscsi neutron-server[109096]: DEBUG neutron_lib.callbacks.manager [None req-e8d49aba-c230-4a86-b560-d1b4359e08f5 admin admin] Publish callbacks ['neutron.plugins.ml2.ovo_rpc._ObjectChangeHandler.handle_event-134075015'] for security_group, after_create {{(pid=109096) _notify_loop /usr/local/lib/python3.8/dist-packages/neutron_lib/callbacks/manager.py:175}}
Dec 15 12:43:12.821329 dv-cinder-813225-4-iscsi neutron-server[109096]: DEBUG neutron.api.rpc.handlers.resources_rpc [None req-e8d49aba-c230-4a86-b560-d1b4359e08f5 admin admin] Pushing event updated for resources: {'SecurityGroup': ['ID=b34b5cde-0f6a-4c17-afe5-558a1c5bda85,revision_number=1']} {{(pid=109096) push /opt/stack/neutron/neutron/api/rpc/handlers/resources_rpc.py:237}}
Dec 15 12:43:12.829382 dv-cinder-813225-4-iscsi neutron-server[109096]: INFO neutron.wsgi [None req-e8d49aba-c230-4a86-b560-d1b4359e08f5 admin admin] 10.222.0.71 "GET /v2.0/security-groups?tenant_id=16e2096588054307926c1cd901c5dbf6&name=default HTTP/1.1" status: 200 len: 2996 time: 0.3567982
Dec 15 12:43:12.829695 dv-cinder-813225-4-iscsi neutron-server[109096]: DEBUG neutron.wsgi [-] (109096) accepted ('10.222.0.71', 42536) {{(pid=109096) server /usr/local/lib/python3.8/dist-packages/eventlet/wsgi.py:1004}}
Dec 15 12:43:12.893477 dv-cinder-813225-4-iscsi neutron-server[109096]: DEBUG neutron_lib.callbacks.manager [None req-fa05d19a-ec7d-4f49-a08d-bc9da0d22912 admin admin] Publish callbacks [] for security_group, before_delete {{(pid=109096) _notify_loop /usr/local/lib/python3.8/dist-packages/neutron_lib/callbacks/manager.py:175}}
Dec 15 12:43:12.922862 dv-cinder-813225-4-iscsi neutron-server[109096]: DEBUG neutron_lib.callbacks.manager [None req-fa05d19a-ec7d-4f49-a08d-bc9da0d22912 admin admin] Publish callbacks [] for security_group, precommit_delete {{(pid=109096) _notify_loop /usr/local/lib/python3.8/dist-packages/neutron_lib/callbacks/manager.py:175}}
Dec 15 12:43:12.968961 dv-cinder-813225-4-iscsi neutron-server[109096]: DEBUG neutron_lib.callbacks.manager [None req-fa05d19a-ec7d-4f49-a08d-bc9da0d22912 admin admin] Publish callbacks ['neutron.plugins.ml2.ovo_rpc._ObjectChangeHandler.handle_event-134075015'] for security_group, after_delete {{(pid=109096) _notify_loop /usr/local/lib/python3.8/dist-packages/neutron_lib/callbacks/manager.py:175}}
Dec 15 12:43:12.971754 dv-cinder-813225-4-iscsi neutron-server[109096]: DEBUG neutron_lib.callbacks.manager [None req-fa05d19a-ec7d-4f49-a08d-bc9da0d22912 admin admin] Publish callbacks [] for security_group, before_response {{(pid=109096) _notify_loop /usr/local/lib/python3.8/dist-packages/neutron_lib/callbacks/manager.py:175}}
Dec 15 12:43:12.972898 dv-cinder-813225-4-iscsi neutron-server[109096]: INFO neutron.wsgi [None req-fa05d19a-ec7d-4f49-a08d-bc9da0d22912 admin admin] 10.222.0.71 "DELETE /v2.0/security-groups/b34b5cde-0f6a-4c17-afe5-558a1c5bda85 HTTP/1.1" status: 204 len: 168 time: 0.1424224
Dec 15 12:43:12.980744 dv-cinder-813225-4-iscsi neutron-server[109096]: DEBUG neutron.api.rpc.handlers.resources_rpc [None req-fa05d19a-ec7d-4f49-a08d-bc9da0d22912 admin admin] Pushing event deleted for resources: {'SecurityGroup': ['ID=b34b5cde-0f6a-4c17-afe5-558a1c5bda85,revision_number=None']} {{(pid=109096) push /opt/stack/neutron/neutron/api/rpc/handlers/resources_rpc.py:237}}
Dec 15 12:43:13.247269 dv-cinder-813225-4-iscsi neutron-server[109096]: DEBUG neutron.wsgi [-] (109096) accepted ('10.222.0.71', 42550) {{(pid=109096) server /usr/local/lib/python3.8/dist-packages/eventlet/wsgi.py:1004}}
Dec 15 12:43:13.268827 dv-cinder-813225-4-iscsi neutron-server[109096]: DEBUG neutron_lib.callbacks.manager [None req-07c327bb-c6c3-437c-8773-a888fd294478 admin admin] Publish callbacks [] for security_group, before_create {{(pid=109096) _notify_loop /usr/local/lib/python3.8/dist-packages/neutron_lib/callbacks/manager.py:175}}
Dec 15 12:43:13.338963 dv-cinder-813225-4-iscsi neutron-server[109096]: DEBUG neutron_lib.callbacks.manager [None req-07c327bb-c6c3-437c-8773-a888fd294478 admin admin] Publish callbacks [] for security_group, precommit_create {{(pid=109096) _notify_loop /usr/local/lib/python3.8/dist-packages/neutron_lib/callbacks/manager.py:175}}
Dec 15 12:43:13.343587 dv-cinder-813225-4-iscsi neutron-server[109096]: DEBUG neutron_lib.callbacks.manager [None req-07c327bb-c6c3-437c-8773-a888fd294478 admin admin] Publish callbacks ['neutron.plugins.ml2.ovo_rpc._ObjectChangeHandler.handle_event-134075015'] for security_group, after_create {{(pid=109096) _notify_loop /usr/local/lib/python3.8/dist-packages/neutron_lib/callbacks/manager.py:175}}
Dec 15 12:43:13.383492 dv-cinder-813225-4-iscsi neutron-server[109096]: INFO neutron.wsgi [None req-07c327bb-c6c3-437c-8773-a888fd294478 admin admin] 10.222.0.71 "GET /v2.0/security-groups?tenant_id=0f41974db8cf4a3bb522d4a3c5b0fed2&name=default HTTP/1.1" status: 200 len: 2996 time: 0.1351218
Dec 15 12:43:13.384681 dv-cinder-813225-4-iscsi neutron-server[109096]: DEBUG neutron.api.rpc.handlers.resources_rpc [None req-07c327bb-c6c3-437c-8773-a888fd294478 admin admin] Pushing event updated for resources: {'SecurityGroup': ['ID=308ae995-208e-46e6-8c2a-df7d378fd7de,revision_number=1']} {{(pid=109096) push /opt/stack/neutron/neutron/api/rpc/handlers/resources_rpc.py:237}}
Dec 15 12:43:13.386159 dv-cinder-813225-4-iscsi neutron-server[109095]: DEBUG neutron.wsgi [-] (109095) accepted ('10.222.0.71', 42554) {{(pid=109095) server /usr/local/lib/python3.8/dist-packages/eventlet/wsgi.py:1004}}
Dec 15 12:43:13.433527 dv-cinder-813225-4-iscsi neutron-server[109095]: DEBUG neutron_lib.callbacks.manager [None req-90809c76-6a18-44e0-9ab5-c95d559403f0 admin admin] Publish callbacks [] for security_group, before_delete {{(pid=109095) _notify_loop /usr/local/lib/python3.8/dist-packages/neutron_lib/callbacks/manager.py:175}}
Dec 15 12:43:13.456332 dv-cinder-813225-4-iscsi neutron-server[109095]: DEBUG neutron_lib.callbacks.manager [None req-90809c76-6a18-44e0-9ab5-c95d559403f0 admin admin] Publish callbacks [] for security_group, precommit_delete {{(pid=109095) _notify_loop /usr/local/lib/python3.8/dist-packages/neutron_lib/callbacks/manager.py:175}}
Dec 15 12:43:13.503443 dv-cinder-813225-4-iscsi neutron-server[109095]: DEBUG neutron_lib.callbacks.manager [None req-90809c76-6a18-44e0-9ab5-c95d559403f0 admin admin] Publish callbacks ['neutron.plugins.ml2.ovo_rpc._ObjectChangeHandler.handle_event-134075015'] for security_group, after_delete {{(pid=109095) _notify_loop /usr/local/lib/python3.8/dist-packages/neutron_lib/callbacks/manager.py:175}}
Dec 15 12:43:13.506048 dv-cinder-813225-4-iscsi neutron-server[109095]: DEBUG neutron_lib.callbacks.manager [None req-90809c76-6a18-44e0-9ab5-c95d559403f0 admin admin] Publish callbacks [] for security_group, before_response {{(pid=109095) _notify_loop /usr/local/lib/python3.8/dist-packages/neutron_lib/callbacks/manager.py:175}}
Dec 15 12:43:13.507164 dv-cinder-813225-4-iscsi neutron-server[109095]: INFO neutron.wsgi [None req-90809c76-6a18-44e0-9ab5-c95d559403f0 admin admin] 10.222.0.71 "DELETE /v2.0/security-groups/308ae995-208e-46e6-8c2a-df7d378fd7de HTTP/1.1" status: 204 len: 168 time: 0.1200144
Dec 15 12:43:13.515484 dv-cinder-813225-4-iscsi neutron-server[109095]: DEBUG neutron.api.rpc.handlers.resources_rpc [None req-90809c76-6a18-44e0-9ab5-c95d559403f0 admin admin] Pushing event deleted for resources: {'SecurityGroup': ['ID=308ae995-208e-46e6-8c2a-df7d378fd7de,revision_number=None']} {{(pid=109095) push /opt/stack/neutron/neutron/api/rpc/handlers/resources_rpc.py:237}}
Dec 15 12:43:13.888555 dv-cinder-813225-4-iscsi neutron-server[109096]: DEBUG neutron.pecan_wsgi.hooks.policy_enforcement [req-f347fab6-3512-4e10-afe4-4de74c34ec28 req-fc25196c-a6d4-4d78-a387-298dc31f2a34 tempest-ServerRescueNegativeTestJSON-415451707 tempest-ServerRescueNegativeTestJSON-415451707-project] Attributes excluded by policy engine: ['standard_attr_id', 'binding:profile', 'binding:host_id', 'binding:vif_type', 'binding:vif_details'] {{(pid=109096) _exclude_attributes_by_policy /opt/stack/neutron/neutron/pecan_wsgi/hooks/policy_enforcement.py:255}}
Dec 15 12:43:13.890684 dv-cinder-813225-4-iscsi neutron-server[109096]: INFO neutron.wsgi [req-f347fab6-3512-4e10-afe4-4de74c34ec28 req-fc25196c-a6d4-4d78-a387-298dc31f2a34 tempest-ServerRescueNegativeTestJSON-415451707 tempest-ServerRescueNegativeTestJSON-415451707-project] 10.222.0.71 "GET /v2.0/ports?device_id=8728841b-c4e9-4c61-a27b-44b4de461131 HTTP/1.1" status: 200 len: 945 time: 0.0612934
Dec 15 12:43:13.986078 dv-cinder-813225-4-iscsi neutron-server[109096]: INFO neutron.wsgi [req-f347fab6-3512-4e10-afe4-4de74c34ec28 req-e2958717-78cf-45b8-b0b9-837b59c51648 tempest-ServerRescueNegativeTestJSON-415451707 tempest-ServerRescueNegativeTestJSON-415451707-project] 10.222.0.71 "GET /v2.0/security-groups?id=7075bd11-4861-45a4-b450-99b8c8811710&fields=id&fields=name HTTP/1.1" status: 200 len: 286 time: 0.0890284
Dec 15 12:43:14.375944 dv-cinder-813225-4-iscsi neutron-server[109096]: DEBUG neutron.wsgi [-] (109096) accepted ('10.222.0.71', 42634) {{(pid=109096) server /usr/local/lib/python3.8/dist-packages/eventlet/wsgi.py:1004}}
Dec 15 12:43:14.577548 dv-cinder-813225-4-iscsi neutron-server[109096]: DEBUG neutron.wsgi [-] (109096) accepted ('10.222.0.71', 42644) {{(pid=109096) server /usr/local/lib/python3.8/dist-packages/eventlet/wsgi.py:1004}}
Dec 15 12:43:14.628061 dv-cinder-813225-4-iscsi neutron-server[109096]: DEBUG neutron_lib.callbacks.manager [None req-8626d2f8-7a7d-499c-9fdd-04f66456e437 admin admin] Publish callbacks [] for security_group, before_create {{(pid=109096) _notify_loop /usr/local/lib/python3.8/dist-packages/neutron_lib/callbacks/manager.py:175}}
Dec 15 12:43:14.676230 dv-cinder-813225-4-iscsi neutron-server[109096]: DEBUG neutron_lib.callbacks.manager [None req-4db21745-90b5-4e42-bf75-599061a8c08e admin admin] Publish callbacks [] for security_group, before_create {{(pid=109096) _notify_loop /usr/local/lib/python3.8/dist-packages/neutron_lib/callbacks/manager.py:175}}
Dec 15 12:43:14.765736 dv-cinder-813225-4-iscsi neutron-server[109096]: DEBUG neutron_lib.callbacks.manager [None req-8626d2f8-7a7d-499c-9fdd-04f66456e437 admin admin] Publish callbacks [] for security_group, precommit_create {{(pid=109096) _notify_loop /usr/local/lib/python3.8/dist-packages/neutron_lib/callbacks/manager.py:175}}
Dec 15 12:43:14.775066 dv-cinder-813225-4-iscsi neutron-server[109096]: DEBUG neutron_lib.callbacks.manager [None req-8626d2f8-7a7d-499c-9fdd-04f66456e437 admin admin] Publish callbacks ['neutron.plugins.ml2.ovo_rpc._ObjectChangeHandler.handle_event-134075015'] for security_group, after_create {{(pid=109096) _notify_loop /usr/local/lib/python3.8/dist-packages/neutron_lib/callbacks/manager.py:175}}
Dec 15 12:43:14.805330 dv-cinder-813225-4-iscsi neutron-server[109095]: DEBUG neutron.wsgi [-] (109095) accepted ('10.222.0.71', 42652) {{(pid=109095) server /usr/local/lib/python3.8/dist-packages/eventlet/wsgi.py:1004}}
Dec 15 12:43:14.831179 dv-cinder-813225-4-iscsi neutron-server[109096]: DEBUG neutron_lib.callbacks.manager [None req-4db21745-90b5-4e42-bf75-599061a8c08e admin admin] Publish callbacks [] for security_group, precommit_create {{(pid=109096) _notify_loop /usr/local/lib/python3.8/dist-packages/neutron_lib/callbacks/manager.py:175}}
Dec 15 12:43:14.837357 dv-cinder-813225-4-iscsi neutron-server[109096]: INFO neutron.wsgi [None req-8626d2f8-7a7d-499c-9fdd-04f66456e437 admin admin] 10.222.0.71 "GET /v2.0/security-groups?tenant_id=746ac7b5418a4741932c7a987586a0f7&name=default HTTP/1.1" status: 200 len: 2996 time: 0.4603953
Dec 15 12:43:14.838773 dv-cinder-813225-4-iscsi neutron-server[109096]: DEBUG neutron_lib.callbacks.manager [None req-4db21745-90b5-4e42-bf75-599061a8c08e admin admin] Publish callbacks ['neutron.plugins.ml2.ovo_rpc._ObjectChangeHandler.handle_event-134075015'] for security_group, after_create {{(pid=109096) _notify_loop /usr/local/lib/python3.8/dist-packages/neutron_lib/callbacks/manager.py:175}}
Dec 15 12:43:14.840595 dv-cinder-813225-4-iscsi neutron-server[109095]: DEBUG neutron.wsgi [-] (109095) accepted ('10.222.0.71', 42656) {{(pid=109095) server /usr/local/lib/python3.8/dist-packages/eventlet/wsgi.py:1004}}
Dec 15 12:43:14.841043 dv-cinder-813225-4-iscsi neutron-server[109096]: DEBUG neutron.api.rpc.handlers.resources_rpc [None req-8626d2f8-7a7d-499c-9fdd-04f66456e437 admin admin] Pushing event updated for resources: {'SecurityGroup': ['ID=970169bf-f06e-46ba-90f1-b0094618140a,revision_number=1']} {{(pid=109096) push /opt/stack/neutron/neutron/api/rpc/handlers/resources_rpc.py:237}}
Dec 15 12:43:14.882055 dv-cinder-813225-4-iscsi neutron-server[109096]: INFO neutron.wsgi [None req-4db21745-90b5-4e42-bf75-599061a8c08e admin admin] 10.222.0.71 "GET /v2.0/security-groups?tenant_id=98a6a7fd9f4f49d19086c65403444935&name=default HTTP/1.1" status: 200 len: 2996 time: 0.3029301
Dec 15 12:43:14.882931 dv-cinder-813225-4-iscsi neutron-server[109096]: DEBUG neutron.api.rpc.handlers.resources_rpc [None req-4db21745-90b5-4e42-bf75-599061a8c08e admin admin] Pushing event updated for resources: {'SecurityGroup': ['ID=f80aa4ee-5f7c-4702-9bfa-40931401d227,revision_number=1']} {{(pid=109096) push /opt/stack/neutron/neutron/api/rpc/handlers/resources_rpc.py:237}}
Dec 15 12:43:14.886056 dv-cinder-813225-4-iscsi neutron-server[109096]: DEBUG neutron.wsgi [-] (109096) accepted ('10.222.0.71', 42658) {{(pid=109096) server /usr/local/lib/python3.8/dist-packages/eventlet/wsgi.py:1004}}
Dec 15 12:43:14.919911 dv-cinder-813225-4-iscsi neutron-server[109095]: DEBUG neutron_lib.callbacks.manager [None req-72fc3c54-2fab-4070-8367-52f60bee097f admin admin] Publish callbacks [] for security_group, before_delete {{(pid=109095) _notify_loop /usr/local/lib/python3.8/dist-packages/neutron_lib/callbacks/manager.py:175}}
Dec 15 12:43:14.939419 dv-cinder-813225-4-iscsi neutron-server[109096]: DEBUG neutron_lib.callbacks.manager [None req-65566c30-ecee-4b97-9a8c-966bf3380da5 admin admin] Publish callbacks [] for security_group, before_delete {{(pid=109096) _notify_loop /usr/local/lib/python3.8/dist-packages/neutron_lib/callbacks/manager.py:175}}
Dec 15 12:43:14.947884 dv-cinder-813225-4-iscsi neutron-server[109095]: DEBUG neutron_lib.callbacks.manager [None req-72fc3c54-2fab-4070-8367-52f60bee097f admin admin] Publish callbacks [] for security_group, precommit_delete {{(pid=109095) _notify_loop /usr/local/lib/python3.8/dist-packages/neutron_lib/callbacks/manager.py:175}}
Dec 15 12:43:14.960765 dv-cinder-813225-4-iscsi neutron-server[109096]: DEBUG neutron_lib.callbacks.manager [None req-65566c30-ecee-4b97-9a8c-966bf3380da5 admin admin] Publish callbacks [] for security_group, precommit_delete {{(pid=109096) _notify_loop /usr/local/lib/python3.8/dist-packages/neutron_lib/callbacks/manager.py:175}}
Dec 15 12:43:14.964055 dv-cinder-813225-4-iscsi neutron-server[109095]: DEBUG neutron_lib.callbacks.manager [None req-ff97dc8e-d7d0-4749-b542-7ec9e2dd0ce8 admin admin] Publish callbacks [] for security_group, before_create {{(pid=109095) _notify_loop /usr/local/lib/python3.8/dist-packages/neutron_lib/callbacks/manager.py:175}}
Dec 15 12:43:15.016689 dv-cinder-813225-4-iscsi neutron-server[109096]: DEBUG neutron_lib.callbacks.manager [None req-65566c30-ecee-4b97-9a8c-966bf3380da5 admin admin] Publish callbacks ['neutron.plugins.ml2.ovo_rpc._ObjectChangeHandler.handle_event-134075015'] for security_group, after_delete {{(pid=109096) _notify_loop /usr/local/lib/python3.8/dist-packages/neutron_lib/callbacks/manager.py:175}}
Dec 15 12:43:15.025669 dv-cinder-813225-4-iscsi neutron-server[109096]: DEBUG neutron_lib.callbacks.manager [None req-65566c30-ecee-4b97-9a8c-966bf3380da5 admin admin] Publish callbacks [] for security_group, before_response {{(pid=109096) _notify_loop /usr/local/lib/python3.8/dist-packages/neutron_lib/callbacks/manager.py:175}}
Dec 15 12:43:15.031342 dv-cinder-813225-4-iscsi neutron-server[109096]: INFO neutron.wsgi [None req-65566c30-ecee-4b97-9a8c-966bf3380da5 admin admin] 10.222.0.71 "DELETE /v2.0/security-groups/f80aa4ee-5f7c-4702-9bfa-40931401d227 HTTP/1.1" status: 204 len: 168 time: 0.1396871
Dec 15 12:43:15.035293 dv-cinder-813225-4-iscsi neutron-server[109095]: DEBUG neutron_lib.callbacks.manager [None req-72fc3c54-2fab-4070-8367-52f60bee097f admin admin] Publish callbacks ['neutron.plugins.ml2.ovo_rpc._ObjectChangeHandler.handle_event-134075015'] for security_group, after_delete {{(pid=109095) _notify_loop /usr/local/lib/python3.8/dist-packages/neutron_lib/callbacks/manager.py:175}}
Dec 15 12:43:15.038884 dv-cinder-813225-4-iscsi neutron-server[109095]: DEBUG neutron_lib.callbacks.manager [None req-72fc3c54-2fab-4070-8367-52f60bee097f admin admin] Publish callbacks [] for security_group, before_response {{(pid=109095) _notify_loop /usr/local/lib/python3.8/dist-packages/neutron_lib/callbacks/manager.py:175}}
Dec 15 12:43:15.042674 dv-cinder-813225-4-iscsi neutron-server[109095]: INFO neutron.wsgi [None req-72fc3c54-2fab-4070-8367-52f60bee097f admin admin] 10.222.0.71 "DELETE /v2.0/security-groups/970169bf-f06e-46ba-90f1-b0094618140a HTTP/1.1" status: 204 len: 168 time: 0.2004991
Dec 15 12:43:15.054533 dv-cinder-813225-4-iscsi neutron-server[109096]: DEBUG neutron.api.rpc.handlers.resources_rpc [None req-65566c30-ecee-4b97-9a8c-966bf3380da5 admin admin] Pushing event deleted for resources: {'SecurityGroup': ['ID=f80aa4ee-5f7c-4702-9bfa-40931401d227,revision_number=None']} {{(pid=109096) push /opt/stack/neutron/neutron/api/rpc/handlers/resources_rpc.py:237}}
Dec 15 12:43:15.060888 dv-cinder-813225-4-iscsi neutron-server[109095]: DEBUG neutron.api.rpc.handlers.resources_rpc [None req-72fc3c54-2fab-4070-8367-52f60bee097f admin admin] Pushing event deleted for resources: {'SecurityGroup': ['ID=970169bf-f06e-46ba-90f1-b0094618140a,revision_number=None']} {{(pid=109095) push /opt/stack/neutron/neutron/api/rpc/handlers/resources_rpc.py:237}}
Dec 15 12:43:15.094033 dv-cinder-813225-4-iscsi neutron-server[109095]: DEBUG neutron_lib.callbacks.manager [None req-ff97dc8e-d7d0-4749-b542-7ec9e2dd0ce8 admin admin] Publish callbacks [] for security_group, precommit_create {{(pid=109095) _notify_loop /usr/local/lib/python3.8/dist-packages/neutron_lib/callbacks/manager.py:175}}
Dec 15 12:43:15.099710 dv-cinder-813225-4-iscsi neutron-server[109095]: DEBUG neutron_lib.callbacks.manager [None req-ff97dc8e-d7d0-4749-b542-7ec9e2dd0ce8 admin admin] Publish callbacks ['neutron.plugins.ml2.ovo_rpc._ObjectChangeHandler.handle_event-134075015'] for security_group, after_create {{(pid=109095) _notify_loop /usr/local/lib/python3.8/dist-packages/neutron_lib/callbacks/manager.py:175}}
Dec 15 12:43:15.146625 dv-cinder-813225-4-iscsi neutron-server[109095]: INFO neutron.wsgi [None req-ff97dc8e-d7d0-4749-b542-7ec9e2dd0ce8 admin admin] 10.222.0.71 "GET /v2.0/security-groups?tenant_id=a4ffd9b955574bea98a276da6fc975b3&name=default HTTP/1.1" status: 200 len: 2996 time: 0.3401194
Dec 15 12:43:15.147458 dv-cinder-813225-4-iscsi neutron-server[109095]: DEBUG neutron.wsgi [-] (109095) accepted ('10.222.0.71', 42670) {{(pid=109095) server /usr/local/lib/python3.8/dist-packages/eventlet/wsgi.py:1004}}
Dec 15 12:43:15.155542 dv-cinder-813225-4-iscsi neutron-server[109095]: DEBUG neutron.api.rpc.handlers.resources_rpc [None req-ff97dc8e-d7d0-4749-b542-7ec9e2dd0ce8 admin admin] Pushing event updated for resources: {'SecurityGroup': ['ID=c070e120-a8f2-4230-9d59-608f64cac60f,revision_number=1']} {{(pid=109095) push /opt/stack/neutron/neutron/api/rpc/handlers/resources_rpc.py:237}}
Dec 15 12:43:15.201560 dv-cinder-813225-4-iscsi neutron-server[109096]: DEBUG neutron.pecan_wsgi.hooks.policy_enforcement [req-926d0137-b26a-4bc5-a939-00f9e7997b0d req-5df846ae-be0e-4263-8eb5-7da24267dfe3 tempest-ServerRescueNegativeTestJSON-415451707 tempest-ServerRescueNegativeTestJSON-415451707-project] Attributes excluded by policy engine: ['standard_attr_id', 'binding:profile', 'binding:host_id', 'binding:vif_type', 'binding:vif_details'] {{(pid=109096) _exclude_attributes_by_policy /opt/stack/neutron/neutron/pecan_wsgi/hooks/policy_enforcement.py:255}}
Dec 15 12:43:15.206541 dv-cinder-813225-4-iscsi neutron-server[109096]: INFO neutron.wsgi [req-926d0137-b26a-4bc5-a939-00f9e7997b0d req-5df846ae-be0e-4263-8eb5-7da24267dfe3 tempest-ServerRescueNegativeTestJSON-415451707 tempest-ServerRescueNegativeTestJSON-415451707-project] 10.222.0.71 "GET /v2.0/ports?device_id=8728841b-c4e9-4c61-a27b-44b4de461131 HTTP/1.1" status: 200 len: 945 time: 0.0872400
Dec 15 12:43:15.219366 dv-cinder-813225-4-iscsi neutron-server[109095]: DEBUG neutron_lib.callbacks.manager [None req-771f76f9-965d-4ad4-9cb7-1bd5d8b68532 admin admin] Publish callbacks [] for security_group, before_delete {{(pid=109095) _notify_loop /usr/local/lib/python3.8/dist-packages/neutron_lib/callbacks/manager.py:175}}
Dec 15 12:43:15.246689 dv-cinder-813225-4-iscsi neutron-server[109095]: DEBUG neutron_lib.callbacks.manager [None req-771f76f9-965d-4ad4-9cb7-1bd5d8b68532 admin admin] Publish callbacks [] for security_group, precommit_delete {{(pid=109095) _notify_loop /usr/local/lib/python3.8/dist-packages/neutron_lib/callbacks/manager.py:175}}
Dec 15 12:43:15.272899 dv-cinder-813225-4-iscsi neutron-server[109096]: INFO neutron.wsgi [req-926d0137-b26a-4bc5-a939-00f9e7997b0d req-fa3c8656-2f0f-48ed-a020-985af83a4f4a tempest-ServerRescueNegativeTestJSON-415451707 tempest-ServerRescueNegativeTestJSON-415451707-project] 10.222.0.71 "GET /v2.0/security-groups?id=7075bd11-4861-45a4-b450-99b8c8811710&fields=id&fields=name HTTP/1.1" status: 200 len: 286 time: 0.0595946
Dec 15 12:43:15.319432 dv-cinder-813225-4-iscsi neutron-server[109095]: DEBUG neutron_lib.callbacks.manager [None req-771f76f9-965d-4ad4-9cb7-1bd5d8b68532 admin admin] Publish callbacks ['neutron.plugins.ml2.ovo_rpc._ObjectChangeHandler.handle_event-134075015'] for security_group, after_delete {{(pid=109095) _notify_loop /usr/local/lib/python3.8/dist-packages/neutron_lib/callbacks/manager.py:175}}
Dec 15 12:43:15.323135 dv-cinder-813225-4-iscsi neutron-server[109095]: DEBUG neutron_lib.callbacks.manager [None req-771f76f9-965d-4ad4-9cb7-1bd5d8b68532 admin admin] Publish callbacks [] for security_group, before_response {{(pid=109095) _notify_loop /usr/local/lib/python3.8/dist-packages/neutron_lib/callbacks/manager.py:175}}
Dec 15 12:43:15.335679 dv-cinder-813225-4-iscsi neutron-server[109095]: INFO neutron.wsgi [None req-771f76f9-965d-4ad4-9cb7-1bd5d8b68532 admin admin] 10.222.0.71 "DELETE /v2.0/security-groups/c070e120-a8f2-4230-9d59-608f64cac60f HTTP/1.1" status: 204 len: 168 time: 0.1856048
Dec 15 12:43:15.360133 dv-cinder-813225-4-iscsi neutron-server[109095]: DEBUG neutron.api.rpc.handlers.resources_rpc [None req-771f76f9-965d-4ad4-9cb7-1bd5d8b68532 admin admin] Pushing event deleted for resources: {'SecurityGroup': ['ID=c070e120-a8f2-4230-9d59-608f64cac60f,revision_number=None']} {{(pid=109095) push /opt/stack/neutron/neutron/api/rpc/handlers/resources_rpc.py:237}}
Dec 15 12:43:15.530874 dv-cinder-813225-4-iscsi neutron-server[109095]: DEBUG neutron.wsgi [-] (109095) accepted ('10.222.0.71', 42688) {{(pid=109095) server /usr/local/lib/python3.8/dist-packages/eventlet/wsgi.py:1004}}
Dec 15 12:43:15.545398 dv-cinder-813225-4-iscsi neutron-server[109096]: DEBUG neutron.wsgi [-] (109096) accepted ('10.222.0.71', 42690) {{(pid=109096) server /usr/local/lib/python3.8/dist-packages/eventlet/wsgi.py:1004}}
Dec 15 12:43:15.566377 dv-cinder-813225-4-iscsi neutron-server[109095]: DEBUG neutron_lib.callbacks.manager [None req-24e6b463-5024-48e4-a33d-f0f6faf361bd admin admin] Publish callbacks [] for security_group, before_create {{(pid=109095) _notify_loop /usr/local/lib/python3.8/dist-packages/neutron_lib/callbacks/manager.py:175}}
Dec 15 12:43:15.570541 dv-cinder-813225-4-iscsi neutron-server[109096]: DEBUG neutron_lib.callbacks.manager [None req-a9fc8acd-86ef-42e5-aa87-f983ba26376c admin admin] Publish callbacks [] for security_group, before_create {{(pid=109096) _notify_loop /usr/local/lib/python3.8/dist-packages/neutron_lib/callbacks/manager.py:175}}
Dec 15 12:43:15.669393 dv-cinder-813225-4-iscsi neutron-server[109095]: DEBUG neutron_lib.callbacks.manager [None req-24e6b463-5024-48e4-a33d-f0f6faf361bd admin admin] Publish callbacks [] for security_group, precommit_create {{(pid=109095) _notify_loop /usr/local/lib/python3.8/dist-packages/neutron_lib/callbacks/manager.py:175}}
Dec 15 12:43:15.669844 dv-cinder-813225-4-iscsi neutron-server[109096]: DEBUG neutron_lib.callbacks.manager [None req-a9fc8acd-86ef-42e5-aa87-f983ba26376c admin admin] Publish callbacks [] for security_group, precommit_create {{(pid=109096) _notify_loop /usr/local/lib/python3.8/dist-packages/neutron_lib/callbacks/manager.py:175}}
Dec 15 12:43:15.673801 dv-cinder-813225-4-iscsi neutron-server[109095]: DEBUG neutron_lib.callbacks.manager [None req-24e6b463-5024-48e4-a33d-f0f6faf361bd admin admin] Publish callbacks ['neutron.plugins.ml2.ovo_rpc._ObjectChangeHandler.handle_event-134075015'] for security_group, after_create {{(pid=109095) _notify_loop /usr/local/lib/python3.8/dist-packages/neutron_lib/callbacks/manager.py:175}}
Dec 15 12:43:15.674965 dv-cinder-813225-4-iscsi neutron-server[109096]: DEBUG neutron_lib.callbacks.manager [None req-a9fc8acd-86ef-42e5-aa87-f983ba26376c admin admin] Publish callbacks ['neutron.plugins.ml2.ovo_rpc._ObjectChangeHandler.handle_event-134075015'] for security_group, after_create {{(pid=109096) _notify_loop /usr/local/lib/python3.8/dist-packages/neutron_lib/callbacks/manager.py:175}}
Dec 15 12:43:15.702880 dv-cinder-813225-4-iscsi neutron-server[109095]: INFO neutron.wsgi [None req-24e6b463-5024-48e4-a33d-f0f6faf361bd admin admin] 10.222.0.71 "GET /v2.0/security-groups?tenant_id=596c86a7bd1141de859e7e4fc824e90b&name=default HTTP/1.1" status: 200 len: 2996 time: 0.1677589
Dec 15 12:43:15.709672 dv-cinder-813225-4-iscsi neutron-server[109096]: DEBUG neutron.wsgi [-] (109096) accepted ('10.222.0.71', 42694) {{(pid=109096) server /usr/local/lib/python3.8/dist-packages/eventlet/wsgi.py:1004}}
Dec 15 12:43:15.719455 dv-cinder-813225-4-iscsi neutron-server[109095]: DEBUG neutron.api.rpc.handlers.resources_rpc [None req-24e6b463-5024-48e4-a33d-f0f6faf361bd admin admin] Pushing event updated for resources: {'SecurityGroup': ['ID=896339d9-7576-404f-abf2-f0c1bd063dbb,revision_number=1']} {{(pid=109095) push /opt/stack/neutron/neutron/api/rpc/handlers/resources_rpc.py:237}}
Dec 15 12:43:15.731828 dv-cinder-813225-4-iscsi neutron-server[109096]: INFO neutron.wsgi [None req-a9fc8acd-86ef-42e5-aa87-f983ba26376c admin admin] 10.222.0.71 "GET /v2.0/security-groups?tenant_id=34bdabae82354c4a92571654e6d8afb1&name=default HTTP/1.1" status: 200 len: 2996 time: 0.1854181
Dec 15 12:43:15.734762 dv-cinder-813225-4-iscsi neutron-server[109095]: DEBUG neutron.wsgi [-] (109095) accepted ('10.222.0.71', 42696) {{(pid=109095) server /usr/local/lib/python3.8/dist-packages/eventlet/wsgi.py:1004}}
Dec 15 12:43:15.734990 dv-cinder-813225-4-iscsi neutron-server[109096]: DEBUG neutron.api.rpc.handlers.resources_rpc [None req-a9fc8acd-86ef-42e5-aa87-f983ba26376c admin admin] Pushing event updated for resources: {'SecurityGroup': ['ID=cf776343-ef70-46f4-bf8c-8040d98c30cb,revision_number=1']} {{(pid=109096) push /opt/stack/neutron/neutron/api/rpc/handlers/resources_rpc.py:237}}
Dec 15 12:43:15.783850 dv-cinder-813225-4-iscsi neutron-server[109096]: DEBUG neutron_lib.callbacks.manager [None req-20cd03d2-3dbf-4bc3-a10b-2edd11ab510b admin admin] Publish callbacks [] for security_group, before_delete {{(pid=109096) _notify_loop /usr/local/lib/python3.8/dist-packages/neutron_lib/callbacks/manager.py:175}}
Dec 15 12:43:15.787546 dv-cinder-813225-4-iscsi neutron-server[109095]: DEBUG neutron_lib.callbacks.manager [None req-26ed5894-c3df-4fa5-9d24-d730b7a411fb admin admin] Publish callbacks [] for security_group, before_delete {{(pid=109095) _notify_loop /usr/local/lib/python3.8/dist-packages/neutron_lib/callbacks/manager.py:175}}
Dec 15 12:43:15.808038 dv-cinder-813225-4-iscsi neutron-server[109096]: DEBUG neutron_lib.callbacks.manager [None req-20cd03d2-3dbf-4bc3-a10b-2edd11ab510b admin admin] Publish callbacks [] for security_group, precommit_delete {{(pid=109096) _notify_loop /usr/local/lib/python3.8/dist-packages/neutron_lib/callbacks/manager.py:175}}
Dec 15 12:43:15.810818 dv-cinder-813225-4-iscsi neutron-server[109095]: DEBUG neutron_lib.callbacks.manager [None req-26ed5894-c3df-4fa5-9d24-d730b7a411fb admin admin] Publish callbacks [] for security_group, precommit_delete {{(pid=109095) _notify_loop /usr/local/lib/python3.8/dist-packages/neutron_lib/callbacks/manager.py:175}}
Dec 15 12:43:15.873336 dv-cinder-813225-4-iscsi neutron-server[109096]: DEBUG neutron_lib.callbacks.manager [None req-20cd03d2-3dbf-4bc3-a10b-2edd11ab510b admin admin] Publish callbacks ['neutron.plugins.ml2.ovo_rpc._ObjectChangeHandler.handle_event-134075015'] for security_group, after_delete {{(pid=109096) _notify_loop /usr/local/lib/python3.8/dist-packages/neutron_lib/callbacks/manager.py:175}}
Dec 15 12:43:15.877886 dv-cinder-813225-4-iscsi neutron-server[109096]: DEBUG neutron_lib.callbacks.manager [None req-20cd03d2-3dbf-4bc3-a10b-2edd11ab510b admin admin] Publish callbacks [] for security_group, before_response {{(pid=109096) _notify_loop /usr/local/lib/python3.8/dist-packages/neutron_lib/callbacks/manager.py:175}}
Dec 15 12:43:15.880534 dv-cinder-813225-4-iscsi neutron-server[109096]: INFO neutron.wsgi [None req-20cd03d2-3dbf-4bc3-a10b-2edd11ab510b admin admin] 10.222.0.71 "DELETE /v2.0/security-groups/896339d9-7576-404f-abf2-f0c1bd063dbb HTTP/1.1" status: 204 len: 168 time: 0.1673791
Dec 15 12:43:15.884097 dv-cinder-813225-4-iscsi neutron-server[109095]: DEBUG neutron_lib.callbacks.manager [None req-26ed5894-c3df-4fa5-9d24-d730b7a411fb admin admin] Publish callbacks ['neutron.plugins.ml2.ovo_rpc._ObjectChangeHandler.handle_event-134075015'] for security_group, after_delete {{(pid=109095) _notify_loop /usr/local/lib/python3.8/dist-packages/neutron_lib/callbacks/manager.py:175}}
Dec 15 12:43:15.887841 dv-cinder-813225-4-iscsi neutron-server[109095]: DEBUG neutron_lib.callbacks.manager [None req-26ed5894-c3df-4fa5-9d24-d730b7a411fb admin admin] Publish callbacks [] for security_group, before_response {{(pid=109095) _notify_loop /usr/local/lib/python3.8/dist-packages/neutron_lib/callbacks/manager.py:175}}
Dec 15 12:43:15.888500 dv-cinder-813225-4-iscsi neutron-server[109096]: DEBUG neutron.api.rpc.handlers.resources_rpc [None req-20cd03d2-3dbf-4bc3-a10b-2edd11ab510b admin admin] Pushing event deleted for resources: {'SecurityGroup': ['ID=896339d9-7576-404f-abf2-f0c1bd063dbb,revision_number=None']} {{(pid=109096) push /opt/stack/neutron/neutron/api/rpc/handlers/resources_rpc.py:237}}
Dec 15 12:43:15.891749 dv-cinder-813225-4-iscsi neutron-server[109095]: INFO neutron.wsgi [None req-26ed5894-c3df-4fa5-9d24-d730b7a411fb admin admin] 10.222.0.71 "DELETE /v2.0/security-groups/cf776343-ef70-46f4-bf8c-8040d98c30cb HTTP/1.1" status: 204 len: 168 time: 0.1559131
Dec 15 12:43:15.907554 dv-cinder-813225-4-iscsi neutron-server[109095]: DEBUG neutron.api.rpc.handlers.resources_rpc [None req-26ed5894-c3df-4fa5-9d24-d730b7a411fb admin admin] Pushing event deleted for resources: {'SecurityGroup': ['ID=cf776343-ef70-46f4-bf8c-8040d98c30cb,revision_number=None']} {{(pid=109095) push /opt/stack/neutron/neutron/api/rpc/handlers/resources_rpc.py:237}}
Dec 15 12:43:16.410632 dv-cinder-813225-4-iscsi neutron-server[109096]: DEBUG neutron.pecan_wsgi.hooks.policy_enforcement [req-3696574c-efa9-49c5-a771-e7f37f31a410 req-93c7744f-46d6-4334-875f-df6000f584cb tempest-ServerRescueNegativeTestJSON-415451707 tempest-ServerRescueNegativeTestJSON-415451707-project] Attributes excluded by policy engine: ['standard_attr_id', 'binding:profile', 'binding:host_id', 'binding:vif_type', 'binding:vif_details'] {{(pid=109096) _exclude_attributes_by_policy /opt/stack/neutron/neutron/pecan_wsgi/hooks/policy_enforcement.py:255}}
Dec 15 12:43:16.412730 dv-cinder-813225-4-iscsi neutron-server[109096]: INFO neutron.wsgi [req-3696574c-efa9-49c5-a771-e7f37f31a410 req-93c7744f-46d6-4334-875f-df6000f584cb tempest-ServerRescueNegativeTestJSON-415451707 tempest-ServerRescueNegativeTestJSON-415451707-project] 10.222.0.71 "GET /v2.0/ports?device_id=8728841b-c4e9-4c61-a27b-44b4de461131 HTTP/1.1" status: 200 len: 945 time: 0.0561812
Dec 15 12:43:16.469108 dv-cinder-813225-4-iscsi neutron-server[109096]: INFO neutron.wsgi [req-3696574c-efa9-49c5-a771-e7f37f31a410 req-c9d79da3-b4ca-44f2-8402-df2007ac9cb9 tempest-ServerRescueNegativeTestJSON-415451707 tempest-ServerRescueNegativeTestJSON-415451707-project] 10.222.0.71 "GET /v2.0/security-groups?id=7075bd11-4861-45a4-b450-99b8c8811710&fields=id&fields=name HTTP/1.1" status: 200 len: 286 time: 0.0489821
Dec 15 12:43:17.663907 dv-cinder-813225-4-iscsi neutron-server[109096]: DEBUG neutron.pecan_wsgi.hooks.policy_enforcement [req-98a3bda2-8126-4e84-873d-815502e26e62 req-c20dfb90-2b30-4b11-b6c8-510387eeb5d8 tempest-ServerRescueNegativeTestJSON-415451707 tempest-ServerRescueNegativeTestJSON-415451707-project] Attributes excluded by policy engine: ['standard_attr_id', 'binding:profile', 'binding:host_id', 'binding:vif_type', 'binding:vif_details'] {{(pid=109096) _exclude_attributes_by_policy /opt/stack/neutron/neutron/pecan_wsgi/hooks/policy_enforcement.py:255}}
Dec 15 12:43:17.678645 dv-cinder-813225-4-iscsi neutron-server[109096]: INFO neutron.wsgi [req-98a3bda2-8126-4e84-873d-815502e26e62 req-c20dfb90-2b30-4b11-b6c8-510387eeb5d8 tempest-ServerRescueNegativeTestJSON-415451707 tempest-ServerRescueNegativeTestJSON-415451707-project] 10.222.0.71 "GET /v2.0/ports?device_id=8728841b-c4e9-4c61-a27b-44b4de461131 HTTP/1.1" status: 200 len: 945 time: 0.1020977
Dec 15 12:43:17.740927 dv-cinder-813225-4-iscsi neutron-server[109096]: INFO neutron.wsgi [req-98a3bda2-8126-4e84-873d-815502e26e62 req-83192db4-0020-4495-a27c-da55ac3b9002 tempest-ServerRescueNegativeTestJSON-415451707 tempest-ServerRescueNegativeTestJSON-415451707-project] 10.222.0.71 "GET /v2.0/security-groups?id=7075bd11-4861-45a4-b450-99b8c8811710&fields=id&fields=name HTTP/1.1" status: 200 len: 286 time: 0.0602400
Dec 15 12:43:17.938999 dv-cinder-813225-4-iscsi neutron-server[109095]: DEBUG neutron.wsgi [-] (109095) accepted ('10.222.0.71', 42848) {{(pid=109095) server /usr/local/lib/python3.8/dist-packages/eventlet/wsgi.py:1004}}
Dec 15 12:43:18.080458 dv-cinder-813225-4-iscsi neutron-server[109095]: DEBUG neutron_lib.callbacks.manager [None req-e96a5a09-8f08-428f-abd2-b0d7c317ce41 admin admin] Publish callbacks [] for security_group, before_create {{(pid=109095) _notify_loop /usr/local/lib/python3.8/dist-packages/neutron_lib/callbacks/manager.py:175}}
Dec 15 12:43:18.179955 dv-cinder-813225-4-iscsi neutron-server[109095]: DEBUG neutron_lib.callbacks.manager [None req-e96a5a09-8f08-428f-abd2-b0d7c317ce41 admin admin] Publish callbacks [] for security_group, precommit_create {{(pid=109095) _notify_loop /usr/local/lib/python3.8/dist-packages/neutron_lib/callbacks/manager.py:175}}
Dec 15 12:43:18.185585 dv-cinder-813225-4-iscsi neutron-server[109095]: DEBUG neutron_lib.callbacks.manager [None req-e96a5a09-8f08-428f-abd2-b0d7c317ce41 admin admin] Publish callbacks ['neutron.plugins.ml2.ovo_rpc._ObjectChangeHandler.handle_event-134075015'] for security_group, after_create {{(pid=109095) _notify_loop /usr/local/lib/python3.8/dist-packages/neutron_lib/callbacks/manager.py:175}}
Dec 15 12:43:18.219615 dv-cinder-813225-4-iscsi neutron-server[109095]: DEBUG neutron.api.rpc.handlers.resources_rpc [None req-e96a5a09-8f08-428f-abd2-b0d7c317ce41 admin admin] Pushing event updated for resources: {'SecurityGroup': ['ID=b8e687a8-1ff7-48b3-8cc7-4c42c9edb607,revision_number=1']} {{(pid=109095) push /opt/stack/neutron/neutron/api/rpc/handlers/resources_rpc.py:237}}
Dec 15 12:43:18.235572 dv-cinder-813225-4-iscsi neutron-server[109095]: DEBUG neutron.api.rpc.callbacks.version_manager [None req-e96a5a09-8f08-428f-abd2-b0d7c317ce41 admin admin] Version for resource type AddressGroup changed None to 1.2 on consumer Open vSwitch agent@dv-cinder-813225-4-iscsi {{(pid=109095) _set_version /opt/stack/neutron/neutron/api/rpc/callbacks/version_manager.py:113}}
Dec 15 12:43:18.236144 dv-cinder-813225-4-iscsi neutron-server[109095]: DEBUG neutron.api.rpc.callbacks.version_manager [None req-e96a5a09-8f08-428f-abd2-b0d7c317ce41 admin admin] Version for resource type ConntrackHelper changed None to 1.0 on consumer Open vSwitch agent@dv-cinder-813225-4-iscsi {{(pid=109095) _set_version /opt/stack/neutron/neutron/api/rpc/callbacks/version_manager.py:113}}
Dec 15 12:43:18.236495 dv-cinder-813225-4-iscsi neutron-server[109095]: DEBUG neutron.api.rpc.callbacks.version_manager [None req-e96a5a09-8f08-428f-abd2-b0d7c317ce41 admin admin] Version for resource type LocalIPAssociation changed None to 1.0 on consumer Open vSwitch agent@dv-cinder-813225-4-iscsi {{(pid=109095) _set_version /opt/stack/neutron/neutron/api/rpc/callbacks/version_manager.py:113}}
Dec 15 12:43:18.237100 dv-cinder-813225-4-iscsi neutron-server[109095]: DEBUG neutron.api.rpc.callbacks.version_manager [None req-e96a5a09-8f08-428f-abd2-b0d7c317ce41 admin admin] Version for resource type Log changed None to 1.0 on consumer Open vSwitch agent@dv-cinder-813225-4-iscsi {{(pid=109095) _set_version /opt/stack/neutron/neutron/api/rpc/callbacks/version_manager.py:113}}
Dec 15 12:43:18.237411 dv-cinder-813225-4-iscsi neutron-server[109095]: DEBUG neutron.api.rpc.callbacks.version_manager [None req-e96a5a09-8f08-428f-abd2-b0d7c317ce41 admin admin] Version for resource type Network changed None to 1.1 on consumer Open vSwitch agent@dv-cinder-813225-4-iscsi {{(pid=109095) _set_version /opt/stack/neutron/neutron/api/rpc/callbacks/version_manager.py:113}}
Dec 15 12:43:18.237735 dv-cinder-813225-4-iscsi neutron-server[109095]: DEBUG neutron.api.rpc.callbacks.version_manager [None req-e96a5a09-8f08-428f-abd2-b0d7c317ce41 admin admin] Version for resource type Port changed None to 1.7 on consumer Open vSwitch agent@dv-cinder-813225-4-iscsi {{(pid=109095) _set_version /opt/stack/neutron/neutron/api/rpc/callbacks/version_manager.py:113}}
Dec 15 12:43:18.238125 dv-cinder-813225-4-iscsi neutron-server[109095]: DEBUG neutron.api.rpc.callbacks.version_manager [None req-e96a5a09-8f08-428f-abd2-b0d7c317ce41 admin admin] Version for resource type PortForwarding changed None to 1.2 on consumer Open vSwitch agent@dv-cinder-813225-4-iscsi {{(pid=109095) _set_version /opt/stack/neutron/neutron/api/rpc/callbacks/version_manager.py:113}}
Dec 15 12:43:18.238390 dv-cinder-813225-4-iscsi neutron-server[109095]: DEBUG neutron.api.rpc.callbacks.version_manager [None req-e96a5a09-8f08-428f-abd2-b0d7c317ce41 admin admin] Version for resource type QosPolicy changed None to 1.10 on consumer Open vSwitch agent@dv-cinder-813225-4-iscsi {{(pid=109095) _set_version /opt/stack/neutron/neutron/api/rpc/callbacks/version_manager.py:113}}
Dec 15 12:43:18.238767 dv-cinder-813225-4-iscsi neutron-server[109095]: DEBUG neutron.api.rpc.callbacks.version_manager [None req-e96a5a09-8f08-428f-abd2-b0d7c317ce41 admin admin] Version for resource type SecurityGroup changed None to 1.5 on consumer Open vSwitch agent@dv-cinder-813225-4-iscsi {{(pid=109095) _set_version /opt/stack/neutron/neutron/api/rpc/callbacks/version_manager.py:113}}
Dec 15 12:43:18.239104 dv-cinder-813225-4-iscsi neutron-server[109095]: DEBUG neutron.api.rpc.callbacks.version_manager [None req-e96a5a09-8f08-428f-abd2-b0d7c317ce41 admin admin] Version for resource type SecurityGroupRule changed None to 1.2 on consumer Open vSwitch agent@dv-cinder-813225-4-iscsi {{(pid=109095) _set_version /opt/stack/neutron/neutron/api/rpc/callbacks/version_manager.py:113}}
Dec 15 12:43:18.239428 dv-cinder-813225-4-iscsi neutron-server[109095]: DEBUG neutron.api.rpc.callbacks.version_manager [None req-e96a5a09-8f08-428f-abd2-b0d7c317ce41 admin admin] Version for resource type SubPort changed None to 1.0 on consumer Open vSwitch agent@dv-cinder-813225-4-iscsi {{(pid=109095) _set_version /opt/stack/neutron/neutron/api/rpc/callbacks/version_manager.py:113}}
