Oct 12 16:54:35.349932 dv-cinder-813223-2-smb neutron-server[94509]: INFO neutron.wsgi [req-e73a03eb-9aa2-4a0d-99e3-7b2ae1f3f565 req-0d3a2f51-19eb-49db-a07f-7b97b8e0e8ee tempest-AttachVolumeNegativeTest-1995245629 tempest-AttachVolumeNegativeTest-1995245629-project] 10.222.0.65 "GET /v2.0/security-groups?id=48b14609-0157-43e8-a0db-4f2f89278620&fields=id&fields=name HTTP/1.1" status: 200 len: 286 time: 0.0444379
Oct 12 16:54:35.564628 dv-cinder-813223-2-smb neutron-server[94509]: DEBUG neutron.wsgi [-] (94509) accepted ('10.222.0.65', 57648) {{(pid=94509) server /usr/local/lib/python3.8/dist-packages/eventlet/wsgi.py:982}}
Oct 12 16:54:35.594632 dv-cinder-813223-2-smb neutron-server[94511]: DEBUG neutron.plugins.ml2.rpc [None req-2a583938-32c6-41ff-9ed3-2e17446c8cca None None] Device a0dcc08b-684e-4916-bfc5-8258ee9130d3 details requested by agent hyperv_hv-cinder-81322 with host hv-cinder-81322 {{(pid=94511) get_device_details /opt/stack/neutron/neutron/plugins/ml2/rpc.py:102}}
Oct 12 16:54:35.703913 dv-cinder-813223-2-smb neutron-server[94511]: DEBUG neutron.plugins.ml2.db [None req-2a583938-32c6-41ff-9ed3-2e17446c8cca None None] For port a0dcc08b-684e-4916-bfc5-8258ee9130d3, host hv-cinder-81322, got binding levels [PortBindingLevel(driver='hyperv',host='hv-cinder-81322',level=0,port_id=a0dcc08b-684e-4916-bfc5-8258ee9130d3,segment=NetworkSegment(5d790604-159e-4388-958e-4fe12cec6dd1),segment_id=5d790604-159e-4388-958e-4fe12cec6dd1)] {{(pid=94511) get_binding_level_objs /opt/stack/neutron/neutron/plugins/ml2/db.py:74}}
Oct 12 16:54:35.716533 dv-cinder-813223-2-smb neutron-server[94511]: DEBUG neutron.plugins.ml2.rpc [None req-2a583938-32c6-41ff-9ed3-2e17446c8cca None None] Returning: {'device': 'a0dcc08b-684e-4916-bfc5-8258ee9130d3', 'network_id': '0e296cf0-7bc2-4f32-b561-c05c56455921', 'port_id': 'a0dcc08b-684e-4916-bfc5-8258ee9130d3', 'mac_address': 'fa:16:3e:59:9e:56', 'admin_state_up': True, 'network_type': 'vlan', 'segmentation_id': 1130, 'physical_network': 'physnet1', 'mtu': 1500, 'fixed_ips': [{'subnet_id': '60dbdba8-9af1-41c2-9061-4fb948301e17', 'ip_address': '172.20.0.11'}], 'device_owner': 'compute:nova', 'allowed_address_pairs': [], 'port_security_enabled': True, 'qos_policy_id': None, 'network_qos_policy_id': None, 'profile': {}, 'propagate_uplink_status': False} {{(pid=94511) _get_device_details /opt/stack/neutron/neutron/plugins/ml2/rpc.py:184}}
Oct 12 16:54:35.757084 dv-cinder-813223-2-smb neutron-server[94511]: DEBUG neutron_lib.callbacks.manager [None req-2a583938-32c6-41ff-9ed3-2e17446c8cca None None] Notify callbacks ['neutron.plugins.ml2.plugin.SecurityGroupDbMixin._ensure_default_security_group_handler-3644181'] for port, before_update {{(pid=94511) _notify_loop /usr/local/lib/python3.8/dist-packages/neutron_lib/callbacks/manager.py:192}}
Oct 12 16:54:35.771543 dv-cinder-813223-2-smb neutron-server[94511]: DEBUG neutron.notifiers.nova [None req-2a583938-32c6-41ff-9ed3-2e17446c8cca None None] Ignoring state change previous_port_status: DOWN current_port_status: BUILD port_id a0dcc08b-684e-4916-bfc5-8258ee9130d3 {{(pid=94511) record_port_status_changed /opt/stack/neutron/neutron/notifiers/nova.py:224}}
Oct 12 16:54:35.791530 dv-cinder-813223-2-smb neutron-server[94511]: DEBUG neutron.plugins.ml2.db [None req-2a583938-32c6-41ff-9ed3-2e17446c8cca None None] For port a0dcc08b-684e-4916-bfc5-8258ee9130d3, host hv-cinder-81322, got binding levels [PortBindingLevel(driver='hyperv',host='hv-cinder-81322',level=0,port_id=a0dcc08b-684e-4916-bfc5-8258ee9130d3,segment=NetworkSegment(5d790604-159e-4388-958e-4fe12cec6dd1),segment_id=5d790604-159e-4388-958e-4fe12cec6dd1)] {{(pid=94511) get_binding_level_objs /opt/stack/neutron/neutron/plugins/ml2/db.py:74}}
Oct 12 16:54:35.797403 dv-cinder-813223-2-smb neutron-server[94511]: DEBUG neutron_lib.callbacks.manager [None req-2a583938-32c6-41ff-9ed3-2e17446c8cca None None] Notify callbacks ['neutron.plugins.ml2.plugin.SecurityGroupServerNotifierRpcMixin._notify_sg_on_port_change-3644655', 'neutron.plugins.ml2.ovo_rpc._ObjectChangeHandler.handle_event-845711', 'neutron.api.rpc.agentnotifiers.dhcp_rpc_agent_api.DhcpAgentNotifyAPI._native_event_send_dhcp_notification-1539606', 'neutron.db.l3_db.L3RpcNotifierMixin._notify_gateway_port_ip_changed-8758484181526', 'neutron.db.l3_dvrscheduler_db._notify_l3_agent_port_update-8758483711470', 'neutron.db.l3_hascheduler_db._notify_l3_agent_ha_port_update-8758483708932'] for port, after_update {{(pid=94511) _notify_loop /usr/local/lib/python3.8/dist-packages/neutron_lib/callbacks/manager.py:192}}
Oct 12 16:54:35.852008 dv-cinder-813223-2-smb neutron-server[94511]: DEBUG neutron.api.rpc.handlers.resources_rpc [None req-2a583938-32c6-41ff-9ed3-2e17446c8cca None None] Pushing event updated for resources: {'Port': ['ID=a0dcc08b-684e-4916-bfc5-8258ee9130d3,revision_number=4']} {{(pid=94511) push /opt/stack/neutron/neutron/api/rpc/handlers/resources_rpc.py:237}}
Oct 12 16:54:35.879199 dv-cinder-813223-2-smb neutron-server[94509]: DEBUG neutron.api.v2.base [None req-83d56a90-ec0e-4abb-acf7-16ce8e027a05 admin admin] Request body: {'network': {'name': 'tempest-ServerRescueNegativeTestJSON-1180901478-network', 'tenant_id': '80650cab7b6a4b8f990d41deb37e37d3'}} {{(pid=94509) prepare_request_body /opt/stack/neutron/neutron/api/v2/base.py:729}}
Oct 12 16:54:35.901564 dv-cinder-813223-2-smb neutron-server[94509]: DEBUG neutron.pecan_wsgi.hooks.quota_enforcement [None req-83d56a90-ec0e-4abb-acf7-16ce8e027a05 admin admin] Made reservation on behalf of 80650cab7b6a4b8f990d41deb37e37d3 for: {'network': 1} {{(pid=94509) before /opt/stack/neutron/neutron/pecan_wsgi/hooks/quota_enforcement.py:53}}
Oct 12 16:54:35.904941 dv-cinder-813223-2-smb neutron-server[94509]: DEBUG neutron_lib.callbacks.manager [None req-83d56a90-ec0e-4abb-acf7-16ce8e027a05 admin admin] Notify callbacks ['neutron.plugins.ml2.plugin.SecurityGroupDbMixin._ensure_default_security_group_handler-3644181'] for network, before_create {{(pid=94509) _notify_loop /usr/local/lib/python3.8/dist-packages/neutron_lib/callbacks/manager.py:192}}
Oct 12 16:54:35.917659 dv-cinder-813223-2-smb neutron-server[94509]: DEBUG neutron_lib.callbacks.manager [None req-83d56a90-ec0e-4abb-acf7-16ce8e027a05 admin admin] Notify callbacks [] for security_group, before_create {{(pid=94509) _notify_loop /usr/local/lib/python3.8/dist-packages/neutron_lib/callbacks/manager.py:192}}
Oct 12 16:54:36.005414 dv-cinder-813223-2-smb neutron-server[94509]: DEBUG neutron_lib.callbacks.manager [None req-83d56a90-ec0e-4abb-acf7-16ce8e027a05 admin admin] Notify callbacks [] for security_group, precommit_create {{(pid=94509) _notify_loop /usr/local/lib/python3.8/dist-packages/neutron_lib/callbacks/manager.py:192}}
Oct 12 16:54:36.010600 dv-cinder-813223-2-smb neutron-server[94509]: DEBUG neutron_lib.callbacks.manager [None req-83d56a90-ec0e-4abb-acf7-16ce8e027a05 admin admin] Notify callbacks ['neutron.plugins.ml2.ovo_rpc._ObjectChangeHandler.handle_event-1568133'] for security_group, after_create {{(pid=94509) _notify_loop /usr/local/lib/python3.8/dist-packages/neutron_lib/callbacks/manager.py:192}}
Oct 12 16:54:36.039432 dv-cinder-813223-2-smb neutron-server[94509]: DEBUG neutron.plugins.ml2.drivers.helpers [None req-83d56a90-ec0e-4abb-acf7-16ce8e027a05 admin admin] vlan segment allocate from pool success with {'vlan_id': 1101, 'physical_network': 'physnet1'} {{(pid=94509) allocate_partially_specified_segment /opt/stack/neutron/neutron/plugins/ml2/drivers/helpers.py:153}}
Oct 12 16:54:36.052153 dv-cinder-813223-2-smb neutron-server[94509]: DEBUG neutron.api.rpc.handlers.resources_rpc [None req-83d56a90-ec0e-4abb-acf7-16ce8e027a05 admin admin] Pushing event updated for resources: {'SecurityGroup': ['ID=aced8ffe-065e-4501-90c0-3be7a3341016,revision_number=1']} {{(pid=94509) push /opt/stack/neutron/neutron/api/rpc/handlers/resources_rpc.py:237}}
Oct 12 16:54:36.059555 dv-cinder-813223-2-smb neutron-server[94509]: DEBUG neutron_lib.callbacks.manager [None req-83d56a90-ec0e-4abb-acf7-16ce8e027a05 admin admin] Notify callbacks ['neutron.plugins.ml2.plugin.Ml2Plugin._handle_segment_change-3476537'] for segment, precommit_create {{(pid=94509) _notify_loop /usr/local/lib/python3.8/dist-packages/neutron_lib/callbacks/manager.py:192}}
Oct 12 16:54:36.059932 dv-cinder-813223-2-smb neutron-server[94509]: INFO neutron.db.segments_db [None req-83d56a90-ec0e-4abb-acf7-16ce8e027a05 admin admin] Added segment ca0a025a-95d7-4fc8-a264-f42e408aee3e of type vlan for network 5261dc90-1f65-4c16-976f-04c6b796ac48
Oct 12 16:54:36.112999 dv-cinder-813223-2-smb neutron-server[94509]: DEBUG neutron_lib.callbacks.manager [None req-83d56a90-ec0e-4abb-acf7-16ce8e027a05 admin admin] Notify callbacks ['neutron.services.auto_allocate.db._ensure_external_network_default_value_callback-8758483731514'] for network, precommit_create {{(pid=94509) _notify_loop /usr/local/lib/python3.8/dist-packages/neutron_lib/callbacks/manager.py:192}}
Oct 12 16:54:36.142734 dv-cinder-813223-2-smb neutron-server[94509]: DEBUG neutron_lib.callbacks.manager [None req-83d56a90-ec0e-4abb-acf7-16ce8e027a05 admin admin] Notify callbacks ['neutron.plugins.ml2.ovo_rpc._ObjectChangeHandler.handle_event-1568243', 'neutron.api.rpc.agentnotifiers.dhcp_rpc_agent_api.DhcpAgentNotifyAPI._native_event_send_dhcp_notification-1539606'] for network, after_create {{(pid=94509) _notify_loop /usr/local/lib/python3.8/dist-packages/neutron_lib/callbacks/manager.py:192}}
Oct 12 16:54:36.143804 dv-cinder-813223-2-smb neutron-server[94509]: DEBUG neutron.pecan_wsgi.hooks.policy_enforcement [None req-83d56a90-ec0e-4abb-acf7-16ce8e027a05 admin admin] Attributes excluded by policy engine: ['standard_attr_id', 'vlan_transparent'] {{(pid=94509) _exclude_attributes_by_policy /opt/stack/neutron/neutron/pecan_wsgi/hooks/policy_enforcement.py:255}}
Oct 12 16:54:36.144400 dv-cinder-813223-2-smb neutron-server[94509]: DEBUG neutron_lib.callbacks.manager [None req-83d56a90-ec0e-4abb-acf7-16ce8e027a05 admin admin] Notify callbacks ['neutron.api.rpc.agentnotifiers.dhcp_rpc_agent_api.DhcpAgentNotifyAPI._send_dhcp_notification-1539584'] for network, before_response {{(pid=94509) _notify_loop /usr/local/lib/python3.8/dist-packages/neutron_lib/callbacks/manager.py:192}}
Oct 12 16:54:36.211466 dv-cinder-813223-2-smb neutron-server[94509]: INFO neutron.wsgi [None req-83d56a90-ec0e-4abb-acf7-16ce8e027a05 admin admin] 10.222.0.65 "POST /v2.0/networks HTTP/1.1" status: 201 len: 893 time: 0.6453846
Oct 12 16:54:36.214347 dv-cinder-813223-2-smb neutron-server[94510]: DEBUG neutron.wsgi [-] (94510) accepted ('10.222.0.65', 57678) {{(pid=94510) server /usr/local/lib/python3.8/dist-packages/eventlet/wsgi.py:982}}
Oct 12 16:54:36.220612 dv-cinder-813223-2-smb neutron-server[94510]: DEBUG neutron.api.v2.base [None req-abf0cbe0-c2b5-42b3-b619-a5098643a683 admin admin] Request body: {'subnet': {'network_id': '5261dc90-1f65-4c16-976f-04c6b796ac48', 'cidr': '172.20.0.0/28', 'name': 'tempest-ServerRescueNegativeTestJSON-1180901478-subnet', 'tenant_id': '80650cab7b6a4b8f990d41deb37e37d3', 'enable_dhcp': False, 'ip_version': 4}} {{(pid=94510) prepare_request_body /opt/stack/neutron/neutron/api/v2/base.py:729}}
Oct 12 16:54:36.224246 dv-cinder-813223-2-smb neutron-server[94509]: DEBUG neutron.api.rpc.handlers.resources_rpc [None req-83d56a90-ec0e-4abb-acf7-16ce8e027a05 admin admin] Pushing event updated for resources: {'Network': ['ID=5261dc90-1f65-4c16-976f-04c6b796ac48,revision_number=1']} {{(pid=94509) push /opt/stack/neutron/neutron/api/rpc/handlers/resources_rpc.py:237}}
Oct 12 16:54:36.235514 dv-cinder-813223-2-smb neutron-server[94511]: DEBUG neutron.plugins.ml2.rpc [None req-0abcbd12-e344-4d9c-9163-7f9e1a8b1705 None None] Network 5261dc90-1f65-4c16-976f-04c6b796ac48 details requested by agent ovs-agent-dv-cinder-813223-2-smb with host dv-cinder-813223-2-smb {{(pid=94511) get_network_details /opt/stack/neutron/neutron/plugins/ml2/rpc.py:248}}
Oct 12 16:54:36.252904 dv-cinder-813223-2-smb neutron-server[94510]: DEBUG neutron.pecan_wsgi.hooks.quota_enforcement [None req-abf0cbe0-c2b5-42b3-b619-a5098643a683 admin admin] Made reservation on behalf of 80650cab7b6a4b8f990d41deb37e37d3 for: {'subnet': 1} {{(pid=94510) before /opt/stack/neutron/neutron/pecan_wsgi/hooks/quota_enforcement.py:53}}
Oct 12 16:54:36.259118 dv-cinder-813223-2-smb neutron-server[94510]: DEBUG neutron_lib.callbacks.manager [None req-abf0cbe0-c2b5-42b3-b619-a5098643a683 admin admin] Notify callbacks ['neutron.services.segments.plugin.SegmentHostRoutes.host_routes_before_create-7797902'] for subnet, before_create {{(pid=94510) _notify_loop /usr/local/lib/python3.8/dist-packages/neutron_lib/callbacks/manager.py:192}}
Oct 12 16:54:36.344185 dv-cinder-813223-2-smb neutron-server[94511]: DEBUG neutron.plugins.ml2.db [None req-2a583938-32c6-41ff-9ed3-2e17446c8cca None None] get_ports_and_sgs() called for port_ids ['a0dcc08b-684e-4916-bfc5-8258ee9130d3'] {{(pid=94511) get_ports_and_sgs /opt/stack/neutron/neutron/plugins/ml2/db.py:156}}
Oct 12 16:54:36.524730 dv-cinder-813223-2-smb neutron-server[94510]: DEBUG neutron_lib.callbacks.manager [None req-abf0cbe0-c2b5-42b3-b619-a5098643a683 admin admin] Notify callbacks ['neutron.plugins.ml2.ovo_rpc._ObjectChangeHandler.handle_event-1568080', 'neutron.api.rpc.agentnotifiers.dhcp_rpc_agent_api.DhcpAgentNotifyAPI._native_event_send_dhcp_notification-1539606', 'neutron.services.segments.plugin.NovaSegmentNotifier._notify_subnet_created-7767085', 'neutron.services.segments.plugin.SegmentHostRoutes.host_routes_after_create-7797920'] for subnet, after_create {{(pid=94510) _notify_loop /usr/local/lib/python3.8/dist-packages/neutron_lib/callbacks/manager.py:192}}
Oct 12 16:54:36.573169 dv-cinder-813223-2-smb neutron-server[94510]: DEBUG neutron.pecan_wsgi.hooks.policy_enforcement [req-3fab0b80-6d69-4d85-9210-f92894da0103 req-60c53cb4-a1e8-47c3-94a5-4a3a02618dd2 tempest-AttachVolumeNegativeTest-1995245629 tempest-AttachVolumeNegativeTest-1995245629-project] Attributes excluded by policy engine: ['standard_attr_id', 'binding:profile', 'binding:host_id', 'binding:vif_type', 'binding:vif_details'] {{(pid=94510) _exclude_attributes_by_policy /opt/stack/neutron/neutron/pecan_wsgi/hooks/policy_enforcement.py:255}}
Oct 12 16:54:36.574681 dv-cinder-813223-2-smb neutron-server[94510]: INFO neutron.wsgi [req-3fab0b80-6d69-4d85-9210-f92894da0103 req-60c53cb4-a1e8-47c3-94a5-4a3a02618dd2 tempest-AttachVolumeNegativeTest-1995245629 tempest-AttachVolumeNegativeTest-1995245629-project] 10.222.0.65 "GET /v2.0/ports?device_id=1ca8a01f-d84b-4724-8032-322611065305 HTTP/1.1" status: 200 len: 945 time: 0.1222343
Oct 12 16:54:36.608649 dv-cinder-813223-2-smb neutron-server[94510]: DEBUG neutron.api.rpc.handlers.resources_rpc [None req-abf0cbe0-c2b5-42b3-b619-a5098643a683 admin admin] Pushing event updated for resources: {'Subnet': ['ID=560b241c-38d0-407c-a15d-43bb419cbbd2,revision_number=0']} {{(pid=94510) push /opt/stack/neutron/neutron/api/rpc/handlers/resources_rpc.py:237}}
Oct 12 16:54:36.642435 dv-cinder-813223-2-smb neutron-server[94510]: INFO neutron.wsgi [req-3fab0b80-6d69-4d85-9210-f92894da0103 req-650c0416-46ba-4dc7-852c-5c28c500034b tempest-AttachVolumeNegativeTest-1995245629 tempest-AttachVolumeNegativeTest-1995245629-project] 10.222.0.65 "GET /v2.0/security-groups?id=48b14609-0157-43e8-a0db-4f2f89278620&fields=id&fields=name HTTP/1.1" status: 200 len: 286 time: 0.0561757
Oct 12 16:54:36.643863 dv-cinder-813223-2-smb neutron-server[94510]: DEBUG neutron.plugins.ml2.drivers.mech_agent [None req-abf0cbe0-c2b5-42b3-b619-a5098643a683 admin admin] Checking segment: {'id': 'ca0a025a-95d7-4fc8-a264-f42e408aee3e', 'network_type': 'vlan', 'physical_network': 'physnet1', 'segmentation_id': 1101, 'network_id': '5261dc90-1f65-4c16-976f-04c6b796ac48'} for mappings: {'physnet1': 'br-data'} with network types: ['local', 'flat', 'vlan'] {{(pid=94510) check_segment_for_agent /opt/stack/neutron/neutron/plugins/ml2/drivers/mech_agent.py:358}}
Oct 12 16:54:36.644295 dv-cinder-813223-2-smb neutron-server[94510]: DEBUG neutron.scheduler.dhcp_agent_scheduler [None req-abf0cbe0-c2b5-42b3-b619-a5098643a683 admin admin] Network hostable DHCP agents. Network: 5261dc90-1f65-4c16-976f-04c6b796ac48, hostable agents: ['73c5e057-70cf-4c50-8a0a-21984ff698ba'], hosted agents: [] {{(pid=94510) _get_network_hostable_dhcp_agents /opt/stack/neutron/neutron/scheduler/dhcp_agent_scheduler.py:329}}
Oct 12 16:54:36.681747 dv-cinder-813223-2-smb neutron-server[94510]: DEBUG neutron.scheduler.dhcp_agent_scheduler [None req-abf0cbe0-c2b5-42b3-b619-a5098643a683 admin admin] Network 5261dc90-1f65-4c16-976f-04c6b796ac48 is scheduled to be hosted by DHCP agent 73c5e057-70cf-4c50-8a0a-21984ff698ba with binding_index 1 {{(pid=94510) bind /opt/stack/neutron/neutron/scheduler/dhcp_agent_scheduler.py:227}}
Oct 12 16:54:36.695923 dv-cinder-813223-2-smb neutron-server[94510]: DEBUG neutron.scheduler.base_scheduler [None req-abf0cbe0-c2b5-42b3-b619-a5098643a683 admin admin] Resources bound (agent type, host, resource id): (DHCP agent, dv-cinder-813223-2-smb, 5261dc90-1f65-4c16-976f-04c6b796ac48) {{(pid=94510) schedule /opt/stack/neutron/neutron/scheduler/base_scheduler.py:57}}
Oct 12 16:54:36.721459 dv-cinder-813223-2-smb neutron-server[94510]: DEBUG neutron.pecan_wsgi.hooks.policy_enforcement [None req-abf0cbe0-c2b5-42b3-b619-a5098643a683 admin admin] Attributes excluded by policy engine: ['standard_attr_id', 'shared', 'segment_id', 'network'] {{(pid=94510) _exclude_attributes_by_policy /opt/stack/neutron/neutron/pecan_wsgi/hooks/policy_enforcement.py:255}}
Oct 12 16:54:36.725021 dv-cinder-813223-2-smb neutron-server[94511]: DEBUG neutron.api.rpc.handlers.dhcp_rpc [None req-aeda1532-0452-472c-969c-1c3c5528693d None None] Network 5261dc90-1f65-4c16-976f-04c6b796ac48 requested from dv-cinder-813223-2-smb {{(pid=94511) get_network_info /opt/stack/neutron/neutron/api/rpc/handlers/dhcp_rpc.py:218}}
Oct 12 16:54:36.734264 dv-cinder-813223-2-smb neutron-server[94510]: DEBUG neutron_lib.callbacks.manager [None req-abf0cbe0-c2b5-42b3-b619-a5098643a683 admin admin] Notify callbacks [] for subnet, before_response {{(pid=94510) _notify_loop /usr/local/lib/python3.8/dist-packages/neutron_lib/callbacks/manager.py:192}}
Oct 12 16:54:36.767762 dv-cinder-813223-2-smb neutron-server[94509]: DEBUG neutron.wsgi [-] (94509) accepted ('10.222.0.65', 57700) {{(pid=94509) server /usr/local/lib/python3.8/dist-packages/eventlet/wsgi.py:982}}
Oct 12 16:54:36.768278 dv-cinder-813223-2-smb neutron-server[94510]: INFO neutron.wsgi [None req-abf0cbe0-c2b5-42b3-b619-a5098643a683 admin admin] 10.222.0.65 "POST /v2.0/subnets HTTP/1.1" status: 201 len: 856 time: 0.5517759
Oct 12 16:54:36.773275 dv-cinder-813223-2-smb neutron-server[94509]: DEBUG neutron.api.v2.base [None req-adc8813b-3b84-4b7b-b607-c638a70992f8 admin admin] Request body: {'router': {'name': 'tempest-ServerRescueNegativeTestJSON-1180901478-router', 'tenant_id': '80650cab7b6a4b8f990d41deb37e37d3', 'external_gateway_info': {'network_id': 'e88d5f8b-04a6-4e48-8422-17611b06cc3e'}}} {{(pid=94509) prepare_request_body /opt/stack/neutron/neutron/api/v2/base.py:729}}
Oct 12 16:54:36.814054 dv-cinder-813223-2-smb neutron-server[94509]: DEBUG neutron_lib.callbacks.manager [None req-adc8813b-3b84-4b7b-b607-c638a70992f8 admin admin] Notify callbacks ['neutron.services.l3_router.l3_router_plugin.L3_HA_NAT_db_mixin._before_router_create_handler-1659374', 'neutron.services.l3_router.service_providers.driver_controller.DriverController._check_router_request-14179'] for router, before_create {{(pid=94509) _notify_loop /usr/local/lib/python3.8/dist-packages/neutron_lib/callbacks/manager.py:192}}
Oct 12 16:54:36.819244 dv-cinder-813223-2-smb neutron-server[94509]: DEBUG neutron_lib.callbacks.manager [None req-adc8813b-3b84-4b7b-b607-c638a70992f8 admin admin] Notify callbacks ['neutron.services.l3_router.l3_router_plugin.L3_HA_NAT_db_mixin._precommit_router_create-1659258', 'neutron.services.l3_router.l3_router_plugin.DVRResourceOperationHandler._set_distributed_flag-1660973', 'neutron.services.l3_router.l3_router_plugin.RouterAvailabilityZoneMixin._process_az_request-1730850', 'neutron.services.l3_router.service_providers.driver_controller.DriverController._set_router_provider-14184'] for router, precommit_create {{(pid=94509) _notify_loop /usr/local/lib/python3.8/dist-packages/neutron_lib/callbacks/manager.py:192}}
Oct 12 16:54:36.898690 dv-cinder-813223-2-smb neutron-server[94509]: DEBUG neutron_lib.callbacks.manager [None req-adc8813b-3b84-4b7b-b607-c638a70992f8 admin admin] Notify callbacks [] for router_controller, precommit_add_association {{(pid=94509) _notify_loop /usr/local/lib/python3.8/dist-packages/neutron_lib/callbacks/manager.py:192}}
Oct 12 16:54:36.930579 dv-cinder-813223-2-smb neutron-server[94511]: DEBUG neutron.api.rpc.handlers.dhcp_rpc [None req-5e8f5afa-b243-498e-bb19-923155d0624e None None] Network 5261dc90-1f65-4c16-976f-04c6b796ac48 requested from dv-cinder-813223-2-smb {{(pid=94511) get_network_info /opt/stack/neutron/neutron/api/rpc/handlers/dhcp_rpc.py:218}}
Oct 12 16:54:37.071417 dv-cinder-813223-2-smb neutron-server[94511]: DEBUG neutron_lib.callbacks.manager [None req-dcabddfe-49d4-4e8e-9363-c9611e1ea001 None None] Notify callbacks ['neutron.services.segments.db._update_segment_host_mapping_for_agent-8758484289774', 'neutron.plugins.ml2.plugin.Ml2Plugin._retry_binding_revived_agents-3475304'] for agent, after_update {{(pid=94511) _notify_loop /usr/local/lib/python3.8/dist-packages/neutron_lib/callbacks/manager.py:192}}
Oct 12 16:54:37.161546 dv-cinder-813223-2-smb neutron-server[94509]: DEBUG neutron_lib.callbacks.manager [None req-adc8813b-3b84-4b7b-b607-c638a70992f8 admin admin] Notify callbacks [] for router_gateway, precommit_update {{(pid=94509) _notify_loop /usr/local/lib/python3.8/dist-packages/neutron_lib/callbacks/manager.py:192}}
Oct 12 16:54:37.378625 dv-cinder-813223-2-smb neutron-server[94509]: DEBUG neutron_lib.callbacks.manager [None req-adc8813b-3b84-4b7b-b607-c638a70992f8 admin admin] Notify callbacks [] for router_gateway, before_create {{(pid=94509) _notify_loop /usr/local/lib/python3.8/dist-packages/neutron_lib/callbacks/manager.py:192}}
Oct 12 16:54:37.402255 dv-cinder-813223-2-smb neutron-server[94509]: DEBUG neutron_lib.callbacks.manager [None req-adc8813b-3b84-4b7b-b607-c638a70992f8 admin admin] Notify callbacks ['neutron.plugins.ml2.plugin.SecurityGroupDbMixin._ensure_default_security_group_handler-3644181'] for port, before_create {{(pid=94509) _notify_loop /usr/local/lib/python3.8/dist-packages/neutron_lib/callbacks/manager.py:192}}
Oct 12 16:54:37.540171 dv-cinder-813223-2-smb neutron-server[94509]: DEBUG neutron.db.db_base_plugin_common [None req-adc8813b-3b84-4b7b-b607-c638a70992f8 admin admin] Allocated IP 172.28.1.241 (e88d5f8b-04a6-4e48-8422-17611b06cc3e/652d2ea5-2cce-4dbb-a8d5-acf73541195f/654300be-ddfe-4127-a4e1-ca7b606cf650) {{(pid=94509) _store_ip_allocation /opt/stack/neutron/neutron/db/db_base_plugin_common.py:131}}
Oct 12 16:54:37.586325 dv-cinder-813223-2-smb neutron-server[94511]: DEBUG neutron.plugins.ml2.rpc [None req-2a583938-32c6-41ff-9ed3-2e17446c8cca None None] Device a0dcc08b-684e-4916-bfc5-8258ee9130d3 up at agent hyperv_hv-cinder-81322 {{(pid=94511) update_device_up /opt/stack/neutron/neutron/plugins/ml2/rpc.py:296}}
Oct 12 16:54:37.675960 dv-cinder-813223-2-smb neutron-server[94511]: DEBUG neutron.db.provisioning_blocks [None req-2a583938-32c6-41ff-9ed3-2e17446c8cca None None] Provisioning for port a0dcc08b-684e-4916-bfc5-8258ee9130d3 completed by entity L2. {{(pid=94511) provisioning_complete /opt/stack/neutron/neutron/db/provisioning_blocks.py:133}}
Oct 12 16:54:37.681090 dv-cinder-813223-2-smb neutron-server[94511]: DEBUG neutron.db.provisioning_blocks [None req-2a583938-32c6-41ff-9ed3-2e17446c8cca None None] Provisioning complete for port a0dcc08b-684e-4916-bfc5-8258ee9130d3 triggered by entity L2. {{(pid=94511) provisioning_complete /opt/stack/neutron/neutron/db/provisioning_blocks.py:139}}
Oct 12 16:54:37.681509 dv-cinder-813223-2-smb neutron-server[94511]: DEBUG neutron_lib.callbacks.manager [None req-2a583938-32c6-41ff-9ed3-2e17446c8cca None None] Notify callbacks ['neutron.plugins.ml2.plugin.Ml2Plugin._port_provisioned-3474579'] for port, provisioning_complete {{(pid=94511) _notify_loop /usr/local/lib/python3.8/dist-packages/neutron_lib/callbacks/manager.py:192}}
Oct 12 16:54:37.698666 dv-cinder-813223-2-smb neutron-server[94509]: DEBUG neutron_lib.callbacks.manager [None req-adc8813b-3b84-4b7b-b607-c638a70992f8 admin admin] Notify callbacks [] for port, precommit_create {{(pid=94509) _notify_loop /usr/local/lib/python3.8/dist-packages/neutron_lib/callbacks/manager.py:192}}
Oct 12 16:54:37.793238 dv-cinder-813223-2-smb neutron-server[94509]: DEBUG neutron_lib.callbacks.manager [None req-adc8813b-3b84-4b7b-b607-c638a70992f8 admin admin] Notify callbacks ['neutron.plugins.ml2.plugin.SecurityGroupServerNotifierRpcMixin._notify_sg_on_port_change-3644655', 'neutron.plugins.ml2.ovo_rpc._ObjectChangeHandler.handle_event-845711', 'neutron.api.rpc.agentnotifiers.dhcp_rpc_agent_api.DhcpAgentNotifyAPI._native_event_send_dhcp_notification-1539606', 'neutron.db.l3_dvrscheduler_db._notify_l3_agent_new_port-8758483711452', 'neutron.services.segments.plugin.NovaSegmentNotifier._notify_port_created_or_deleted-4826090'] for port, after_create {{(pid=94509) _notify_loop /usr/local/lib/python3.8/dist-packages/neutron_lib/callbacks/manager.py:192}}
Oct 12 16:54:37.813633 dv-cinder-813223-2-smb neutron-server[94509]: DEBUG neutron.pecan_wsgi.hooks.policy_enforcement [req-556f094b-ae4d-4b1a-bd8c-6ef3f8ce231d req-8d3171f6-b57f-4b05-8d93-3061d23914f1 tempest-AttachVolumeNegativeTest-1995245629 tempest-AttachVolumeNegativeTest-1995245629-project] Attributes excluded by policy engine: ['standard_attr_id', 'binding:profile', 'binding:host_id', 'binding:vif_type', 'binding:vif_details'] {{(pid=94509) _exclude_attributes_by_policy /opt/stack/neutron/neutron/pecan_wsgi/hooks/policy_enforcement.py:255}}
Oct 12 16:54:37.815215 dv-cinder-813223-2-smb neutron-server[94509]: INFO neutron.wsgi [req-556f094b-ae4d-4b1a-bd8c-6ef3f8ce231d req-8d3171f6-b57f-4b05-8d93-3061d23914f1 tempest-AttachVolumeNegativeTest-1995245629 tempest-AttachVolumeNegativeTest-1995245629-project] 10.222.0.65 "GET /v2.0/ports?device_id=1ca8a01f-d84b-4724-8032-322611065305 HTTP/1.1" status: 200 len: 945 time: 0.0848000
Oct 12 16:54:37.874080 dv-cinder-813223-2-smb neutron-server[94509]: DEBUG neutron.scheduler.dhcp_agent_scheduler [None req-adc8813b-3b84-4b7b-b607-c638a70992f8 admin admin] Network e88d5f8b-04a6-4e48-8422-17611b06cc3e is already hosted by enough agents. {{(pid=94509) _get_dhcp_agents_hosting_network /opt/stack/neutron/neutron/scheduler/dhcp_agent_scheduler.py:275}}
Oct 12 16:54:37.882366 dv-cinder-813223-2-smb neutron-server[94509]: DEBUG neutron.scheduler.base_scheduler [None req-adc8813b-3b84-4b7b-b607-c638a70992f8 admin admin] Resources bound (agent type, host, resource id): {{(pid=94509) schedule /opt/stack/neutron/neutron/scheduler/base_scheduler.py:57}}
Oct 12 16:54:37.884616 dv-cinder-813223-2-smb neutron-server[94509]: DEBUG neutron.api.rpc.handlers.resources_rpc [None req-adc8813b-3b84-4b7b-b607-c638a70992f8 admin admin] Pushing event updated for resources: {'Port': ['ID=654300be-ddfe-4127-a4e1-ca7b606cf650,revision_number=1']} {{(pid=94509) push /opt/stack/neutron/neutron/api/rpc/handlers/resources_rpc.py:237}}
Oct 12 16:54:37.887194 dv-cinder-813223-2-smb neutron-server[94509]: DEBUG neutron.db.l3_dvrscheduler_db [None req-adc8813b-3b84-4b7b-b607-c638a70992f8 admin admin] Received port after_create {{(pid=94509) _notify_l3_agent_new_port /opt/stack/neutron/neutron/db/l3_dvrscheduler_db.py:535}}
Oct 12 16:54:37.903150 dv-cinder-813223-2-smb neutron-server[94511]: DEBUG neutron_lib.callbacks.manager [None req-2a583938-32c6-41ff-9ed3-2e17446c8cca None None] Notify callbacks ['neutron.plugins.ml2.plugin.SecurityGroupDbMixin._ensure_default_security_group_handler-3644181'] for port, before_update {{(pid=94511) _notify_loop /usr/local/lib/python3.8/dist-packages/neutron_lib/callbacks/manager.py:192}}
Oct 12 16:54:37.931433 dv-cinder-813223-2-smb neutron-server[94511]: DEBUG neutron.notifiers.nova [-] Sending events: [{'server_uuid': '1ca8a01f-d84b-4724-8032-322611065305', 'name': 'network-vif-plugged', 'status': 'completed', 'tag': 'a0dcc08b-684e-4916-bfc5-8258ee9130d3'}] {{(pid=94511) send_events /opt/stack/neutron/neutron/notifiers/nova.py:262}}
Oct 12 16:54:37.933830 dv-cinder-813223-2-smb neutron-server[94511]: DEBUG novaclient.v2.client [-] REQ: curl -g -i --cacert "/opt/stack/data/ca-bundle.pem" -X POST http://10.222.0.65/compute/v2.1/os-server-external-events -H "Accept: application/json" -H "Content-Type: application/json" -H "User-Agent: python-novaclient" -H "X-Auth-Token: {SHA256}d03be31ca04583816840052374c9ba5987f2e8ca4ca208755e001e1cb396f164" -H "X-OpenStack-Nova-API-Version: 2.1" -H "X-OpenStack-Request-ID: req-2f37fdfc-55cd-4f3e-98e6-2247b263010a" -d '{"events": [{"server_uuid": "1ca8a01f-d84b-4724-8032-322611065305", "name": "network-vif-plugged", "status": "completed", "tag": "a0dcc08b-684e-4916-bfc5-8258ee9130d3"}]}' {{(pid=94511) _http_log_request /usr/local/lib/python3.8/dist-packages/keystoneauth1/session.py:519}}
Oct 12 16:54:37.936340 dv-cinder-813223-2-smb neutron-server[94509]: INFO neutron.wsgi [req-556f094b-ae4d-4b1a-bd8c-6ef3f8ce231d req-b08cf839-9967-41a3-b7a8-890b9c57f968 tempest-AttachVolumeNegativeTest-1995245629 tempest-AttachVolumeNegativeTest-1995245629-project] 10.222.0.65 "GET /v2.0/security-groups?id=48b14609-0157-43e8-a0db-4f2f89278620&fields=id&fields=name HTTP/1.1" status: 200 len: 286 time: 0.0987265
Oct 12 16:54:37.967739 dv-cinder-813223-2-smb neutron-server[94511]: DEBUG neutron.plugins.ml2.db [None req-2a583938-32c6-41ff-9ed3-2e17446c8cca None None] For port a0dcc08b-684e-4916-bfc5-8258ee9130d3, host hv-cinder-81322, got binding levels [PortBindingLevel(driver='hyperv',host='hv-cinder-81322',level=0,port_id=a0dcc08b-684e-4916-bfc5-8258ee9130d3,segment=NetworkSegment(5d790604-159e-4388-958e-4fe12cec6dd1),segment_id=5d790604-159e-4388-958e-4fe12cec6dd1)] {{(pid=94511) get_binding_level_objs /opt/stack/neutron/neutron/plugins/ml2/db.py:74}}
Oct 12 16:54:37.974059 dv-cinder-813223-2-smb neutron-server[94511]: DEBUG neutron_lib.callbacks.manager [None req-2a583938-32c6-41ff-9ed3-2e17446c8cca None None] Notify callbacks ['neutron.plugins.ml2.plugin.SecurityGroupServerNotifierRpcMixin._notify_sg_on_port_change-3644655', 'neutron.plugins.ml2.ovo_rpc._ObjectChangeHandler.handle_event-845711', 'neutron.api.rpc.agentnotifiers.dhcp_rpc_agent_api.DhcpAgentNotifyAPI._native_event_send_dhcp_notification-1539606', 'neutron.db.l3_db.L3RpcNotifierMixin._notify_gateway_port_ip_changed-8758484181526', 'neutron.db.l3_dvrscheduler_db._notify_l3_agent_port_update-8758483711470', 'neutron.db.l3_hascheduler_db._notify_l3_agent_ha_port_update-8758483708932'] for port, after_update {{(pid=94511) _notify_loop /usr/local/lib/python3.8/dist-packages/neutron_lib/callbacks/manager.py:192}}
Oct 12 16:54:38.001276 dv-cinder-813223-2-smb neutron-server[94511]: DEBUG novaclient.v2.client [-] RESP: [200] Connection: close Content-Length: 183 Content-Type: application/json Date: Tue, 12 Oct 2021 16:54:37 GMT OpenStack-API-Version: compute 2.1 Server: Apache/2.4.41 (Ubuntu) Vary: OpenStack-API-Version,X-OpenStack-Nova-API-Version X-OpenStack-Nova-API-Version: 2.1 x-compute-request-id: req-4b08ac8a-3dcc-497b-ab07-f2e7eaa3fab3 x-openstack-request-id: req-4b08ac8a-3dcc-497b-ab07-f2e7eaa3fab3 {{(pid=94511) _http_log_response /usr/local/lib/python3.8/dist-packages/keystoneauth1/session.py:550}}
Oct 12 16:54:38.001576 dv-cinder-813223-2-smb neutron-server[94511]: DEBUG novaclient.v2.client [-] RESP BODY: {"events": [{"server_uuid": "1ca8a01f-d84b-4724-8032-322611065305", "name": "network-vif-plugged", "status": "completed", "tag": "a0dcc08b-684e-4916-bfc5-8258ee9130d3", "code": 200}]} {{(pid=94511) _http_log_response /usr/local/lib/python3.8/dist-packages/keystoneauth1/session.py:582}}
Oct 12 16:54:38.001832 dv-cinder-813223-2-smb neutron-server[94511]: DEBUG novaclient.v2.client [-] POST call to compute for http://10.222.0.65/compute/v2.1/os-server-external-events used request id req-4b08ac8a-3dcc-497b-ab07-f2e7eaa3fab3 {{(pid=94511) request /usr/local/lib/python3.8/dist-packages/keystoneauth1/session.py:954}}
Oct 12 16:54:38.002226 dv-cinder-813223-2-smb neutron-server[94511]: INFO neutron.notifiers.nova [-] Nova event response: {'server_uuid': '1ca8a01f-d84b-4724-8032-322611065305', 'name': 'network-vif-plugged', 'status': 'completed', 'tag': 'a0dcc08b-684e-4916-bfc5-8258ee9130d3', 'code': 200}
Oct 12 16:54:38.032817 dv-cinder-813223-2-smb neutron-server[94511]: DEBUG neutron.api.rpc.handlers.resources_rpc [None req-2a583938-32c6-41ff-9ed3-2e17446c8cca None None] Pushing event updated for resources: {'Port': ['ID=a0dcc08b-684e-4916-bfc5-8258ee9130d3,revision_number=5']} {{(pid=94511) push /opt/stack/neutron/neutron/api/rpc/handlers/resources_rpc.py:237}}
Oct 12 16:54:38.039968 dv-cinder-813223-2-smb neutron-server[94511]: DEBUG neutron.api.rpc.callbacks.version_manager [None req-2a583938-32c6-41ff-9ed3-2e17446c8cca None None] Version for resource type AddressGroup changed None to 1.2 on consumer Open vSwitch agent@dv-cinder-813223-2-smb {{(pid=94511) _set_version /opt/stack/neutron/neutron/api/rpc/callbacks/version_manager.py:113}}
Oct 12 16:54:38.040263 dv-cinder-813223-2-smb neutron-server[94511]: DEBUG neutron.api.rpc.callbacks.version_manager [None req-2a583938-32c6-41ff-9ed3-2e17446c8cca None None] Version for resource type ConntrackHelper changed None to 1.0 on consumer Open vSwitch agent@dv-cinder-813223-2-smb {{(pid=94511) _set_version /opt/stack/neutron/neutron/api/rpc/callbacks/version_manager.py:113}}
Oct 12 16:54:38.040609 dv-cinder-813223-2-smb neutron-server[94511]: DEBUG neutron.api.rpc.callbacks.version_manager [None req-2a583938-32c6-41ff-9ed3-2e17446c8cca None None] Version for resource type Log changed None to 1.0 on consumer Open vSwitch agent@dv-cinder-813223-2-smb {{(pid=94511) _set_version /opt/stack/neutron/neutron/api/rpc/callbacks/version_manager.py:113}}
Oct 12 16:54:38.040953 dv-cinder-813223-2-smb neutron-server[94511]: DEBUG neutron.api.rpc.callbacks.version_manager [None req-2a583938-32c6-41ff-9ed3-2e17446c8cca None None] Version for resource type Network changed None to 1.1 on consumer Open vSwitch agent@dv-cinder-813223-2-smb {{(pid=94511) _set_version /opt/stack/neutron/neutron/api/rpc/callbacks/version_manager.py:113}}
Oct 12 16:54:38.041292 dv-cinder-813223-2-smb neutron-server[94511]: DEBUG neutron.api.rpc.callbacks.version_manager [None req-2a583938-32c6-41ff-9ed3-2e17446c8cca None None] Version for resource type Port changed None to 1.7 on consumer Open vSwitch agent@dv-cinder-813223-2-smb {{(pid=94511) _set_version /opt/stack/neutron/neutron/api/rpc/callbacks/version_manager.py:113}}
Oct 12 16:54:38.041643 dv-cinder-813223-2-smb neutron-server[94511]: DEBUG neutron.api.rpc.callbacks.version_manager [None req-2a583938-32c6-41ff-9ed3-2e17446c8cca None None] Version for resource type PortForwarding changed None to 1.2 on consumer Open vSwitch agent@dv-cinder-813223-2-smb {{(pid=94511) _set_version /opt/stack/neutron/neutron/api/rpc/callbacks/version_manager.py:113}}
Oct 12 16:54:38.041959 dv-cinder-813223-2-smb neutron-server[94511]: DEBUG neutron.api.rpc.callbacks.version_manager [None req-2a583938-32c6-41ff-9ed3-2e17446c8cca None None] Version for resource type QosPolicy changed None to 1.10 on consumer Open vSwitch agent@dv-cinder-813223-2-smb {{(pid=94511) _set_version /opt/stack/neutron/neutron/api/rpc/callbacks/version_manager.py:113}}
Oct 12 16:54:38.042289 dv-cinder-813223-2-smb neutron-server[94511]: DEBUG neutron.api.rpc.callbacks.version_manager [None req-2a583938-32c6-41ff-9ed3-2e17446c8cca None None] Version for resource type SecurityGroup changed None to 1.4 on consumer Open vSwitch agent@dv-cinder-813223-2-smb {{(pid=94511) _set_version /opt/stack/neutron/neutron/api/rpc/callbacks/version_manager.py:113}}
Oct 12 16:54:38.042625 dv-cinder-813223-2-smb neutron-server[94511]: DEBUG neutron.api.rpc.callbacks.version_manager [None req-2a583938-32c6-41ff-9ed3-2e17446c8cca None None] Version for resource type SecurityGroupRule changed None to 1.2 on consumer Open vSwitch agent@dv-cinder-813223-2-smb {{(pid=94511) _set_version /opt/stack/neutron/neutron/api/rpc/callbacks/version_manager.py:113}}
Oct 12 16:54:38.042968 dv-cinder-813223-2-smb neutron-server[94511]: DEBUG neutron.api.rpc.callbacks.version_manager [None req-2a583938-32c6-41ff-9ed3-2e17446c8cca None None] Version for resource type SubPort changed None to 1.0 on consumer Open vSwitch agent@dv-cinder-813223-2-smb {{(pid=94511) _set_version /opt/stack/neutron/neutron/api/rpc/callbacks/version_manager.py:113}}
Oct 12 16:54:38.043297 dv-cinder-813223-2-smb neutron-server[94511]: DEBUG neutron.api.rpc.callbacks.version_manager [None req-2a583938-32c6-41ff-9ed3-2e17446c8cca None None] Version for resource type Subnet changed None to 1.1 on consumer Open vSwitch agent@dv-cinder-813223-2-smb {{(pid=94511) _set_version /opt/stack/neutron/neutron/api/rpc/callbacks/version_manager.py:113}}
Oct 12 16:54:38.043622 dv-cinder-813223-2-smb neutron-server[94511]: DEBUG neutron.api.rpc.callbacks.version_manager [None req-2a583938-32c6-41ff-9ed3-2e17446c8cca None None] Version for resource type Trunk changed None to 1.1 on consumer Open vSwitch agent@dv-cinder-813223-2-smb {{(pid=94511) _set_version /opt/stack/neutron/neutron/api/rpc/callbacks/version_manager.py:113}}
Oct 12 16:54:38.224287 dv-cinder-813223-2-smb neutron-server[94509]: DEBUG neutron_lib.callbacks.manager [None req-adc8813b-3b84-4b7b-b607-c638a70992f8 admin admin] Notify callbacks [] for router_gateway, after_create {{(pid=94509) _notify_loop /usr/local/lib/python3.8/dist-packages/neutron_lib/callbacks/manager.py:192}}
Oct 12 16:54:38.373208 dv-cinder-813223-2-smb neutron-server[94509]: DEBUG neutron.pecan_wsgi.hooks.policy_enforcement [req-aa3a4f15-f05a-43b7-962c-fe853bd5a4b4 req-8e111418-a5fe-4ce5-a0e4-915963cd5a84 service neutron] Attributes excluded by policy engine: ['standard_attr_id'] {{(pid=94509) _exclude_attributes_by_policy /opt/stack/neutron/neutron/pecan_wsgi/hooks/policy_enforcement.py:255}}
Oct 12 16:54:38.375010 dv-cinder-813223-2-smb neutron-server[94509]: INFO neutron.wsgi [req-aa3a4f15-f05a-43b7-962c-fe853bd5a4b4 req-8e111418-a5fe-4ce5-a0e4-915963cd5a84 service neutron] 10.222.0.77 "GET /v2.0/ports?device_id=1ca8a01f-d84b-4724-8032-322611065305 HTTP/1.1" status: 200 len: 1099 time: 0.0891776
Oct 12 16:54:38.487914 dv-cinder-813223-2-smb neutron-server[94509]: INFO neutron.wsgi [req-aa3a4f15-f05a-43b7-962c-fe853bd5a4b4 req-d9ad6e82-b703-4a4f-9f38-f94e52178687 service neutron] 10.222.0.77 "GET /v2.0/security-groups?id=48b14609-0157-43e8-a0db-4f2f89278620&fields=id&fields=name HTTP/1.1" status: 200 len: 286 time: 0.0752759
Oct 12 16:54:38.513526 dv-cinder-813223-2-smb neutron-server[94509]: DEBUG neutron_lib.callbacks.manager [None req-adc8813b-3b84-4b7b-b607-c638a70992f8 admin admin] Notify callbacks ['neutron.services.l3_router.l3_router_plugin.L3_HA_NAT_db_mixin._after_router_create-1659237', 'neutron.services.l3_router.l3_router_plugin.DVRResourceOperationHandler._create_snat_interfaces_after_change-1636860'] for router, after_create {{(pid=94509) _notify_loop /usr/local/lib/python3.8/dist-packages/neutron_lib/callbacks/manager.py:192}}
Oct 12 16:54:38.895752 dv-cinder-813223-2-smb neutron-server[94509]: DEBUG neutron.scheduler.l3_agent_scheduler [None req-adc8813b-3b84-4b7b-b607-c638a70992f8 admin admin] Router 464112ca-9f87-4eca-8990-cef0b8a37a14 is scheduled to L3 agent fc8a039b-1db0-4e79-b839-6095a6335970 with binding_index 1 {{(pid=94509) bind_router /opt/stack/neutron/neutron/scheduler/l3_agent_scheduler.py:209}}
Oct 12 16:54:39.063288 dv-cinder-813223-2-smb neutron-server[94509]: DEBUG neutron.api.rpc.agentnotifiers.l3_rpc_agent_api [None req-adc8813b-3b84-4b7b-b607-c638a70992f8 admin admin] Notify agent at l3_agent.dv-cinder-813223-2-smb the message routers_updated {{(pid=94509) _agent_notification /opt/stack/neutron/neutron/api/rpc/agentnotifiers/l3_rpc_agent_api.py:65}}
Oct 12 16:54:39.081374 dv-cinder-813223-2-smb neutron-server[94512]: DEBUG neutron.api.rpc.handlers.l3_rpc [None req-ec7d995e-6662-4a7f-abbd-04b89579d6f7 None None] Sync routers for ids ['464112ca-9f87-4eca-8990-cef0b8a37a14'] in dv-cinder-813223-2-smb {{(pid=94512) sync_routers /opt/stack/neutron/neutron/api/rpc/handlers/l3_rpc.py:125}}
Oct 12 16:54:39.097346 dv-cinder-813223-2-smb neutron-server[94512]: DEBUG neutron.db.l3_dvrscheduler_db [None req-ec7d995e-6662-4a7f-abbd-04b89579d6f7 None None] Routers {'464112ca-9f87-4eca-8990-cef0b8a37a14'} bound to L3 agent in host dv-cinder-813223-2-smb {{(pid=94512) _get_router_ids_for_agent /opt/stack/neutron/neutron/db/l3_dvrscheduler_db.py:420}}
Oct 12 16:54:39.098894 dv-cinder-813223-2-smb neutron-server[94512]: DEBUG neutron.db.l3_hamode_db [None req-ec7d995e-6662-4a7f-abbd-04b89579d6f7 None None] neutron.services.l3_router.l3_router_plugin.L3RouterPlugin method get_ha_sync_data_for_host called with arguments (, 'dv-cinder-813223-2-smb', Agent(admin_state_up=True,agent_type='L3 agent',availability_zone='nova',binary='neutron-l3-agent',configurations={"agent_mode": "legacy", "ex_gw_ports": 3, "extensions": [], "floating_ips": 2, "handle_internal_only_routers": true, "interface_driver": "openvswitch", "interfaces": 3, "log_agent_heartbeats": false, "routers": 3},created_at=2021-10-12T16:45:03Z,description=,heartbeat_timestamp=2021-10-12T16:54:34Z,host='dv-cinder-813223-2-smb',id=fc8a039b-1db0-4e79-b839-6095a6335970,load=0,resource_versions=,resources_synced=,started_at=2021-10-12T16:45:03Z,topic='l3_agent')) {'router_ids': ['464112ca-9f87-4eca-8990-cef0b8a37a14'], 'active': True} {{(pid=94512) wrapper /usr/local/lib/python3.8/dist-packages/oslo_log/helpers.py:65}}
Oct 12 16:54:39.110471 dv-cinder-813223-2-smb neutron-server[94509]: DEBUG neutron_lib.callbacks.manager [None req-adc8813b-3b84-4b7b-b607-c638a70992f8 admin admin] Notify callbacks [] for router, before_response {{(pid=94509) _notify_loop /usr/local/lib/python3.8/dist-packages/neutron_lib/callbacks/manager.py:192}}
Oct 12 16:54:39.111950 dv-cinder-813223-2-smb neutron-server[94509]: INFO neutron.wsgi [None req-adc8813b-3b84-4b7b-b607-c638a70992f8 admin admin] 10.222.0.65 "POST /v2.0/routers HTTP/1.1" status: 201 len: 931 time: 2.3424423
Oct 12 16:54:39.116380 dv-cinder-813223-2-smb neutron-server[94509]: DEBUG neutron.wsgi [-] (94509) accepted ('10.222.0.65', 57810) {{(pid=94509) server /usr/local/lib/python3.8/dist-packages/eventlet/wsgi.py:982}}
Oct 12 16:54:39.189450 dv-cinder-813223-2-smb neutron-server[94509]: DEBUG neutron.pecan_wsgi.hooks.policy_enforcement [req-32524ef7-bcdf-49ee-8218-509e4a2332a9 req-15cef995-b13b-4719-ba8d-b97936519078 tempest-AttachVolumeNegativeTest-1995245629 tempest-AttachVolumeNegativeTest-1995245629-project] Attributes excluded by policy engine: ['standard_attr_id', 'binding:profile', 'binding:host_id', 'binding:vif_type', 'binding:vif_details'] {{(pid=94509) _exclude_attributes_by_policy /opt/stack/neutron/neutron/pecan_wsgi/hooks/policy_enforcement.py:255}}
Oct 12 16:54:39.191053 dv-cinder-813223-2-smb neutron-server[94509]: INFO neutron.wsgi [req-32524ef7-bcdf-49ee-8218-509e4a2332a9 req-15cef995-b13b-4719-ba8d-b97936519078 tempest-AttachVolumeNegativeTest-1995245629 tempest-AttachVolumeNegativeTest-1995245629-project] 10.222.0.65 "GET /v2.0/ports?device_id=1ca8a01f-d84b-4724-8032-322611065305 HTTP/1.1" status: 200 len: 946 time: 0.1301732
Oct 12 16:54:39.296809 dv-cinder-813223-2-smb neutron-server[94509]: INFO neutron.wsgi [req-32524ef7-bcdf-49ee-8218-509e4a2332a9 req-bf6701d9-c8bc-4378-9164-14905a8e7eaa tempest-AttachVolumeNegativeTest-1995245629 tempest-AttachVolumeNegativeTest-1995245629-project] 10.222.0.65 "GET /v2.0/security-groups?id=48b14609-0157-43e8-a0db-4f2f89278620&fields=id&fields=name HTTP/1.1" status: 200 len: 286 time: 0.0911686
Oct 12 16:54:39.385438 dv-cinder-813223-2-smb neutron-server[94512]: DEBUG neutron.db.l3_dvr_db [None req-ec7d995e-6662-4a7f-abbd-04b89579d6f7 None None] Set router 464112ca-9f87-4eca-8990-cef0b8a37a14 gateway port host: dv-cinder-813223-2-smb {{(pid=94512) _build_routers_list /opt/stack/neutron/neutron/db/l3_dvr_db.py:906}}
Oct 12 16:54:39.613719 dv-cinder-813223-2-smb neutron-server[94512]: DEBUG neutron.db.l3_hamode_db [None req-ec7d995e-6662-4a7f-abbd-04b89579d6f7 None None] neutron.services.l3_router.l3_router_plugin.L3RouterPlugin method _process_sync_ha_data called with arguments (, [{'id': '464112ca-9f87-4eca-8990-cef0b8a37a14', 'name': 'tempest-ServerRescueNegativeTestJSON-1180901478-router', 'tenant_id': '80650cab7b6a4b8f990d41deb37e37d3', 'admin_state_up': True, 'status': 'ACTIVE', 'external_gateway_info': {'network_id': 'e88d5f8b-04a6-4e48-8422-17611b06cc3e', 'external_fixed_ips': [{'subnet_id': '652d2ea5-2cce-4dbb-a8d5-acf73541195f', 'ip_address': '172.28.1.241'}], 'enable_snat': True}, 'gw_port_id': '654300be-ddfe-4127-a4e1-ca7b606cf650', 'description': '', 'availability_zones': ['nova'], 'distributed': False, 'ha': False, 'ha_vr_id': 0, 'availability_zone_hints': [], 'routes': [], 'flavor_id': None, 'tags': [], 'created_at': '2021-10-12T16:54:36Z', 'updated_at': '2021-10-12T16:54:38Z', 'revision_number': 3, 'project_id': '80650cab7b6a4b8f990d41deb37e37d3', 'gw_port': {'id': '654300be-ddfe-4127-a4e1-ca7b606cf650', 'name': '', 'network_id': 'e88d5f8b-04a6-4e48-8422-17611b06cc3e', 'tenant_id': '', 'mac_address': 'fa:16:3e:e5:50:5d', 'admin_state_up': True, 'status': 'DOWN', 'device_id': '464112ca-9f87-4eca-8990-cef0b8a37a14', 'device_owner': 'network:router_gateway', 'standard_attr_id': 285, 'fixed_ips': [{'subnet_id': '652d2ea5-2cce-4dbb-a8d5-acf73541195f', 'ip_address': '172.28.1.241', 'prefixlen': 24}], 'allowed_address_pairs': [], 'extra_dhcp_opts': [], 'security_groups': [], 'description': '', 'binding:vnic_type': 'normal', 'binding:profile': {}, 'binding:host_id': '', 'binding:vif_type': 'unbound', 'binding:vif_details': {}, 'port_security_enabled': False, 'tags': [], 'created_at': '2021-10-12T16:54:37Z', 'updated_at': '2021-10-12T16:54:37Z', 'revision_number': 1, 'project_id': '', 'subnets': [{'id': '652d2ea5-2cce-4dbb-a8d5-acf73541195f', 'cidr': '172.28.1.0/24', 'gateway_ip': '172.28.1.1', 'dns_nameservers': [], 'ipv6_ra_mode': None, 'subnetpool_id': None}], 'extra_subnets': [], 'address_scopes': {4: None, 6: None}, 'mtu': 1500}, 'enable_snat': True, 'gw_port_host': 'dv-cinder-813223-2-smb'}], 'dv-cinder-813223-2-smb', False) {} {{(pid=94512) wrapper /usr/local/lib/python3.8/dist-packages/oslo_log/helpers.py:65}}
Oct 12 16:54:39.646253 dv-cinder-813223-2-smb neutron-server[94512]: DEBUG neutron.api.rpc.handlers.l3_rpc [None req-ec7d995e-6662-4a7f-abbd-04b89579d6f7 None None] Checking router: 464112ca-9f87-4eca-8990-cef0b8a37a14 for host: dv-cinder-813223-2-smb {{(pid=94512) _ensure_host_set_on_ports /opt/stack/neutron/neutron/api/rpc/handlers/l3_rpc.py:155}}
Oct 12 16:54:39.646627 dv-cinder-813223-2-smb neutron-server[94512]: DEBUG neutron.api.rpc.handlers.l3_rpc [None req-ec7d995e-6662-4a7f-abbd-04b89579d6f7 None None] Updating router 464112ca-9f87-4eca-8990-cef0b8a37a14 port 654300be-ddfe-4127-a4e1-ca7b606cf650 binding host dv-cinder-813223-2-smb {{(pid=94512) _ensure_host_set_on_port /opt/stack/neutron/neutron/api/rpc/handlers/l3_rpc.py:205}}
Oct 12 16:54:39.672379 dv-cinder-813223-2-smb neutron-server[94512]: DEBUG neutron_lib.callbacks.manager [None req-ec7d995e-6662-4a7f-abbd-04b89579d6f7 None None] Notify callbacks ['neutron.plugins.ml2.plugin.SecurityGroupDbMixin._ensure_default_security_group_handler-3644181'] for port, before_update {{(pid=94512) _notify_loop /usr/local/lib/python3.8/dist-packages/neutron_lib/callbacks/manager.py:192}}
Oct 12 16:54:39.681890 dv-cinder-813223-2-smb neutron-server[94509]: DEBUG neutron_lib.callbacks.manager [None req-33b4e6db-7d2d-4960-9225-1ad4c796c1b6 admin admin] Notify callbacks ['neutron.plugins.ml2.plugin.SecurityGroupDbMixin._ensure_default_security_group_handler-3644181'] for port, before_create {{(pid=94509) _notify_loop /usr/local/lib/python3.8/dist-packages/neutron_lib/callbacks/manager.py:192}}
Oct 12 16:54:39.844454 dv-cinder-813223-2-smb neutron-server[94509]: DEBUG neutron.db.db_base_plugin_common [None req-33b4e6db-7d2d-4960-9225-1ad4c796c1b6 admin admin] Allocated IP 172.20.0.1 (5261dc90-1f65-4c16-976f-04c6b796ac48/560b241c-38d0-407c-a15d-43bb419cbbd2/461c1674-98d8-4241-afef-72bbd7db93c8) {{(pid=94509) _store_ip_allocation /opt/stack/neutron/neutron/db/db_base_plugin_common.py:131}}
Oct 12 16:54:39.932923 dv-cinder-813223-2-smb neutron-server[94512]: DEBUG neutron_lib.callbacks.manager [None req-ec7d995e-6662-4a7f-abbd-04b89579d6f7 None None] Notify callbacks [] for port, precommit_update {{(pid=94512) _notify_loop /usr/local/lib/python3.8/dist-packages/neutron_lib/callbacks/manager.py:192}}
