Oct 12 16:54:03.727038 dv-cinder-813223-2-smb neutron-server[94510]: INFO neutron.wsgi [None req-c6b982b3-6c0f-44ec-8ced-1aa20a14e7f9 admin admin] 10.222.0.65 "GET /v2.0/security-groups?tenant_id=0a4dc5c120cc4cd98bea401455908749&name=default HTTP/1.1" status: 200 len: 2979 time: 0.0958533
Oct 12 16:54:03.727992 dv-cinder-813223-2-smb neutron-server[94510]: DEBUG neutron.wsgi [-] (94510) accepted ('10.222.0.65', 56052) {{(pid=94510) server /usr/local/lib/python3.8/dist-packages/eventlet/wsgi.py:982}}
Oct 12 16:54:03.787333 dv-cinder-813223-2-smb neutron-server[94509]: DEBUG neutron.pecan_wsgi.hooks.policy_enforcement [req-48220406-8276-401b-ae20-1fd567d548a2 req-7b6e456f-38f5-496c-bd26-0547d73a7287 service neutron] Attributes excluded by policy engine: ['standard_attr_id'] {{(pid=94509) _exclude_attributes_by_policy /opt/stack/neutron/neutron/pecan_wsgi/hooks/policy_enforcement.py:255}}
Oct 12 16:54:03.789804 dv-cinder-813223-2-smb neutron-server[94509]: INFO neutron.wsgi [req-48220406-8276-401b-ae20-1fd567d548a2 req-7b6e456f-38f5-496c-bd26-0547d73a7287 service neutron] 10.222.0.77 "GET /v2.0/ports?tenant_id=a9bac3a5677743df9ec899b95851858d&device_id=c9ce55ab-12c6-468b-8d50-eef360cdb25d HTTP/1.1" status: 200 len: 1096 time: 0.2691827
Oct 12 16:54:03.827579 dv-cinder-813223-2-smb neutron-server[94510]: DEBUG neutron_lib.callbacks.manager [None req-477a9b7c-02d3-4a7c-8485-c3e21dcd23f4 admin admin] Notify callbacks [] for security_group, before_delete {{(pid=94510) _notify_loop /usr/local/lib/python3.8/dist-packages/neutron_lib/callbacks/manager.py:192}}
Oct 12 16:54:03.854103 dv-cinder-813223-2-smb neutron-server[94509]: DEBUG neutron_lib.callbacks.manager [None req-3f4acba4-7b75-426b-84f3-408d4ac552fe tempest-AttachVolumeShelveTestJSON-640722908 tempest-AttachVolumeShelveTestJSON-640722908-project] Notify callbacks [] for floatingip, precommit_create {{(pid=94509) _notify_loop /usr/local/lib/python3.8/dist-packages/neutron_lib/callbacks/manager.py:192}}
Oct 12 16:54:03.862088 dv-cinder-813223-2-smb neutron-server[94510]: DEBUG neutron_lib.callbacks.manager [None req-477a9b7c-02d3-4a7c-8485-c3e21dcd23f4 admin admin] Notify callbacks [] for security_group, precommit_delete {{(pid=94510) _notify_loop /usr/local/lib/python3.8/dist-packages/neutron_lib/callbacks/manager.py:192}}
Oct 12 16:54:03.919929 dv-cinder-813223-2-smb neutron-server[94509]: DEBUG neutron.pecan_wsgi.hooks.policy_enforcement [req-2d547a21-0038-489f-9072-5359bd58afb5 req-d22a1e26-4959-460e-9fb6-d6adedc97d8c tempest-AttachVolumeTestJSON-927518632 tempest-AttachVolumeTestJSON-927518632-project] Attributes excluded by policy engine: ['standard_attr_id', 'vlan_transparent', 'provider:network_type', 'provider:physical_network', 'provider:segmentation_id'] {{(pid=94509) _exclude_attributes_by_policy /opt/stack/neutron/neutron/pecan_wsgi/hooks/policy_enforcement.py:255}}
Oct 12 16:54:03.921900 dv-cinder-813223-2-smb neutron-server[94510]: DEBUG neutron_lib.callbacks.manager [None req-477a9b7c-02d3-4a7c-8485-c3e21dcd23f4 admin admin] Notify callbacks ['neutron.plugins.ml2.ovo_rpc._ObjectChangeHandler.handle_event-1568133'] for security_group, after_delete {{(pid=94510) _notify_loop /usr/local/lib/python3.8/dist-packages/neutron_lib/callbacks/manager.py:192}}
Oct 12 16:54:03.924536 dv-cinder-813223-2-smb neutron-server[94510]: DEBUG neutron_lib.callbacks.manager [None req-477a9b7c-02d3-4a7c-8485-c3e21dcd23f4 admin admin] Notify callbacks [] for security_group, before_response {{(pid=94510) _notify_loop /usr/local/lib/python3.8/dist-packages/neutron_lib/callbacks/manager.py:192}}
Oct 12 16:54:03.928791 dv-cinder-813223-2-smb neutron-server[94510]: INFO neutron.wsgi [None req-477a9b7c-02d3-4a7c-8485-c3e21dcd23f4 admin admin] 10.222.0.65 "DELETE /v2.0/security-groups/1a538a2a-bbab-4903-9e79-2f24ef312029 HTTP/1.1" status: 204 len: 168 time: 0.1974843
Oct 12 16:54:03.934911 dv-cinder-813223-2-smb neutron-server[94509]: INFO neutron.wsgi [req-2d547a21-0038-489f-9072-5359bd58afb5 req-d22a1e26-4959-460e-9fb6-d6adedc97d8c tempest-AttachVolumeTestJSON-927518632 tempest-AttachVolumeTestJSON-927518632-project] 10.222.0.77 "GET /v2.0/networks?id=0fcadddb-cfbb-40d8-9fda-30d4eedc2f8b HTTP/1.1" status: 200 len: 810 time: 0.4437027
Oct 12 16:54:03.946311 dv-cinder-813223-2-smb neutron-server[94510]: DEBUG neutron.api.rpc.handlers.resources_rpc [None req-477a9b7c-02d3-4a7c-8485-c3e21dcd23f4 admin admin] Pushing event deleted for resources: {'SecurityGroup': ['ID=1a538a2a-bbab-4903-9e79-2f24ef312029,revision_number=None']} {{(pid=94510) push /opt/stack/neutron/neutron/api/rpc/handlers/resources_rpc.py:237}}
Oct 12 16:54:04.253995 dv-cinder-813223-2-smb neutron-server[94509]: INFO neutron.wsgi [req-0d1c70c2-fd3c-498a-ae1c-58fb72adc0c0 req-a39b64c8-7020-4332-81a7-076a279ae683 service neutron] 10.222.0.77 "GET /v2.0/networks/0e296cf0-7bc2-4f32-b561-c05c56455921?fields=provider%3Aphysical_network&fields=provider%3Anetwork_type HTTP/1.1" status: 200 len: 281 time: 0.6283329
Oct 12 16:54:04.306345 dv-cinder-813223-2-smb neutron-server[94509]: INFO neutron.wsgi [req-16882dab-224e-46d4-a53f-0f9769eba63d req-a6263b85-b92f-427f-99fd-a6ea6de14264 tempest-AttachVolumeTestJSON-927518632 tempest-AttachVolumeTestJSON-927518632-project] 10.222.0.65 "GET /v2.0/ports?device_id=9c63f4ba-090f-43e8-a308-59707c9c5bee HTTP/1.1" status: 200 len: 210 time: 0.2957685
Oct 12 16:54:04.315270 dv-cinder-813223-2-smb neutron-server[94509]: DEBUG neutron_lib.callbacks.manager [None req-3f4acba4-7b75-426b-84f3-408d4ac552fe tempest-AttachVolumeShelveTestJSON-640722908 tempest-AttachVolumeShelveTestJSON-640722908-project] Notify callbacks ['neutron.plugins.ml2.plugin.SecurityGroupDbMixin._ensure_default_security_group_handler-3644181'] for port, before_update {{(pid=94509) _notify_loop /usr/local/lib/python3.8/dist-packages/neutron_lib/callbacks/manager.py:192}}
Oct 12 16:54:04.325107 dv-cinder-813223-2-smb neutron-server[94509]: INFO neutron.wsgi [req-2d547a21-0038-489f-9072-5359bd58afb5 req-beea4ff8-3fdb-4fee-a4c5-5c0f4a64e0f1 tempest-AttachVolumeTestJSON-927518632 tempest-AttachVolumeTestJSON-927518632-project] 10.222.0.77 "GET /v2.0/security-groups?fields=id&fields=name&tenant_id=439f8fd0252e468e93f589e07166682f HTTP/1.1" status: 200 len: 380 time: 0.3206213
Oct 12 16:54:04.389061 dv-cinder-813223-2-smb neutron-server[94509]: DEBUG neutron.api.v2.base [req-2d547a21-0038-489f-9072-5359bd58afb5 req-8fbb78fb-5310-4bee-8b85-1636ef0abfd6 tempest-AttachVolumeTestJSON-927518632 tempest-AttachVolumeTestJSON-927518632-project] Request body: {'port': {'device_id': '9c63f4ba-090f-43e8-a308-59707c9c5bee', 'network_id': '0fcadddb-cfbb-40d8-9fda-30d4eedc2f8b', 'admin_state_up': True, 'tenant_id': '439f8fd0252e468e93f589e07166682f', 'security_groups': ['6df944d0-bc25-4a7f-a10f-641d33d47433']}} {{(pid=94509) prepare_request_body /opt/stack/neutron/neutron/api/v2/base.py:729}}
Oct 12 16:54:04.494416 dv-cinder-813223-2-smb neutron-server[94509]: DEBUG neutron.pecan_wsgi.hooks.policy_enforcement [req-48220406-8276-401b-ae20-1fd567d548a2 req-8d97c574-44e6-4f6b-bdc4-601714b7c7c5 service neutron] Attributes excluded by policy engine: ['standard_attr_id', 'vlan_transparent'] {{(pid=94509) _exclude_attributes_by_policy /opt/stack/neutron/neutron/pecan_wsgi/hooks/policy_enforcement.py:255}}
Oct 12 16:54:04.496132 dv-cinder-813223-2-smb neutron-server[94509]: INFO neutron.wsgi [req-48220406-8276-401b-ae20-1fd567d548a2 req-8d97c574-44e6-4f6b-bdc4-601714b7c7c5 service neutron] 10.222.0.77 "GET /v2.0/networks?id=d7822947-1032-4368-8d9f-47261918951f HTTP/1.1" status: 200 len: 914 time: 0.6931357
Oct 12 16:54:04.521559 dv-cinder-813223-2-smb neutron-server[94510]: DEBUG neutron.pecan_wsgi.hooks.policy_enforcement [req-4db44c21-0beb-4798-b873-ba58e0c5e14a req-ddb61fdd-a0a6-4672-a3ec-c926af0f5385 tempest-DeleteServersTestJSON-1105780580 tempest-DeleteServersTestJSON-1105780580-project] Attributes excluded by policy engine: ['standard_attr_id', 'binding:profile', 'binding:host_id', 'binding:vif_type', 'binding:vif_details'] {{(pid=94510) _exclude_attributes_by_policy /opt/stack/neutron/neutron/pecan_wsgi/hooks/policy_enforcement.py:255}}
Oct 12 16:54:04.536187 dv-cinder-813223-2-smb neutron-server[94510]: INFO neutron.wsgi [req-4db44c21-0beb-4798-b873-ba58e0c5e14a req-ddb61fdd-a0a6-4672-a3ec-c926af0f5385 tempest-DeleteServersTestJSON-1105780580 tempest-DeleteServersTestJSON-1105780580-project] 10.222.0.65 "GET /v2.0/ports?device_id=c9ce55ab-12c6-468b-8d50-eef360cdb25d HTTP/1.1" status: 200 len: 943 time: 0.0930355
Oct 12 16:54:04.593906 dv-cinder-813223-2-smb neutron-server[94510]: INFO neutron.wsgi [req-4db44c21-0beb-4798-b873-ba58e0c5e14a req-d910f658-ef2f-4651-8ed3-bc380f1fb2d1 tempest-DeleteServersTestJSON-1105780580 tempest-DeleteServersTestJSON-1105780580-project] 10.222.0.65 "GET /v2.0/security-groups?id=3b22cc7c-4867-4a36-83d6-181e0ea51e5d&fields=id&fields=name HTTP/1.1" status: 200 len: 286 time: 0.0563250
Oct 12 16:54:04.607721 dv-cinder-813223-2-smb neutron-server[94509]: DEBUG neutron.pecan_wsgi.hooks.policy_enforcement [req-4642bf0c-3108-4273-9d5c-039699c6f9ad req-e558f49b-5a82-4108-afab-172f8b461c81 service neutron] Attributes excluded by policy engine: ['standard_attr_id'] {{(pid=94509) _exclude_attributes_by_policy /opt/stack/neutron/neutron/pecan_wsgi/hooks/policy_enforcement.py:255}}
Oct 12 16:54:04.610185 dv-cinder-813223-2-smb neutron-server[94509]: INFO neutron.wsgi [req-4642bf0c-3108-4273-9d5c-039699c6f9ad req-e558f49b-5a82-4108-afab-172f8b461c81 service neutron] 10.222.0.77 "GET /v2.0/ports?tenant_id=94c6b81d790b43deaee13db7f4b2db43&device_id=8b3d31cd-bb91-4907-b239-17fa767a25da HTTP/1.1" status: 200 len: 1096 time: 0.2296264
Oct 12 16:54:04.616863 dv-cinder-813223-2-smb neutron-server[94509]: INFO neutron.wsgi [req-48220406-8276-401b-ae20-1fd567d548a2 req-9d121d24-efcf-44de-84b7-d3b5f34d5337 service neutron] 10.222.0.77 "GET /v2.0/floatingips?fixed_ip_address=172.20.0.3&port_id=4789d702-5867-4964-9606-b0433f514840 HTTP/1.1" status: 200 len: 217 time: 0.1089389
Oct 12 16:54:04.799952 dv-cinder-813223-2-smb neutron-server[94511]: DEBUG neutron_lib.callbacks.manager [None req-0abcbd12-e344-4d9c-9163-7f9e1a8b1705 None None] Notify callbacks ['neutron.services.segments.db._update_segment_host_mapping_for_agent-8758484289774', 'neutron.plugins.ml2.plugin.Ml2Plugin._retry_binding_revived_agents-3475304'] for agent, after_update {{(pid=94511) _notify_loop /usr/local/lib/python3.8/dist-packages/neutron_lib/callbacks/manager.py:192}}
Oct 12 16:54:04.819779 dv-cinder-813223-2-smb neutron-server[94509]: DEBUG neutron.pecan_wsgi.hooks.policy_enforcement [req-48220406-8276-401b-ae20-1fd567d548a2 req-5ada4320-c452-425b-9101-de531a55278b service neutron] Attributes excluded by policy engine: ['standard_attr_id', 'shared', 'segment_id'] {{(pid=94509) _exclude_attributes_by_policy /opt/stack/neutron/neutron/pecan_wsgi/hooks/policy_enforcement.py:255}}
Oct 12 16:54:04.821273 dv-cinder-813223-2-smb neutron-server[94509]: INFO neutron.wsgi [req-48220406-8276-401b-ae20-1fd567d548a2 req-5ada4320-c452-425b-9101-de531a55278b service neutron] 10.222.0.77 "GET /v2.0/subnets?id=502a1423-d667-4648-b7b8-7c2840ff028d HTTP/1.1" status: 200 len: 852 time: 0.1950507
Oct 12 16:54:04.888793 dv-cinder-813223-2-smb neutron-server[94509]: INFO neutron.wsgi [req-48220406-8276-401b-ae20-1fd567d548a2 req-0cb0d8ae-c714-4407-bdd8-46a989eb1b36 service neutron] 10.222.0.77 "GET /v2.0/ports?network_id=d7822947-1032-4368-8d9f-47261918951f&device_owner=network%3Adhcp HTTP/1.1" status: 200 len: 210 time: 0.0508184
Oct 12 16:54:04.895835 dv-cinder-813223-2-smb neutron-server[94509]: DEBUG neutron.pecan_wsgi.hooks.quota_enforcement [req-2d547a21-0038-489f-9072-5359bd58afb5 req-8fbb78fb-5310-4bee-8b85-1636ef0abfd6 tempest-AttachVolumeTestJSON-927518632 tempest-AttachVolumeTestJSON-927518632-project] Made reservation on behalf of 439f8fd0252e468e93f589e07166682f for: {'port': 1} {{(pid=94509) before /opt/stack/neutron/neutron/pecan_wsgi/hooks/quota_enforcement.py:53}}
Oct 12 16:54:04.899361 dv-cinder-813223-2-smb neutron-server[94509]: DEBUG neutron_lib.callbacks.manager [req-2d547a21-0038-489f-9072-5359bd58afb5 req-8fbb78fb-5310-4bee-8b85-1636ef0abfd6 tempest-AttachVolumeTestJSON-927518632 tempest-AttachVolumeTestJSON-927518632-project] Notify callbacks ['neutron.plugins.ml2.plugin.SecurityGroupDbMixin._ensure_default_security_group_handler-3644181'] for port, before_create {{(pid=94509) _notify_loop /usr/local/lib/python3.8/dist-packages/neutron_lib/callbacks/manager.py:192}}
Oct 12 16:54:04.934415 dv-cinder-813223-2-smb neutron-server[94509]: DEBUG neutron.pecan_wsgi.hooks.policy_enforcement [req-930f691d-f27d-4eec-8250-093dd2887e69 req-366e0408-b1df-481c-a698-09c0d965ee06 tempest-AttachVolumeNegativeTest-1995245629 tempest-AttachVolumeNegativeTest-1995245629-project] Attributes excluded by policy engine: ['standard_attr_id', 'binding:profile', 'binding:host_id', 'binding:vif_type', 'binding:vif_details'] {{(pid=94509) _exclude_attributes_by_policy /opt/stack/neutron/neutron/pecan_wsgi/hooks/policy_enforcement.py:255}}
Oct 12 16:54:04.935943 dv-cinder-813223-2-smb neutron-server[94509]: INFO neutron.wsgi [req-930f691d-f27d-4eec-8250-093dd2887e69 req-366e0408-b1df-481c-a698-09c0d965ee06 tempest-AttachVolumeNegativeTest-1995245629 tempest-AttachVolumeNegativeTest-1995245629-project] 10.222.0.65 "GET /v2.0/ports?device_id=8b3d31cd-bb91-4907-b239-17fa767a25da HTTP/1.1" status: 200 len: 943 time: 0.1983941
Oct 12 16:54:04.937147 dv-cinder-813223-2-smb neutron-server[94509]: DEBUG neutron.pecan_wsgi.hooks.policy_enforcement [req-4642bf0c-3108-4273-9d5c-039699c6f9ad req-051f8c74-b6f0-4c69-9319-6fa63a6534a3 service neutron] Attributes excluded by policy engine: ['standard_attr_id', 'vlan_transparent'] {{(pid=94509) _exclude_attributes_by_policy /opt/stack/neutron/neutron/pecan_wsgi/hooks/policy_enforcement.py:255}}
Oct 12 16:54:04.938527 dv-cinder-813223-2-smb neutron-server[94509]: INFO neutron.wsgi [req-4642bf0c-3108-4273-9d5c-039699c6f9ad req-051f8c74-b6f0-4c69-9319-6fa63a6534a3 service neutron] 10.222.0.77 "GET /v2.0/networks?id=0e296cf0-7bc2-4f32-b561-c05c56455921 HTTP/1.1" status: 200 len: 917 time: 0.3187418
Oct 12 16:54:04.944682 dv-cinder-813223-2-smb neutron-server[94509]: DEBUG neutron_lib.callbacks.manager [None req-3f4acba4-7b75-426b-84f3-408d4ac552fe tempest-AttachVolumeShelveTestJSON-640722908 tempest-AttachVolumeShelveTestJSON-640722908-project] Notify callbacks [] for port, precommit_update {{(pid=94509) _notify_loop /usr/local/lib/python3.8/dist-packages/neutron_lib/callbacks/manager.py:192}}
Oct 12 16:54:04.990403 dv-cinder-813223-2-smb neutron-server[94509]: DEBUG neutron_lib.callbacks.manager [None req-3f4acba4-7b75-426b-84f3-408d4ac552fe tempest-AttachVolumeShelveTestJSON-640722908 tempest-AttachVolumeShelveTestJSON-640722908-project] Notify callbacks ['neutron.plugins.ml2.plugin.SecurityGroupServerNotifierRpcMixin._notify_sg_on_port_change-3644655', 'neutron.plugins.ml2.ovo_rpc._ObjectChangeHandler.handle_event-845711', 'neutron.api.rpc.agentnotifiers.dhcp_rpc_agent_api.DhcpAgentNotifyAPI._native_event_send_dhcp_notification-1539606', 'neutron.db.l3_db.L3RpcNotifierMixin._notify_gateway_port_ip_changed-8758484181526', 'neutron.db.l3_dvrscheduler_db._notify_l3_agent_port_update-8758483711470', 'neutron.db.l3_hascheduler_db._notify_l3_agent_ha_port_update-8758483708932', 'neutron.services.segments.plugin.NovaSegmentNotifier._notify_port_updated-4826099'] for port, after_update {{(pid=94509) _notify_loop /usr/local/lib/python3.8/dist-packages/neutron_lib/callbacks/manager.py:192}}
Oct 12 16:54:05.074507 dv-cinder-813223-2-smb neutron-server[94509]: INFO neutron.wsgi [req-4642bf0c-3108-4273-9d5c-039699c6f9ad req-661492c5-ae42-4015-9ee0-fed6a1a7f542 service neutron] 10.222.0.77 "GET /v2.0/floatingips?fixed_ip_address=172.20.0.3&port_id=55c43cf7-fb12-4e17-afcb-f526ecf8ccab HTTP/1.1" status: 200 len: 217 time: 0.1153772
Oct 12 16:54:05.190418 dv-cinder-813223-2-smb neutron-server[94511]: DEBUG neutron_lib.callbacks.manager [None req-e171cec3-e284-4aef-9cda-897db71191b5 None None] Notify callbacks ['neutron.services.segments.db._update_segment_host_mapping_for_agent-8758484289774', 'neutron.plugins.ml2.plugin.Ml2Plugin._retry_binding_revived_agents-3475304'] for agent, after_update {{(pid=94511) _notify_loop /usr/local/lib/python3.8/dist-packages/neutron_lib/callbacks/manager.py:192}}
Oct 12 16:54:05.222088 dv-cinder-813223-2-smb neutron-server[94509]: DEBUG neutron.api.rpc.handlers.resources_rpc [None req-3f4acba4-7b75-426b-84f3-408d4ac552fe tempest-AttachVolumeShelveTestJSON-640722908 tempest-AttachVolumeShelveTestJSON-640722908-project] Pushing event updated for resources: {'Port': ['ID=cfc995e0-0443-4161-aba8-d4b093ddbdf2,revision_number=2']} {{(pid=94509) push /opt/stack/neutron/neutron/api/rpc/handlers/resources_rpc.py:237}}
Oct 12 16:54:05.233925 dv-cinder-813223-2-smb neutron-server[94509]: INFO neutron.wsgi [req-930f691d-f27d-4eec-8250-093dd2887e69 req-af0f5f80-f682-48c3-8244-6491a72e2a43 tempest-AttachVolumeNegativeTest-1995245629 tempest-AttachVolumeNegativeTest-1995245629-project] 10.222.0.65 "GET /v2.0/security-groups?id=48b14609-0157-43e8-a0db-4f2f89278620&fields=id&fields=name HTTP/1.1" status: 200 len: 286 time: 0.2751899
Oct 12 16:54:05.290453 dv-cinder-813223-2-smb neutron-server[94509]: DEBUG neutron.pecan_wsgi.hooks.policy_enforcement [req-4642bf0c-3108-4273-9d5c-039699c6f9ad req-9909727a-767f-4c4a-a161-ce1b55598085 service neutron] Attributes excluded by policy engine: ['standard_attr_id', 'shared', 'segment_id'] {{(pid=94509) _exclude_attributes_by_policy /opt/stack/neutron/neutron/pecan_wsgi/hooks/policy_enforcement.py:255}}
Oct 12 16:54:05.292157 dv-cinder-813223-2-smb neutron-server[94509]: INFO neutron.wsgi [req-4642bf0c-3108-4273-9d5c-039699c6f9ad req-9909727a-767f-4c4a-a161-ce1b55598085 service neutron] 10.222.0.77 "GET /v2.0/subnets?id=60dbdba8-9af1-41c2-9061-4fb948301e17 HTTP/1.1" status: 200 len: 855 time: 0.2031307
Oct 12 16:54:05.297507 dv-cinder-813223-2-smb neutron-server[94509]: INFO neutron.wsgi [req-48220406-8276-401b-ae20-1fd567d548a2 req-92cb45ff-be99-454e-8633-1f4c1251f0f3 service neutron] 10.222.0.77 "GET /v2.0/networks/d7822947-1032-4368-8d9f-47261918951f?fields=segments HTTP/1.1" status: 200 len: 212 time: 0.3959260
Oct 12 16:54:05.298419 dv-cinder-813223-2-smb neutron-server[94509]: DEBUG neutron_lib.callbacks.manager [None req-3f4acba4-7b75-426b-84f3-408d4ac552fe tempest-AttachVolumeShelveTestJSON-640722908 tempest-AttachVolumeShelveTestJSON-640722908-project] Notify callbacks ['neutron.services.l3_router.l3_router_plugin.DVRResourceOperationHandler._create_dvr_floating_gw_port-1636758'] for floatingip, after_create {{(pid=94509) _notify_loop /usr/local/lib/python3.8/dist-packages/neutron_lib/callbacks/manager.py:192}}
Oct 12 16:54:05.390146 dv-cinder-813223-2-smb neutron-server[94509]: INFO neutron.wsgi [req-4642bf0c-3108-4273-9d5c-039699c6f9ad req-703d2dee-d183-47d7-8793-cd5c59dab942 service neutron] 10.222.0.77 "GET /v2.0/ports?network_id=0e296cf0-7bc2-4f32-b561-c05c56455921&device_owner=network%3Adhcp HTTP/1.1" status: 200 len: 210 time: 0.0840020
Oct 12 16:54:05.419759 dv-cinder-813223-2-smb neutron-server[94509]: DEBUG neutron_lib.callbacks.manager [None req-3f4acba4-7b75-426b-84f3-408d4ac552fe tempest-AttachVolumeShelveTestJSON-640722908 tempest-AttachVolumeShelveTestJSON-640722908-project] Notify callbacks ['neutron.notifiers.nova.Notifier._send_nova_notification-42134'] for floatingip, before_response {{(pid=94509) _notify_loop /usr/local/lib/python3.8/dist-packages/neutron_lib/callbacks/manager.py:192}}
Oct 12 16:54:05.421094 dv-cinder-813223-2-smb neutron-server[94509]: INFO neutron.wsgi [None req-3f4acba4-7b75-426b-84f3-408d4ac552fe tempest-AttachVolumeShelveTestJSON-640722908 tempest-AttachVolumeShelveTestJSON-640722908-project] 10.222.0.65 "POST /v2.0/floatingips HTTP/1.1" status: 201 len: 693 time: 4.6418805
Oct 12 16:54:05.424959 dv-cinder-813223-2-smb neutron-server[94509]: DEBUG neutron.db.db_base_plugin_common [req-2d547a21-0038-489f-9072-5359bd58afb5 req-8fbb78fb-5310-4bee-8b85-1636ef0abfd6 tempest-AttachVolumeTestJSON-927518632 tempest-AttachVolumeTestJSON-927518632-project] Allocated IP 172.20.0.14 (0fcadddb-cfbb-40d8-9fda-30d4eedc2f8b/c4d65129-9aad-46a5-b942-f436af9dc920/072cb873-cbcf-4b41-8a64-ca8c48134ccc) {{(pid=94509) _store_ip_allocation /opt/stack/neutron/neutron/db/db_base_plugin_common.py:131}}
Oct 12 16:54:05.464627 dv-cinder-813223-2-smb neutron-server[94510]: INFO neutron.wsgi [req-1fe6e4ed-5f92-4310-9cbe-90d1650d6fbe req-a72471b9-bb87-424f-b4fe-d90784956981 tempest-AttachVolumeTestJSON-927518632 tempest-AttachVolumeTestJSON-927518632-project] 10.222.0.65 "GET /v2.0/ports?device_id=9c63f4ba-090f-43e8-a308-59707c9c5bee HTTP/1.1" status: 200 len: 210 time: 0.0486450
Oct 12 16:54:05.524689 dv-cinder-813223-2-smb neutron-server[94509]: INFO neutron.wsgi [req-48220406-8276-401b-ae20-1fd567d548a2 req-04d43e99-3c60-4805-b109-ccbb16821e87 service neutron] 10.222.0.77 "GET /v2.0/networks/d7822947-1032-4368-8d9f-47261918951f?fields=provider%3Aphysical_network&fields=provider%3Anetwork_type HTTP/1.1" status: 200 len: 281 time: 0.2174885
Oct 12 16:54:05.605770 dv-cinder-813223-2-smb neutron-server[94509]: INFO neutron.wsgi [req-4642bf0c-3108-4273-9d5c-039699c6f9ad req-839b66b3-aacb-4ec7-8bdb-2d7619392131 service neutron] 10.222.0.77 "GET /v2.0/networks/0e296cf0-7bc2-4f32-b561-c05c56455921?fields=segments HTTP/1.1" status: 200 len: 212 time: 0.2048020
Oct 12 16:54:05.737288 dv-cinder-813223-2-smb neutron-server[94509]: DEBUG neutron_lib.callbacks.manager [req-2d547a21-0038-489f-9072-5359bd58afb5 req-8fbb78fb-5310-4bee-8b85-1636ef0abfd6 tempest-AttachVolumeTestJSON-927518632 tempest-AttachVolumeTestJSON-927518632-project] Notify callbacks [] for port, precommit_create {{(pid=94509) _notify_loop /usr/local/lib/python3.8/dist-packages/neutron_lib/callbacks/manager.py:192}}
Oct 12 16:54:05.787933 dv-cinder-813223-2-smb neutron-server[94509]: INFO neutron.wsgi [req-4642bf0c-3108-4273-9d5c-039699c6f9ad req-88b43e2a-621a-43b7-8ff5-d7a579b9f2a7 service neutron] 10.222.0.77 "GET /v2.0/networks/0e296cf0-7bc2-4f32-b561-c05c56455921?fields=provider%3Aphysical_network&fields=provider%3Anetwork_type HTTP/1.1" status: 200 len: 281 time: 0.1740649
Oct 12 16:54:05.822926 dv-cinder-813223-2-smb neutron-server[94509]: DEBUG neutron.pecan_wsgi.hooks.policy_enforcement [req-63644f86-01d2-4b0c-ac85-41c69f1d0ca7 req-1801a94e-90cb-4408-81a9-8a750b00c80c tempest-DeleteServersTestJSON-1105780580 tempest-DeleteServersTestJSON-1105780580-project] Attributes excluded by policy engine: ['standard_attr_id', 'binding:profile', 'binding:host_id', 'binding:vif_type', 'binding:vif_details'] {{(pid=94509) _exclude_attributes_by_policy /opt/stack/neutron/neutron/pecan_wsgi/hooks/policy_enforcement.py:255}}
Oct 12 16:54:05.824470 dv-cinder-813223-2-smb neutron-server[94509]: INFO neutron.wsgi [req-63644f86-01d2-4b0c-ac85-41c69f1d0ca7 req-1801a94e-90cb-4408-81a9-8a750b00c80c tempest-DeleteServersTestJSON-1105780580 tempest-DeleteServersTestJSON-1105780580-project] 10.222.0.65 "GET /v2.0/ports?device_id=c9ce55ab-12c6-468b-8d50-eef360cdb25d HTTP/1.1" status: 200 len: 943 time: 0.0854635
Oct 12 16:54:05.828393 dv-cinder-813223-2-smb neutron-server[94510]: INFO neutron.wsgi [req-f0fbe3fc-f7ba-4425-9c23-872cf35c7aab req-b0712e90-9344-4ce5-a9be-06b956a913f6 tempest-AttachVolumeShelveTestJSON-640722908 tempest-AttachVolumeShelveTestJSON-640722908-project] 10.222.0.65 "GET /v2.0/security-groups?name=tempest-securitygroup--1896916216&fields=id&tenant_id=ef90c1c33d90403aa23950dce52c05e7 HTTP/1.1" status: 200 len: 267 time: 0.0885904
Oct 12 16:54:05.836078 dv-cinder-813223-2-smb neutron-server[94509]: DEBUG neutron_lib.callbacks.manager [req-2d547a21-0038-489f-9072-5359bd58afb5 req-8fbb78fb-5310-4bee-8b85-1636ef0abfd6 tempest-AttachVolumeTestJSON-927518632 tempest-AttachVolumeTestJSON-927518632-project] Notify callbacks ['neutron.plugins.ml2.plugin.SecurityGroupServerNotifierRpcMixin._notify_sg_on_port_change-3644655', 'neutron.plugins.ml2.ovo_rpc._ObjectChangeHandler.handle_event-845711', 'neutron.api.rpc.agentnotifiers.dhcp_rpc_agent_api.DhcpAgentNotifyAPI._native_event_send_dhcp_notification-1539606', 'neutron.db.l3_dvrscheduler_db._notify_l3_agent_new_port-8758483711452', 'neutron.services.segments.plugin.NovaSegmentNotifier._notify_port_created_or_deleted-4826090'] for port, after_create {{(pid=94509) _notify_loop /usr/local/lib/python3.8/dist-packages/neutron_lib/callbacks/manager.py:192}}
Oct 12 16:54:05.915205 dv-cinder-813223-2-smb neutron-server[94509]: DEBUG neutron.scheduler.dhcp_agent_scheduler [req-2d547a21-0038-489f-9072-5359bd58afb5 req-8fbb78fb-5310-4bee-8b85-1636ef0abfd6 tempest-AttachVolumeTestJSON-927518632 tempest-AttachVolumeTestJSON-927518632-project] Network 0fcadddb-cfbb-40d8-9fda-30d4eedc2f8b is already hosted by enough agents. {{(pid=94509) _get_dhcp_agents_hosting_network /opt/stack/neutron/neutron/scheduler/dhcp_agent_scheduler.py:275}}
Oct 12 16:54:05.932268 dv-cinder-813223-2-smb neutron-server[94509]: DEBUG neutron.scheduler.base_scheduler [req-2d547a21-0038-489f-9072-5359bd58afb5 req-8fbb78fb-5310-4bee-8b85-1636ef0abfd6 tempest-AttachVolumeTestJSON-927518632 tempest-AttachVolumeTestJSON-927518632-project] Resources bound (agent type, host, resource id): {{(pid=94509) schedule /opt/stack/neutron/neutron/scheduler/base_scheduler.py:57}}
Oct 12 16:54:05.946507 dv-cinder-813223-2-smb neutron-server[94509]: DEBUG neutron.db.l3_dvrscheduler_db [req-2d547a21-0038-489f-9072-5359bd58afb5 req-8fbb78fb-5310-4bee-8b85-1636ef0abfd6 tempest-AttachVolumeTestJSON-927518632 tempest-AttachVolumeTestJSON-927518632-project] Received port after_create {{(pid=94509) _notify_l3_agent_new_port /opt/stack/neutron/neutron/db/l3_dvrscheduler_db.py:535}}
Oct 12 16:54:05.949788 dv-cinder-813223-2-smb neutron-server[94509]: DEBUG neutron.api.rpc.handlers.resources_rpc [None req-8fbb78fb-5310-4bee-8b85-1636ef0abfd6 tempest-AttachVolumeTestJSON-927518632 tempest-AttachVolumeTestJSON-927518632-project] Pushing event updated for resources: {'Port': ['ID=072cb873-cbcf-4b41-8a64-ca8c48134ccc,revision_number=1']} {{(pid=94509) push /opt/stack/neutron/neutron/api/rpc/handlers/resources_rpc.py:237}}
Oct 12 16:54:06.265181 dv-cinder-813223-2-smb neutron-server[94510]: DEBUG neutron.pecan_wsgi.hooks.policy_enforcement [req-f0fbe3fc-f7ba-4425-9c23-872cf35c7aab req-fe32c401-e97b-4264-8dc5-5b795d729c3f tempest-AttachVolumeShelveTestJSON-640722908 tempest-AttachVolumeShelveTestJSON-640722908-project] Attributes excluded by policy engine: ['standard_attr_id', 'vlan_transparent', 'provider:network_type', 'provider:physical_network', 'provider:segmentation_id'] {{(pid=94510) _exclude_attributes_by_policy /opt/stack/neutron/neutron/pecan_wsgi/hooks/policy_enforcement.py:255}}
Oct 12 16:54:06.267213 dv-cinder-813223-2-smb neutron-server[94510]: INFO neutron.wsgi [req-f0fbe3fc-f7ba-4425-9c23-872cf35c7aab req-fe32c401-e97b-4264-8dc5-5b795d729c3f tempest-AttachVolumeShelveTestJSON-640722908 tempest-AttachVolumeShelveTestJSON-640722908-project] 10.222.0.65 "GET /v2.0/networks?id=e9959c21-ad67-445b-93c7-53e68e180525 HTTP/1.1" status: 200 len: 816 time: 0.4371169
Oct 12 16:54:06.289098 dv-cinder-813223-2-smb neutron-server[94510]: INFO neutron.wsgi [req-f0fbe3fc-f7ba-4425-9c23-872cf35c7aab req-2b036189-f710-40fc-adc8-f7e25f952a31 tempest-AttachVolumeShelveTestJSON-640722908 tempest-AttachVolumeShelveTestJSON-640722908-project] 10.222.0.65 "GET /v2.0/quotas/ef90c1c33d90403aa23950dce52c05e7 HTTP/1.1" status: 200 len: 375 time: 0.0156493
Oct 12 16:54:06.304253 dv-cinder-813223-2-smb neutron-server[94509]: INFO neutron.wsgi [req-63644f86-01d2-4b0c-ac85-41c69f1d0ca7 req-bbeda623-ce48-4877-b27a-18038181032c tempest-DeleteServersTestJSON-1105780580 tempest-DeleteServersTestJSON-1105780580-project] 10.222.0.65 "GET /v2.0/security-groups?id=3b22cc7c-4867-4a36-83d6-181e0ea51e5d&fields=id&fields=name HTTP/1.1" status: 200 len: 286 time: 0.4698172
Oct 12 16:54:06.307596 dv-cinder-813223-2-smb neutron-server[94511]: DEBUG neutron.db.provisioning_blocks [None req-07c4d7ea-53bc-481f-a1d0-ab527841857e None None] Provisioning complete for port 072cb873-cbcf-4b41-8a64-ca8c48134ccc triggered by entity DHCP. {{(pid=94511) provisioning_complete /opt/stack/neutron/neutron/db/provisioning_blocks.py:139}}
Oct 12 16:54:06.308063 dv-cinder-813223-2-smb neutron-server[94511]: DEBUG neutron_lib.callbacks.manager [None req-07c4d7ea-53bc-481f-a1d0-ab527841857e None None] Notify callbacks ['neutron.plugins.ml2.plugin.Ml2Plugin._port_provisioned-3474579'] for port, provisioning_complete {{(pid=94511) _notify_loop /usr/local/lib/python3.8/dist-packages/neutron_lib/callbacks/manager.py:192}}
Oct 12 16:54:06.364128 dv-cinder-813223-2-smb neutron-server[94509]: DEBUG neutron.pecan_wsgi.hooks.policy_enforcement [req-2d547a21-0038-489f-9072-5359bd58afb5 req-8fbb78fb-5310-4bee-8b85-1636ef0abfd6 tempest-AttachVolumeTestJSON-927518632 tempest-AttachVolumeTestJSON-927518632-project] Attributes excluded by policy engine: ['standard_attr_id', 'binding:profile', 'binding:host_id', 'binding:vif_type', 'binding:vif_details', 'network'] {{(pid=94509) _exclude_attributes_by_policy /opt/stack/neutron/neutron/pecan_wsgi/hooks/policy_enforcement.py:255}}
Oct 12 16:54:06.365009 dv-cinder-813223-2-smb neutron-server[94509]: DEBUG neutron_lib.callbacks.manager [req-2d547a21-0038-489f-9072-5359bd58afb5 req-8fbb78fb-5310-4bee-8b85-1636ef0abfd6 tempest-AttachVolumeTestJSON-927518632 tempest-AttachVolumeTestJSON-927518632-project] Notify callbacks ['neutron.notifiers.nova.Notifier._send_nova_notification-42134', 'neutron.api.rpc.agentnotifiers.dhcp_rpc_agent_api.DhcpAgentNotifyAPI._send_dhcp_notification-1539584'] for port, before_response {{(pid=94509) _notify_loop /usr/local/lib/python3.8/dist-packages/neutron_lib/callbacks/manager.py:192}}
Oct 12 16:54:06.365134 dv-cinder-813223-2-smb neutron-server[94510]: INFO neutron.wsgi [req-f0fbe3fc-f7ba-4425-9c23-872cf35c7aab req-47f3827c-1719-44e1-b22d-c79947e9c3c9 tempest-AttachVolumeShelveTestJSON-640722908 tempest-AttachVolumeShelveTestJSON-640722908-project] 10.222.0.65 "GET /v2.0/ports?tenant_id=ef90c1c33d90403aa23950dce52c05e7&fields=id HTTP/1.1" status: 200 len: 348 time: 0.0666060
Oct 12 16:54:06.386171 dv-cinder-813223-2-smb neutron-server[94509]: INFO neutron.wsgi [req-2d547a21-0038-489f-9072-5359bd58afb5 req-8fbb78fb-5310-4bee-8b85-1636ef0abfd6 tempest-AttachVolumeTestJSON-927518632 tempest-AttachVolumeTestJSON-927518632-project] 10.222.0.77 "POST /v2.0/ports HTTP/1.1" status: 201 len: 934 time: 2.0083933
Oct 12 16:54:06.410346 dv-cinder-813223-2-smb neutron-server[94511]: DEBUG neutron.plugins.ml2.plugin [None req-07c4d7ea-53bc-481f-a1d0-ab527841857e None None] Port 072cb873-cbcf-4b41-8a64-ca8c48134ccc cannot update to ACTIVE because it is not bound. {{(pid=94511) _port_provisioned /opt/stack/neutron/neutron/plugins/ml2/plugin.py:338}}
Oct 12 16:54:06.423309 dv-cinder-813223-2-smb neutron-server[94509]: DEBUG neutron.api.v2.base [req-2d547a21-0038-489f-9072-5359bd58afb5 req-0bf60981-bf52-4ca2-ab6b-350af877554b service neutron] Request body: {'port': {'device_id': '9c63f4ba-090f-43e8-a308-59707c9c5bee', 'device_owner': 'compute:nova', 'binding:host_id': 'hv-cinder-81322'}} {{(pid=94509) prepare_request_body /opt/stack/neutron/neutron/api/v2/base.py:729}}
Oct 12 16:54:06.436506 dv-cinder-813223-2-smb neutron-server[94510]: DEBUG neutron.wsgi [-] (94510) accepted ('10.222.0.65', 56184) {{(pid=94510) server /usr/local/lib/python3.8/dist-packages/eventlet/wsgi.py:982}}
Oct 12 16:54:06.493991 dv-cinder-813223-2-smb neutron-server[94510]: INFO neutron.wsgi [req-f0fbe3fc-f7ba-4425-9c23-872cf35c7aab req-7fab06e2-ec62-4ccf-9a59-164c48bd67c8 service neutron] 10.222.0.65 "GET /v2.0/networks/e9959c21-ad67-445b-93c7-53e68e180525?fields=segments HTTP/1.1" status: 200 len: 212 time: 0.1245513
Oct 12 16:54:06.509492 dv-cinder-813223-2-smb neutron-server[94509]: DEBUG neutron.pecan_wsgi.hooks.policy_enforcement [req-d3288a7c-1cbf-48ca-9af1-6c1967258394 req-948a9dbc-64bf-4cc4-9bdc-e230f99f52ef tempest-AttachVolumeNegativeTest-1995245629 tempest-AttachVolumeNegativeTest-1995245629-project] Attributes excluded by policy engine: ['standard_attr_id', 'binding:profile', 'binding:host_id', 'binding:vif_type', 'binding:vif_details'] {{(pid=94509) _exclude_attributes_by_policy /opt/stack/neutron/neutron/pecan_wsgi/hooks/policy_enforcement.py:255}}
Oct 12 16:54:06.511148 dv-cinder-813223-2-smb neutron-server[94509]: INFO neutron.wsgi [req-d3288a7c-1cbf-48ca-9af1-6c1967258394 req-948a9dbc-64bf-4cc4-9bdc-e230f99f52ef tempest-AttachVolumeNegativeTest-1995245629 tempest-AttachVolumeNegativeTest-1995245629-project] 10.222.0.65 "GET /v2.0/ports?device_id=8b3d31cd-bb91-4907-b239-17fa767a25da HTTP/1.1" status: 200 len: 943 time: 0.1092892
Oct 12 16:54:06.521695 dv-cinder-813223-2-smb neutron-server[94509]: DEBUG neutron_lib.callbacks.manager [req-2d547a21-0038-489f-9072-5359bd58afb5 req-0bf60981-bf52-4ca2-ab6b-350af877554b service neutron] Notify callbacks ['neutron.plugins.ml2.plugin.SecurityGroupDbMixin._ensure_default_security_group_handler-3644181'] for port, before_update {{(pid=94509) _notify_loop /usr/local/lib/python3.8/dist-packages/neutron_lib/callbacks/manager.py:192}}
Oct 12 16:54:06.621414 dv-cinder-813223-2-smb neutron-server[94509]: INFO neutron.wsgi [req-d3288a7c-1cbf-48ca-9af1-6c1967258394 req-208f2bb5-fc6a-44ee-8f25-a0dda88989c9 tempest-AttachVolumeNegativeTest-1995245629 tempest-AttachVolumeNegativeTest-1995245629-project] 10.222.0.65 "GET /v2.0/security-groups?id=48b14609-0157-43e8-a0db-4f2f89278620&fields=id&fields=name HTTP/1.1" status: 200 len: 286 time: 0.1020439
Oct 12 16:54:06.627498 dv-cinder-813223-2-smb neutron-server[94510]: INFO neutron.wsgi [req-f0fbe3fc-f7ba-4425-9c23-872cf35c7aab req-fa9edc2f-9135-4728-898f-e37e2ec0d3a1 service neutron] 10.222.0.65 "GET /v2.0/networks/e9959c21-ad67-445b-93c7-53e68e180525?fields=provider%3Aphysical_network&fields=provider%3Anetwork_type HTTP/1.1" status: 200 len: 281 time: 0.1231861
Oct 12 16:54:06.641756 dv-cinder-813223-2-smb neutron-server[94510]: DEBUG neutron_lib.callbacks.manager [None req-71b7a7db-96b9-4652-910a-492c601782c5 admin admin] Notify callbacks [] for security_group, before_create {{(pid=94510) _notify_loop /usr/local/lib/python3.8/dist-packages/neutron_lib/callbacks/manager.py:192}}
Oct 12 16:54:06.781289 dv-cinder-813223-2-smb neutron-server[94510]: DEBUG neutron_lib.callbacks.manager [None req-71b7a7db-96b9-4652-910a-492c601782c5 admin admin] Notify callbacks [] for security_group, precommit_create {{(pid=94510) _notify_loop /usr/local/lib/python3.8/dist-packages/neutron_lib/callbacks/manager.py:192}}
Oct 12 16:54:06.786231 dv-cinder-813223-2-smb neutron-server[94510]: DEBUG neutron_lib.callbacks.manager [None req-71b7a7db-96b9-4652-910a-492c601782c5 admin admin] Notify callbacks ['neutron.plugins.ml2.ovo_rpc._ObjectChangeHandler.handle_event-1568133'] for security_group, after_create {{(pid=94510) _notify_loop /usr/local/lib/python3.8/dist-packages/neutron_lib/callbacks/manager.py:192}}
Oct 12 16:54:06.869364 dv-cinder-813223-2-smb neutron-server[94510]: DEBUG neutron.api.rpc.handlers.resources_rpc [None req-71b7a7db-96b9-4652-910a-492c601782c5 admin admin] Pushing event updated for resources: {'SecurityGroup': ['ID=f1611751-73e1-40ce-ba71-ea044d5078ba,revision_number=1']} {{(pid=94510) push /opt/stack/neutron/neutron/api/rpc/handlers/resources_rpc.py:237}}
Oct 12 16:54:06.878235 dv-cinder-813223-2-smb neutron-server[94510]: INFO neutron.wsgi [None req-71b7a7db-96b9-4652-910a-492c601782c5 admin admin] 10.222.0.65 "GET /v2.0/security-groups?tenant_id=1e376dcbd65c4e67935addad8e4b2868&name=default HTTP/1.1" status: 200 len: 2979 time: 0.4378228
Oct 12 16:54:06.879279 dv-cinder-813223-2-smb neutron-server[94510]: DEBUG neutron.wsgi [-] (94510) accepted ('10.222.0.65', 56202) {{(pid=94510) server /usr/local/lib/python3.8/dist-packages/eventlet/wsgi.py:982}}
Oct 12 16:54:06.899935 dv-cinder-813223-2-smb neutron-server[94509]: DEBUG neutron.pecan_wsgi.hooks.policy_enforcement [req-dbc7b7d7-5039-4a2c-8edd-e85ea2c9b6d5 req-e5f61818-e674-4507-9995-52d3a63ec026 tempest-AttachVolumeTestJSON-927518632 tempest-AttachVolumeTestJSON-927518632-project] Attributes excluded by policy engine: ['standard_attr_id', 'binding:profile', 'binding:host_id', 'binding:vif_type', 'binding:vif_details'] {{(pid=94509) _exclude_attributes_by_policy /opt/stack/neutron/neutron/pecan_wsgi/hooks/policy_enforcement.py:255}}
Oct 12 16:54:06.901152 dv-cinder-813223-2-smb neutron-server[94509]: INFO neutron.wsgi [req-dbc7b7d7-5039-4a2c-8edd-e85ea2c9b6d5 req-e5f61818-e674-4507-9995-52d3a63ec026 tempest-AttachVolumeTestJSON-927518632 tempest-AttachVolumeTestJSON-927518632-project] 10.222.0.65 "GET /v2.0/ports?device_id=9c63f4ba-090f-43e8-a308-59707c9c5bee HTTP/1.1" status: 200 len: 932 time: 0.1647973
Oct 12 16:54:06.905709 dv-cinder-813223-2-smb neutron-server[94510]: INFO neutron.wsgi [req-e57af587-ae48-439f-b81e-8cdf29c2d6d6 req-a3b319e9-99c7-4775-926e-cbdc433a2248 tempest-AttachVolumeShelveTestJSON-640722908 tempest-AttachVolumeShelveTestJSON-640722908-project] 10.222.0.65 "GET /v2.0/ports?device_id=f82da0b2-85a8-4b9e-86df-fc69fe1df5ef HTTP/1.1" status: 200 len: 210 time: 0.0463810
Oct 12 16:54:06.951003 dv-cinder-813223-2-smb neutron-server[94510]: DEBUG neutron_lib.callbacks.manager [None req-fba75876-d60a-45b7-8ae7-b9233b062422 admin admin] Notify callbacks [] for security_group, before_delete {{(pid=94510) _notify_loop /usr/local/lib/python3.8/dist-packages/neutron_lib/callbacks/manager.py:192}}
Oct 12 16:54:06.980554 dv-cinder-813223-2-smb neutron-server[94509]: INFO neutron.wsgi [req-dbc7b7d7-5039-4a2c-8edd-e85ea2c9b6d5 req-0586a751-ad4c-481e-a9b3-7bef3cdbe365 tempest-AttachVolumeTestJSON-927518632 tempest-AttachVolumeTestJSON-927518632-project] 10.222.0.65 "GET /v2.0/security-groups?id=6df944d0-bc25-4a7f-a10f-641d33d47433&fields=id&fields=name HTTP/1.1" status: 200 len: 313 time: 0.0669694
Oct 12 16:54:06.984762 dv-cinder-813223-2-smb neutron-server[94510]: DEBUG neutron_lib.callbacks.manager [None req-fba75876-d60a-45b7-8ae7-b9233b062422 admin admin] Notify callbacks [] for security_group, precommit_delete {{(pid=94510) _notify_loop /usr/local/lib/python3.8/dist-packages/neutron_lib/callbacks/manager.py:192}}
Oct 12 16:54:07.036442 dv-cinder-813223-2-smb neutron-server[94511]: DEBUG neutron_lib.callbacks.manager [None req-dcabddfe-49d4-4e8e-9363-c9611e1ea001 None None] Notify callbacks ['neutron.services.segments.db._update_segment_host_mapping_for_agent-8758484289774', 'neutron.plugins.ml2.plugin.Ml2Plugin._retry_binding_revived_agents-3475304'] for agent, after_update {{(pid=94511) _notify_loop /usr/local/lib/python3.8/dist-packages/neutron_lib/callbacks/manager.py:192}}
Oct 12 16:54:07.053737 dv-cinder-813223-2-smb neutron-server[94510]: DEBUG neutron_lib.callbacks.manager [None req-fba75876-d60a-45b7-8ae7-b9233b062422 admin admin] Notify callbacks ['neutron.plugins.ml2.ovo_rpc._ObjectChangeHandler.handle_event-1568133'] for security_group, after_delete {{(pid=94510) _notify_loop /usr/local/lib/python3.8/dist-packages/neutron_lib/callbacks/manager.py:192}}
Oct 12 16:54:07.057980 dv-cinder-813223-2-smb neutron-server[94510]: DEBUG neutron_lib.callbacks.manager [None req-fba75876-d60a-45b7-8ae7-b9233b062422 admin admin] Notify callbacks [] for security_group, before_response {{(pid=94510) _notify_loop /usr/local/lib/python3.8/dist-packages/neutron_lib/callbacks/manager.py:192}}
Oct 12 16:54:07.061961 dv-cinder-813223-2-smb neutron-server[94510]: INFO neutron.wsgi [None req-fba75876-d60a-45b7-8ae7-b9233b062422 admin admin] 10.222.0.65 "DELETE /v2.0/security-groups/f1611751-73e1-40ce-ba71-ea044d5078ba HTTP/1.1" status: 204 len: 168 time: 0.1804409
Oct 12 16:54:07.079735 dv-cinder-813223-2-smb neutron-server[94510]: DEBUG neutron.api.rpc.handlers.resources_rpc [None req-fba75876-d60a-45b7-8ae7-b9233b062422 admin admin] Pushing event deleted for resources: {'SecurityGroup': ['ID=f1611751-73e1-40ce-ba71-ea044d5078ba,revision_number=None']} {{(pid=94510) push /opt/stack/neutron/neutron/api/rpc/handlers/resources_rpc.py:237}}
Oct 12 16:54:07.120489 dv-cinder-813223-2-smb neutron-server[94509]: DEBUG neutron.notifiers.nova [req-2d547a21-0038-489f-9072-5359bd58afb5 req-0bf60981-bf52-4ca2-ab6b-350af877554b service neutron] Ignoring state change previous_port_status: DOWN current_port_status: DOWN port_id 072cb873-cbcf-4b41-8a64-ca8c48134ccc {{(pid=94509) record_port_status_changed /opt/stack/neutron/neutron/notifiers/nova.py:224}}
Oct 12 16:54:07.135235 dv-cinder-813223-2-smb neutron-server[94509]: DEBUG neutron_lib.callbacks.manager [req-2d547a21-0038-489f-9072-5359bd58afb5 req-0bf60981-bf52-4ca2-ab6b-350af877554b service neutron] Notify callbacks [] for port, precommit_update {{(pid=94509) _notify_loop /usr/local/lib/python3.8/dist-packages/neutron_lib/callbacks/manager.py:192}}
Oct 12 16:54:07.156668 dv-cinder-813223-2-smb neutron-server[94509]: DEBUG neutron.db.provisioning_blocks [req-2d547a21-0038-489f-9072-5359bd58afb5 req-0bf60981-bf52-4ca2-ab6b-350af877554b service neutron] Transition to ACTIVE for port object 072cb873-cbcf-4b41-8a64-ca8c48134ccc will not be triggered until provisioned by entity L2. {{(pid=94509) add_provisioning_component /opt/stack/neutron/neutron/db/provisioning_blocks.py:73}}
Oct 12 16:54:07.161452 dv-cinder-813223-2-smb neutron-server[94509]: DEBUG neutron_lib.callbacks.manager [req-2d547a21-0038-489f-9072-5359bd58afb5 req-0bf60981-bf52-4ca2-ab6b-350af877554b service neutron] Notify callbacks ['neutron.plugins.ml2.plugin.SecurityGroupServerNotifierRpcMixin._notify_sg_on_port_change-3644655', 'neutron.plugins.ml2.ovo_rpc._ObjectChangeHandler.handle_event-845711', 'neutron.api.rpc.agentnotifiers.dhcp_rpc_agent_api.DhcpAgentNotifyAPI._native_event_send_dhcp_notification-1539606', 'neutron.db.l3_db.L3RpcNotifierMixin._notify_gateway_port_ip_changed-8758484181526', 'neutron.db.l3_dvrscheduler_db._notify_l3_agent_port_update-8758483711470', 'neutron.db.l3_hascheduler_db._notify_l3_agent_ha_port_update-8758483708932', 'neutron.services.segments.plugin.NovaSegmentNotifier._notify_port_updated-4826099'] for port, after_update {{(pid=94509) _notify_loop /usr/local/lib/python3.8/dist-packages/neutron_lib/callbacks/manager.py:192}}
Oct 12 16:54:07.228005 dv-cinder-813223-2-smb neutron-server[94510]: DEBUG neutron.wsgi [-] (94510) accepted ('10.222.0.65', 56216) {{(pid=94510) server /usr/local/lib/python3.8/dist-packages/eventlet/wsgi.py:982}}
Oct 12 16:54:07.272304 dv-cinder-813223-2-smb neutron-server[94509]: DEBUG neutron.api.rpc.handlers.resources_rpc [None req-0bf60981-bf52-4ca2-ab6b-350af877554b service neutron] Pushing event updated for resources: {'Port': ['ID=072cb873-cbcf-4b41-8a64-ca8c48134ccc,revision_number=2']} {{(pid=94509) push /opt/stack/neutron/neutron/api/rpc/handlers/resources_rpc.py:237}}
Oct 12 16:54:07.492106 dv-cinder-813223-2-smb neutron-server[94509]: DEBUG neutron.plugins.ml2.managers [req-2d547a21-0038-489f-9072-5359bd58afb5 req-0bf60981-bf52-4ca2-ab6b-350af877554b service neutron] Attempting to bind port 072cb873-cbcf-4b41-8a64-ca8c48134ccc on host hv-cinder-81322 for vnic_type normal with profile {{(pid=94509) bind_port /opt/stack/neutron/neutron/plugins/ml2/managers.py:790}}
Oct 12 16:54:07.492447 dv-cinder-813223-2-smb neutron-server[94509]: DEBUG neutron.plugins.ml2.managers [req-2d547a21-0038-489f-9072-5359bd58afb5 req-0bf60981-bf52-4ca2-ab6b-350af877554b service neutron] Attempting to bind port 072cb873-cbcf-4b41-8a64-ca8c48134ccc by drivers openvswitch,hyperv on host hv-cinder-81322 at level 0 using segments [{'id': '0eee944f-8de0-4cce-9c60-3c053c236b25', 'network_type': 'vlan', 'physical_network': 'physnet1', 'segmentation_id': 1131, 'network_id': '0fcadddb-cfbb-40d8-9fda-30d4eedc2f8b'}] {{(pid=94509) _bind_port_level /opt/stack/neutron/neutron/plugins/ml2/managers.py:815}}
Oct 12 16:54:07.492782 dv-cinder-813223-2-smb neutron-server[94509]: DEBUG neutron.plugins.ml2.drivers.mech_agent [req-2d547a21-0038-489f-9072-5359bd58afb5 req-0bf60981-bf52-4ca2-ab6b-350af877554b service neutron] Attempting to bind port 072cb873-cbcf-4b41-8a64-ca8c48134ccc on network 0fcadddb-cfbb-40d8-9fda-30d4eedc2f8b {{(pid=94509) bind_port /opt/stack/neutron/neutron/plugins/ml2/drivers/mech_agent.py:91}}
Oct 12 16:54:07.498070 dv-cinder-813223-2-smb neutron-server[94509]: DEBUG neutron.plugins.ml2.drivers.mech_agent [req-2d547a21-0038-489f-9072-5359bd58afb5 req-0bf60981-bf52-4ca2-ab6b-350af877554b service neutron] Port 072cb873-cbcf-4b41-8a64-ca8c48134ccc on network 0fcadddb-cfbb-40d8-9fda-30d4eedc2f8b not bound, no agent of type Open vSwitch agent registered on host hv-cinder-81322 {{(pid=94509) bind_port /opt/stack/neutron/neutron/plugins/ml2/drivers/mech_agent.py:103}}
Oct 12 16:54:07.499911 dv-cinder-813223-2-smb neutron-server[94509]: DEBUG neutron.plugins.ml2.drivers.mech_agent [req-2d547a21-0038-489f-9072-5359bd58afb5 req-0bf60981-bf52-4ca2-ab6b-350af877554b service neutron] Attempting to bind port 072cb873-cbcf-4b41-8a64-ca8c48134ccc on network 0fcadddb-cfbb-40d8-9fda-30d4eedc2f8b {{(pid=94509) bind_port /opt/stack/neutron/neutron/plugins/ml2/drivers/mech_agent.py:91}}
Oct 12 16:54:07.506339 dv-cinder-813223-2-smb neutron-server[94509]: DEBUG neutron.plugins.ml2.drivers.mech_agent [req-2d547a21-0038-489f-9072-5359bd58afb5 req-0bf60981-bf52-4ca2-ab6b-350af877554b service neutron] Checking agent: {'id': '63bfbad7-0acf-46c0-bebb-dbed7410c186', 'agent_type': 'HyperV agent', 'binary': 'neutron-hyperv-agent', 'topic': 'N/A', 'host': 'hv-cinder-81322', 'admin_state_up': True, 'created_at': datetime.datetime(2021, 10, 12, 16, 51, 31), 'started_at': datetime.datetime(2021, 10, 12, 16, 51, 31), 'heartbeat_timestamp': datetime.datetime(2021, 10, 12, 16, 54, 1), 'description': None, 'resources_synced': None, 'availability_zone': None, 'alive': True, 'configurations': {'vswitch_mappings': {'physnet1$': 'br-data'}}, 'resource_versions': {}} {{(pid=94509) bind_port /opt/stack/neutron/neutron/plugins/ml2/drivers/mech_agent.py:110}}
Oct 12 16:54:07.506940 dv-cinder-813223-2-smb neutron-server[94509]: DEBUG neutron.plugins.ml2.drivers.mech_agent [req-2d547a21-0038-489f-9072-5359bd58afb5 req-0bf60981-bf52-4ca2-ab6b-350af877554b service neutron] Checking segment: {'id': '0eee944f-8de0-4cce-9c60-3c053c236b25', 'network_type': 'vlan', 'physical_network': 'physnet1', 'segmentation_id': 1131, 'network_id': '0fcadddb-cfbb-40d8-9fda-30d4eedc2f8b'} for mappings: {'physnet1$': 'br-data'} with network types: ['local', 'flat', 'vlan'] {{(pid=94509) check_segment_for_agent /opt/stack/neutron/neutron/plugins/ml2/drivers/mech_agent.py:358}}
Oct 12 16:54:07.507677 dv-cinder-813223-2-smb neutron-server[94509]: DEBUG neutron.plugins.ml2.drivers.mech_agent [req-2d547a21-0038-489f-9072-5359bd58afb5 req-0bf60981-bf52-4ca2-ab6b-350af877554b service neutron] Bound using segment: {'id': '0eee944f-8de0-4cce-9c60-3c053c236b25', 'network_type': 'vlan', 'physical_network': 'physnet1', 'segmentation_id': 1131, 'network_id': '0fcadddb-cfbb-40d8-9fda-30d4eedc2f8b'} {{(pid=94509) bind_port /opt/stack/neutron/neutron/plugins/ml2/drivers/mech_agent.py:120}}
Oct 12 16:54:07.508277 dv-cinder-813223-2-smb neutron-server[94509]: DEBUG neutron.plugins.ml2.managers [req-2d547a21-0038-489f-9072-5359bd58afb5 req-0bf60981-bf52-4ca2-ab6b-350af877554b service neutron] Bound port: 072cb873-cbcf-4b41-8a64-ca8c48134ccc, host: hv-cinder-81322, vif_type: hyperv, vif_details: {"connectivity": "legacy", "port_filter": false}, binding_levels: [{'bound_driver': 'hyperv', 'bound_segment': {'id': '0eee944f-8de0-4cce-9c60-3c053c236b25', 'network_type': 'vlan', 'physical_network': 'physnet1', 'segmentation_id': 1131, 'network_id': '0fcadddb-cfbb-40d8-9fda-30d4eedc2f8b'}}] {{(pid=94509) _bind_port_level /opt/stack/neutron/neutron/plugins/ml2/managers.py:928}}
Oct 12 16:54:07.509618 dv-cinder-813223-2-smb neutron-server[94509]: DEBUG neutron_lib.callbacks.manager [req-2d547a21-0038-489f-9072-5359bd58afb5 req-0bf60981-bf52-4ca2-ab6b-350af877554b service neutron] Notify callbacks ['neutron.plugins.ml2.plugin.SecurityGroupDbMixin._ensure_default_security_group_handler-3644181'] for port, before_update {{(pid=94509) _notify_loop /usr/local/lib/python3.8/dist-packages/neutron_lib/callbacks/manager.py:192}}
Oct 12 16:54:07.609776 dv-cinder-813223-2-smb neutron-server[94509]: DEBUG neutron.plugins.ml2.db [req-2d547a21-0038-489f-9072-5359bd58afb5 req-0bf60981-bf52-4ca2-ab6b-350af877554b service neutron] For port 072cb873-cbcf-4b41-8a64-ca8c48134ccc, host hv-cinder-81322, cleared binding levels {{(pid=94509) clear_binding_levels /opt/stack/neutron/neutron/plugins/ml2/db.py:87}}
Oct 12 16:54:07.614647 dv-cinder-813223-2-smb neutron-server[94509]: DEBUG neutron.plugins.ml2.db [req-2d547a21-0038-489f-9072-5359bd58afb5 req-0bf60981-bf52-4ca2-ab6b-350af877554b service neutron] For port 072cb873-cbcf-4b41-8a64-ca8c48134ccc, host hv-cinder-81322, set binding levels [PortBindingLevel(driver='hyperv',host='hv-cinder-81322',level=0,port_id=072cb873-cbcf-4b41-8a64-ca8c48134ccc,segment=NetworkSegment(0eee944f-8de0-4cce-9c60-3c053c236b25),segment_id=0eee944f-8de0-4cce-9c60-3c053c236b25)] {{(pid=94509) set_binding_levels /opt/stack/neutron/neutron/plugins/ml2/db.py:59}}
