Oct 12 16:53:41.880183 dv-cinder-813223-2-smb devstack@c-api.service[101328]: DEBUG cinder.api.openstack.wsgi [req-cdbda015-bb9c-478f-8263-4683fb1c23a2 req-d7e46c4b-d545-48a1-b256-1c44cf1f3cdb tempest-VolumesSnapshotsTestJSON-517390722 tempest-VolumesSnapshotsTestJSON-517390722-project] Empty body provided in request {{(pid=101328) get_body /opt/stack/cinder/cinder/api/openstack/wsgi.py:703}}
Oct 12 16:53:41.881454 dv-cinder-813223-2-smb devstack@c-api.service[101328]: /usr/local/lib/python3.8/dist-packages/webob/acceptparse.py:1047: DeprecationWarning: The behavior of AcceptValidHeader.best_match is currently being maintained for backward compatibility, but it will be deprecated in the future, as it does not conform to the RFC.
Oct 12 16:53:41.881454 dv-cinder-813223-2-smb devstack@c-api.service[101328]: warnings.warn(
Oct 12 16:53:41.882053 dv-cinder-813223-2-smb devstack@c-api.service[101328]: DEBUG cinder.api.openstack.wsgi [req-cdbda015-bb9c-478f-8263-4683fb1c23a2 req-d7e46c4b-d545-48a1-b256-1c44cf1f3cdb tempest-VolumesSnapshotsTestJSON-517390722 tempest-VolumesSnapshotsTestJSON-517390722-project] Calling method 'detail' {{(pid=101328) _process_stack /opt/stack/cinder/cinder/api/openstack/wsgi.py:856}}
Oct 12 16:53:41.886065 dv-cinder-813223-2-smb devstack@c-api.service[101328]: DEBUG cinder.api.api_utils [req-cdbda015-bb9c-478f-8263-4683fb1c23a2 req-d7e46c4b-d545-48a1-b256-1c44cf1f3cdb tempest-VolumesSnapshotsTestJSON-517390722 tempest-VolumesSnapshotsTestJSON-517390722-project] Removing options '' from query. {{(pid=101328) remove_invalid_filter_options /opt/stack/cinder/cinder/api/api_utils.py:73}}
Oct 12 16:53:41.896299 dv-cinder-813223-2-smb devstack@c-api.service[101328]: DEBUG cinder.db.sqlalchemy.api [req-cdbda015-bb9c-478f-8263-4683fb1c23a2 req-d7e46c4b-d545-48a1-b256-1c44cf1f3cdb tempest-VolumesSnapshotsTestJSON-517390722 tempest-VolumesSnapshotsTestJSON-517390722-project] Building query based on filter {{(pid=101328) _process_snaps_filters /opt/stack/cinder/cinder/db/sqlalchemy/api.py:3141}}
Oct 12 16:53:41.922918 dv-cinder-813223-2-smb devstack@c-api.service[101329]: DEBUG cinder.quota [None req-5be7da25-ab9b-469e-838c-3ae537cffdd5 tempest-VolumesTestJSON-117630094 tempest-VolumesTestJSON-117630094-project] Created reservations ['bc8a244b-fc8a-4f19-b249-9f2365b4c758', 'eb467f5a-752f-4a82-9d86-1f6829bb44d6', '2f20dfb3-4ce8-42fd-aaeb-3f64540c451c', '896f9a0b-1dc7-4299-8275-c603b01ad170'] {{(pid=101329) reserve /opt/stack/cinder/cinder/quota.py:755}}
Oct 12 16:53:41.926599 dv-cinder-813223-2-smb devstack@c-api.service[101329]: DEBUG cinder.volume.api [None req-5be7da25-ab9b-469e-838c-3ae537cffdd5 tempest-VolumesTestJSON-117630094 tempest-VolumesTestJSON-117630094-project] Task 'cinder.volume.flows.api.create_volume.QuotaReserveTask;volume:create' (fc367a74-9041-47db-971f-0254122fee8a) transitioned into state 'SUCCESS' from state 'RUNNING' with result '{'reservations': ['bc8a244b-fc8a-4f19-b249-9f2365b4c758', 'eb467f5a-752f-4a82-9d86-1f6829bb44d6', '2f20dfb3-4ce8-42fd-aaeb-3f64540c451c', '896f9a0b-1dc7-4299-8275-c603b01ad170']}' {{(pid=101329) _task_receiver /usr/local/lib/python3.8/dist-packages/taskflow/listeners/logging.py:178}}
Oct 12 16:53:41.932417 dv-cinder-813223-2-smb devstack@c-api.service[101329]: DEBUG cinder.volume.api [None req-5be7da25-ab9b-469e-838c-3ae537cffdd5 tempest-VolumesTestJSON-117630094 tempest-VolumesTestJSON-117630094-project] Task 'cinder.volume.flows.api.create_volume.EntryCreateTask;volume:create' (bc319a1e-7461-47ce-b513-6c148e2a82ef) transitioned into state 'RUNNING' from state 'PENDING' {{(pid=101329) _task_receiver /usr/local/lib/python3.8/dist-packages/taskflow/listeners/logging.py:190}}
Oct 12 16:53:41.956189 dv-cinder-813223-2-smb devstack@c-api.service[101328]: INFO cinder.volume.api [req-cdbda015-bb9c-478f-8263-4683fb1c23a2 req-d7e46c4b-d545-48a1-b256-1c44cf1f3cdb tempest-VolumesSnapshotsTestJSON-517390722 tempest-VolumesSnapshotsTestJSON-517390722-project] Get all snapshots completed successfully.
Oct 12 16:53:41.965122 dv-cinder-813223-2-smb devstack@c-api.service[101328]: /usr/local/lib/python3.8/dist-packages/oslo_context/context.py:105: DeprecationWarning: Policy enforcement is depending on the value of is_admin. This key is deprecated. Please update your policy file to use the standard policy values.
Oct 12 16:53:41.965122 dv-cinder-813223-2-smb devstack@c-api.service[101328]: warnings.warn('Policy enforcement is depending on the value of '
Oct 12 16:53:41.970596 dv-cinder-813223-2-smb devstack@c-api.service[101328]: INFO cinder.api.openstack.wsgi [req-cdbda015-bb9c-478f-8263-4683fb1c23a2 req-d7e46c4b-d545-48a1-b256-1c44cf1f3cdb tempest-VolumesSnapshotsTestJSON-517390722 tempest-VolumesSnapshotsTestJSON-517390722-project] http://10.222.0.65/volume/v3/4d8edace0a104a16b019850582ce26c8/snapshots/detail returned with HTTP 200
Oct 12 16:53:41.978626 dv-cinder-813223-2-smb devstack@c-api.service[101328]: [pid: 101328|app: 0|req: 14/35] 10.222.0.65 () {60 vars in 1494 bytes} [Tue Oct 12 16:53:41 2021] GET /volume/v3/4d8edace0a104a16b019850582ce26c8/snapshots/detail => generated 539 bytes in 119 msecs (HTTP/1.1 200) 7 headers in 285 bytes (1 switches on core 0)
Oct 12 16:53:42.009711 dv-cinder-813223-2-smb devstack@c-api.service[101328]: INFO cinder.api.openstack.wsgi [None req-cbf54b53-e701-493b-888a-bf04be824550 tempest-GroupsTest-918066047 tempest-GroupsTest-918066047-project] GET http://10.222.0.65/volume/v3/bd7cc2c9ab9542378c149349e4670cb2/groups/7db2fa19-13a0-4649-8b47-cf7cc8d6cab5
Oct 12 16:53:42.014467 dv-cinder-813223-2-smb devstack@c-api.service[101328]: DEBUG cinder.api.openstack.wsgi [None req-cbf54b53-e701-493b-888a-bf04be824550 tempest-GroupsTest-918066047 tempest-GroupsTest-918066047-project] Empty body provided in request {{(pid=101328) get_body /opt/stack/cinder/cinder/api/openstack/wsgi.py:703}}
Oct 12 16:53:42.015075 dv-cinder-813223-2-smb devstack@c-api.service[101328]: /usr/local/lib/python3.8/dist-packages/webob/acceptparse.py:1047: DeprecationWarning: The behavior of AcceptValidHeader.best_match is currently being maintained for backward compatibility, but it will be deprecated in the future, as it does not conform to the RFC.
Oct 12 16:53:42.015075 dv-cinder-813223-2-smb devstack@c-api.service[101328]: warnings.warn(
Oct 12 16:53:42.016201 dv-cinder-813223-2-smb devstack@c-api.service[101328]: DEBUG cinder.api.openstack.wsgi [None req-cbf54b53-e701-493b-888a-bf04be824550 tempest-GroupsTest-918066047 tempest-GroupsTest-918066047-project] Calling method 'version_select' {{(pid=101328) _process_stack /opt/stack/cinder/cinder/api/openstack/wsgi.py:856}}
Oct 12 16:53:42.016835 dv-cinder-813223-2-smb devstack@c-api.service[101328]: DEBUG cinder.api.v3.groups [None req-cbf54b53-e701-493b-888a-bf04be824550 tempest-GroupsTest-918066047 tempest-GroupsTest-918066047-project] show called for member 7db2fa19-13a0-4649-8b47-cf7cc8d6cab5 {{(pid=101328) show /opt/stack/cinder/cinder/api/v3/groups.py:58}}
Oct 12 16:53:42.020768 dv-cinder-813223-2-smb devstack@c-api.service[101329]: DEBUG cinder.volume.api [None req-5be7da25-ab9b-469e-838c-3ae537cffdd5 tempest-VolumesTestJSON-117630094 tempest-VolumesTestJSON-117630094-project] Task 'cinder.volume.flows.api.create_volume.EntryCreateTask;volume:create' (bc319a1e-7461-47ce-b513-6c148e2a82ef) transitioned into state 'SUCCESS' from state 'RUNNING' with result '{'volume_id': '65c0fb1c-c5d3-4827-b02a-924505195b21', 'volume_properties': VolumeProperties(attach_status='detached',availability_zone='nova',cgsnapshot_id=None,consistencygroup_id=None,display_description=None,display_name='tempest-VolumesTestJSON-volume-2045602099',encryption_key_id=None,group_id=None,group_type_id=,metadata={Type='work'},multiattach=False,project_id='ba21bf679c50467e8510569627b63baf',qos_specs=None,replication_status=,reservations=['bc8a244b-fc8a-4f19-b249-9f2365b4c758','eb467f5a-752f-4a82-9d86-1f6829bb44d6','2f20dfb3-4ce8-42fd-aaeb-3f64540c451c','896f9a0b-1dc7-4299-8275-c603b01ad170'],size=1,snapshot_id=None,source_replicaid=,source_volid=None,status='creating',user_id='88d08fbc2189452caf371062df26cdc3',volume_type_id=c784b807-024a-4134-98a7-043354fb90a7), 'volume': Volume(_name_id=None,admin_metadata=,attach_status='detached',availability_zone='nova',bootable=False,cluster=,cluster_name=None,consistencygroup=,consistencygroup_id=None,created_at=2021-10-12T16:53:41Z,deleted=False,deleted_at=None,display_description=None,display_name='tempest-VolumesTestJSON-volume-2045602099',ec2_id=None,encryption_key_id=None,glance_metadata=,group=,group_id=None,host=None,id=65c0fb1c-c5d3-4827-b02a-924505195b21,launched_at=None,metadata={Type='work'},migration_status=None,multiattach=False,previous_status=None,project_id='ba21bf679c50467e8510569627b63baf',provider_auth=None,provider_geometry=None,provider_id=None,provider_location=None,replication_driver_data=None,replication_extended_status=None,replication_status=None,scheduled_at=None,service_uuid=None,shared_targets=True,size=1,snapshot_id=None,snapshots=,source_volid=None,status='creating',terminated_at=None,updated_at=None,use_quota=True,user_id='88d08fbc2189452caf371062df26cdc3',volume_attachment=VolumeAttachmentList,volume_type=VolumeType(c784b807-024a-4134-98a7-043354fb90a7),volume_type_id=c784b807-024a-4134-98a7-043354fb90a7)}' {{(pid=101329) _task_receiver /usr/local/lib/python3.8/dist-packages/taskflow/listeners/logging.py:178}}
Oct 12 16:53:42.023587 dv-cinder-813223-2-smb devstack@c-api.service[101329]: DEBUG cinder.volume.api [None req-5be7da25-ab9b-469e-838c-3ae537cffdd5 tempest-VolumesTestJSON-117630094 tempest-VolumesTestJSON-117630094-project] Task 'cinder.volume.flows.api.create_volume.QuotaCommitTask;volume:create' (b1ca1d21-adca-4668-9f6e-ba943793fdb4) transitioned into state 'RUNNING' from state 'PENDING' {{(pid=101329) _task_receiver /usr/local/lib/python3.8/dist-packages/taskflow/listeners/logging.py:190}}
Oct 12 16:53:42.031740 dv-cinder-813223-2-smb devstack@c-api.service[101328]: /usr/local/lib/python3.8/dist-packages/oslo_context/context.py:105: DeprecationWarning: Policy enforcement is depending on the value of is_admin. This key is deprecated. Please update your policy file to use the standard policy values.
Oct 12 16:53:42.031740 dv-cinder-813223-2-smb devstack@c-api.service[101328]: warnings.warn('Policy enforcement is depending on the value of '
Oct 12 16:53:42.072319 dv-cinder-813223-2-smb devstack@c-api.service[101328]: INFO cinder.api.openstack.wsgi [None req-cbf54b53-e701-493b-888a-bf04be824550 tempest-GroupsTest-918066047 tempest-GroupsTest-918066047-project] http://10.222.0.65/volume/v3/bd7cc2c9ab9542378c149349e4670cb2/groups/7db2fa19-13a0-4649-8b47-cf7cc8d6cab5 returned with HTTP 200
Oct 12 16:53:42.085506 dv-cinder-813223-2-smb devstack@c-api.service[101328]: [pid: 101328|app: 0|req: 15/36] 10.222.0.65 () {60 vars in 1362 bytes} [Tue Oct 12 16:53:41 2021] GET /volume/v3/bd7cc2c9ab9542378c149349e4670cb2/groups/7db2fa19-13a0-4649-8b47-cf7cc8d6cab5 => generated 322 bytes in 106 msecs (HTTP/1.1 200) 7 headers in 286 bytes (1 switches on core 0)
Oct 12 16:53:42.092742 dv-cinder-813223-2-smb devstack@c-api.service[101329]: DEBUG cinder.volume.api [None req-5be7da25-ab9b-469e-838c-3ae537cffdd5 tempest-VolumesTestJSON-117630094 tempest-VolumesTestJSON-117630094-project] Task 'cinder.volume.flows.api.create_volume.QuotaCommitTask;volume:create' (b1ca1d21-adca-4668-9f6e-ba943793fdb4) transitioned into state 'SUCCESS' from state 'RUNNING' with result '{'volume_properties': VolumeProperties(attach_status='detached',availability_zone='nova',cgsnapshot_id=None,consistencygroup_id=None,display_description=None,display_name='tempest-VolumesTestJSON-volume-2045602099',encryption_key_id=None,group_id=None,group_type_id=,metadata={Type='work'},multiattach=False,project_id='ba21bf679c50467e8510569627b63baf',qos_specs=None,replication_status=,reservations=['bc8a244b-fc8a-4f19-b249-9f2365b4c758','eb467f5a-752f-4a82-9d86-1f6829bb44d6','2f20dfb3-4ce8-42fd-aaeb-3f64540c451c','896f9a0b-1dc7-4299-8275-c603b01ad170'],size=1,snapshot_id=None,source_replicaid=,source_volid=None,status='creating',user_id='88d08fbc2189452caf371062df26cdc3',volume_type_id=c784b807-024a-4134-98a7-043354fb90a7)}' {{(pid=101329) _task_receiver /usr/local/lib/python3.8/dist-packages/taskflow/listeners/logging.py:178}}
Oct 12 16:53:42.097030 dv-cinder-813223-2-smb devstack@c-api.service[101329]: DEBUG cinder.volume.api [None req-5be7da25-ab9b-469e-838c-3ae537cffdd5 tempest-VolumesTestJSON-117630094 tempest-VolumesTestJSON-117630094-project] Task 'cinder.volume.flows.api.create_volume.VolumeCastTask;volume:create' (7d708986-3e5f-45f1-a7e9-b914fcb33e5f) transitioned into state 'RUNNING' from state 'PENDING' {{(pid=101329) _task_receiver /usr/local/lib/python3.8/dist-packages/taskflow/listeners/logging.py:190}}
Oct 12 16:53:42.098739 dv-cinder-813223-2-smb devstack@c-api.service[101328]: INFO cinder.api.openstack.wsgi [req-9ff6d3c0-4ff3-42c7-b0e7-253d14bdd932 req-bd8b741e-5525-4c49-acb0-da965682b0b1 tempest-VolumesSnapshotsTestJSON-517390722 tempest-VolumesSnapshotsTestJSON-517390722-project] GET http://10.222.0.65/volume/v3/4d8edace0a104a16b019850582ce26c8/snapshots/b54c33aa-f6ca-47e9-aafe-19c49e4a5d0d
Oct 12 16:53:42.101632 dv-cinder-813223-2-smb devstack@c-api.service[101328]: DEBUG cinder.api.openstack.wsgi [req-9ff6d3c0-4ff3-42c7-b0e7-253d14bdd932 req-bd8b741e-5525-4c49-acb0-da965682b0b1 tempest-VolumesSnapshotsTestJSON-517390722 tempest-VolumesSnapshotsTestJSON-517390722-project] Empty body provided in request {{(pid=101328) get_body /opt/stack/cinder/cinder/api/openstack/wsgi.py:703}}
Oct 12 16:53:42.102044 dv-cinder-813223-2-smb devstack@c-api.service[101328]: /usr/local/lib/python3.8/dist-packages/webob/acceptparse.py:1047: DeprecationWarning: The behavior of AcceptValidHeader.best_match is currently being maintained for backward compatibility, but it will be deprecated in the future, as it does not conform to the RFC.
Oct 12 16:53:42.102044 dv-cinder-813223-2-smb devstack@c-api.service[101328]: warnings.warn(
Oct 12 16:53:42.103020 dv-cinder-813223-2-smb devstack@c-api.service[101328]: DEBUG cinder.api.openstack.wsgi [req-9ff6d3c0-4ff3-42c7-b0e7-253d14bdd932 req-bd8b741e-5525-4c49-acb0-da965682b0b1 tempest-VolumesSnapshotsTestJSON-517390722 tempest-VolumesSnapshotsTestJSON-517390722-project] Calling method 'show' {{(pid=101328) _process_stack /opt/stack/cinder/cinder/api/openstack/wsgi.py:856}}
Oct 12 16:53:42.136688 dv-cinder-813223-2-smb devstack@c-api.service[101328]: /usr/local/lib/python3.8/dist-packages/oslo_context/context.py:105: DeprecationWarning: Policy enforcement is depending on the value of is_admin. This key is deprecated. Please update your policy file to use the standard policy values.
Oct 12 16:53:42.136688 dv-cinder-813223-2-smb devstack@c-api.service[101328]: warnings.warn('Policy enforcement is depending on the value of '
Oct 12 16:53:42.138083 dv-cinder-813223-2-smb devstack@c-api.service[101328]: INFO cinder.volume.api [req-9ff6d3c0-4ff3-42c7-b0e7-253d14bdd932 req-bd8b741e-5525-4c49-acb0-da965682b0b1 tempest-VolumesSnapshotsTestJSON-517390722 tempest-VolumesSnapshotsTestJSON-517390722-project] Snapshot retrieved successfully.
Oct 12 16:53:42.140020 dv-cinder-813223-2-smb devstack@c-api.service[101329]: DEBUG cinder.volume.api [None req-5be7da25-ab9b-469e-838c-3ae537cffdd5 tempest-VolumesTestJSON-117630094 tempest-VolumesTestJSON-117630094-project] Task 'cinder.volume.flows.api.create_volume.VolumeCastTask;volume:create' (7d708986-3e5f-45f1-a7e9-b914fcb33e5f) transitioned into state 'SUCCESS' from state 'RUNNING' with result 'None' {{(pid=101329) _task_receiver /usr/local/lib/python3.8/dist-packages/taskflow/listeners/logging.py:178}}
Oct 12 16:53:42.143955 dv-cinder-813223-2-smb devstack@c-api.service[101329]: DEBUG cinder.volume.api [None req-5be7da25-ab9b-469e-838c-3ae537cffdd5 tempest-VolumesTestJSON-117630094 tempest-VolumesTestJSON-117630094-project] Flow 'volume_create_api' (5d9c948d-5c26-44b3-8bef-6f949adf2e3b) transitioned into state 'SUCCESS' from state 'RUNNING' {{(pid=101329) _flow_receiver /usr/local/lib/python3.8/dist-packages/taskflow/listeners/logging.py:141}}
Oct 12 16:53:42.144397 dv-cinder-813223-2-smb devstack@c-api.service[101328]: INFO cinder.api.openstack.wsgi [req-9ff6d3c0-4ff3-42c7-b0e7-253d14bdd932 req-bd8b741e-5525-4c49-acb0-da965682b0b1 tempest-VolumesSnapshotsTestJSON-517390722 tempest-VolumesSnapshotsTestJSON-517390722-project] http://10.222.0.65/volume/v3/4d8edace0a104a16b019850582ce26c8/snapshots/b54c33aa-f6ca-47e9-aafe-19c49e4a5d0d returned with HTTP 200
Oct 12 16:53:42.145872 dv-cinder-813223-2-smb devstack@c-api.service[101328]: [pid: 101328|app: 0|req: 16/37] 10.222.0.65 () {60 vars in 1584 bytes} [Tue Oct 12 16:53:42 2021] GET /volume/v3/4d8edace0a104a16b019850582ce26c8/snapshots/b54c33aa-f6ca-47e9-aafe-19c49e4a5d0d => generated 536 bytes in 59 msecs (HTTP/1.1 200) 7 headers in 285 bytes (1 switches on core 0)
Oct 12 16:53:42.160901 dv-cinder-813223-2-smb devstack@c-api.service[101328]: INFO cinder.api.openstack.wsgi [None req-20f669a6-1216-4da3-9d63-a73fc5eb330e tempest-GroupsTest-918066047 tempest-GroupsTest-918066047-project] GET http://10.222.0.65/volume/v3/bd7cc2c9ab9542378c149349e4670cb2/groups/908d9fb1-cd6c-492d-b876-34463a0f5859
Oct 12 16:53:42.161648 dv-cinder-813223-2-smb devstack@c-api.service[101328]: DEBUG cinder.api.openstack.wsgi [None req-20f669a6-1216-4da3-9d63-a73fc5eb330e tempest-GroupsTest-918066047 tempest-GroupsTest-918066047-project] Empty body provided in request {{(pid=101328) get_body /opt/stack/cinder/cinder/api/openstack/wsgi.py:703}}
Oct 12 16:53:42.161919 dv-cinder-813223-2-smb devstack@c-api.service[101328]: /usr/local/lib/python3.8/dist-packages/webob/acceptparse.py:1047: DeprecationWarning: The behavior of AcceptValidHeader.best_match is currently being maintained for backward compatibility, but it will be deprecated in the future, as it does not conform to the RFC.
Oct 12 16:53:42.161919 dv-cinder-813223-2-smb devstack@c-api.service[101328]: warnings.warn(
Oct 12 16:53:42.163188 dv-cinder-813223-2-smb devstack@c-api.service[101328]: DEBUG cinder.api.openstack.wsgi [None req-20f669a6-1216-4da3-9d63-a73fc5eb330e tempest-GroupsTest-918066047 tempest-GroupsTest-918066047-project] Calling method 'version_select' {{(pid=101328) _process_stack /opt/stack/cinder/cinder/api/openstack/wsgi.py:856}}
Oct 12 16:53:42.163472 dv-cinder-813223-2-smb devstack@c-api.service[101329]: INFO cinder.volume.api [None req-5be7da25-ab9b-469e-838c-3ae537cffdd5 tempest-VolumesTestJSON-117630094 tempest-VolumesTestJSON-117630094-project] Create volume request issued successfully.
Oct 12 16:53:42.166737 dv-cinder-813223-2-smb devstack@c-api.service[101328]: DEBUG cinder.api.v3.groups [None req-20f669a6-1216-4da3-9d63-a73fc5eb330e tempest-GroupsTest-918066047 tempest-GroupsTest-918066047-project] show called for member 908d9fb1-cd6c-492d-b876-34463a0f5859 {{(pid=101328) show /opt/stack/cinder/cinder/api/v3/groups.py:58}}
Oct 12 16:53:42.167200 dv-cinder-813223-2-smb devstack@c-api.service[101329]: INFO cinder.api.openstack.wsgi [None req-5be7da25-ab9b-469e-838c-3ae537cffdd5 tempest-VolumesTestJSON-117630094 tempest-VolumesTestJSON-117630094-project] http://10.222.0.65/volume/v3/ba21bf679c50467e8510569627b63baf/volumes returned with HTTP 202
Oct 12 16:53:42.184982 dv-cinder-813223-2-smb devstack@c-api.service[101328]: /usr/local/lib/python3.8/dist-packages/oslo_context/context.py:105: DeprecationWarning: Policy enforcement is depending on the value of is_admin. This key is deprecated. Please update your policy file to use the standard policy values.
Oct 12 16:53:42.184982 dv-cinder-813223-2-smb devstack@c-api.service[101328]: warnings.warn('Policy enforcement is depending on the value of '
Oct 12 16:53:42.185420 dv-cinder-813223-2-smb devstack@c-api.service[101329]: [pid: 101329|app: 0|req: 22/38] 10.222.0.65 () {60 vars in 1235 bytes} [Tue Oct 12 16:53:41 2021] POST /volume/v3/ba21bf679c50467e8510569627b63baf/volumes => generated 829 bytes in 828 msecs (HTTP/1.1 202) 7 headers in 291 bytes (1 switches on core 0)
Oct 12 16:53:42.208605 dv-cinder-813223-2-smb devstack@c-api.service[101329]: INFO cinder.api.openstack.wsgi [None req-3fe1560d-7cec-4296-8b49-8bd8f383d932 tempest-VolumesTestJSON-117630094 tempest-VolumesTestJSON-117630094-project] GET http://10.222.0.65/volume/v3/ba21bf679c50467e8510569627b63baf/volumes/65c0fb1c-c5d3-4827-b02a-924505195b21
Oct 12 16:53:42.208605 dv-cinder-813223-2-smb devstack@c-api.service[101329]: DEBUG cinder.api.openstack.wsgi [None req-3fe1560d-7cec-4296-8b49-8bd8f383d932 tempest-VolumesTestJSON-117630094 tempest-VolumesTestJSON-117630094-project] Empty body provided in request {{(pid=101329) get_body /opt/stack/cinder/cinder/api/openstack/wsgi.py:703}}
Oct 12 16:53:42.208605 dv-cinder-813223-2-smb devstack@c-api.service[101329]: /usr/local/lib/python3.8/dist-packages/webob/acceptparse.py:1047: DeprecationWarning: The behavior of AcceptValidHeader.best_match is currently being maintained for backward compatibility, but it will be deprecated in the future, as it does not conform to the RFC.
Oct 12 16:53:42.208605 dv-cinder-813223-2-smb devstack@c-api.service[101329]: warnings.warn(
Oct 12 16:53:42.208605 dv-cinder-813223-2-smb devstack@c-api.service[101329]: DEBUG cinder.api.openstack.wsgi [None req-3fe1560d-7cec-4296-8b49-8bd8f383d932 tempest-VolumesTestJSON-117630094 tempest-VolumesTestJSON-117630094-project] Calling method 'show' {{(pid=101329) _process_stack /opt/stack/cinder/cinder/api/openstack/wsgi.py:856}}
Oct 12 16:53:42.246929 dv-cinder-813223-2-smb devstack@c-api.service[101329]: /usr/local/lib/python3.8/dist-packages/oslo_context/context.py:105: DeprecationWarning: Policy enforcement is depending on the value of is_admin. This key is deprecated. Please update your policy file to use the standard policy values.
Oct 12 16:53:42.246929 dv-cinder-813223-2-smb devstack@c-api.service[101329]: warnings.warn('Policy enforcement is depending on the value of '
Oct 12 16:53:42.253268 dv-cinder-813223-2-smb devstack@c-api.service[101328]: INFO cinder.api.openstack.wsgi [None req-20f669a6-1216-4da3-9d63-a73fc5eb330e tempest-GroupsTest-918066047 tempest-GroupsTest-918066047-project] http://10.222.0.65/volume/v3/bd7cc2c9ab9542378c149349e4670cb2/groups/908d9fb1-cd6c-492d-b876-34463a0f5859 returned with HTTP 200
Oct 12 16:53:42.254476 dv-cinder-813223-2-smb devstack@c-api.service[101328]: [pid: 101328|app: 0|req: 17/39] 10.222.0.65 () {60 vars in 1362 bytes} [Tue Oct 12 16:53:42 2021] GET /volume/v3/bd7cc2c9ab9542378c149349e4670cb2/groups/908d9fb1-cd6c-492d-b876-34463a0f5859 => generated 322 bytes in 108 msecs (HTTP/1.1 200) 7 headers in 286 bytes (1 switches on core 0)
Oct 12 16:53:42.266376 dv-cinder-813223-2-smb devstack@c-api.service[101328]: INFO cinder.api.openstack.wsgi [req-aba0b6f8-95bb-466a-83a5-f85a968b9532 req-3cc618df-3fa3-4e17-8b4b-a801a65a78dd tempest-VolumesSnapshotsTestJSON-517390722 tempest-VolumesSnapshotsTestJSON-517390722-project] DELETE http://10.222.0.65/volume/v3/4d8edace0a104a16b019850582ce26c8/snapshots/b54c33aa-f6ca-47e9-aafe-19c49e4a5d0d
Oct 12 16:53:42.273410 dv-cinder-813223-2-smb devstack@c-api.service[101329]: INFO cinder.volume.api [None req-3fe1560d-7cec-4296-8b49-8bd8f383d932 tempest-VolumesTestJSON-117630094 tempest-VolumesTestJSON-117630094-project] Volume info retrieved successfully.
Oct 12 16:53:42.274842 dv-cinder-813223-2-smb devstack@c-api.service[101328]: DEBUG cinder.api.openstack.wsgi [req-aba0b6f8-95bb-466a-83a5-f85a968b9532 req-3cc618df-3fa3-4e17-8b4b-a801a65a78dd tempest-VolumesSnapshotsTestJSON-517390722 tempest-VolumesSnapshotsTestJSON-517390722-project] Empty body provided in request {{(pid=101328) get_body /opt/stack/cinder/cinder/api/openstack/wsgi.py:703}}
Oct 12 16:53:42.283084 dv-cinder-813223-2-smb devstack@c-api.service[101328]: /usr/local/lib/python3.8/dist-packages/webob/acceptparse.py:1047: DeprecationWarning: The behavior of AcceptValidHeader.best_match is currently being maintained for backward compatibility, but it will be deprecated in the future, as it does not conform to the RFC.
Oct 12 16:53:42.283084 dv-cinder-813223-2-smb devstack@c-api.service[101328]: warnings.warn(
Oct 12 16:53:42.283830 dv-cinder-813223-2-smb devstack@c-api.service[101328]: DEBUG cinder.api.openstack.wsgi [req-aba0b6f8-95bb-466a-83a5-f85a968b9532 req-3cc618df-3fa3-4e17-8b4b-a801a65a78dd tempest-VolumesSnapshotsTestJSON-517390722 tempest-VolumesSnapshotsTestJSON-517390722-project] Calling method 'delete' {{(pid=101328) _process_stack /opt/stack/cinder/cinder/api/openstack/wsgi.py:856}}
Oct 12 16:53:42.284937 dv-cinder-813223-2-smb devstack@c-api.service[101328]: INFO cinder.api.v2.snapshots [req-aba0b6f8-95bb-466a-83a5-f85a968b9532 req-3cc618df-3fa3-4e17-8b4b-a801a65a78dd tempest-VolumesSnapshotsTestJSON-517390722 tempest-VolumesSnapshotsTestJSON-517390722-project] Delete snapshot with id: b54c33aa-f6ca-47e9-aafe-19c49e4a5d0d
Oct 12 16:53:42.293448 dv-cinder-813223-2-smb devstack@c-api.service[101329]: INFO cinder.api.openstack.wsgi [None req-3fe1560d-7cec-4296-8b49-8bd8f383d932 tempest-VolumesTestJSON-117630094 tempest-VolumesTestJSON-117630094-project] http://10.222.0.65/volume/v3/ba21bf679c50467e8510569627b63baf/volumes/65c0fb1c-c5d3-4827-b02a-924505195b21 returned with HTTP 200
Oct 12 16:53:42.294560 dv-cinder-813223-2-smb devstack@c-api.service[101329]: [pid: 101329|app: 0|req: 23/40] 10.222.0.65 () {58 vars in 1324 bytes} [Tue Oct 12 16:53:42 2021] GET /volume/v3/ba21bf679c50467e8510569627b63baf/volumes/65c0fb1c-c5d3-4827-b02a-924505195b21 => generated 897 bytes in 108 msecs (HTTP/1.1 200) 7 headers in 285 bytes (1 switches on core 0)
Oct 12 16:53:42.305994 dv-cinder-813223-2-smb devstack@c-api.service[101328]: /usr/local/lib/python3.8/dist-packages/oslo_context/context.py:105: DeprecationWarning: Policy enforcement is depending on the value of is_admin. This key is deprecated. Please update your policy file to use the standard policy values.
Oct 12 16:53:42.305994 dv-cinder-813223-2-smb devstack@c-api.service[101328]: warnings.warn('Policy enforcement is depending on the value of '
Oct 12 16:53:42.313411 dv-cinder-813223-2-smb devstack@c-api.service[101328]: INFO cinder.volume.api [req-aba0b6f8-95bb-466a-83a5-f85a968b9532 req-3cc618df-3fa3-4e17-8b4b-a801a65a78dd tempest-VolumesSnapshotsTestJSON-517390722 tempest-VolumesSnapshotsTestJSON-517390722-project] Snapshot retrieved successfully.
Oct 12 16:53:42.313826 dv-cinder-813223-2-smb devstack@c-api.service[101329]: INFO cinder.api.openstack.wsgi [None req-8e377c22-c265-4932-a386-354878edaf75 tempest-GroupsTest-918066047 tempest-GroupsTest-918066047-project] GET http://10.222.0.65/volume/v3/bd7cc2c9ab9542378c149349e4670cb2/groups/detail
Oct 12 16:53:42.314432 dv-cinder-813223-2-smb devstack@c-api.service[101329]: DEBUG cinder.api.openstack.wsgi [None req-8e377c22-c265-4932-a386-354878edaf75 tempest-GroupsTest-918066047 tempest-GroupsTest-918066047-project] Empty body provided in request {{(pid=101329) get_body /opt/stack/cinder/cinder/api/openstack/wsgi.py:703}}
Oct 12 16:53:42.314621 dv-cinder-813223-2-smb devstack@c-api.service[101329]: /usr/local/lib/python3.8/dist-packages/webob/acceptparse.py:1047: DeprecationWarning: The behavior of AcceptValidHeader.best_match is currently being maintained for backward compatibility, but it will be deprecated in the future, as it does not conform to the RFC.
Oct 12 16:53:42.314621 dv-cinder-813223-2-smb devstack@c-api.service[101329]: warnings.warn(
Oct 12 16:53:42.316269 dv-cinder-813223-2-smb devstack@c-api.service[101329]: DEBUG cinder.api.openstack.wsgi [None req-8e377c22-c265-4932-a386-354878edaf75 tempest-GroupsTest-918066047 tempest-GroupsTest-918066047-project] Calling method 'version_select' {{(pid=101329) _process_stack /opt/stack/cinder/cinder/api/openstack/wsgi.py:856}}
Oct 12 16:53:42.407316 dv-cinder-813223-2-smb devstack@c-api.service[101329]: INFO cinder.api.openstack.wsgi [None req-8e377c22-c265-4932-a386-354878edaf75 tempest-GroupsTest-918066047 tempest-GroupsTest-918066047-project] http://10.222.0.65/volume/v3/bd7cc2c9ab9542378c149349e4670cb2/groups/detail returned with HTTP 200
Oct 12 16:53:42.408158 dv-cinder-813223-2-smb devstack@c-api.service[101329]: [pid: 101329|app: 0|req: 24/41] 10.222.0.65 () {60 vars in 1272 bytes} [Tue Oct 12 16:53:42 2021] GET /volume/v3/bd7cc2c9ab9542378c149349e4670cb2/groups/detail => generated 638 bytes in 113 msecs (HTTP/1.1 200) 7 headers in 286 bytes (1 switches on core 0)
Oct 12 16:53:42.419855 dv-cinder-813223-2-smb devstack@c-api.service[101329]: INFO cinder.api.openstack.wsgi [None req-793128a5-5f0d-4a3f-96f4-7be87101dabc tempest-GroupsTest-918066047 tempest-GroupsTest-918066047-project] GET http://10.222.0.65/volume/v3/bd7cc2c9ab9542378c149349e4670cb2/volumes/detail
Oct 12 16:53:42.422523 dv-cinder-813223-2-smb devstack@c-api.service[101329]: DEBUG cinder.api.openstack.wsgi [None req-793128a5-5f0d-4a3f-96f4-7be87101dabc tempest-GroupsTest-918066047 tempest-GroupsTest-918066047-project] Empty body provided in request {{(pid=101329) get_body /opt/stack/cinder/cinder/api/openstack/wsgi.py:703}}
Oct 12 16:53:42.422705 dv-cinder-813223-2-smb devstack@c-api.service[101329]: /usr/local/lib/python3.8/dist-packages/webob/acceptparse.py:1047: DeprecationWarning: The behavior of AcceptValidHeader.best_match is currently being maintained for backward compatibility, but it will be deprecated in the future, as it does not conform to the RFC.
Oct 12 16:53:42.422705 dv-cinder-813223-2-smb devstack@c-api.service[101329]: warnings.warn(
Oct 12 16:53:42.423067 dv-cinder-813223-2-smb devstack@c-api.service[101329]: DEBUG cinder.api.openstack.wsgi [None req-793128a5-5f0d-4a3f-96f4-7be87101dabc tempest-GroupsTest-918066047 tempest-GroupsTest-918066047-project] Calling method 'detail' {{(pid=101329) _process_stack /opt/stack/cinder/cinder/api/openstack/wsgi.py:856}}
Oct 12 16:53:42.424020 dv-cinder-813223-2-smb devstack@c-api.service[101329]: DEBUG cinder.api.api_utils [None req-793128a5-5f0d-4a3f-96f4-7be87101dabc tempest-GroupsTest-918066047 tempest-GroupsTest-918066047-project] Removing options '' from query. {{(pid=101329) remove_invalid_filter_options /opt/stack/cinder/cinder/api/api_utils.py:73}}
Oct 12 16:53:42.428014 dv-cinder-813223-2-smb devstack@c-api.service[101329]: /usr/local/lib/python3.8/dist-packages/oslo_context/context.py:105: DeprecationWarning: Policy enforcement is depending on the value of is_admin. This key is deprecated. Please update your policy file to use the standard policy values.
Oct 12 16:53:42.428014 dv-cinder-813223-2-smb devstack@c-api.service[101329]: warnings.warn('Policy enforcement is depending on the value of '
Oct 12 16:53:42.430256 dv-cinder-813223-2-smb devstack@c-api.service[101329]: DEBUG cinder.volume.api [None req-793128a5-5f0d-4a3f-96f4-7be87101dabc tempest-GroupsTest-918066047 tempest-GroupsTest-918066047-project] Searching by: MultiDict([('no_migration_targets', True)]). {{(pid=101329) get_all /opt/stack/cinder/cinder/volume/api.py:619}}
Oct 12 16:53:42.445207 dv-cinder-813223-2-smb devstack@c-api.service[101328]: INFO cinder.volume.api [req-aba0b6f8-95bb-466a-83a5-f85a968b9532 req-3cc618df-3fa3-4e17-8b4b-a801a65a78dd tempest-VolumesSnapshotsTestJSON-517390722 tempest-VolumesSnapshotsTestJSON-517390722-project] Snapshot delete request issued successfully.
Oct 12 16:53:42.454158 dv-cinder-813223-2-smb devstack@c-api.service[101328]: INFO cinder.api.openstack.wsgi [req-aba0b6f8-95bb-466a-83a5-f85a968b9532 req-3cc618df-3fa3-4e17-8b4b-a801a65a78dd tempest-VolumesSnapshotsTestJSON-517390722 tempest-VolumesSnapshotsTestJSON-517390722-project] http://10.222.0.65/volume/v3/4d8edace0a104a16b019850582ce26c8/snapshots/b54c33aa-f6ca-47e9-aafe-19c49e4a5d0d returned with HTTP 202
Oct 12 16:53:42.455253 dv-cinder-813223-2-smb devstack@c-api.service[101328]: [pid: 101328|app: 0|req: 18/42] 10.222.0.65 () {62 vars in 1606 bytes} [Tue Oct 12 16:53:42 2021] DELETE /volume/v3/4d8edace0a104a16b019850582ce26c8/snapshots/b54c33aa-f6ca-47e9-aafe-19c49e4a5d0d => generated 0 bytes in 200 msecs (HTTP/1.1 202) 6 headers in 233 bytes (1 switches on core 0)
Oct 12 16:53:42.497736 dv-cinder-813223-2-smb devstack@c-api.service[101328]: INFO cinder.api.openstack.wsgi [req-78e3b3f0-769c-47df-a94e-bcebdb9b0352 req-dd883ee4-2ff5-45a2-94be-85a7b775ff3d tempest-VolumesSnapshotsTestJSON-517390722 tempest-VolumesSnapshotsTestJSON-517390722-project] GET http://10.222.0.65/volume/v3/4d8edace0a104a16b019850582ce26c8/snapshots/b54c33aa-f6ca-47e9-aafe-19c49e4a5d0d
Oct 12 16:53:42.498581 dv-cinder-813223-2-smb devstack@c-api.service[101328]: DEBUG cinder.api.openstack.wsgi [req-78e3b3f0-769c-47df-a94e-bcebdb9b0352 req-dd883ee4-2ff5-45a2-94be-85a7b775ff3d tempest-VolumesSnapshotsTestJSON-517390722 tempest-VolumesSnapshotsTestJSON-517390722-project] Empty body provided in request {{(pid=101328) get_body /opt/stack/cinder/cinder/api/openstack/wsgi.py:703}}
Oct 12 16:53:42.499052 dv-cinder-813223-2-smb devstack@c-api.service[101328]: /usr/local/lib/python3.8/dist-packages/webob/acceptparse.py:1047: DeprecationWarning: The behavior of AcceptValidHeader.best_match is currently being maintained for backward compatibility, but it will be deprecated in the future, as it does not conform to the RFC.
Oct 12 16:53:42.499052 dv-cinder-813223-2-smb devstack@c-api.service[101328]: warnings.warn(
Oct 12 16:53:42.500004 dv-cinder-813223-2-smb devstack@c-api.service[101328]: DEBUG cinder.api.openstack.wsgi [req-78e3b3f0-769c-47df-a94e-bcebdb9b0352 req-dd883ee4-2ff5-45a2-94be-85a7b775ff3d tempest-VolumesSnapshotsTestJSON-517390722 tempest-VolumesSnapshotsTestJSON-517390722-project] Calling method 'show' {{(pid=101328) _process_stack /opt/stack/cinder/cinder/api/openstack/wsgi.py:856}}
Oct 12 16:53:42.512698 dv-cinder-813223-2-smb devstack@c-api.service[101328]: /usr/local/lib/python3.8/dist-packages/oslo_context/context.py:105: DeprecationWarning: Policy enforcement is depending on the value of is_admin. This key is deprecated. Please update your policy file to use the standard policy values.
Oct 12 16:53:42.512698 dv-cinder-813223-2-smb devstack@c-api.service[101328]: warnings.warn('Policy enforcement is depending on the value of '
Oct 12 16:53:42.514148 dv-cinder-813223-2-smb devstack@c-api.service[101328]: INFO cinder.volume.api [req-78e3b3f0-769c-47df-a94e-bcebdb9b0352 req-dd883ee4-2ff5-45a2-94be-85a7b775ff3d tempest-VolumesSnapshotsTestJSON-517390722 tempest-VolumesSnapshotsTestJSON-517390722-project] Snapshot retrieved successfully.
Oct 12 16:53:42.517864 dv-cinder-813223-2-smb devstack@c-api.service[101328]: INFO cinder.api.openstack.wsgi [req-78e3b3f0-769c-47df-a94e-bcebdb9b0352 req-dd883ee4-2ff5-45a2-94be-85a7b775ff3d tempest-VolumesSnapshotsTestJSON-517390722 tempest-VolumesSnapshotsTestJSON-517390722-project] http://10.222.0.65/volume/v3/4d8edace0a104a16b019850582ce26c8/snapshots/b54c33aa-f6ca-47e9-aafe-19c49e4a5d0d returned with HTTP 200
Oct 12 16:53:42.526071 dv-cinder-813223-2-smb devstack@c-api.service[101328]: [pid: 101328|app: 0|req: 19/43] 10.222.0.65 () {60 vars in 1584 bytes} [Tue Oct 12 16:53:42 2021] GET /volume/v3/4d8edace0a104a16b019850582ce26c8/snapshots/b54c33aa-f6ca-47e9-aafe-19c49e4a5d0d => generated 535 bytes in 35 msecs (HTTP/1.1 200) 7 headers in 285 bytes (2 switches on core 0)
Oct 12 16:53:42.569193 dv-cinder-813223-2-smb devstack@c-api.service[101329]: INFO cinder.volume.api [None req-793128a5-5f0d-4a3f-96f4-7be87101dabc tempest-GroupsTest-918066047 tempest-GroupsTest-918066047-project] Get all volumes completed successfully.
Oct 12 16:53:42.570939 dv-cinder-813223-2-smb devstack@c-api.service[101329]: WARNING stevedore.named [None req-793128a5-5f0d-4a3f-96f4-7be87101dabc tempest-GroupsTest-918066047 tempest-GroupsTest-918066047-project] Could not load cinder.keymgr.conf_key_mgr.ConfKeyManager
Oct 12 16:53:42.571480 dv-cinder-813223-2-smb devstack@c-api.service[101329]: WARNING castellan.key_manager [None req-793128a5-5f0d-4a3f-96f4-7be87101dabc tempest-GroupsTest-918066047 tempest-GroupsTest-918066047-project] Deprecation Warning : cinder.keymgr.conf_key_mgr.ConfKeyManager is not a stevedore based driver, trying to load it as a class: stevedore.exception.NoMatches: No 'castellan.drivers' driver found, looking for 'cinder.keymgr.conf_key_mgr.ConfKeyManager'
Oct 12 16:53:42.585216 dv-cinder-813223-2-smb devstack@c-api.service[101329]: DEBUG oslo_db.sqlalchemy.engines [None req-793128a5-5f0d-4a3f-96f4-7be87101dabc tempest-GroupsTest-918066047 tempest-GroupsTest-918066047-project] MySQL server mode set to STRICT_TRANS_TABLES,STRICT_ALL_TABLES,NO_ZERO_IN_DATE,NO_ZERO_DATE,ERROR_FOR_DIVISION_BY_ZERO,TRADITIONAL,NO_ENGINE_SUBSTITUTION {{(pid=101329) _check_effective_sql_mode /usr/local/lib/python3.8/dist-packages/oslo_db/sqlalchemy/engines.py:314}}
Oct 12 16:53:42.598072 dv-cinder-813223-2-smb devstack@c-api.service[101329]: /usr/local/lib/python3.8/dist-packages/oslo_context/context.py:105: DeprecationWarning: Policy enforcement is depending on the value of is_admin. This key is deprecated. Please update your policy file to use the standard policy values.
Oct 12 16:53:42.598072 dv-cinder-813223-2-smb devstack@c-api.service[101329]: warnings.warn('Policy enforcement is depending on the value of '
Oct 12 16:53:42.622270 dv-cinder-813223-2-smb devstack@c-api.service[101329]: INFO cinder.api.openstack.wsgi [None req-793128a5-5f0d-4a3f-96f4-7be87101dabc tempest-GroupsTest-918066047 tempest-GroupsTest-918066047-project] http://10.222.0.65/volume/v3/bd7cc2c9ab9542378c149349e4670cb2/volumes/detail returned with HTTP 200
Oct 12 16:53:42.631321 dv-cinder-813223-2-smb devstack@c-api.service[101329]: [pid: 101329|app: 0|req: 25/44] 10.222.0.65 () {60 vars in 1275 bytes} [Tue Oct 12 16:53:42 2021] GET /volume/v3/bd7cc2c9ab9542378c149349e4670cb2/volumes/detail => generated 975 bytes in 217 msecs (HTTP/1.1 200) 7 headers in 286 bytes (1 switches on core 0)
Oct 12 16:53:42.638252 dv-cinder-813223-2-smb devstack@c-api.service[101328]: INFO cinder.api.openstack.wsgi [None req-755963b6-5cee-444b-b63d-6524b6368672 tempest-GroupsTest-918066047 tempest-GroupsTest-918066047-project] GET http://10.222.0.65/volume/v3/bd7cc2c9ab9542378c149349e4670cb2/volumes/detail
Oct 12 16:53:42.638765 dv-cinder-813223-2-smb devstack@c-api.service[101328]: DEBUG cinder.api.openstack.wsgi [None req-755963b6-5cee-444b-b63d-6524b6368672 tempest-GroupsTest-918066047 tempest-GroupsTest-918066047-project] Empty body provided in request {{(pid=101328) get_body /opt/stack/cinder/cinder/api/openstack/wsgi.py:703}}
Oct 12 16:53:42.638962 dv-cinder-813223-2-smb devstack@c-api.service[101328]: /usr/local/lib/python3.8/dist-packages/webob/acceptparse.py:1047: DeprecationWarning: The behavior of AcceptValidHeader.best_match is currently being maintained for backward compatibility, but it will be deprecated in the future, as it does not conform to the RFC.
Oct 12 16:53:42.638962 dv-cinder-813223-2-smb devstack@c-api.service[101328]: warnings.warn(
Oct 12 16:53:42.640536 dv-cinder-813223-2-smb devstack@c-api.service[101328]: DEBUG cinder.api.openstack.wsgi [None req-755963b6-5cee-444b-b63d-6524b6368672 tempest-GroupsTest-918066047 tempest-GroupsTest-918066047-project] Calling method 'detail' {{(pid=101328) _process_stack /opt/stack/cinder/cinder/api/openstack/wsgi.py:856}}
Oct 12 16:53:42.641538 dv-cinder-813223-2-smb devstack@c-api.service[101328]: DEBUG cinder.api.api_utils [None req-755963b6-5cee-444b-b63d-6524b6368672 tempest-GroupsTest-918066047 tempest-GroupsTest-918066047-project] Removing options '' from query. {{(pid=101328) remove_invalid_filter_options /opt/stack/cinder/cinder/api/api_utils.py:73}}
Oct 12 16:53:42.643293 dv-cinder-813223-2-smb devstack@c-api.service[101328]: DEBUG cinder.volume.api [None req-755963b6-5cee-444b-b63d-6524b6368672 tempest-GroupsTest-918066047 tempest-GroupsTest-918066047-project] Searching by: MultiDict([('no_migration_targets', True)]). {{(pid=101328) get_all /opt/stack/cinder/cinder/volume/api.py:619}}
Oct 12 16:53:42.753695 dv-cinder-813223-2-smb devstack@c-api.service[101328]: INFO cinder.volume.api [None req-755963b6-5cee-444b-b63d-6524b6368672 tempest-GroupsTest-918066047 tempest-GroupsTest-918066047-project] Get all volumes completed successfully.
Oct 12 16:53:42.755443 dv-cinder-813223-2-smb devstack@c-api.service[101328]: WARNING stevedore.named [None req-755963b6-5cee-444b-b63d-6524b6368672 tempest-GroupsTest-918066047 tempest-GroupsTest-918066047-project] Could not load cinder.keymgr.conf_key_mgr.ConfKeyManager
Oct 12 16:53:42.767454 dv-cinder-813223-2-smb devstack@c-api.service[101328]: WARNING castellan.key_manager [None req-755963b6-5cee-444b-b63d-6524b6368672 tempest-GroupsTest-918066047 tempest-GroupsTest-918066047-project] Deprecation Warning : cinder.keymgr.conf_key_mgr.ConfKeyManager is not a stevedore based driver, trying to load it as a class: stevedore.exception.NoMatches: No 'castellan.drivers' driver found, looking for 'cinder.keymgr.conf_key_mgr.ConfKeyManager'
Oct 12 16:53:42.778147 dv-cinder-813223-2-smb devstack@c-api.service[101328]: DEBUG oslo_db.sqlalchemy.engines [None req-755963b6-5cee-444b-b63d-6524b6368672 tempest-GroupsTest-918066047 tempest-GroupsTest-918066047-project] MySQL server mode set to STRICT_TRANS_TABLES,STRICT_ALL_TABLES,NO_ZERO_IN_DATE,NO_ZERO_DATE,ERROR_FOR_DIVISION_BY_ZERO,TRADITIONAL,NO_ENGINE_SUBSTITUTION {{(pid=101328) _check_effective_sql_mode /usr/local/lib/python3.8/dist-packages/oslo_db/sqlalchemy/engines.py:314}}
Oct 12 16:53:42.794333 dv-cinder-813223-2-smb devstack@c-api.service[101328]: /usr/local/lib/python3.8/dist-packages/oslo_context/context.py:105: DeprecationWarning: Policy enforcement is depending on the value of is_admin. This key is deprecated. Please update your policy file to use the standard policy values.
Oct 12 16:53:42.794333 dv-cinder-813223-2-smb devstack@c-api.service[101328]: warnings.warn('Policy enforcement is depending on the value of '
Oct 12 16:53:42.850411 dv-cinder-813223-2-smb devstack@c-api.service[101328]: INFO cinder.api.openstack.wsgi [None req-755963b6-5cee-444b-b63d-6524b6368672 tempest-GroupsTest-918066047 tempest-GroupsTest-918066047-project] http://10.222.0.65/volume/v3/bd7cc2c9ab9542378c149349e4670cb2/volumes/detail returned with HTTP 200
Oct 12 16:53:42.851911 dv-cinder-813223-2-smb devstack@c-api.service[101328]: [pid: 101328|app: 0|req: 20/45] 10.222.0.65 () {60 vars in 1275 bytes} [Tue Oct 12 16:53:42 2021] GET /volume/v3/bd7cc2c9ab9542378c149349e4670cb2/volumes/detail => generated 975 bytes in 217 msecs (HTTP/1.1 200) 7 headers in 286 bytes (1 switches on core 0)
Oct 12 16:53:42.868047 dv-cinder-813223-2-smb devstack@c-api.service[101329]: INFO cinder.api.openstack.wsgi [None req-a83e141f-b709-448a-bdfd-b86b5475fb2d tempest-GroupsTest-918066047 tempest-GroupsTest-918066047-project] POST http://10.222.0.65/volume/v3/bd7cc2c9ab9542378c149349e4670cb2/groups/7db2fa19-13a0-4649-8b47-cf7cc8d6cab5/action
Oct 12 16:53:42.868589 dv-cinder-813223-2-smb devstack@c-api.service[101329]: /usr/local/lib/python3.8/dist-packages/webob/acceptparse.py:1047: DeprecationWarning: The behavior of AcceptValidHeader.best_match is currently being maintained for backward compatibility, but it will be deprecated in the future, as it does not conform to the RFC.
Oct 12 16:53:42.868589 dv-cinder-813223-2-smb devstack@c-api.service[101329]: warnings.warn(
Oct 12 16:53:42.869389 dv-cinder-813223-2-smb devstack@c-api.service[101329]: DEBUG cinder.api.openstack.wsgi [None req-a83e141f-b709-448a-bdfd-b86b5475fb2d tempest-GroupsTest-918066047 tempest-GroupsTest-918066047-project] Action body: b'{"delete": {"delete-volumes": true}}' {{(pid=101329) get_method /opt/stack/cinder/cinder/api/openstack/wsgi.py:971}}
Oct 12 16:53:42.869792 dv-cinder-813223-2-smb devstack@c-api.service[101329]: DEBUG cinder.api.openstack.wsgi [None req-a83e141f-b709-448a-bdfd-b86b5475fb2d tempest-GroupsTest-918066047 tempest-GroupsTest-918066047-project] Action: 'action', calling method: version_select, body: {"delete": {"delete-volumes": true}} {{(pid=101329) _process_stack /opt/stack/cinder/cinder/api/openstack/wsgi.py:854}}
Oct 12 16:53:42.872943 dv-cinder-813223-2-smb devstack@c-api.service[101329]: DEBUG cinder.api.v3.groups [None req-a83e141f-b709-448a-bdfd-b86b5475fb2d tempest-GroupsTest-918066047 tempest-GroupsTest-918066047-project] delete called for group 7db2fa19-13a0-4649-8b47-cf7cc8d6cab5 {{(pid=101329) _delete /opt/stack/cinder/cinder/api/v3/groups.py:117}}
Oct 12 16:53:42.873320 dv-cinder-813223-2-smb devstack@c-api.service[101329]: INFO cinder.api.v3.groups [None req-a83e141f-b709-448a-bdfd-b86b5475fb2d tempest-GroupsTest-918066047 tempest-GroupsTest-918066047-project] Delete group with id: 7db2fa19-13a0-4649-8b47-cf7cc8d6cab5
Oct 12 16:53:42.893741 dv-cinder-813223-2-smb devstack@c-api.service[101329]: /usr/local/lib/python3.8/dist-packages/oslo_context/context.py:105: DeprecationWarning: Policy enforcement is depending on the value of is_admin. This key is deprecated. Please update your policy file to use the standard policy values.
Oct 12 16:53:42.893741 dv-cinder-813223-2-smb devstack@c-api.service[101329]: warnings.warn('Policy enforcement is depending on the value of '
Oct 12 16:53:43.164941 dv-cinder-813223-2-smb devstack@c-api.service[101329]: INFO cinder.api.openstack.wsgi [None req-a83e141f-b709-448a-bdfd-b86b5475fb2d tempest-GroupsTest-918066047 tempest-GroupsTest-918066047-project] http://10.222.0.65/volume/v3/bd7cc2c9ab9542378c149349e4670cb2/groups/7db2fa19-13a0-4649-8b47-cf7cc8d6cab5/action returned with HTTP 202
Oct 12 16:53:43.167575 dv-cinder-813223-2-smb devstack@c-api.service[101329]: [pid: 101329|app: 0|req: 26/46] 10.222.0.65 () {62 vars in 1404 bytes} [Tue Oct 12 16:53:42 2021] POST /volume/v3/bd7cc2c9ab9542378c149349e4670cb2/groups/7db2fa19-13a0-4649-8b47-cf7cc8d6cab5/action => generated 0 bytes in 303 msecs (HTTP/1.1 202) 6 headers in 234 bytes (1 switches on core 0)
Oct 12 16:53:43.175992 dv-cinder-813223-2-smb devstack@c-api.service[101328]: INFO cinder.api.openstack.wsgi [None req-e968c5a6-e27b-40d0-b71c-c5b4bd526baf tempest-GroupsTest-918066047 tempest-GroupsTest-918066047-project] GET http://10.222.0.65/volume/v3/bd7cc2c9ab9542378c149349e4670cb2/volumes/d76d9f41-2998-4513-8271-7b8d4de427c0
Oct 12 16:53:43.176814 dv-cinder-813223-2-smb devstack@c-api.service[101328]: DEBUG cinder.api.openstack.wsgi [None req-e968c5a6-e27b-40d0-b71c-c5b4bd526baf tempest-GroupsTest-918066047 tempest-GroupsTest-918066047-project] Empty body provided in request {{(pid=101328) get_body /opt/stack/cinder/cinder/api/openstack/wsgi.py:703}}
Oct 12 16:53:43.177075 dv-cinder-813223-2-smb devstack@c-api.service[101328]: /usr/local/lib/python3.8/dist-packages/webob/acceptparse.py:1047: DeprecationWarning: The behavior of AcceptValidHeader.best_match is currently being maintained for backward compatibility, but it will be deprecated in the future, as it does not conform to the RFC.
Oct 12 16:53:43.177075 dv-cinder-813223-2-smb devstack@c-api.service[101328]: warnings.warn(
Oct 12 16:53:43.177591 dv-cinder-813223-2-smb devstack@c-api.service[101328]: DEBUG cinder.api.openstack.wsgi [None req-e968c5a6-e27b-40d0-b71c-c5b4bd526baf tempest-GroupsTest-918066047 tempest-GroupsTest-918066047-project] Calling method 'show' {{(pid=101328) _process_stack /opt/stack/cinder/cinder/api/openstack/wsgi.py:856}}
Oct 12 16:53:43.217260 dv-cinder-813223-2-smb devstack@c-api.service[101328]: /usr/local/lib/python3.8/dist-packages/oslo_context/context.py:105: DeprecationWarning: Policy enforcement is depending on the value of is_admin. This key is deprecated. Please update your policy file to use the standard policy values.
Oct 12 16:53:43.217260 dv-cinder-813223-2-smb devstack@c-api.service[101328]: warnings.warn('Policy enforcement is depending on the value of '
Oct 12 16:53:43.242734 dv-cinder-813223-2-smb devstack@c-api.service[101328]: INFO cinder.volume.api [None req-e968c5a6-e27b-40d0-b71c-c5b4bd526baf tempest-GroupsTest-918066047 tempest-GroupsTest-918066047-project] Volume info retrieved successfully.
Oct 12 16:53:43.249103 dv-cinder-813223-2-smb devstack@c-api.service[101328]: WARNING stevedore.named [None req-e968c5a6-e27b-40d0-b71c-c5b4bd526baf tempest-GroupsTest-918066047 tempest-GroupsTest-918066047-project] Could not load cinder.keymgr.conf_key_mgr.ConfKeyManager
Oct 12 16:53:43.249532 dv-cinder-813223-2-smb devstack@c-api.service[101328]: WARNING castellan.key_manager [None req-e968c5a6-e27b-40d0-b71c-c5b4bd526baf tempest-GroupsTest-918066047 tempest-GroupsTest-918066047-project] Deprecation Warning : cinder.keymgr.conf_key_mgr.ConfKeyManager is not a stevedore based driver, trying to load it as a class: stevedore.exception.NoMatches: No 'castellan.drivers' driver found, looking for 'cinder.keymgr.conf_key_mgr.ConfKeyManager'
Oct 12 16:53:43.269886 dv-cinder-813223-2-smb devstack@c-api.service[101328]: DEBUG oslo_db.sqlalchemy.engines [None req-e968c5a6-e27b-40d0-b71c-c5b4bd526baf tempest-GroupsTest-918066047 tempest-GroupsTest-918066047-project] MySQL server mode set to STRICT_TRANS_TABLES,STRICT_ALL_TABLES,NO_ZERO_IN_DATE,NO_ZERO_DATE,ERROR_FOR_DIVISION_BY_ZERO,TRADITIONAL,NO_ENGINE_SUBSTITUTION {{(pid=101328) _check_effective_sql_mode /usr/local/lib/python3.8/dist-packages/oslo_db/sqlalchemy/engines.py:314}}
Oct 12 16:53:43.295742 dv-cinder-813223-2-smb devstack@c-api.service[101328]: /usr/local/lib/python3.8/dist-packages/oslo_context/context.py:105: DeprecationWarning: Policy enforcement is depending on the value of is_admin. This key is deprecated. Please update your policy file to use the standard policy values.
Oct 12 16:53:43.295742 dv-cinder-813223-2-smb devstack@c-api.service[101328]: warnings.warn('Policy enforcement is depending on the value of '
