Oct 12 16:53:59.843641 dv-cinder-813223-2-iscsi devstack@c-api.service[100891]: DEBUG cinder.api.openstack.wsgi [None req-0fc007ec-5b11-43b7-a69c-a7a231f7f1a7 tempest-VolumesTransfersTest-2072781584 tempest-VolumesTransfersTest-2072781584-project] Action: 'create', calling method: create, body: {"volume": {"size": 1, "name": "tempest-VolumesTransfersTest-Volume-465029538"}} {{(pid=100891) _process_stack /opt/stack/cinder/cinder/api/openstack/wsgi.py:854}}
Oct 12 16:53:59.845101 dv-cinder-813223-2-iscsi devstack@c-api.service[100891]: DEBUG cinder.api.v3.volumes [None req-0fc007ec-5b11-43b7-a69c-a7a231f7f1a7 tempest-VolumesTransfersTest-2072781584 tempest-VolumesTransfersTest-2072781584-project] Create volume request body: {'volume': {'size': 1, 'name': 'tempest-VolumesTransfersTest-Volume-465029538'}} {{(pid=100891) create /opt/stack/cinder/cinder/api/v3/volumes.py:298}}
Oct 12 16:53:59.845378 dv-cinder-813223-2-iscsi devstack@c-api.service[100892]: INFO cinder.api.openstack.wsgi [None req-e288b219-0e79-42df-9472-7c78af07bb47 tempest-VolumesImageMetadata-1076076202 tempest-VolumesImageMetadata-1076076202-project] http://10.222.0.42/volume/v3/42b4caab9d264f53adf55d0aeea7240a/volumes/6efc47e6-86db-4b44-ac0c-2b69efb3ea43 returned with HTTP 200
Oct 12 16:53:59.845894 dv-cinder-813223-2-iscsi devstack@c-api.service[100891]: INFO cinder.api.v3.volumes [None req-0fc007ec-5b11-43b7-a69c-a7a231f7f1a7 tempest-VolumesTransfersTest-2072781584 tempest-VolumesTransfersTest-2072781584-project] Create volume of 1 GB
Oct 12 16:53:59.846082 dv-cinder-813223-2-iscsi devstack@c-api.service[100892]: [pid: 100892|app: 0|req: 183/379] 10.222.0.42 () {58 vars in 1324 bytes} [Tue Oct 12 16:53:59 2021] GET /volume/v3/42b4caab9d264f53adf55d0aeea7240a/volumes/6efc47e6-86db-4b44-ac0c-2b69efb3ea43 => generated 912 bytes in 37 msecs (HTTP/1.1 200) 7 headers in 285 bytes (2 switches on core 0)
Oct 12 16:53:59.853434 dv-cinder-813223-2-iscsi devstack@c-api.service[100891]: INFO cinder.volume.api [None req-0fc007ec-5b11-43b7-a69c-a7a231f7f1a7 tempest-VolumesTransfersTest-2072781584 tempest-VolumesTransfersTest-2072781584-project] Availability Zones retrieved successfully.
Oct 12 16:53:59.869137 dv-cinder-813223-2-iscsi devstack@c-api.service[100891]: DEBUG cinder.volume.api [None req-0fc007ec-5b11-43b7-a69c-a7a231f7f1a7 tempest-VolumesTransfersTest-2072781584 tempest-VolumesTransfersTest-2072781584-project] Flow 'volume_create_api' (988642dd-641b-49d9-933c-9d124e519eb3) transitioned into state 'RUNNING' from state 'PENDING' {{(pid=100891) _flow_receiver /usr/local/lib/python3.8/dist-packages/taskflow/listeners/logging.py:141}}
Oct 12 16:53:59.871681 dv-cinder-813223-2-iscsi devstack@c-api.service[100891]: DEBUG cinder.volume.api [None req-0fc007ec-5b11-43b7-a69c-a7a231f7f1a7 tempest-VolumesTransfersTest-2072781584 tempest-VolumesTransfersTest-2072781584-project] Task 'cinder.volume.flows.api.create_volume.ExtractVolumeRequestTask;volume:create' (1f9b39e3-900e-4517-9c05-c8d732d0bb6f) transitioned into state 'RUNNING' from state 'PENDING' {{(pid=100891) _task_receiver /usr/local/lib/python3.8/dist-packages/taskflow/listeners/logging.py:190}}
Oct 12 16:53:59.874078 dv-cinder-813223-2-iscsi devstack@c-api.service[100891]: DEBUG cinder.volume.flows.api.create_volume [None req-0fc007ec-5b11-43b7-a69c-a7a231f7f1a7 tempest-VolumesTransfersTest-2072781584 tempest-VolumesTransfersTest-2072781584-project] Validating volume size '1' using validate_int {{(pid=100891) _extract_size /opt/stack/cinder/cinder/volume/flows/api/create_volume.py:225}}
Oct 12 16:53:59.903881 dv-cinder-813223-2-iscsi devstack@c-api.service[100891]: DEBUG cinder.volume.api [None req-0fc007ec-5b11-43b7-a69c-a7a231f7f1a7 tempest-VolumesTransfersTest-2072781584 tempest-VolumesTransfersTest-2072781584-project] Task 'cinder.volume.flows.api.create_volume.ExtractVolumeRequestTask;volume:create' (1f9b39e3-900e-4517-9c05-c8d732d0bb6f) transitioned into state 'SUCCESS' from state 'RUNNING' with result '{'size': 1, 'snapshot_id': None, 'source_volid': None, 'volume_type': VolumeType(created_at=2021-10-12T16:43:40Z,deleted=False,deleted_at=None,description='Default Volume Type',extra_specs={},id=06af9c22-aee0-40e0-a7cb-e0de00b06938,is_public=True,name='__DEFAULT__',projects=[],qos_specs=,qos_specs_id=None,updated_at=2021-10-12T16:43:40Z), 'volume_type_id': '06af9c22-aee0-40e0-a7cb-e0de00b06938', 'encryption_key_id': None, 'qos_specs': None, 'consistencygroup_id': None, 'cgsnapshot_id': None, 'group_id': None, 'replication_status': 'disabled', 'refresh_az': False, 'backup_id': None, 'multiattach': False, 'availability_zones': ['nova']}' {{(pid=100891) _task_receiver /usr/local/lib/python3.8/dist-packages/taskflow/listeners/logging.py:178}}
Oct 12 16:53:59.905869 dv-cinder-813223-2-iscsi devstack@c-api.service[100891]: DEBUG cinder.volume.api [None req-0fc007ec-5b11-43b7-a69c-a7a231f7f1a7 tempest-VolumesTransfersTest-2072781584 tempest-VolumesTransfersTest-2072781584-project] Task 'cinder.volume.flows.api.create_volume.QuotaReserveTask;volume:create' (e7c1fa86-cfac-48a8-93d5-400431ffc82b) transitioned into state 'RUNNING' from state 'PENDING' {{(pid=100891) _task_receiver /usr/local/lib/python3.8/dist-packages/taskflow/listeners/logging.py:190}}
Oct 12 16:53:59.981343 dv-cinder-813223-2-iscsi devstack@c-api.service[100891]: DEBUG cinder.quota [None req-0fc007ec-5b11-43b7-a69c-a7a231f7f1a7 tempest-VolumesTransfersTest-2072781584 tempest-VolumesTransfersTest-2072781584-project] Created reservations ['1cb5a4c4-81dc-4804-b8b4-41d54d175b2c', 'e34caf87-103b-4659-901f-7f9f7ba12df2', 'b1e92b41-b312-436d-a8c2-17d724030a78', '2d149e3b-fce0-4b1c-8212-58f03153d3a9'] {{(pid=100891) reserve /opt/stack/cinder/cinder/quota.py:755}}
Oct 12 16:53:59.983016 dv-cinder-813223-2-iscsi devstack@c-api.service[100891]: DEBUG cinder.volume.api [None req-0fc007ec-5b11-43b7-a69c-a7a231f7f1a7 tempest-VolumesTransfersTest-2072781584 tempest-VolumesTransfersTest-2072781584-project] Task 'cinder.volume.flows.api.create_volume.QuotaReserveTask;volume:create' (e7c1fa86-cfac-48a8-93d5-400431ffc82b) transitioned into state 'SUCCESS' from state 'RUNNING' with result '{'reservations': ['1cb5a4c4-81dc-4804-b8b4-41d54d175b2c', 'e34caf87-103b-4659-901f-7f9f7ba12df2', 'b1e92b41-b312-436d-a8c2-17d724030a78', '2d149e3b-fce0-4b1c-8212-58f03153d3a9']}' {{(pid=100891) _task_receiver /usr/local/lib/python3.8/dist-packages/taskflow/listeners/logging.py:178}}
Oct 12 16:53:59.985436 dv-cinder-813223-2-iscsi devstack@c-api.service[100891]: DEBUG cinder.volume.api [None req-0fc007ec-5b11-43b7-a69c-a7a231f7f1a7 tempest-VolumesTransfersTest-2072781584 tempest-VolumesTransfersTest-2072781584-project] Task 'cinder.volume.flows.api.create_volume.EntryCreateTask;volume:create' (4d6ca7b2-6c45-4f68-820a-d3299544926d) transitioned into state 'RUNNING' from state 'PENDING' {{(pid=100891) _task_receiver /usr/local/lib/python3.8/dist-packages/taskflow/listeners/logging.py:190}}
Oct 12 16:53:59.989034 dv-cinder-813223-2-iscsi devstack@c-api.service[100892]: INFO cinder.api.openstack.wsgi [None req-c824c5e9-69de-4df4-be6f-2f637ca13a23 tempest-VolumesActionsTest-1303850878 tempest-VolumesActionsTest-1303850878-project] GET http://10.222.0.42/volume/v3/c75c30f5593e4cc5b256a31f2942e371/volumes/30a80e0e-a5e2-4494-80ae-8ce7eb56d97f
Oct 12 16:53:59.989553 dv-cinder-813223-2-iscsi devstack@c-api.service[100892]: DEBUG cinder.api.openstack.wsgi [None req-c824c5e9-69de-4df4-be6f-2f637ca13a23 tempest-VolumesActionsTest-1303850878 tempest-VolumesActionsTest-1303850878-project] Empty body provided in request {{(pid=100892) get_body /opt/stack/cinder/cinder/api/openstack/wsgi.py:703}}
Oct 12 16:53:59.989788 dv-cinder-813223-2-iscsi devstack@c-api.service[100892]: /usr/local/lib/python3.8/dist-packages/webob/acceptparse.py:1047: DeprecationWarning: The behavior of AcceptValidHeader.best_match is currently being maintained for backward compatibility, but it will be deprecated in the future, as it does not conform to the RFC.
Oct 12 16:53:59.989788 dv-cinder-813223-2-iscsi devstack@c-api.service[100892]: warnings.warn(
Oct 12 16:53:59.990200 dv-cinder-813223-2-iscsi devstack@c-api.service[100892]: DEBUG cinder.api.openstack.wsgi [None req-c824c5e9-69de-4df4-be6f-2f637ca13a23 tempest-VolumesActionsTest-1303850878 tempest-VolumesActionsTest-1303850878-project] Calling method 'show' {{(pid=100892) _process_stack /opt/stack/cinder/cinder/api/openstack/wsgi.py:856}}
Oct 12 16:54:00.004058 dv-cinder-813223-2-iscsi devstack@c-api.service[100892]: /usr/local/lib/python3.8/dist-packages/oslo_context/context.py:105: DeprecationWarning: Policy enforcement is depending on the value of is_admin. This key is deprecated. Please update your policy file to use the standard policy values.
Oct 12 16:54:00.004058 dv-cinder-813223-2-iscsi devstack@c-api.service[100892]: warnings.warn('Policy enforcement is depending on the value of '
Oct 12 16:54:00.007166 dv-cinder-813223-2-iscsi devstack@c-api.service[100891]: DEBUG cinder.volume.api [None req-0fc007ec-5b11-43b7-a69c-a7a231f7f1a7 tempest-VolumesTransfersTest-2072781584 tempest-VolumesTransfersTest-2072781584-project] Task 'cinder.volume.flows.api.create_volume.EntryCreateTask;volume:create' (4d6ca7b2-6c45-4f68-820a-d3299544926d) transitioned into state 'SUCCESS' from state 'RUNNING' with result '{'volume_id': 'b460ea30-7171-4c88-a8fa-35f88dfd95a2', 'volume_properties': VolumeProperties(attach_status='detached',availability_zone='nova',cgsnapshot_id=None,consistencygroup_id=None,display_description=None,display_name='tempest-VolumesTransfersTest-Volume-465029538',encryption_key_id=None,group_id=None,group_type_id=,metadata={},multiattach=False,project_id='b475239870104ca0b8e545929e101683',qos_specs=None,replication_status=,reservations=['1cb5a4c4-81dc-4804-b8b4-41d54d175b2c','e34caf87-103b-4659-901f-7f9f7ba12df2','b1e92b41-b312-436d-a8c2-17d724030a78','2d149e3b-fce0-4b1c-8212-58f03153d3a9'],size=1,snapshot_id=None,source_replicaid=,source_volid=None,status='creating',user_id='6a5ae06562ab4d4780203e01dd94a15d',volume_type_id=06af9c22-aee0-40e0-a7cb-e0de00b06938), 'volume': Volume(_name_id=None,admin_metadata=,attach_status='detached',availability_zone='nova',bootable=False,cluster=,cluster_name=None,consistencygroup=,consistencygroup_id=None,created_at=2021-10-12T16:53:59Z,deleted=False,deleted_at=None,display_description=None,display_name='tempest-VolumesTransfersTest-Volume-465029538',ec2_id=None,encryption_key_id=None,glance_metadata=,group=,group_id=None,host=None,id=b460ea30-7171-4c88-a8fa-35f88dfd95a2,launched_at=None,metadata={},migration_status=None,multiattach=False,previous_status=None,project_id='b475239870104ca0b8e545929e101683',provider_auth=None,provider_geometry=None,provider_id=None,provider_location=None,replication_driver_data=None,replication_extended_status=None,replication_status=None,scheduled_at=None,service_uuid=None,shared_targets=True,size=1,snapshot_id=None,snapshots=,source_volid=None,status='creating',terminated_at=None,updated_at=None,use_quota=True,user_id='6a5ae06562ab4d4780203e01dd94a15d',volume_attachment=VolumeAttachmentList,volume_type=VolumeType(06af9c22-aee0-40e0-a7cb-e0de00b06938),volume_type_id=06af9c22-aee0-40e0-a7cb-e0de00b06938)}' {{(pid=100891) _task_receiver /usr/local/lib/python3.8/dist-packages/taskflow/listeners/logging.py:178}}
Oct 12 16:54:00.009071 dv-cinder-813223-2-iscsi devstack@c-api.service[100891]: DEBUG cinder.volume.api [None req-0fc007ec-5b11-43b7-a69c-a7a231f7f1a7 tempest-VolumesTransfersTest-2072781584 tempest-VolumesTransfersTest-2072781584-project] Task 'cinder.volume.flows.api.create_volume.QuotaCommitTask;volume:create' (f39e4dab-8397-47c2-a8f6-caf9d1634d46) transitioned into state 'RUNNING' from state 'PENDING' {{(pid=100891) _task_receiver /usr/local/lib/python3.8/dist-packages/taskflow/listeners/logging.py:190}}
Oct 12 16:54:00.010858 dv-cinder-813223-2-iscsi devstack@c-api.service[100892]: INFO cinder.volume.api [None req-c824c5e9-69de-4df4-be6f-2f637ca13a23 tempest-VolumesActionsTest-1303850878 tempest-VolumesActionsTest-1303850878-project] Volume info retrieved successfully.
Oct 12 16:54:00.019527 dv-cinder-813223-2-iscsi devstack@c-api.service[100892]: INFO cinder.api.openstack.wsgi [None req-c824c5e9-69de-4df4-be6f-2f637ca13a23 tempest-VolumesActionsTest-1303850878 tempest-VolumesActionsTest-1303850878-project] http://10.222.0.42/volume/v3/c75c30f5593e4cc5b256a31f2942e371/volumes/30a80e0e-a5e2-4494-80ae-8ce7eb56d97f returned with HTTP 200
Oct 12 16:54:00.020223 dv-cinder-813223-2-iscsi devstack@c-api.service[100892]: [pid: 100892|app: 0|req: 184/380] 10.222.0.42 () {58 vars in 1324 bytes} [Tue Oct 12 16:53:59 2021] GET /volume/v3/c75c30f5593e4cc5b256a31f2942e371/volumes/30a80e0e-a5e2-4494-80ae-8ce7eb56d97f => generated 909 bytes in 35 msecs (HTTP/1.1 200) 7 headers in 285 bytes (1 switches on core 0)
Oct 12 16:54:00.033480 dv-cinder-813223-2-iscsi devstack@c-api.service[100891]: DEBUG cinder.volume.api [None req-0fc007ec-5b11-43b7-a69c-a7a231f7f1a7 tempest-VolumesTransfersTest-2072781584 tempest-VolumesTransfersTest-2072781584-project] Task 'cinder.volume.flows.api.create_volume.QuotaCommitTask;volume:create' (f39e4dab-8397-47c2-a8f6-caf9d1634d46) transitioned into state 'SUCCESS' from state 'RUNNING' with result '{'volume_properties': VolumeProperties(attach_status='detached',availability_zone='nova',cgsnapshot_id=None,consistencygroup_id=None,display_description=None,display_name='tempest-VolumesTransfersTest-Volume-465029538',encryption_key_id=None,group_id=None,group_type_id=,metadata={},multiattach=False,project_id='b475239870104ca0b8e545929e101683',qos_specs=None,replication_status=,reservations=['1cb5a4c4-81dc-4804-b8b4-41d54d175b2c','e34caf87-103b-4659-901f-7f9f7ba12df2','b1e92b41-b312-436d-a8c2-17d724030a78','2d149e3b-fce0-4b1c-8212-58f03153d3a9'],size=1,snapshot_id=None,source_replicaid=,source_volid=None,status='creating',user_id='6a5ae06562ab4d4780203e01dd94a15d',volume_type_id=06af9c22-aee0-40e0-a7cb-e0de00b06938)}' {{(pid=100891) _task_receiver /usr/local/lib/python3.8/dist-packages/taskflow/listeners/logging.py:178}}
Oct 12 16:54:00.035252 dv-cinder-813223-2-iscsi devstack@c-api.service[100891]: DEBUG cinder.volume.api [None req-0fc007ec-5b11-43b7-a69c-a7a231f7f1a7 tempest-VolumesTransfersTest-2072781584 tempest-VolumesTransfersTest-2072781584-project] Task 'cinder.volume.flows.api.create_volume.VolumeCastTask;volume:create' (18896b82-b4c6-41c3-9ba0-a218ee567b4a) transitioned into state 'RUNNING' from state 'PENDING' {{(pid=100891) _task_receiver /usr/local/lib/python3.8/dist-packages/taskflow/listeners/logging.py:190}}
Oct 12 16:54:00.050051 dv-cinder-813223-2-iscsi devstack@c-api.service[100891]: DEBUG cinder.volume.api [None req-0fc007ec-5b11-43b7-a69c-a7a231f7f1a7 tempest-VolumesTransfersTest-2072781584 tempest-VolumesTransfersTest-2072781584-project] Task 'cinder.volume.flows.api.create_volume.VolumeCastTask;volume:create' (18896b82-b4c6-41c3-9ba0-a218ee567b4a) transitioned into state 'SUCCESS' from state 'RUNNING' with result 'None' {{(pid=100891) _task_receiver /usr/local/lib/python3.8/dist-packages/taskflow/listeners/logging.py:178}}
Oct 12 16:54:00.052432 dv-cinder-813223-2-iscsi devstack@c-api.service[100891]: DEBUG cinder.volume.api [None req-0fc007ec-5b11-43b7-a69c-a7a231f7f1a7 tempest-VolumesTransfersTest-2072781584 tempest-VolumesTransfersTest-2072781584-project] Flow 'volume_create_api' (988642dd-641b-49d9-933c-9d124e519eb3) transitioned into state 'SUCCESS' from state 'RUNNING' {{(pid=100891) _flow_receiver /usr/local/lib/python3.8/dist-packages/taskflow/listeners/logging.py:141}}
Oct 12 16:54:00.053138 dv-cinder-813223-2-iscsi devstack@c-api.service[100891]: INFO cinder.volume.api [None req-0fc007ec-5b11-43b7-a69c-a7a231f7f1a7 tempest-VolumesTransfersTest-2072781584 tempest-VolumesTransfersTest-2072781584-project] Create volume request issued successfully.
Oct 12 16:54:00.054283 dv-cinder-813223-2-iscsi devstack@c-api.service[100891]: INFO cinder.api.openstack.wsgi [None req-0fc007ec-5b11-43b7-a69c-a7a231f7f1a7 tempest-VolumesTransfersTest-2072781584 tempest-VolumesTransfersTest-2072781584-project] http://10.222.0.42/volume/v3/b475239870104ca0b8e545929e101683/volumes returned with HTTP 202
Oct 12 16:54:00.055052 dv-cinder-813223-2-iscsi devstack@c-api.service[100891]: [pid: 100891|app: 0|req: 197/381] 10.222.0.42 () {60 vars in 1234 bytes} [Tue Oct 12 16:53:59 2021] POST /volume/v3/b475239870104ca0b8e545929e101683/volumes => generated 819 bytes in 360 msecs (HTTP/1.1 202) 7 headers in 291 bytes (2 switches on core 0)
Oct 12 16:54:00.068985 dv-cinder-813223-2-iscsi devstack@c-api.service[100892]: INFO cinder.api.openstack.wsgi [None req-c474a2db-f68e-493f-912d-46b3bad8b910 tempest-VolumesTransfersTest-2072781584 tempest-VolumesTransfersTest-2072781584-project] GET http://10.222.0.42/volume/v3/b475239870104ca0b8e545929e101683/volumes/b460ea30-7171-4c88-a8fa-35f88dfd95a2
Oct 12 16:54:00.069439 dv-cinder-813223-2-iscsi devstack@c-api.service[100892]: DEBUG cinder.api.openstack.wsgi [None req-c474a2db-f68e-493f-912d-46b3bad8b910 tempest-VolumesTransfersTest-2072781584 tempest-VolumesTransfersTest-2072781584-project] Empty body provided in request {{(pid=100892) get_body /opt/stack/cinder/cinder/api/openstack/wsgi.py:703}}
Oct 12 16:54:00.069627 dv-cinder-813223-2-iscsi devstack@c-api.service[100892]: /usr/local/lib/python3.8/dist-packages/webob/acceptparse.py:1047: DeprecationWarning: The behavior of AcceptValidHeader.best_match is currently being maintained for backward compatibility, but it will be deprecated in the future, as it does not conform to the RFC.
Oct 12 16:54:00.069627 dv-cinder-813223-2-iscsi devstack@c-api.service[100892]: warnings.warn(
Oct 12 16:54:00.069915 dv-cinder-813223-2-iscsi devstack@c-api.service[100892]: DEBUG cinder.api.openstack.wsgi [None req-c474a2db-f68e-493f-912d-46b3bad8b910 tempest-VolumesTransfersTest-2072781584 tempest-VolumesTransfersTest-2072781584-project] Calling method 'show' {{(pid=100892) _process_stack /opt/stack/cinder/cinder/api/openstack/wsgi.py:856}}
Oct 12 16:54:00.083724 dv-cinder-813223-2-iscsi devstack@c-api.service[100892]: /usr/local/lib/python3.8/dist-packages/oslo_context/context.py:105: DeprecationWarning: Policy enforcement is depending on the value of is_admin. This key is deprecated. Please update your policy file to use the standard policy values.
Oct 12 16:54:00.083724 dv-cinder-813223-2-iscsi devstack@c-api.service[100892]: warnings.warn('Policy enforcement is depending on the value of '
Oct 12 16:54:00.091857 dv-cinder-813223-2-iscsi devstack@c-api.service[100892]: INFO cinder.volume.api [None req-c474a2db-f68e-493f-912d-46b3bad8b910 tempest-VolumesTransfersTest-2072781584 tempest-VolumesTransfersTest-2072781584-project] Volume info retrieved successfully.
Oct 12 16:54:00.100711 dv-cinder-813223-2-iscsi devstack@c-api.service[100892]: INFO cinder.api.openstack.wsgi [None req-c474a2db-f68e-493f-912d-46b3bad8b910 tempest-VolumesTransfersTest-2072781584 tempest-VolumesTransfersTest-2072781584-project] http://10.222.0.42/volume/v3/b475239870104ca0b8e545929e101683/volumes/b460ea30-7171-4c88-a8fa-35f88dfd95a2 returned with HTTP 200
Oct 12 16:54:00.109658 dv-cinder-813223-2-iscsi devstack@c-api.service[100892]: [pid: 100892|app: 0|req: 185/382] 10.222.0.42 () {58 vars in 1324 bytes} [Tue Oct 12 16:54:00 2021] GET /volume/v3/b475239870104ca0b8e545929e101683/volumes/b460ea30-7171-4c88-a8fa-35f88dfd95a2 => generated 887 bytes in 36 msecs (HTTP/1.1 200) 7 headers in 285 bytes (1 switches on core 0)
Oct 12 16:54:00.508340 dv-cinder-813223-2-iscsi devstack@c-api.service[100891]: INFO cinder.api.openstack.wsgi [None req-18cc930b-c16c-4747-a996-1e22a9cd6268 tempest-DeleteServersTestJSON-1756396344 tempest-DeleteServersTestJSON-1756396344-project] GET http://10.222.0.42/volume/v3/7620025728b949fcbbcf988c3afc657d/volumes/40e589d8-f242-4c77-a639-dc87cabe8db0
Oct 12 16:54:00.508789 dv-cinder-813223-2-iscsi devstack@c-api.service[100891]: DEBUG cinder.api.openstack.wsgi [None req-18cc930b-c16c-4747-a996-1e22a9cd6268 tempest-DeleteServersTestJSON-1756396344 tempest-DeleteServersTestJSON-1756396344-project] Empty body provided in request {{(pid=100891) get_body /opt/stack/cinder/cinder/api/openstack/wsgi.py:703}}
Oct 12 16:54:00.509010 dv-cinder-813223-2-iscsi devstack@c-api.service[100891]: /usr/local/lib/python3.8/dist-packages/webob/acceptparse.py:1047: DeprecationWarning: The behavior of AcceptValidHeader.best_match is currently being maintained for backward compatibility, but it will be deprecated in the future, as it does not conform to the RFC.
Oct 12 16:54:00.509010 dv-cinder-813223-2-iscsi devstack@c-api.service[100891]: warnings.warn(
Oct 12 16:54:00.509324 dv-cinder-813223-2-iscsi devstack@c-api.service[100891]: DEBUG cinder.api.openstack.wsgi [None req-18cc930b-c16c-4747-a996-1e22a9cd6268 tempest-DeleteServersTestJSON-1756396344 tempest-DeleteServersTestJSON-1756396344-project] Calling method 'show' {{(pid=100891) _process_stack /opt/stack/cinder/cinder/api/openstack/wsgi.py:856}}
Oct 12 16:54:00.523435 dv-cinder-813223-2-iscsi devstack@c-api.service[100891]: /usr/local/lib/python3.8/dist-packages/oslo_context/context.py:105: DeprecationWarning: Policy enforcement is depending on the value of is_admin. This key is deprecated. Please update your policy file to use the standard policy values.
Oct 12 16:54:00.523435 dv-cinder-813223-2-iscsi devstack@c-api.service[100891]: warnings.warn('Policy enforcement is depending on the value of '
Oct 12 16:54:00.531350 dv-cinder-813223-2-iscsi devstack@c-api.service[100891]: INFO cinder.volume.api [None req-18cc930b-c16c-4747-a996-1e22a9cd6268 tempest-DeleteServersTestJSON-1756396344 tempest-DeleteServersTestJSON-1756396344-project] Volume info retrieved successfully.
Oct 12 16:54:00.541060 dv-cinder-813223-2-iscsi devstack@c-api.service[100891]: INFO cinder.api.openstack.wsgi [None req-18cc930b-c16c-4747-a996-1e22a9cd6268 tempest-DeleteServersTestJSON-1756396344 tempest-DeleteServersTestJSON-1756396344-project] http://10.222.0.42/volume/v3/7620025728b949fcbbcf988c3afc657d/volumes/40e589d8-f242-4c77-a639-dc87cabe8db0 returned with HTTP 200
Oct 12 16:54:00.541922 dv-cinder-813223-2-iscsi devstack@c-api.service[100891]: [pid: 100891|app: 0|req: 198/383] 10.222.0.42 () {58 vars in 1324 bytes} [Tue Oct 12 16:54:00 2021] GET /volume/v3/7620025728b949fcbbcf988c3afc657d/volumes/40e589d8-f242-4c77-a639-dc87cabe8db0 => generated 912 bytes in 37 msecs (HTTP/1.1 200) 7 headers in 285 bytes (1 switches on core 0)
Oct 12 16:54:00.693930 dv-cinder-813223-2-iscsi devstack@c-api.service[100892]: INFO cinder.api.openstack.wsgi [None req-0bf0d130-22dc-44ec-b234-52c0ee9a0017 tempest-SnapshotsActionsTest-1909792645 tempest-SnapshotsActionsTest-1909792645-project] GET http://10.222.0.42/volume/v3/d16780cdab7f462daa83293ff0797475/snapshots/1d06d4a1-1dd8-4c6a-bab9-177812ba9642
Oct 12 16:54:00.694375 dv-cinder-813223-2-iscsi devstack@c-api.service[100892]: DEBUG cinder.api.openstack.wsgi [None req-0bf0d130-22dc-44ec-b234-52c0ee9a0017 tempest-SnapshotsActionsTest-1909792645 tempest-SnapshotsActionsTest-1909792645-project] Empty body provided in request {{(pid=100892) get_body /opt/stack/cinder/cinder/api/openstack/wsgi.py:703}}
Oct 12 16:54:00.694544 dv-cinder-813223-2-iscsi devstack@c-api.service[100892]: /usr/local/lib/python3.8/dist-packages/webob/acceptparse.py:1047: DeprecationWarning: The behavior of AcceptValidHeader.best_match is currently being maintained for backward compatibility, but it will be deprecated in the future, as it does not conform to the RFC.
Oct 12 16:54:00.694544 dv-cinder-813223-2-iscsi devstack@c-api.service[100892]: warnings.warn(
Oct 12 16:54:00.694857 dv-cinder-813223-2-iscsi devstack@c-api.service[100892]: DEBUG cinder.api.openstack.wsgi [None req-0bf0d130-22dc-44ec-b234-52c0ee9a0017 tempest-SnapshotsActionsTest-1909792645 tempest-SnapshotsActionsTest-1909792645-project] Calling method 'show' {{(pid=100892) _process_stack /opt/stack/cinder/cinder/api/openstack/wsgi.py:856}}
Oct 12 16:54:00.704455 dv-cinder-813223-2-iscsi devstack@c-api.service[100892]: /usr/local/lib/python3.8/dist-packages/oslo_context/context.py:105: DeprecationWarning: Policy enforcement is depending on the value of is_admin. This key is deprecated. Please update your policy file to use the standard policy values.
Oct 12 16:54:00.704455 dv-cinder-813223-2-iscsi devstack@c-api.service[100892]: warnings.warn('Policy enforcement is depending on the value of '
Oct 12 16:54:00.705469 dv-cinder-813223-2-iscsi devstack@c-api.service[100892]: INFO cinder.volume.api [None req-0bf0d130-22dc-44ec-b234-52c0ee9a0017 tempest-SnapshotsActionsTest-1909792645 tempest-SnapshotsActionsTest-1909792645-project] Snapshot retrieved successfully.
Oct 12 16:54:00.707252 dv-cinder-813223-2-iscsi devstack@c-api.service[100892]: INFO cinder.api.openstack.wsgi [None req-0bf0d130-22dc-44ec-b234-52c0ee9a0017 tempest-SnapshotsActionsTest-1909792645 tempest-SnapshotsActionsTest-1909792645-project] http://10.222.0.42/volume/v3/d16780cdab7f462daa83293ff0797475/snapshots/1d06d4a1-1dd8-4c6a-bab9-177812ba9642 returned with HTTP 200
Oct 12 16:54:00.707941 dv-cinder-813223-2-iscsi devstack@c-api.service[100892]: [pid: 100892|app: 0|req: 186/384] 10.222.0.42 () {58 vars in 1330 bytes} [Tue Oct 12 16:54:00 2021] GET /volume/v3/d16780cdab7f462daa83293ff0797475/snapshots/1d06d4a1-1dd8-4c6a-bab9-177812ba9642 => generated 466 bytes in 18 msecs (HTTP/1.1 200) 7 headers in 285 bytes (1 switches on core 0)
Oct 12 16:54:00.718056 dv-cinder-813223-2-iscsi devstack@c-api.service[100892]: INFO cinder.api.openstack.wsgi [None req-6ba76e83-ba15-4f95-a27e-c6939d997fb7 tempest-VolumesActionsTest-236844890 tempest-VolumesActionsTest-236844890-project] GET http://10.222.0.42/volume/v3/6d8c136dd5664774bdce2f594a9fe8d3/volumes/bba39736-5ec8-4289-9355-15938e2a2149
Oct 12 16:54:00.718191 dv-cinder-813223-2-iscsi devstack@c-api.service[100891]: INFO cinder.api.openstack.wsgi [None req-6a95ffab-ec07-4db3-b131-da39ccefa69f tempest-SnapshotsActionsTest-1209744931 tempest-SnapshotsActionsTest-1209744931-project-admin] POST http://10.222.0.42/volume/v3/f833289cad3045a599304101318a71f0/snapshots/1d06d4a1-1dd8-4c6a-bab9-177812ba9642/action
Oct 12 16:54:00.718742 dv-cinder-813223-2-iscsi devstack@c-api.service[100891]: /usr/local/lib/python3.8/dist-packages/webob/acceptparse.py:1047: DeprecationWarning: The behavior of AcceptValidHeader.best_match is currently being maintained for backward compatibility, but it will be deprecated in the future, as it does not conform to the RFC.
Oct 12 16:54:00.718742 dv-cinder-813223-2-iscsi devstack@c-api.service[100891]: warnings.warn(
Oct 12 16:54:00.718890 dv-cinder-813223-2-iscsi devstack@c-api.service[100892]: DEBUG cinder.api.openstack.wsgi [None req-6ba76e83-ba15-4f95-a27e-c6939d997fb7 tempest-VolumesActionsTest-236844890 tempest-VolumesActionsTest-236844890-project] Empty body provided in request {{(pid=100892) get_body /opt/stack/cinder/cinder/api/openstack/wsgi.py:703}}
Oct 12 16:54:00.718890 dv-cinder-813223-2-iscsi devstack@c-api.service[100892]: /usr/local/lib/python3.8/dist-packages/webob/acceptparse.py:1047: DeprecationWarning: The behavior of AcceptValidHeader.best_match is currently being maintained for backward compatibility, but it will be deprecated in the future, as it does not conform to the RFC.
Oct 12 16:54:00.718890 dv-cinder-813223-2-iscsi devstack@c-api.service[100892]: warnings.warn(
Oct 12 16:54:00.719110 dv-cinder-813223-2-iscsi devstack@c-api.service[100891]: DEBUG cinder.api.openstack.wsgi [None req-6a95ffab-ec07-4db3-b131-da39ccefa69f tempest-SnapshotsActionsTest-1209744931 tempest-SnapshotsActionsTest-1209744931-project-admin] Action body: b'{"os-reset_status": {"status": "error"}}' {{(pid=100891) get_method /opt/stack/cinder/cinder/api/openstack/wsgi.py:971}}
Oct 12 16:54:00.719198 dv-cinder-813223-2-iscsi devstack@c-api.service[100892]: DEBUG cinder.api.openstack.wsgi [None req-6ba76e83-ba15-4f95-a27e-c6939d997fb7 tempest-VolumesActionsTest-236844890 tempest-VolumesActionsTest-236844890-project] Calling method 'show' {{(pid=100892) _process_stack /opt/stack/cinder/cinder/api/openstack/wsgi.py:856}}
Oct 12 16:54:00.719283 dv-cinder-813223-2-iscsi devstack@c-api.service[100891]: DEBUG cinder.api.openstack.wsgi [None req-6a95ffab-ec07-4db3-b131-da39ccefa69f tempest-SnapshotsActionsTest-1209744931 tempest-SnapshotsActionsTest-1209744931-project-admin] Action: 'action', calling method: _reset_status, body: {"os-reset_status": {"status": "error"}} {{(pid=100891) _process_stack /opt/stack/cinder/cinder/api/openstack/wsgi.py:854}}
Oct 12 16:54:00.720548 dv-cinder-813223-2-iscsi devstack@c-api.service[100891]: DEBUG cinder.api.contrib.admin_actions [None req-6a95ffab-ec07-4db3-b131-da39ccefa69f tempest-SnapshotsActionsTest-1209744931 tempest-SnapshotsActionsTest-1209744931-project-admin] Updating snapshot '1d06d4a1-1dd8-4c6a-bab9-177812ba9642' with '{'status': 'error'}' {{(pid=100891) _reset_status /opt/stack/cinder/cinder/api/contrib/admin_actions.py:100}}
Oct 12 16:54:00.732745 dv-cinder-813223-2-iscsi devstack@c-api.service[100892]: /usr/local/lib/python3.8/dist-packages/oslo_context/context.py:105: DeprecationWarning: Policy enforcement is depending on the value of is_admin. This key is deprecated. Please update your policy file to use the standard policy values.
Oct 12 16:54:00.732745 dv-cinder-813223-2-iscsi devstack@c-api.service[100892]: warnings.warn('Policy enforcement is depending on the value of '
Oct 12 16:54:00.736259 dv-cinder-813223-2-iscsi devstack@c-api.service[100891]: /usr/local/lib/python3.8/dist-packages/oslo_context/context.py:105: DeprecationWarning: Policy enforcement is depending on the value of is_admin. This key is deprecated. Please update your policy file to use the standard policy values.
Oct 12 16:54:00.736259 dv-cinder-813223-2-iscsi devstack@c-api.service[100891]: warnings.warn('Policy enforcement is depending on the value of '
Oct 12 16:54:00.740020 dv-cinder-813223-2-iscsi devstack@c-api.service[100892]: INFO cinder.volume.api [None req-6ba76e83-ba15-4f95-a27e-c6939d997fb7 tempest-VolumesActionsTest-236844890 tempest-VolumesActionsTest-236844890-project] Volume info retrieved successfully.
Oct 12 16:54:00.749160 dv-cinder-813223-2-iscsi devstack@c-api.service[100892]: INFO cinder.api.openstack.wsgi [None req-6ba76e83-ba15-4f95-a27e-c6939d997fb7 tempest-VolumesActionsTest-236844890 tempest-VolumesActionsTest-236844890-project] http://10.222.0.42/volume/v3/6d8c136dd5664774bdce2f594a9fe8d3/volumes/bba39736-5ec8-4289-9355-15938e2a2149 returned with HTTP 200
Oct 12 16:54:00.750045 dv-cinder-813223-2-iscsi devstack@c-api.service[100892]: [pid: 100892|app: 0|req: 187/385] 10.222.0.42 () {58 vars in 1324 bytes} [Tue Oct 12 16:54:00 2021] GET /volume/v3/6d8c136dd5664774bdce2f594a9fe8d3/volumes/bba39736-5ec8-4289-9355-15938e2a2149 => generated 910 bytes in 35 msecs (HTTP/1.1 200) 7 headers in 285 bytes (2 switches on core 0)
Oct 12 16:54:00.756152 dv-cinder-813223-2-iscsi devstack@c-api.service[100891]: INFO cinder.api.openstack.wsgi [None req-6a95ffab-ec07-4db3-b131-da39ccefa69f tempest-SnapshotsActionsTest-1209744931 tempest-SnapshotsActionsTest-1209744931-project-admin] http://10.222.0.42/volume/v3/f833289cad3045a599304101318a71f0/snapshots/1d06d4a1-1dd8-4c6a-bab9-177812ba9642/action returned with HTTP 202
Oct 12 16:54:00.759712 dv-cinder-813223-2-iscsi devstack@c-api.service[100891]: [pid: 100891|app: 0|req: 199/386] 10.222.0.42 () {60 vars in 1372 bytes} [Tue Oct 12 16:54:00 2021] POST /volume/v3/f833289cad3045a599304101318a71f0/snapshots/1d06d4a1-1dd8-4c6a-bab9-177812ba9642/action => generated 0 bytes in 43 msecs (HTTP/1.1 202) 7 headers in 289 bytes (1 switches on core 0)
Oct 12 16:54:00.764414 dv-cinder-813223-2-iscsi devstack@c-api.service[100892]: INFO cinder.api.openstack.wsgi [None req-1a5023ca-cf04-4ecf-9ca5-8893c1a90719 tempest-SnapshotsActionsTest-1909792645 tempest-SnapshotsActionsTest-1909792645-project] GET http://10.222.0.42/volume/v3/d16780cdab7f462daa83293ff0797475/snapshots/1d06d4a1-1dd8-4c6a-bab9-177812ba9642
Oct 12 16:54:00.764852 dv-cinder-813223-2-iscsi devstack@c-api.service[100892]: DEBUG cinder.api.openstack.wsgi [None req-1a5023ca-cf04-4ecf-9ca5-8893c1a90719 tempest-SnapshotsActionsTest-1909792645 tempest-SnapshotsActionsTest-1909792645-project] Empty body provided in request {{(pid=100892) get_body /opt/stack/cinder/cinder/api/openstack/wsgi.py:703}}
Oct 12 16:54:00.765039 dv-cinder-813223-2-iscsi devstack@c-api.service[100892]: /usr/local/lib/python3.8/dist-packages/webob/acceptparse.py:1047: DeprecationWarning: The behavior of AcceptValidHeader.best_match is currently being maintained for backward compatibility, but it will be deprecated in the future, as it does not conform to the RFC.
Oct 12 16:54:00.765039 dv-cinder-813223-2-iscsi devstack@c-api.service[100892]: warnings.warn(
Oct 12 16:54:00.765350 dv-cinder-813223-2-iscsi devstack@c-api.service[100892]: DEBUG cinder.api.openstack.wsgi [None req-1a5023ca-cf04-4ecf-9ca5-8893c1a90719 tempest-SnapshotsActionsTest-1909792645 tempest-SnapshotsActionsTest-1909792645-project] Calling method 'show' {{(pid=100892) _process_stack /opt/stack/cinder/cinder/api/openstack/wsgi.py:856}}
Oct 12 16:54:00.775171 dv-cinder-813223-2-iscsi devstack@c-api.service[100892]: /usr/local/lib/python3.8/dist-packages/oslo_context/context.py:105: DeprecationWarning: Policy enforcement is depending on the value of is_admin. This key is deprecated. Please update your policy file to use the standard policy values.
Oct 12 16:54:00.775171 dv-cinder-813223-2-iscsi devstack@c-api.service[100892]: warnings.warn('Policy enforcement is depending on the value of '
Oct 12 16:54:00.776117 dv-cinder-813223-2-iscsi devstack@c-api.service[100892]: INFO cinder.volume.api [None req-1a5023ca-cf04-4ecf-9ca5-8893c1a90719 tempest-SnapshotsActionsTest-1909792645 tempest-SnapshotsActionsTest-1909792645-project] Snapshot retrieved successfully.
Oct 12 16:54:00.777934 dv-cinder-813223-2-iscsi devstack@c-api.service[100892]: INFO cinder.api.openstack.wsgi [None req-1a5023ca-cf04-4ecf-9ca5-8893c1a90719 tempest-SnapshotsActionsTest-1909792645 tempest-SnapshotsActionsTest-1909792645-project] http://10.222.0.42/volume/v3/d16780cdab7f462daa83293ff0797475/snapshots/1d06d4a1-1dd8-4c6a-bab9-177812ba9642 returned with HTTP 200
Oct 12 16:54:00.778656 dv-cinder-813223-2-iscsi devstack@c-api.service[100892]: [pid: 100892|app: 0|req: 188/387] 10.222.0.42 () {58 vars in 1330 bytes} [Tue Oct 12 16:54:00 2021] GET /volume/v3/d16780cdab7f462daa83293ff0797475/snapshots/1d06d4a1-1dd8-4c6a-bab9-177812ba9642 => generated 462 bytes in 18 msecs (HTTP/1.1 200) 7 headers in 285 bytes (2 switches on core 0)
Oct 12 16:54:00.789845 dv-cinder-813223-2-iscsi devstack@c-api.service[100891]: INFO cinder.api.openstack.wsgi [None req-fa44c294-2e6d-4243-87f7-538d093a6e60 tempest-SnapshotsActionsTest-1209744931 tempest-SnapshotsActionsTest-1209744931-project-admin] POST http://10.222.0.42/volume/v3/f833289cad3045a599304101318a71f0/snapshots/1d06d4a1-1dd8-4c6a-bab9-177812ba9642/action
Oct 12 16:54:00.790239 dv-cinder-813223-2-iscsi devstack@c-api.service[100891]: /usr/local/lib/python3.8/dist-packages/webob/acceptparse.py:1047: DeprecationWarning: The behavior of AcceptValidHeader.best_match is currently being maintained for backward compatibility, but it will be deprecated in the future, as it does not conform to the RFC.
Oct 12 16:54:00.790239 dv-cinder-813223-2-iscsi devstack@c-api.service[100891]: warnings.warn(
Oct 12 16:54:00.790603 dv-cinder-813223-2-iscsi devstack@c-api.service[100891]: DEBUG cinder.api.openstack.wsgi [None req-fa44c294-2e6d-4243-87f7-538d093a6e60 tempest-SnapshotsActionsTest-1209744931 tempest-SnapshotsActionsTest-1209744931-project-admin] Action body: b'{"os-force_delete": {}}' {{(pid=100891) get_method /opt/stack/cinder/cinder/api/openstack/wsgi.py:971}}
Oct 12 16:54:00.790917 dv-cinder-813223-2-iscsi devstack@c-api.service[100891]: DEBUG cinder.api.openstack.wsgi [None req-fa44c294-2e6d-4243-87f7-538d093a6e60 tempest-SnapshotsActionsTest-1209744931 tempest-SnapshotsActionsTest-1209744931-project-admin] Action: 'action', calling method: _force_delete, body: {"os-force_delete": {}} {{(pid=100891) _process_stack /opt/stack/cinder/cinder/api/openstack/wsgi.py:854}}
Oct 12 16:54:00.800173 dv-cinder-813223-2-iscsi devstack@c-api.service[100891]: /usr/local/lib/python3.8/dist-packages/oslo_context/context.py:105: DeprecationWarning: Policy enforcement is depending on the value of is_admin. This key is deprecated. Please update your policy file to use the standard policy values.
Oct 12 16:54:00.800173 dv-cinder-813223-2-iscsi devstack@c-api.service[100891]: warnings.warn('Policy enforcement is depending on the value of '
Oct 12 16:54:00.800769 dv-cinder-813223-2-iscsi devstack@c-api.service[100891]: INFO cinder.volume.api [None req-fa44c294-2e6d-4243-87f7-538d093a6e60 tempest-SnapshotsActionsTest-1209744931 tempest-SnapshotsActionsTest-1209744931-project-admin] Snapshot retrieved successfully.
Oct 12 16:54:00.827800 dv-cinder-813223-2-iscsi devstack@c-api.service[100891]: INFO cinder.volume.api [None req-fa44c294-2e6d-4243-87f7-538d093a6e60 tempest-SnapshotsActionsTest-1209744931 tempest-SnapshotsActionsTest-1209744931-project-admin] Snapshot delete request issued successfully.
Oct 12 16:54:00.828234 dv-cinder-813223-2-iscsi devstack@c-api.service[100891]: INFO cinder.api.openstack.wsgi [None req-fa44c294-2e6d-4243-87f7-538d093a6e60 tempest-SnapshotsActionsTest-1209744931 tempest-SnapshotsActionsTest-1209744931-project-admin] http://10.222.0.42/volume/v3/f833289cad3045a599304101318a71f0/snapshots/1d06d4a1-1dd8-4c6a-bab9-177812ba9642/action returned with HTTP 202
Oct 12 16:54:00.829468 dv-cinder-813223-2-iscsi devstack@c-api.service[100891]: [pid: 100891|app: 0|req: 200/388] 10.222.0.42 () {60 vars in 1372 bytes} [Tue Oct 12 16:54:00 2021] POST /volume/v3/f833289cad3045a599304101318a71f0/snapshots/1d06d4a1-1dd8-4c6a-bab9-177812ba9642/action => generated 0 bytes in 43 msecs (HTTP/1.1 202) 7 headers in 289 bytes (1 switches on core 0)
Oct 12 16:54:00.837474 dv-cinder-813223-2-iscsi devstack@c-api.service[100892]: INFO cinder.api.openstack.wsgi [None req-5a3f3b49-e270-4731-97e6-f1c7ffbb63b6 tempest-SnapshotsActionsTest-1909792645 tempest-SnapshotsActionsTest-1909792645-project] GET http://10.222.0.42/volume/v3/d16780cdab7f462daa83293ff0797475/snapshots/1d06d4a1-1dd8-4c6a-bab9-177812ba9642
Oct 12 16:54:00.837931 dv-cinder-813223-2-iscsi devstack@c-api.service[100892]: DEBUG cinder.api.openstack.wsgi [None req-5a3f3b49-e270-4731-97e6-f1c7ffbb63b6 tempest-SnapshotsActionsTest-1909792645 tempest-SnapshotsActionsTest-1909792645-project] Empty body provided in request {{(pid=100892) get_body /opt/stack/cinder/cinder/api/openstack/wsgi.py:703}}
Oct 12 16:54:00.838075 dv-cinder-813223-2-iscsi devstack@c-api.service[100892]: /usr/local/lib/python3.8/dist-packages/webob/acceptparse.py:1047: DeprecationWarning: The behavior of AcceptValidHeader.best_match is currently being maintained for backward compatibility, but it will be deprecated in the future, as it does not conform to the RFC.
Oct 12 16:54:00.838075 dv-cinder-813223-2-iscsi devstack@c-api.service[100892]: warnings.warn(
Oct 12 16:54:00.838415 dv-cinder-813223-2-iscsi devstack@c-api.service[100892]: DEBUG cinder.api.openstack.wsgi [None req-5a3f3b49-e270-4731-97e6-f1c7ffbb63b6 tempest-SnapshotsActionsTest-1909792645 tempest-SnapshotsActionsTest-1909792645-project] Calling method 'show' {{(pid=100892) _process_stack /opt/stack/cinder/cinder/api/openstack/wsgi.py:856}}
Oct 12 16:54:00.848781 dv-cinder-813223-2-iscsi devstack@c-api.service[100892]: /usr/local/lib/python3.8/dist-packages/oslo_context/context.py:105: DeprecationWarning: Policy enforcement is depending on the value of is_admin. This key is deprecated. Please update your policy file to use the standard policy values.
Oct 12 16:54:00.848781 dv-cinder-813223-2-iscsi devstack@c-api.service[100892]: warnings.warn('Policy enforcement is depending on the value of '
Oct 12 16:54:00.849745 dv-cinder-813223-2-iscsi devstack@c-api.service[100892]: INFO cinder.volume.api [None req-5a3f3b49-e270-4731-97e6-f1c7ffbb63b6 tempest-SnapshotsActionsTest-1909792645 tempest-SnapshotsActionsTest-1909792645-project] Snapshot retrieved successfully.
Oct 12 16:54:00.851909 dv-cinder-813223-2-iscsi devstack@c-api.service[100892]: INFO cinder.api.openstack.wsgi [None req-5a3f3b49-e270-4731-97e6-f1c7ffbb63b6 tempest-SnapshotsActionsTest-1909792645 tempest-SnapshotsActionsTest-1909792645-project] http://10.222.0.42/volume/v3/d16780cdab7f462daa83293ff0797475/snapshots/1d06d4a1-1dd8-4c6a-bab9-177812ba9642 returned with HTTP 200
Oct 12 16:54:00.852705 dv-cinder-813223-2-iscsi devstack@c-api.service[100892]: [pid: 100892|app: 0|req: 189/389] 10.222.0.42 () {58 vars in 1330 bytes} [Tue Oct 12 16:54:00 2021] GET /volume/v3/d16780cdab7f462daa83293ff0797475/snapshots/1d06d4a1-1dd8-4c6a-bab9-177812ba9642 => generated 465 bytes in 20 msecs (HTTP/1.1 200) 7 headers in 285 bytes (1 switches on core 0)
Oct 12 16:54:00.860307 dv-cinder-813223-2-iscsi devstack@c-api.service[100891]: INFO cinder.api.openstack.wsgi [None req-807ba600-bea9-4a26-b74d-e1dae2857226 tempest-VolumesImageMetadata-1076076202 tempest-VolumesImageMetadata-1076076202-project] GET http://10.222.0.42/volume/v3/42b4caab9d264f53adf55d0aeea7240a/volumes/6efc47e6-86db-4b44-ac0c-2b69efb3ea43
Oct 12 16:54:00.860748 dv-cinder-813223-2-iscsi devstack@c-api.service[100891]: DEBUG cinder.api.openstack.wsgi [None req-807ba600-bea9-4a26-b74d-e1dae2857226 tempest-VolumesImageMetadata-1076076202 tempest-VolumesImageMetadata-1076076202-project] Empty body provided in request {{(pid=100891) get_body /opt/stack/cinder/cinder/api/openstack/wsgi.py:703}}
Oct 12 16:54:00.860917 dv-cinder-813223-2-iscsi devstack@c-api.service[100891]: /usr/local/lib/python3.8/dist-packages/webob/acceptparse.py:1047: DeprecationWarning: The behavior of AcceptValidHeader.best_match is currently being maintained for backward compatibility, but it will be deprecated in the future, as it does not conform to the RFC.
Oct 12 16:54:00.860917 dv-cinder-813223-2-iscsi devstack@c-api.service[100891]: warnings.warn(
Oct 12 16:54:00.861255 dv-cinder-813223-2-iscsi devstack@c-api.service[100891]: DEBUG cinder.api.openstack.wsgi [None req-807ba600-bea9-4a26-b74d-e1dae2857226 tempest-VolumesImageMetadata-1076076202 tempest-VolumesImageMetadata-1076076202-project] Calling method 'show' {{(pid=100891) _process_stack /opt/stack/cinder/cinder/api/openstack/wsgi.py:856}}
Oct 12 16:54:00.874192 dv-cinder-813223-2-iscsi devstack@c-api.service[100891]: /usr/local/lib/python3.8/dist-packages/oslo_context/context.py:105: DeprecationWarning: Policy enforcement is depending on the value of is_admin. This key is deprecated. Please update your policy file to use the standard policy values.
Oct 12 16:54:00.874192 dv-cinder-813223-2-iscsi devstack@c-api.service[100891]: warnings.warn('Policy enforcement is depending on the value of '
Oct 12 16:54:00.880986 dv-cinder-813223-2-iscsi devstack@c-api.service[100891]: INFO cinder.volume.api [None req-807ba600-bea9-4a26-b74d-e1dae2857226 tempest-VolumesImageMetadata-1076076202 tempest-VolumesImageMetadata-1076076202-project] Volume info retrieved successfully.
Oct 12 16:54:00.888975 dv-cinder-813223-2-iscsi devstack@c-api.service[100891]: INFO cinder.api.openstack.wsgi [None req-807ba600-bea9-4a26-b74d-e1dae2857226 tempest-VolumesImageMetadata-1076076202 tempest-VolumesImageMetadata-1076076202-project] http://10.222.0.42/volume/v3/42b4caab9d264f53adf55d0aeea7240a/volumes/6efc47e6-86db-4b44-ac0c-2b69efb3ea43 returned with HTTP 200
Oct 12 16:54:00.889739 dv-cinder-813223-2-iscsi devstack@c-api.service[100891]: [pid: 100891|app: 0|req: 201/390] 10.222.0.42 () {58 vars in 1324 bytes} [Tue Oct 12 16:54:00 2021] GET /volume/v3/42b4caab9d264f53adf55d0aeea7240a/volumes/6efc47e6-86db-4b44-ac0c-2b69efb3ea43 => generated 912 bytes in 33 msecs (HTTP/1.1 200) 7 headers in 285 bytes (1 switches on core 0)
Oct 12 16:54:01.034644 dv-cinder-813223-2-iscsi devstack@c-api.service[100892]: INFO cinder.api.openstack.wsgi [None req-c41efe8e-dacc-450a-870e-39eac04956d2 tempest-VolumesActionsTest-1303850878 tempest-VolumesActionsTest-1303850878-project] GET http://10.222.0.42/volume/v3/c75c30f5593e4cc5b256a31f2942e371/volumes/30a80e0e-a5e2-4494-80ae-8ce7eb56d97f
Oct 12 16:54:01.035086 dv-cinder-813223-2-iscsi devstack@c-api.service[100892]: DEBUG cinder.api.openstack.wsgi [None req-c41efe8e-dacc-450a-870e-39eac04956d2 tempest-VolumesActionsTest-1303850878 tempest-VolumesActionsTest-1303850878-project] Empty body provided in request {{(pid=100892) get_body /opt/stack/cinder/cinder/api/openstack/wsgi.py:703}}
Oct 12 16:54:01.035253 dv-cinder-813223-2-iscsi devstack@c-api.service[100892]: /usr/local/lib/python3.8/dist-packages/webob/acceptparse.py:1047: DeprecationWarning: The behavior of AcceptValidHeader.best_match is currently being maintained for backward compatibility, but it will be deprecated in the future, as it does not conform to the RFC.
Oct 12 16:54:01.035253 dv-cinder-813223-2-iscsi devstack@c-api.service[100892]: warnings.warn(
Oct 12 16:54:01.035562 dv-cinder-813223-2-iscsi devstack@c-api.service[100892]: DEBUG cinder.api.openstack.wsgi [None req-c41efe8e-dacc-450a-870e-39eac04956d2 tempest-VolumesActionsTest-1303850878 tempest-VolumesActionsTest-1303850878-project] Calling method 'show' {{(pid=100892) _process_stack /opt/stack/cinder/cinder/api/openstack/wsgi.py:856}}
Oct 12 16:54:01.048961 dv-cinder-813223-2-iscsi devstack@c-api.service[100892]: /usr/local/lib/python3.8/dist-packages/oslo_context/context.py:105: DeprecationWarning: Policy enforcement is depending on the value of is_admin. This key is deprecated. Please update your policy file to use the standard policy values.
Oct 12 16:54:01.048961 dv-cinder-813223-2-iscsi devstack@c-api.service[100892]: warnings.warn('Policy enforcement is depending on the value of '
Oct 12 16:54:01.055850 dv-cinder-813223-2-iscsi devstack@c-api.service[100892]: INFO cinder.volume.api [None req-c41efe8e-dacc-450a-870e-39eac04956d2 tempest-VolumesActionsTest-1303850878 tempest-VolumesActionsTest-1303850878-project] Volume info retrieved successfully.
Oct 12 16:54:01.064379 dv-cinder-813223-2-iscsi devstack@c-api.service[100892]: INFO cinder.api.openstack.wsgi [None req-c41efe8e-dacc-450a-870e-39eac04956d2 tempest-VolumesActionsTest-1303850878 tempest-VolumesActionsTest-1303850878-project] http://10.222.0.42/volume/v3/c75c30f5593e4cc5b256a31f2942e371/volumes/30a80e0e-a5e2-4494-80ae-8ce7eb56d97f returned with HTTP 200
Oct 12 16:54:01.065139 dv-cinder-813223-2-iscsi devstack@c-api.service[100892]: [pid: 100892|app: 0|req: 190/391] 10.222.0.42 () {58 vars in 1324 bytes} [Tue Oct 12 16:54:01 2021] GET /volume/v3/c75c30f5593e4cc5b256a31f2942e371/volumes/30a80e0e-a5e2-4494-80ae-8ce7eb56d97f => generated 910 bytes in 34 msecs (HTTP/1.1 200) 7 headers in 285 bytes (1 switches on core 0)
Oct 12 16:54:01.078794 dv-cinder-813223-2-iscsi devstack@c-api.service[100891]: INFO cinder.api.openstack.wsgi [None req-e59a557c-2894-4b90-a9d9-f6098ca0490f tempest-VolumesActionsTest-1471209612 tempest-VolumesActionsTest-1471209612-project-admin] POST http://10.222.0.42/volume/v3/aa471dbc5b3b4301aaada0a5fe57e1f7/volumes/30a80e0e-a5e2-4494-80ae-8ce7eb56d97f/action
Oct 12 16:54:01.079880 dv-cinder-813223-2-iscsi devstack@c-api.service[100891]: /usr/local/lib/python3.8/dist-packages/webob/acceptparse.py:1047: DeprecationWarning: The behavior of AcceptValidHeader.best_match is currently being maintained for backward compatibility, but it will be deprecated in the future, as it does not conform to the RFC.
Oct 12 16:54:01.079880 dv-cinder-813223-2-iscsi devstack@c-api.service[100891]: warnings.warn(
Oct 12 16:54:01.080250 dv-cinder-813223-2-iscsi devstack@c-api.service[100891]: DEBUG cinder.api.openstack.wsgi [None req-e59a557c-2894-4b90-a9d9-f6098ca0490f tempest-VolumesActionsTest-1471209612 tempest-VolumesActionsTest-1471209612-project-admin] Action body: b'{"os-reset_status": {"status": "maintenance"}}' {{(pid=100891) get_method /opt/stack/cinder/cinder/api/openstack/wsgi.py:971}}
Oct 12 16:54:01.080591 dv-cinder-813223-2-iscsi devstack@c-api.service[100891]: DEBUG cinder.api.openstack.wsgi [None req-e59a557c-2894-4b90-a9d9-f6098ca0490f tempest-VolumesActionsTest-1471209612 tempest-VolumesActionsTest-1471209612-project-admin] Action: 'action', calling method: _reset_status, body: {"os-reset_status": {"status": "maintenance"}} {{(pid=100891) _process_stack /opt/stack/cinder/cinder/api/openstack/wsgi.py:854}}
Oct 12 16:54:01.081398 dv-cinder-813223-2-iscsi devstack@c-api.service[100891]: DEBUG cinder.api.contrib.admin_actions [None req-e59a557c-2894-4b90-a9d9-f6098ca0490f tempest-VolumesActionsTest-1471209612 tempest-VolumesActionsTest-1471209612-project-admin] Updating volume '30a80e0e-a5e2-4494-80ae-8ce7eb56d97f' with '{'status': 'maintenance'}' {{(pid=100891) _reset_status /opt/stack/cinder/cinder/api/contrib/admin_actions.py:100}}
Oct 12 16:54:01.106823 dv-cinder-813223-2-iscsi devstack@c-api.service[100891]: /usr/local/lib/python3.8/dist-packages/oslo_context/context.py:105: DeprecationWarning: Policy enforcement is depending on the value of is_admin. This key is deprecated. Please update your policy file to use the standard policy values.
Oct 12 16:54:01.106823 dv-cinder-813223-2-iscsi devstack@c-api.service[100891]: warnings.warn('Policy enforcement is depending on the value of '
