Mar 07 13:44:13.176592 dv-cinder-813222-6-iscsi devstack@c-api.service[116410]: WARNING cinder.quota [None req-0594e419-01f1-4033-ba92-3835bca422d3 tempest-UserMessagesTest-1594144052 tempest-UserMessagesTest-1594144052-project] Deprecated: Default quota for resource: gigabytes_tempest-UserMessagesTest-volume-type-37702946 is set by the default quota flag: quota_gigabytes_tempest-UserMessagesTest-volume-type-37702946, it is now deprecated. Please use the default quota class for default quota.
Mar 07 13:44:13.176722 dv-cinder-813222-6-iscsi devstack@c-api.service[116409]: DEBUG cinder.api.openstack.wsgi [req-115400c1-c613-4600-82b1-c01d17be037e req-141876f9-127d-4d70-9596-1691eaf0c588 tempest-VolumesSnapshotsTestJSON-1423319561 tempest-VolumesSnapshotsTestJSON-1423319561-project] Empty body provided in request {{(pid=116409) get_body /opt/stack/cinder/cinder/api/openstack/wsgi.py:715}}
Mar 07 13:44:13.177220 dv-cinder-813222-6-iscsi devstack@c-api.service[116409]: DEBUG cinder.api.openstack.wsgi [req-115400c1-c613-4600-82b1-c01d17be037e req-141876f9-127d-4d70-9596-1691eaf0c588 tempest-VolumesSnapshotsTestJSON-1423319561 tempest-VolumesSnapshotsTestJSON-1423319561-project] Calling method 'show' {{(pid=116409) _process_stack /opt/stack/cinder/cinder/api/openstack/wsgi.py:868}}
Mar 07 13:44:13.203698 dv-cinder-813222-6-iscsi devstack@c-api.service[116409]: INFO cinder.api.openstack.wsgi [req-115400c1-c613-4600-82b1-c01d17be037e req-141876f9-127d-4d70-9596-1691eaf0c588 tempest-VolumesSnapshotsTestJSON-1423319561 tempest-VolumesSnapshotsTestJSON-1423319561-project] http://10.222.0.24/volume/v3/54b5d7f27fc642d5a309a777260f449b/volumes/67e63bf0-8040-42b3-81b8-c1fc855ea495 returned with HTTP 404
Mar 07 13:44:13.215532 dv-cinder-813222-6-iscsi devstack@c-api.service[116410]: DEBUG cinder.quota [None req-0594e419-01f1-4033-ba92-3835bca422d3 tempest-UserMessagesTest-1594144052 tempest-UserMessagesTest-1594144052-project] Created reservations ['7d550cf4-06f2-423f-a17e-a3401441a344', 'a743c7dd-4628-4428-9b98-57f3d2d938be', 'ecff9bc7-a39e-48d7-95a3-4703b1a8ef86', '3e1432f7-4e8f-495c-b318-0a12dd3d8e80'] {{(pid=116410) reserve /opt/stack/cinder/cinder/quota.py:755}}
Mar 07 13:44:13.225757 dv-cinder-813222-6-iscsi devstack@c-api.service[116409]: [pid: 116409|app: 0|req: 55/105] 10.222.0.24 () {60 vars in 1578 bytes} [Mon Mar 7 13:44:13 2022] GET /volume/v3/54b5d7f27fc642d5a309a777260f449b/volumes/67e63bf0-8040-42b3-81b8-c1fc855ea495 => generated 109 bytes in 57 msecs (HTTP/1.1 404) 7 headers in 292 bytes (1 switches on core 0)
Mar 07 13:44:13.250224 dv-cinder-813222-6-iscsi devstack@c-api.service[116409]: DEBUG cinder.api.middleware.request_id [req-58379129-cd09-4dc5-bb41-3f1c436be537 req-3f99f818-3058-479b-9204-9735438bb7f8 None None] RequestId filter calling following filter/app {{(pid=116409) _context_setter /opt/stack/cinder/cinder/api/middleware/request_id.py:62}}
Mar 07 13:44:13.260024 dv-cinder-813222-6-iscsi devstack@c-api.service[116409]: INFO cinder.api.openstack.wsgi [req-58379129-cd09-4dc5-bb41-3f1c436be537 req-3f99f818-3058-479b-9204-9735438bb7f8 tempest-VolumesTestJSON-38529246 tempest-VolumesTestJSON-38529246-project] GET http://10.222.0.24/volume/v3/3f35baa279dc42e7afb01510420bd525/volumes/detail
Mar 07 13:44:13.261387 dv-cinder-813222-6-iscsi devstack@c-api.service[116409]: DEBUG cinder.api.openstack.wsgi [req-58379129-cd09-4dc5-bb41-3f1c436be537 req-3f99f818-3058-479b-9204-9735438bb7f8 tempest-VolumesTestJSON-38529246 tempest-VolumesTestJSON-38529246-project] Empty body provided in request {{(pid=116409) get_body /opt/stack/cinder/cinder/api/openstack/wsgi.py:715}}
Mar 07 13:44:13.262105 dv-cinder-813222-6-iscsi devstack@c-api.service[116409]: DEBUG cinder.api.openstack.wsgi [req-58379129-cd09-4dc5-bb41-3f1c436be537 req-3f99f818-3058-479b-9204-9735438bb7f8 tempest-VolumesTestJSON-38529246 tempest-VolumesTestJSON-38529246-project] Calling method 'detail' {{(pid=116409) _process_stack /opt/stack/cinder/cinder/api/openstack/wsgi.py:868}}
Mar 07 13:44:13.262997 dv-cinder-813222-6-iscsi devstack@c-api.service[116409]: DEBUG cinder.api.api_utils [req-58379129-cd09-4dc5-bb41-3f1c436be537 req-3f99f818-3058-479b-9204-9735438bb7f8 tempest-VolumesTestJSON-38529246 tempest-VolumesTestJSON-38529246-project] Removing options '' from query. {{(pid=116409) remove_invalid_filter_options /opt/stack/cinder/cinder/api/api_utils.py:73}}
Mar 07 13:44:13.277003 dv-cinder-813222-6-iscsi devstack@c-api.service[116409]: DEBUG cinder.volume.api [req-58379129-cd09-4dc5-bb41-3f1c436be537 req-3f99f818-3058-479b-9204-9735438bb7f8 tempest-VolumesTestJSON-38529246 tempest-VolumesTestJSON-38529246-project] Searching by: MultiDict([('no_migration_targets', True)]). {{(pid=116409) get_all /opt/stack/cinder/cinder/volume/api.py:662}}
Mar 07 13:44:13.316737 dv-cinder-813222-6-iscsi devstack@c-api.service[116410]: INFO cinder.volume.api [None req-0594e419-01f1-4033-ba92-3835bca422d3 tempest-UserMessagesTest-1594144052 tempest-UserMessagesTest-1594144052-project] Delete volume request issued successfully.
Mar 07 13:44:13.318033 dv-cinder-813222-6-iscsi devstack@c-api.service[116410]: INFO cinder.api.openstack.wsgi [None req-0594e419-01f1-4033-ba92-3835bca422d3 tempest-UserMessagesTest-1594144052 tempest-UserMessagesTest-1594144052-project] http://10.222.0.24/volume/v3/cb4a82361e3c4bde83873b95bfd849bb/volumes/73dac8f1-16db-4106-9ac7-0d0383bd5268 returned with HTTP 202
Mar 07 13:44:13.323806 dv-cinder-813222-6-iscsi devstack@c-api.service[116410]: [pid: 116410|app: 0|req: 51/106] 10.222.0.24 () {60 vars in 1367 bytes} [Mon Mar 7 13:44:13 2022] DELETE /volume/v3/cb4a82361e3c4bde83873b95bfd849bb/volumes/73dac8f1-16db-4106-9ac7-0d0383bd5268 => generated 0 bytes in 239 msecs (HTTP/1.1 202) 6 headers in 233 bytes (1 switches on core 0)
Mar 07 13:44:13.327159 dv-cinder-813222-6-iscsi devstack@c-api.service[116410]: DEBUG cinder.api.middleware.request_id [None req-603a1acd-4292-4068-bf78-1010117d1466 None None] RequestId filter calling following filter/app {{(pid=116410) _context_setter /opt/stack/cinder/cinder/api/middleware/request_id.py:62}}
Mar 07 13:44:13.332337 dv-cinder-813222-6-iscsi devstack@c-api.service[116410]: INFO cinder.api.openstack.wsgi [None req-603a1acd-4292-4068-bf78-1010117d1466 tempest-UserMessagesTest-1594144052 tempest-UserMessagesTest-1594144052-project] GET http://10.222.0.24/volume/v3/cb4a82361e3c4bde83873b95bfd849bb/volumes/73dac8f1-16db-4106-9ac7-0d0383bd5268
Mar 07 13:44:13.332935 dv-cinder-813222-6-iscsi devstack@c-api.service[116410]: DEBUG cinder.api.openstack.wsgi [None req-603a1acd-4292-4068-bf78-1010117d1466 tempest-UserMessagesTest-1594144052 tempest-UserMessagesTest-1594144052-project] Empty body provided in request {{(pid=116410) get_body /opt/stack/cinder/cinder/api/openstack/wsgi.py:715}}
Mar 07 13:44:13.333506 dv-cinder-813222-6-iscsi devstack@c-api.service[116410]: DEBUG cinder.api.openstack.wsgi [None req-603a1acd-4292-4068-bf78-1010117d1466 tempest-UserMessagesTest-1594144052 tempest-UserMessagesTest-1594144052-project] Calling method 'show' {{(pid=116410) _process_stack /opt/stack/cinder/cinder/api/openstack/wsgi.py:868}}
Mar 07 13:44:13.348633 dv-cinder-813222-6-iscsi devstack@c-api.service[116410]: INFO cinder.api.openstack.wsgi [None req-603a1acd-4292-4068-bf78-1010117d1466 tempest-UserMessagesTest-1594144052 tempest-UserMessagesTest-1594144052-project] http://10.222.0.24/volume/v3/cb4a82361e3c4bde83873b95bfd849bb/volumes/73dac8f1-16db-4106-9ac7-0d0383bd5268 returned with HTTP 404
Mar 07 13:44:13.353114 dv-cinder-813222-6-iscsi devstack@c-api.service[116410]: [pid: 116410|app: 0|req: 52/107] 10.222.0.24 () {60 vars in 1364 bytes} [Mon Mar 7 13:44:13 2022] GET /volume/v3/cb4a82361e3c4bde83873b95bfd849bb/volumes/73dac8f1-16db-4106-9ac7-0d0383bd5268 => generated 109 bytes in 29 msecs (HTTP/1.1 404) 7 headers in 292 bytes (1 switches on core 0)
Mar 07 13:44:13.354589 dv-cinder-813222-6-iscsi devstack@c-api.service[116410]: DEBUG cinder.api.middleware.request_id [None req-72fad717-c2c2-43db-b4e1-3dc55ec0a5f8 None None] RequestId filter calling following filter/app {{(pid=116410) _context_setter /opt/stack/cinder/cinder/api/middleware/request_id.py:62}}
Mar 07 13:44:13.369384 dv-cinder-813222-6-iscsi devstack@c-api.service[116410]: INFO cinder.api.openstack.wsgi [None req-72fad717-c2c2-43db-b4e1-3dc55ec0a5f8 tempest-UserMessagesTest-2017754446 tempest-UserMessagesTest-2017754446-project-admin] DELETE http://10.222.0.24/volume/v3/ca6a330e501347a2ad3bed1e5dcb94b5/types/dd65cec5-632d-4702-9692-35a8c7cc1963
Mar 07 13:44:13.374093 dv-cinder-813222-6-iscsi devstack@c-api.service[116410]: DEBUG cinder.api.openstack.wsgi [None req-72fad717-c2c2-43db-b4e1-3dc55ec0a5f8 tempest-UserMessagesTest-2017754446 tempest-UserMessagesTest-2017754446-project-admin] Empty body provided in request {{(pid=116410) get_body /opt/stack/cinder/cinder/api/openstack/wsgi.py:715}}
Mar 07 13:44:13.374599 dv-cinder-813222-6-iscsi devstack@c-api.service[116410]: DEBUG cinder.api.openstack.wsgi [None req-72fad717-c2c2-43db-b4e1-3dc55ec0a5f8 tempest-UserMessagesTest-2017754446 tempest-UserMessagesTest-2017754446-project-admin] Calling method '_delete' {{(pid=116410) _process_stack /opt/stack/cinder/cinder/api/openstack/wsgi.py:868}}
Mar 07 13:44:13.469487 dv-cinder-813222-6-iscsi devstack@c-api.service[116409]: INFO cinder.volume.api [req-58379129-cd09-4dc5-bb41-3f1c436be537 req-3f99f818-3058-479b-9204-9735438bb7f8 tempest-VolumesTestJSON-38529246 tempest-VolumesTestJSON-38529246-project] Get all volumes completed successfully.
Mar 07 13:44:13.482941 dv-cinder-813222-6-iscsi devstack@c-api.service[116409]: /usr/local/lib/python3.8/dist-packages/oslo_context/context.py:100: DeprecationWarning: Policy enforcement is depending on the value of is_admin. This key is deprecated. Please update your policy file to use the standard policy values.
Mar 07 13:44:13.482941 dv-cinder-813222-6-iscsi devstack@c-api.service[116409]: warnings.warn('Policy enforcement is depending on the value of '
Mar 07 13:44:13.500897 dv-cinder-813222-6-iscsi devstack@c-api.service[116409]: INFO cinder.api.openstack.wsgi [req-58379129-cd09-4dc5-bb41-3f1c436be537 req-3f99f818-3058-479b-9204-9735438bb7f8 tempest-VolumesTestJSON-38529246 tempest-VolumesTestJSON-38529246-project] http://10.222.0.24/volume/v3/3f35baa279dc42e7afb01510420bd525/volumes/detail returned with HTTP 200
Mar 07 13:44:13.501209 dv-cinder-813222-6-iscsi devstack@c-api.service[116410]: INFO cinder.api.openstack.wsgi [None req-72fad717-c2c2-43db-b4e1-3dc55ec0a5f8 tempest-UserMessagesTest-2017754446 tempest-UserMessagesTest-2017754446-project-admin] http://10.222.0.24/volume/v3/ca6a330e501347a2ad3bed1e5dcb94b5/types/dd65cec5-632d-4702-9692-35a8c7cc1963 returned with HTTP 202
Mar 07 13:44:13.502044 dv-cinder-813222-6-iscsi devstack@c-api.service[116410]: [pid: 116410|app: 0|req: 53/108] 10.222.0.24 () {58 vars in 1321 bytes} [Mon Mar 7 13:44:13 2022] DELETE /volume/v3/ca6a330e501347a2ad3bed1e5dcb94b5/types/dd65cec5-632d-4702-9692-35a8c7cc1963 => generated 0 bytes in 148 msecs (HTTP/1.1 202) 6 headers in 233 bytes (1 switches on core 0)
Mar 07 13:44:13.502259 dv-cinder-813222-6-iscsi devstack@c-api.service[116409]: [pid: 116409|app: 0|req: 56/109] 10.222.0.24 () {60 vars in 1488 bytes} [Mon Mar 7 13:44:13 2022] GET /volume/v3/3f35baa279dc42e7afb01510420bd525/volumes/detail => generated 2746 bytes in 256 msecs (HTTP/1.1 200) 7 headers in 286 bytes (2 switches on core 0)
Mar 07 13:44:13.513712 dv-cinder-813222-6-iscsi devstack@c-api.service[116409]: DEBUG cinder.api.middleware.request_id [None req-f056b5a7-e2fb-455e-90ab-1f537532dab6 None None] RequestId filter calling following filter/app {{(pid=116409) _context_setter /opt/stack/cinder/cinder/api/middleware/request_id.py:62}}
Mar 07 13:44:13.518892 dv-cinder-813222-6-iscsi devstack@c-api.service[116409]: INFO cinder.api.openstack.wsgi [None req-f056b5a7-e2fb-455e-90ab-1f537532dab6 tempest-UserMessagesTest-2017754446 tempest-UserMessagesTest-2017754446-project-admin] GET http://10.222.0.24/volume/v3/ca6a330e501347a2ad3bed1e5dcb94b5/types/dd65cec5-632d-4702-9692-35a8c7cc1963
Mar 07 13:44:13.520993 dv-cinder-813222-6-iscsi devstack@c-api.service[116409]: DEBUG cinder.api.openstack.wsgi [None req-f056b5a7-e2fb-455e-90ab-1f537532dab6 tempest-UserMessagesTest-2017754446 tempest-UserMessagesTest-2017754446-project-admin] Empty body provided in request {{(pid=116409) get_body /opt/stack/cinder/cinder/api/openstack/wsgi.py:715}}
Mar 07 13:44:13.522698 dv-cinder-813222-6-iscsi devstack@c-api.service[116409]: DEBUG cinder.api.openstack.wsgi [None req-f056b5a7-e2fb-455e-90ab-1f537532dab6 tempest-UserMessagesTest-2017754446 tempest-UserMessagesTest-2017754446-project-admin] Calling method 'show' {{(pid=116409) _process_stack /opt/stack/cinder/cinder/api/openstack/wsgi.py:868}}
Mar 07 13:44:13.530031 dv-cinder-813222-6-iscsi devstack@c-api.service[116410]: DEBUG cinder.api.middleware.request_id [req-f2af544e-da8a-41c2-bc9e-ea76f53d3757 req-f0652176-c021-4bbc-889a-185b0332d944 None None] RequestId filter calling following filter/app {{(pid=116410) _context_setter /opt/stack/cinder/cinder/api/middleware/request_id.py:62}}
Mar 07 13:44:13.532384 dv-cinder-813222-6-iscsi devstack@c-api.service[116409]: INFO cinder.api.openstack.wsgi [None req-f056b5a7-e2fb-455e-90ab-1f537532dab6 tempest-UserMessagesTest-2017754446 tempest-UserMessagesTest-2017754446-project-admin] http://10.222.0.24/volume/v3/ca6a330e501347a2ad3bed1e5dcb94b5/types/dd65cec5-632d-4702-9692-35a8c7cc1963 returned with HTTP 404
Mar 07 13:44:13.535485 dv-cinder-813222-6-iscsi devstack@c-api.service[116409]: [pid: 116409|app: 0|req: 57/110] 10.222.0.24 () {58 vars in 1318 bytes} [Mon Mar 7 13:44:13 2022] GET /volume/v3/ca6a330e501347a2ad3bed1e5dcb94b5/types/dd65cec5-632d-4702-9692-35a8c7cc1963 => generated 114 bytes in 29 msecs (HTTP/1.1 404) 7 headers in 292 bytes (1 switches on core 0)
Mar 07 13:44:13.541343 dv-cinder-813222-6-iscsi devstack@c-api.service[116410]: INFO cinder.api.openstack.wsgi [req-f2af544e-da8a-41c2-bc9e-ea76f53d3757 req-f0652176-c021-4bbc-889a-185b0332d944 tempest-VolumesTestJSON-38529246 tempest-VolumesTestJSON-38529246-project] GET http://10.222.0.24/volume/v3/3f35baa279dc42e7afb01510420bd525/volumes/detail
Mar 07 13:44:13.541814 dv-cinder-813222-6-iscsi devstack@c-api.service[116410]: DEBUG cinder.api.openstack.wsgi [req-f2af544e-da8a-41c2-bc9e-ea76f53d3757 req-f0652176-c021-4bbc-889a-185b0332d944 tempest-VolumesTestJSON-38529246 tempest-VolumesTestJSON-38529246-project] Empty body provided in request {{(pid=116410) get_body /opt/stack/cinder/cinder/api/openstack/wsgi.py:715}}
Mar 07 13:44:13.542275 dv-cinder-813222-6-iscsi devstack@c-api.service[116410]: DEBUG cinder.api.openstack.wsgi [req-f2af544e-da8a-41c2-bc9e-ea76f53d3757 req-f0652176-c021-4bbc-889a-185b0332d944 tempest-VolumesTestJSON-38529246 tempest-VolumesTestJSON-38529246-project] Calling method 'detail' {{(pid=116410) _process_stack /opt/stack/cinder/cinder/api/openstack/wsgi.py:868}}
Mar 07 13:44:13.543236 dv-cinder-813222-6-iscsi devstack@c-api.service[116410]: DEBUG cinder.api.api_utils [req-f2af544e-da8a-41c2-bc9e-ea76f53d3757 req-f0652176-c021-4bbc-889a-185b0332d944 tempest-VolumesTestJSON-38529246 tempest-VolumesTestJSON-38529246-project] Removing options '' from query. {{(pid=116410) remove_invalid_filter_options /opt/stack/cinder/cinder/api/api_utils.py:73}}
Mar 07 13:44:13.546643 dv-cinder-813222-6-iscsi devstack@c-api.service[116409]: DEBUG cinder.api.middleware.request_id [None req-ccb3f354-d7de-4022-9e56-cff61e09b7e7 None None] RequestId filter calling following filter/app {{(pid=116409) _context_setter /opt/stack/cinder/cinder/api/middleware/request_id.py:62}}
Mar 07 13:44:13.547265 dv-cinder-813222-6-iscsi devstack@c-api.service[116410]: DEBUG cinder.volume.api [req-f2af544e-da8a-41c2-bc9e-ea76f53d3757 req-f0652176-c021-4bbc-889a-185b0332d944 tempest-VolumesTestJSON-38529246 tempest-VolumesTestJSON-38529246-project] Searching by: MultiDict([('no_migration_targets', True)]). {{(pid=116410) get_all /opt/stack/cinder/cinder/volume/api.py:662}}
Mar 07 13:44:13.556993 dv-cinder-813222-6-iscsi devstack@c-api.service[116409]: INFO cinder.api.openstack.wsgi [None req-ccb3f354-d7de-4022-9e56-cff61e09b7e7 tempest-UserMessagesTest-1594144052 tempest-UserMessagesTest-1594144052-project] DELETE http://10.222.0.24/volume/v3/cb4a82361e3c4bde83873b95bfd849bb/volumes/9dcaaf97-6c37-416c-beb8-c1a38caf72b2
Mar 07 13:44:13.557801 dv-cinder-813222-6-iscsi devstack@c-api.service[116409]: DEBUG cinder.api.openstack.wsgi [None req-ccb3f354-d7de-4022-9e56-cff61e09b7e7 tempest-UserMessagesTest-1594144052 tempest-UserMessagesTest-1594144052-project] Empty body provided in request {{(pid=116409) get_body /opt/stack/cinder/cinder/api/openstack/wsgi.py:715}}
Mar 07 13:44:13.560397 dv-cinder-813222-6-iscsi devstack@c-api.service[116409]: DEBUG cinder.api.openstack.wsgi [None req-ccb3f354-d7de-4022-9e56-cff61e09b7e7 tempest-UserMessagesTest-1594144052 tempest-UserMessagesTest-1594144052-project] Calling method 'delete' {{(pid=116409) _process_stack /opt/stack/cinder/cinder/api/openstack/wsgi.py:868}}
Mar 07 13:44:13.562799 dv-cinder-813222-6-iscsi devstack@c-api.service[116409]: INFO cinder.api.v3.volumes [None req-ccb3f354-d7de-4022-9e56-cff61e09b7e7 tempest-UserMessagesTest-1594144052 tempest-UserMessagesTest-1594144052-project] Delete volume with id: 9dcaaf97-6c37-416c-beb8-c1a38caf72b2
Mar 07 13:44:13.600017 dv-cinder-813222-6-iscsi devstack@c-api.service[116409]: /usr/local/lib/python3.8/dist-packages/oslo_context/context.py:100: DeprecationWarning: Policy enforcement is depending on the value of is_admin. This key is deprecated. Please update your policy file to use the standard policy values.
Mar 07 13:44:13.600017 dv-cinder-813222-6-iscsi devstack@c-api.service[116409]: warnings.warn('Policy enforcement is depending on the value of '
Mar 07 13:44:13.601884 dv-cinder-813222-6-iscsi devstack@c-api.service[116409]: INFO cinder.volume.api [None req-ccb3f354-d7de-4022-9e56-cff61e09b7e7 tempest-UserMessagesTest-1594144052 tempest-UserMessagesTest-1594144052-project] Volume info retrieved successfully.
Mar 07 13:44:13.608484 dv-cinder-813222-6-iscsi devstack@c-api.service[116409]: DEBUG cinder.volume.api [None req-ccb3f354-d7de-4022-9e56-cff61e09b7e7 tempest-UserMessagesTest-1594144052 tempest-UserMessagesTest-1594144052-project] Decrease volume quotas for non temporary volume in non error_managing status. {{(pid=116409) delete /opt/stack/cinder/cinder/volume/api.py:433}}
Mar 07 13:44:13.636536 dv-cinder-813222-6-iscsi devstack@c-api.service[116410]: INFO cinder.volume.api [req-f2af544e-da8a-41c2-bc9e-ea76f53d3757 req-f0652176-c021-4bbc-889a-185b0332d944 tempest-VolumesTestJSON-38529246 tempest-VolumesTestJSON-38529246-project] Get all volumes completed successfully.
Mar 07 13:44:13.639127 dv-cinder-813222-6-iscsi devstack@c-api.service[116410]: /usr/local/lib/python3.8/dist-packages/oslo_context/context.py:100: DeprecationWarning: Policy enforcement is depending on the value of is_admin. This key is deprecated. Please update your policy file to use the standard policy values.
Mar 07 13:44:13.639127 dv-cinder-813222-6-iscsi devstack@c-api.service[116410]: warnings.warn('Policy enforcement is depending on the value of '
Mar 07 13:44:13.649243 dv-cinder-813222-6-iscsi devstack@c-api.service[116410]: INFO cinder.api.openstack.wsgi [req-f2af544e-da8a-41c2-bc9e-ea76f53d3757 req-f0652176-c021-4bbc-889a-185b0332d944 tempest-VolumesTestJSON-38529246 tempest-VolumesTestJSON-38529246-project] http://10.222.0.24/volume/v3/3f35baa279dc42e7afb01510420bd525/volumes/detail returned with HTTP 200
Mar 07 13:44:13.652348 dv-cinder-813222-6-iscsi devstack@c-api.service[116410]: [pid: 116410|app: 0|req: 54/111] 10.222.0.24 () {60 vars in 1488 bytes} [Mon Mar 7 13:44:13 2022] GET /volume/v3/3f35baa279dc42e7afb01510420bd525/volumes/detail => generated 2746 bytes in 123 msecs (HTTP/1.1 200) 7 headers in 286 bytes (1 switches on core 0)
Mar 07 13:44:13.657802 dv-cinder-813222-6-iscsi devstack@c-api.service[116410]: DEBUG cinder.api.middleware.request_id [None req-185c28e1-8468-4fec-845a-8a6b08bc1f95 None None] RequestId filter calling following filter/app {{(pid=116410) _context_setter /opt/stack/cinder/cinder/api/middleware/request_id.py:62}}
Mar 07 13:44:13.666412 dv-cinder-813222-6-iscsi devstack@c-api.service[116410]: INFO cinder.api.openstack.wsgi [None req-185c28e1-8468-4fec-845a-8a6b08bc1f95 tempest-GroupSnapshotsV319Test-1829252514 tempest-GroupSnapshotsV319Test-1829252514-project] GET http://10.222.0.24/volume/v3/621c7c1b3e2b47aeba7fe7dca6b0c54a/groups/e6a248c3-ba2e-4e3e-8246-12c5578d7885
Mar 07 13:44:13.666908 dv-cinder-813222-6-iscsi devstack@c-api.service[116410]: DEBUG cinder.api.openstack.wsgi [None req-185c28e1-8468-4fec-845a-8a6b08bc1f95 tempest-GroupSnapshotsV319Test-1829252514 tempest-GroupSnapshotsV319Test-1829252514-project] Empty body provided in request {{(pid=116410) get_body /opt/stack/cinder/cinder/api/openstack/wsgi.py:715}}
Mar 07 13:44:13.667361 dv-cinder-813222-6-iscsi devstack@c-api.service[116410]: DEBUG cinder.api.openstack.wsgi [None req-185c28e1-8468-4fec-845a-8a6b08bc1f95 tempest-GroupSnapshotsV319Test-1829252514 tempest-GroupSnapshotsV319Test-1829252514-project] Calling method 'version_select' {{(pid=116410) _process_stack /opt/stack/cinder/cinder/api/openstack/wsgi.py:868}}
Mar 07 13:44:13.667962 dv-cinder-813222-6-iscsi devstack@c-api.service[116410]: DEBUG cinder.api.v3.groups [None req-185c28e1-8468-4fec-845a-8a6b08bc1f95 tempest-GroupSnapshotsV319Test-1829252514 tempest-GroupSnapshotsV319Test-1829252514-project] show called for member e6a248c3-ba2e-4e3e-8246-12c5578d7885 {{(pid=116410) show /opt/stack/cinder/cinder/api/v3/groups.py:58}}
Mar 07 13:44:13.682993 dv-cinder-813222-6-iscsi devstack@c-api.service[116410]: /usr/local/lib/python3.8/dist-packages/oslo_context/context.py:100: DeprecationWarning: Policy enforcement is depending on the value of is_admin. This key is deprecated. Please update your policy file to use the standard policy values.
Mar 07 13:44:13.682993 dv-cinder-813222-6-iscsi devstack@c-api.service[116410]: warnings.warn('Policy enforcement is depending on the value of '
Mar 07 13:44:13.700936 dv-cinder-813222-6-iscsi devstack@c-api.service[116409]: DEBUG cinder.quota [None req-ccb3f354-d7de-4022-9e56-cff61e09b7e7 tempest-UserMessagesTest-1594144052 tempest-UserMessagesTest-1594144052-project] Created reservations ['a92651b6-2df3-4d3e-8401-ee22331854a6', '757f08e8-1a59-4951-afc6-f51b6b05ca5a', '96edb98d-a889-4972-9c11-9cec625d87f9', '57f684d0-4aca-4f9b-819c-a8ca9ea9b590'] {{(pid=116409) reserve /opt/stack/cinder/cinder/quota.py:755}}
Mar 07 13:44:13.710910 dv-cinder-813222-6-iscsi devstack@c-api.service[116410]: INFO cinder.api.openstack.wsgi [None req-185c28e1-8468-4fec-845a-8a6b08bc1f95 tempest-GroupSnapshotsV319Test-1829252514 tempest-GroupSnapshotsV319Test-1829252514-project] http://10.222.0.24/volume/v3/621c7c1b3e2b47aeba7fe7dca6b0c54a/groups/e6a248c3-ba2e-4e3e-8246-12c5578d7885 returned with HTTP 200
Mar 07 13:44:13.711799 dv-cinder-813222-6-iscsi devstack@c-api.service[116410]: [pid: 116410|app: 0|req: 55/112] 10.222.0.24 () {60 vars in 1362 bytes} [Mon Mar 7 13:44:13 2022] GET /volume/v3/621c7c1b3e2b47aeba7fe7dca6b0c54a/groups/e6a248c3-ba2e-4e3e-8246-12c5578d7885 => generated 396 bytes in 59 msecs (HTTP/1.1 200) 7 headers in 286 bytes (1 switches on core 0)
Mar 07 13:44:13.711799 dv-cinder-813222-6-iscsi devstack@c-api.service[116410]: DEBUG cinder.api.middleware.request_id [req-0c9e6b25-1d41-462a-826c-e78eac848b95 req-ecff8934-af28-4b91-a72f-a4822996dd70 None None] RequestId filter calling following filter/app {{(pid=116410) _context_setter /opt/stack/cinder/cinder/api/middleware/request_id.py:62}}
Mar 07 13:44:13.720188 dv-cinder-813222-6-iscsi devstack@c-api.service[116410]: INFO cinder.api.openstack.wsgi [req-0c9e6b25-1d41-462a-826c-e78eac848b95 req-ecff8934-af28-4b91-a72f-a4822996dd70 tempest-VolumesTestJSON-38529246 tempest-VolumesTestJSON-38529246-project] GET http://10.222.0.24/volume/v3/3f35baa279dc42e7afb01510420bd525/volumes/detail
Mar 07 13:44:13.721931 dv-cinder-813222-6-iscsi devstack@c-api.service[116410]: DEBUG cinder.api.openstack.wsgi [req-0c9e6b25-1d41-462a-826c-e78eac848b95 req-ecff8934-af28-4b91-a72f-a4822996dd70 tempest-VolumesTestJSON-38529246 tempest-VolumesTestJSON-38529246-project] Empty body provided in request {{(pid=116410) get_body /opt/stack/cinder/cinder/api/openstack/wsgi.py:715}}
Mar 07 13:44:13.723814 dv-cinder-813222-6-iscsi devstack@c-api.service[116410]: DEBUG cinder.api.openstack.wsgi [req-0c9e6b25-1d41-462a-826c-e78eac848b95 req-ecff8934-af28-4b91-a72f-a4822996dd70 tempest-VolumesTestJSON-38529246 tempest-VolumesTestJSON-38529246-project] Calling method 'detail' {{(pid=116410) _process_stack /opt/stack/cinder/cinder/api/openstack/wsgi.py:868}}
Mar 07 13:44:13.724402 dv-cinder-813222-6-iscsi devstack@c-api.service[116410]: DEBUG cinder.api.api_utils [req-0c9e6b25-1d41-462a-826c-e78eac848b95 req-ecff8934-af28-4b91-a72f-a4822996dd70 tempest-VolumesTestJSON-38529246 tempest-VolumesTestJSON-38529246-project] Removing options '' from query. {{(pid=116410) remove_invalid_filter_options /opt/stack/cinder/cinder/api/api_utils.py:73}}
Mar 07 13:44:13.725341 dv-cinder-813222-6-iscsi devstack@c-api.service[116410]: /usr/local/lib/python3.8/dist-packages/oslo_context/context.py:100: DeprecationWarning: Policy enforcement is depending on the value of is_admin. This key is deprecated. Please update your policy file to use the standard policy values.
Mar 07 13:44:13.725341 dv-cinder-813222-6-iscsi devstack@c-api.service[116410]: warnings.warn('Policy enforcement is depending on the value of '
Mar 07 13:44:13.726226 dv-cinder-813222-6-iscsi devstack@c-api.service[116410]: DEBUG cinder.volume.api [req-0c9e6b25-1d41-462a-826c-e78eac848b95 req-ecff8934-af28-4b91-a72f-a4822996dd70 tempest-VolumesTestJSON-38529246 tempest-VolumesTestJSON-38529246-project] Searching by: MultiDict([('no_migration_targets', True)]). {{(pid=116410) get_all /opt/stack/cinder/cinder/volume/api.py:662}}
Mar 07 13:44:13.790204 dv-cinder-813222-6-iscsi devstack@c-api.service[116410]: INFO cinder.volume.api [req-0c9e6b25-1d41-462a-826c-e78eac848b95 req-ecff8934-af28-4b91-a72f-a4822996dd70 tempest-VolumesTestJSON-38529246 tempest-VolumesTestJSON-38529246-project] Get all volumes completed successfully.
Mar 07 13:44:13.793262 dv-cinder-813222-6-iscsi devstack@c-api.service[116410]: /usr/local/lib/python3.8/dist-packages/oslo_context/context.py:100: DeprecationWarning: Policy enforcement is depending on the value of is_admin. This key is deprecated. Please update your policy file to use the standard policy values.
Mar 07 13:44:13.793262 dv-cinder-813222-6-iscsi devstack@c-api.service[116410]: warnings.warn('Policy enforcement is depending on the value of '
Mar 07 13:44:13.802016 dv-cinder-813222-6-iscsi devstack@c-api.service[116409]: INFO cinder.volume.api [None req-ccb3f354-d7de-4022-9e56-cff61e09b7e7 tempest-UserMessagesTest-1594144052 tempest-UserMessagesTest-1594144052-project] Delete volume request issued successfully.
Mar 07 13:44:13.803400 dv-cinder-813222-6-iscsi devstack@c-api.service[116410]: INFO cinder.api.openstack.wsgi [req-0c9e6b25-1d41-462a-826c-e78eac848b95 req-ecff8934-af28-4b91-a72f-a4822996dd70 tempest-VolumesTestJSON-38529246 tempest-VolumesTestJSON-38529246-project] http://10.222.0.24/volume/v3/3f35baa279dc42e7afb01510420bd525/volumes/detail returned with HTTP 200
Mar 07 13:44:13.803617 dv-cinder-813222-6-iscsi devstack@c-api.service[116409]: INFO cinder.api.openstack.wsgi [None req-ccb3f354-d7de-4022-9e56-cff61e09b7e7 tempest-UserMessagesTest-1594144052 tempest-UserMessagesTest-1594144052-project] http://10.222.0.24/volume/v3/cb4a82361e3c4bde83873b95bfd849bb/volumes/9dcaaf97-6c37-416c-beb8-c1a38caf72b2 returned with HTTP 202
Mar 07 13:44:13.805672 dv-cinder-813222-6-iscsi devstack@c-api.service[116409]: [pid: 116409|app: 0|req: 58/113] 10.222.0.24 () {60 vars in 1367 bytes} [Mon Mar 7 13:44:13 2022] DELETE /volume/v3/cb4a82361e3c4bde83873b95bfd849bb/volumes/9dcaaf97-6c37-416c-beb8-c1a38caf72b2 => generated 0 bytes in 260 msecs (HTTP/1.1 202) 6 headers in 233 bytes (1 switches on core 0)
Mar 07 13:44:13.808043 dv-cinder-813222-6-iscsi devstack@c-api.service[116409]: DEBUG cinder.api.middleware.request_id [None req-968aeb53-fc37-48c1-a05d-ac39a94faea8 None None] RequestId filter calling following filter/app {{(pid=116409) _context_setter /opt/stack/cinder/cinder/api/middleware/request_id.py:62}}
Mar 07 13:44:13.817354 dv-cinder-813222-6-iscsi devstack@c-api.service[116410]: [pid: 116410|app: 0|req: 56/114] 10.222.0.24 () {60 vars in 1488 bytes} [Mon Mar 7 13:44:13 2022] GET /volume/v3/3f35baa279dc42e7afb01510420bd525/volumes/detail => generated 2746 bytes in 99 msecs (HTTP/1.1 200) 7 headers in 286 bytes (1 switches on core 0)
Mar 07 13:44:13.817354 dv-cinder-813222-6-iscsi devstack@c-api.service[116410]: DEBUG cinder.api.middleware.request_id [None req-df53149a-6821-4939-8898-cf0c36c9acde None None] RequestId filter calling following filter/app {{(pid=116410) _context_setter /opt/stack/cinder/cinder/api/middleware/request_id.py:62}}
Mar 07 13:44:13.819281 dv-cinder-813222-6-iscsi devstack@c-api.service[116410]: INFO cinder.api.openstack.wsgi [None req-df53149a-6821-4939-8898-cf0c36c9acde tempest-UserMessagesTest-1594144052 tempest-UserMessagesTest-1594144052-project] GET http://10.222.0.24/volume/v3/cb4a82361e3c4bde83873b95bfd849bb/volumes/9dcaaf97-6c37-416c-beb8-c1a38caf72b2
Mar 07 13:44:13.819853 dv-cinder-813222-6-iscsi devstack@c-api.service[116410]: DEBUG cinder.api.openstack.wsgi [None req-df53149a-6821-4939-8898-cf0c36c9acde tempest-UserMessagesTest-1594144052 tempest-UserMessagesTest-1594144052-project] Empty body provided in request {{(pid=116410) get_body /opt/stack/cinder/cinder/api/openstack/wsgi.py:715}}
Mar 07 13:44:13.820380 dv-cinder-813222-6-iscsi devstack@c-api.service[116410]: DEBUG cinder.api.openstack.wsgi [None req-df53149a-6821-4939-8898-cf0c36c9acde tempest-UserMessagesTest-1594144052 tempest-UserMessagesTest-1594144052-project] Calling method 'show' {{(pid=116410) _process_stack /opt/stack/cinder/cinder/api/openstack/wsgi.py:868}}
Mar 07 13:44:13.821481 dv-cinder-813222-6-iscsi devstack@c-api.service[116409]: INFO cinder.api.openstack.wsgi [None req-968aeb53-fc37-48c1-a05d-ac39a94faea8 tempest-GroupSnapshotsV319Test-1829252514 tempest-GroupSnapshotsV319Test-1829252514-project] POST http://10.222.0.24/volume/v3/621c7c1b3e2b47aeba7fe7dca6b0c54a/volumes
Mar 07 13:44:13.822267 dv-cinder-813222-6-iscsi devstack@c-api.service[116409]: DEBUG cinder.api.openstack.wsgi [None req-968aeb53-fc37-48c1-a05d-ac39a94faea8 tempest-GroupSnapshotsV319Test-1829252514 tempest-GroupSnapshotsV319Test-1829252514-project] Action: 'create', calling method: create, body: {"volume": {"volume_type": "08bfff95-921d-47ec-9cb1-56421e1a0dba", "group_id": "e6a248c3-ba2e-4e3e-8246-12c5578d7885", "size": 1, "name": "tempest-GroupSnapshotsV319Test-Volume-941388166"}} {{(pid=116409) _process_stack /opt/stack/cinder/cinder/api/openstack/wsgi.py:866}}
Mar 07 13:44:13.833412 dv-cinder-813222-6-iscsi devstack@c-api.service[116409]: DEBUG cinder.api.v3.volumes [None req-968aeb53-fc37-48c1-a05d-ac39a94faea8 tempest-GroupSnapshotsV319Test-1829252514 tempest-GroupSnapshotsV319Test-1829252514-project] Create volume request body: {'volume': {'volume_type': '08bfff95-921d-47ec-9cb1-56421e1a0dba', 'group_id': 'e6a248c3-ba2e-4e3e-8246-12c5578d7885', 'size': 1, 'name': 'tempest-GroupSnapshotsV319Test-Volume-941388166'}} {{(pid=116409) create /opt/stack/cinder/cinder/api/v3/volumes.py:298}}
Mar 07 13:44:13.833786 dv-cinder-813222-6-iscsi devstack@c-api.service[116410]: INFO cinder.api.openstack.wsgi [None req-df53149a-6821-4939-8898-cf0c36c9acde tempest-UserMessagesTest-1594144052 tempest-UserMessagesTest-1594144052-project] http://10.222.0.24/volume/v3/cb4a82361e3c4bde83873b95bfd849bb/volumes/9dcaaf97-6c37-416c-beb8-c1a38caf72b2 returned with HTTP 404
Mar 07 13:44:13.835005 dv-cinder-813222-6-iscsi devstack@c-api.service[116410]: [pid: 116410|app: 0|req: 57/115] 10.222.0.24 () {60 vars in 1364 bytes} [Mon Mar 7 13:44:13 2022] GET /volume/v3/cb4a82361e3c4bde83873b95bfd849bb/volumes/9dcaaf97-6c37-416c-beb8-c1a38caf72b2 => generated 109 bytes in 23 msecs (HTTP/1.1 404) 7 headers in 292 bytes (1 switches on core 0)
Mar 07 13:44:13.839800 dv-cinder-813222-6-iscsi devstack@c-api.service[116410]: DEBUG cinder.api.middleware.request_id [None req-9a0b013d-cde8-4c74-a952-a33172673833 None None] RequestId filter calling following filter/app {{(pid=116410) _context_setter /opt/stack/cinder/cinder/api/middleware/request_id.py:62}}
Mar 07 13:44:13.846400 dv-cinder-813222-6-iscsi devstack@c-api.service[116410]: INFO cinder.api.openstack.wsgi [None req-9a0b013d-cde8-4c74-a952-a33172673833 tempest-UserMessagesTest-2017754446 tempest-UserMessagesTest-2017754446-project-admin] DELETE http://10.222.0.24/volume/v3/ca6a330e501347a2ad3bed1e5dcb94b5/types/22abcad0-4433-465e-b781-caf504fb2d11
Mar 07 13:44:13.847306 dv-cinder-813222-6-iscsi devstack@c-api.service[116410]: DEBUG cinder.api.openstack.wsgi [None req-9a0b013d-cde8-4c74-a952-a33172673833 tempest-UserMessagesTest-2017754446 tempest-UserMessagesTest-2017754446-project-admin] Empty body provided in request {{(pid=116410) get_body /opt/stack/cinder/cinder/api/openstack/wsgi.py:715}}
Mar 07 13:44:13.848166 dv-cinder-813222-6-iscsi devstack@c-api.service[116410]: DEBUG cinder.api.openstack.wsgi [None req-9a0b013d-cde8-4c74-a952-a33172673833 tempest-UserMessagesTest-2017754446 tempest-UserMessagesTest-2017754446-project-admin] Calling method '_delete' {{(pid=116410) _process_stack /opt/stack/cinder/cinder/api/openstack/wsgi.py:868}}
Mar 07 13:44:13.870895 dv-cinder-813222-6-iscsi devstack@c-api.service[116409]: /usr/local/lib/python3.8/dist-packages/oslo_context/context.py:100: DeprecationWarning: Policy enforcement is depending on the value of is_admin. This key is deprecated. Please update your policy file to use the standard policy values.
Mar 07 13:44:13.870895 dv-cinder-813222-6-iscsi devstack@c-api.service[116409]: warnings.warn('Policy enforcement is depending on the value of '
Mar 07 13:44:13.873100 dv-cinder-813222-6-iscsi devstack@c-api.service[116409]: INFO cinder.api.v3.volumes [None req-968aeb53-fc37-48c1-a05d-ac39a94faea8 tempest-GroupSnapshotsV319Test-1829252514 tempest-GroupSnapshotsV319Test-1829252514-project] Create volume of 1 GB
Mar 07 13:44:13.898585 dv-cinder-813222-6-iscsi devstack@c-api.service[116409]: INFO cinder.volume.api [None req-968aeb53-fc37-48c1-a05d-ac39a94faea8 tempest-GroupSnapshotsV319Test-1829252514 tempest-GroupSnapshotsV319Test-1829252514-project] Availability Zones retrieved successfully.
Mar 07 13:44:13.929253 dv-cinder-813222-6-iscsi devstack@c-api.service[116409]: DEBUG cinder.volume.api [None req-968aeb53-fc37-48c1-a05d-ac39a94faea8 tempest-GroupSnapshotsV319Test-1829252514 tempest-GroupSnapshotsV319Test-1829252514-project] Flow 'volume_create_api' (92a3a300-f664-451d-af58-0681f0a59c92) transitioned into state 'RUNNING' from state 'PENDING' {{(pid=116409) _flow_receiver /usr/local/lib/python3.8/dist-packages/taskflow/listeners/logging.py:141}}
Mar 07 13:44:13.932656 dv-cinder-813222-6-iscsi devstack@c-api.service[116409]: DEBUG cinder.volume.api [None req-968aeb53-fc37-48c1-a05d-ac39a94faea8 tempest-GroupSnapshotsV319Test-1829252514 tempest-GroupSnapshotsV319Test-1829252514-project] Task 'cinder.volume.flows.api.create_volume.ExtractVolumeRequestTask;volume:create' (515f02fd-9b77-4f4b-a03c-ab0c5266b8b9) transitioned into state 'RUNNING' from state 'PENDING' {{(pid=116409) _task_receiver /usr/local/lib/python3.8/dist-packages/taskflow/listeners/logging.py:190}}
Mar 07 13:44:13.938926 dv-cinder-813222-6-iscsi devstack@c-api.service[116409]: /usr/local/lib/python3.8/dist-packages/oslo_context/context.py:100: DeprecationWarning: Policy enforcement is depending on the value of is_admin. This key is deprecated. Please update your policy file to use the standard policy values.
Mar 07 13:44:13.938926 dv-cinder-813222-6-iscsi devstack@c-api.service[116409]: warnings.warn('Policy enforcement is depending on the value of '
Mar 07 13:44:13.940180 dv-cinder-813222-6-iscsi devstack@c-api.service[116410]: INFO cinder.api.openstack.wsgi [None req-9a0b013d-cde8-4c74-a952-a33172673833 tempest-UserMessagesTest-2017754446 tempest-UserMessagesTest-2017754446-project-admin] http://10.222.0.24/volume/v3/ca6a330e501347a2ad3bed1e5dcb94b5/types/22abcad0-4433-465e-b781-caf504fb2d11 returned with HTTP 202
Mar 07 13:44:13.942382 dv-cinder-813222-6-iscsi devstack@c-api.service[116409]: DEBUG cinder.volume.flows.api.create_volume [None req-968aeb53-fc37-48c1-a05d-ac39a94faea8 tempest-GroupSnapshotsV319Test-1829252514 tempest-GroupSnapshotsV319Test-1829252514-project] Validating volume size '1' using validate_int {{(pid=116409) _extract_size /opt/stack/cinder/cinder/volume/flows/api/create_volume.py:225}}
Mar 07 13:44:13.944946 dv-cinder-813222-6-iscsi devstack@c-api.service[116410]: [pid: 116410|app: 0|req: 58/116] 10.222.0.24 () {58 vars in 1321 bytes} [Mon Mar 7 13:44:13 2022] DELETE /volume/v3/ca6a330e501347a2ad3bed1e5dcb94b5/types/22abcad0-4433-465e-b781-caf504fb2d11 => generated 0 bytes in 106 msecs (HTTP/1.1 202) 6 headers in 233 bytes (1 switches on core 0)
Mar 07 13:44:13.946531 dv-cinder-813222-6-iscsi devstack@c-api.service[116410]: DEBUG cinder.api.middleware.request_id [req-91e2935f-b0cd-4170-92c6-03b09b62859c req-7c3a8cc5-6232-496c-a053-e0b9b3438de9 None None] RequestId filter calling following filter/app {{(pid=116410) _context_setter /opt/stack/cinder/cinder/api/middleware/request_id.py:62}}
Mar 07 13:44:13.951228 dv-cinder-813222-6-iscsi devstack@c-api.service[116410]: INFO cinder.api.openstack.wsgi [req-91e2935f-b0cd-4170-92c6-03b09b62859c req-7c3a8cc5-6232-496c-a053-e0b9b3438de9 tempest-VolumesTestJSON-38529246 tempest-VolumesTestJSON-38529246-project] GET http://10.222.0.24/volume/v3/3f35baa279dc42e7afb01510420bd525/volumes/detail
Mar 07 13:44:13.951830 dv-cinder-813222-6-iscsi devstack@c-api.service[116410]: DEBUG cinder.api.openstack.wsgi [req-91e2935f-b0cd-4170-92c6-03b09b62859c req-7c3a8cc5-6232-496c-a053-e0b9b3438de9 tempest-VolumesTestJSON-38529246 tempest-VolumesTestJSON-38529246-project] Empty body provided in request {{(pid=116410) get_body /opt/stack/cinder/cinder/api/openstack/wsgi.py:715}}
Mar 07 13:44:13.952349 dv-cinder-813222-6-iscsi devstack@c-api.service[116410]: DEBUG cinder.api.openstack.wsgi [req-91e2935f-b0cd-4170-92c6-03b09b62859c req-7c3a8cc5-6232-496c-a053-e0b9b3438de9 tempest-VolumesTestJSON-38529246 tempest-VolumesTestJSON-38529246-project] Calling method 'detail' {{(pid=116410) _process_stack /opt/stack/cinder/cinder/api/openstack/wsgi.py:868}}
Mar 07 13:44:13.953097 dv-cinder-813222-6-iscsi devstack@c-api.service[116410]: DEBUG cinder.api.api_utils [req-91e2935f-b0cd-4170-92c6-03b09b62859c req-7c3a8cc5-6232-496c-a053-e0b9b3438de9 tempest-VolumesTestJSON-38529246 tempest-VolumesTestJSON-38529246-project] Removing options '' from query. {{(pid=116410) remove_invalid_filter_options /opt/stack/cinder/cinder/api/api_utils.py:73}}
Mar 07 13:44:13.954911 dv-cinder-813222-6-iscsi devstack@c-api.service[116410]: DEBUG cinder.volume.api [req-91e2935f-b0cd-4170-92c6-03b09b62859c req-7c3a8cc5-6232-496c-a053-e0b9b3438de9 tempest-VolumesTestJSON-38529246 tempest-VolumesTestJSON-38529246-project] Searching by: MultiDict([('no_migration_targets', True)]). {{(pid=116410) get_all /opt/stack/cinder/cinder/volume/api.py:662}}
Mar 07 13:44:13.993628 dv-cinder-813222-6-iscsi devstack@c-api.service[116409]: DEBUG cinder.volume.api [None req-968aeb53-fc37-48c1-a05d-ac39a94faea8 tempest-GroupSnapshotsV319Test-1829252514 tempest-GroupSnapshotsV319Test-1829252514-project] Task 'cinder.volume.flows.api.create_volume.ExtractVolumeRequestTask;volume:create' (515f02fd-9b77-4f4b-a03c-ab0c5266b8b9) transitioned into state 'SUCCESS' from state 'RUNNING' with result '{'size': 1, 'snapshot_id': None, 'source_volid': None, 'volume_type': VolumeType(created_at=2022-03-07T13:44:11Z,deleted=False,deleted_at=None,description=None,extra_specs={},id=08bfff95-921d-47ec-9cb1-56421e1a0dba,is_public=True,name='tempest-GroupSnapshotsV319Test-volume-type-1467949864',projects=[],qos_specs=,qos_specs_id=None,updated_at=None), 'volume_type_id': '08bfff95-921d-47ec-9cb1-56421e1a0dba', 'encryption_key_id': None, 'qos_specs': None, 'consistencygroup_id': None, 'cgsnapshot_id': None, 'group_id': 'e6a248c3-ba2e-4e3e-8246-12c5578d7885', 'replication_status': 'disabled', 'refresh_az': False, 'backup_id': None, 'multiattach': False, 'availability_zones': ['nova']}' {{(pid=116409) _task_receiver /usr/local/lib/python3.8/dist-packages/taskflow/listeners/logging.py:178}}
Mar 07 13:44:13.994351 dv-cinder-813222-6-iscsi devstack@c-api.service[116409]: DEBUG cinder.volume.api [None req-968aeb53-fc37-48c1-a05d-ac39a94faea8 tempest-GroupSnapshotsV319Test-1829252514 tempest-GroupSnapshotsV319Test-1829252514-project] Task 'cinder.volume.flows.api.create_volume.QuotaReserveTask;volume:create' (62e1f2ea-f3b1-4415-8ae6-1389a66d7f5f) transitioned into state 'RUNNING' from state 'PENDING' {{(pid=116409) _task_receiver /usr/local/lib/python3.8/dist-packages/taskflow/listeners/logging.py:190}}
Mar 07 13:44:14.013273 dv-cinder-813222-6-iscsi devstack@c-api.service[116410]: INFO cinder.volume.api [req-91e2935f-b0cd-4170-92c6-03b09b62859c req-7c3a8cc5-6232-496c-a053-e0b9b3438de9 tempest-VolumesTestJSON-38529246 tempest-VolumesTestJSON-38529246-project] Get all volumes completed successfully.
Mar 07 13:44:14.015853 dv-cinder-813222-6-iscsi devstack@c-api.service[116410]: /usr/local/lib/python3.8/dist-packages/oslo_context/context.py:100: DeprecationWarning: Policy enforcement is depending on the value of is_admin. This key is deprecated. Please update your policy file to use the standard policy values.
Mar 07 13:44:14.015853 dv-cinder-813222-6-iscsi devstack@c-api.service[116410]: warnings.warn('Policy enforcement is depending on the value of '
Mar 07 13:44:14.026032 dv-cinder-813222-6-iscsi devstack@c-api.service[116410]: INFO cinder.api.openstack.wsgi [req-91e2935f-b0cd-4170-92c6-03b09b62859c req-7c3a8cc5-6232-496c-a053-e0b9b3438de9 tempest-VolumesTestJSON-38529246 tempest-VolumesTestJSON-38529246-project] http://10.222.0.24/volume/v3/3f35baa279dc42e7afb01510420bd525/volumes/detail returned with HTTP 200
Mar 07 13:44:14.027343 dv-cinder-813222-6-iscsi devstack@c-api.service[116410]: [pid: 116410|app: 0|req: 59/117] 10.222.0.24 () {60 vars in 1488 bytes} [Mon Mar 7 13:44:13 2022] GET /volume/v3/3f35baa279dc42e7afb01510420bd525/volumes/detail => generated 2746 bytes in 82 msecs (HTTP/1.1 200) 7 headers in 286 bytes (1 switches on core 0)
Mar 07 13:44:14.028538 dv-cinder-813222-6-iscsi devstack@c-api.service[116410]: DEBUG cinder.api.middleware.request_id [None req-df78f919-3c32-4d93-b448-2e0184958ab3 None None] RequestId filter calling following filter/app {{(pid=116410) _context_setter /opt/stack/cinder/cinder/api/middleware/request_id.py:62}}
Mar 07 13:44:14.032736 dv-cinder-813222-6-iscsi devstack@c-api.service[116410]: INFO cinder.api.openstack.wsgi [None req-df78f919-3c32-4d93-b448-2e0184958ab3 tempest-GroupSnapshotsTest-2112088189 tempest-GroupSnapshotsTest-2112088189-project] GET http://10.222.0.24/volume/v3/1c4cf847b6aa4c31a6541fd51a89bf45/group_snapshots/89f378de-ecbc-4e69-a2f1-a1205f6d3a72
Mar 07 13:44:14.033344 dv-cinder-813222-6-iscsi devstack@c-api.service[116410]: DEBUG cinder.api.openstack.wsgi [None req-df78f919-3c32-4d93-b448-2e0184958ab3 tempest-GroupSnapshotsTest-2112088189 tempest-GroupSnapshotsTest-2112088189-project] Empty body provided in request {{(pid=116410) get_body /opt/stack/cinder/cinder/api/openstack/wsgi.py:715}}
Mar 07 13:44:14.033889 dv-cinder-813222-6-iscsi devstack@c-api.service[116410]: DEBUG cinder.api.openstack.wsgi [None req-df78f919-3c32-4d93-b448-2e0184958ab3 tempest-GroupSnapshotsTest-2112088189 tempest-GroupSnapshotsTest-2112088189-project] Calling method 'version_select' {{(pid=116410) _process_stack /opt/stack/cinder/cinder/api/openstack/wsgi.py:868}}
Mar 07 13:44:14.034295 dv-cinder-813222-6-iscsi devstack@c-api.service[116410]: DEBUG cinder.api.v3.group_snapshots [None req-df78f919-3c32-4d93-b448-2e0184958ab3 tempest-GroupSnapshotsTest-2112088189 tempest-GroupSnapshotsTest-2112088189-project] show called for member 89f378de-ecbc-4e69-a2f1-a1205f6d3a72 {{(pid=116410) show /opt/stack/cinder/cinder/api/v3/group_snapshots.py:58}}
Mar 07 13:44:14.041623 dv-cinder-813222-6-iscsi devstack@c-api.service[116410]: /usr/local/lib/python3.8/dist-packages/oslo_context/context.py:100: DeprecationWarning: Policy enforcement is depending on the value of is_admin. This key is deprecated. Please update your policy file to use the standard policy values.
Mar 07 13:44:14.041623 dv-cinder-813222-6-iscsi devstack@c-api.service[116410]: warnings.warn('Policy enforcement is depending on the value of '
Mar 07 13:44:14.050137 dv-cinder-813222-6-iscsi devstack@c-api.service[116409]: WARNING cinder.quota [None req-968aeb53-fc37-48c1-a05d-ac39a94faea8 tempest-GroupSnapshotsV319Test-1829252514 tempest-GroupSnapshotsV319Test-1829252514-project] Deprecated: Default quota for resource: volumes_tempest-GroupSnapshotsV319Test-volume-type-1467949864 is set by the default quota flag: quota_volumes_tempest-GroupSnapshotsV319Test-volume-type-1467949864, it is now deprecated. Please use the default quota class for default quota.
Mar 07 13:44:14.051451 dv-cinder-813222-6-iscsi devstack@c-api.service[116409]: WARNING cinder.quota [None req-968aeb53-fc37-48c1-a05d-ac39a94faea8 tempest-GroupSnapshotsV319Test-1829252514 tempest-GroupSnapshotsV319Test-1829252514-project] Deprecated: Default quota for resource: gigabytes_tempest-GroupSnapshotsV319Test-volume-type-1467949864 is set by the default quota flag: quota_gigabytes_tempest-GroupSnapshotsV319Test-volume-type-1467949864, it is now deprecated. Please use the default quota class for default quota.
Mar 07 13:44:14.051621 dv-cinder-813222-6-iscsi devstack@c-api.service[116410]: INFO cinder.api.openstack.wsgi [None req-df78f919-3c32-4d93-b448-2e0184958ab3 tempest-GroupSnapshotsTest-2112088189 tempest-GroupSnapshotsTest-2112088189-project] http://10.222.0.24/volume/v3/1c4cf847b6aa4c31a6541fd51a89bf45/group_snapshots/89f378de-ecbc-4e69-a2f1-a1205f6d3a72 returned with HTTP 200
Mar 07 13:44:14.056291 dv-cinder-813222-6-iscsi devstack@c-api.service[116410]: [pid: 116410|app: 0|req: 60/118] 10.222.0.24 () {60 vars in 1389 bytes} [Mon Mar 7 13:44:14 2022] GET /volume/v3/1c4cf847b6aa4c31a6541fd51a89bf45/group_snapshots/89f378de-ecbc-4e69-a2f1-a1205f6d3a72 => generated 307 bytes in 28 msecs (HTTP/1.1 200) 7 headers in 286 bytes (1 switches on core 0)
Mar 07 13:44:14.058665 dv-cinder-813222-6-iscsi devstack@c-api.service[116410]: DEBUG cinder.api.middleware.request_id [None req-96c768ef-ae1d-4093-93bd-fe3ed18096f4 None None] RequestId filter calling following filter/app {{(pid=116410) _context_setter /opt/stack/cinder/cinder/api/middleware/request_id.py:62}}
Mar 07 13:44:14.062854 dv-cinder-813222-6-iscsi devstack@c-api.service[116410]: INFO cinder.api.openstack.wsgi [None req-96c768ef-ae1d-4093-93bd-fe3ed18096f4 tempest-UserMessagesTest-2017754446 tempest-UserMessagesTest-2017754446-project-admin] GET http://10.222.0.24/volume/v3/ca6a330e501347a2ad3bed1e5dcb94b5/types/22abcad0-4433-465e-b781-caf504fb2d11
Mar 07 13:44:14.063816 dv-cinder-813222-6-iscsi devstack@c-api.service[116410]: DEBUG cinder.api.openstack.wsgi [None req-96c768ef-ae1d-4093-93bd-fe3ed18096f4 tempest-UserMessagesTest-2017754446 tempest-UserMessagesTest-2017754446-project-admin] Empty body provided in request {{(pid=116410) get_body /opt/stack/cinder/cinder/api/openstack/wsgi.py:715}}
Mar 07 13:44:14.064294 dv-cinder-813222-6-iscsi devstack@c-api.service[116410]: DEBUG cinder.api.openstack.wsgi [None req-96c768ef-ae1d-4093-93bd-fe3ed18096f4 tempest-UserMessagesTest-2017754446 tempest-UserMessagesTest-2017754446-project-admin] Calling method 'show' {{(pid=116410) _process_stack /opt/stack/cinder/cinder/api/openstack/wsgi.py:868}}
Mar 07 13:44:14.070159 dv-cinder-813222-6-iscsi devstack@c-api.service[116410]: INFO cinder.api.openstack.wsgi [None req-96c768ef-ae1d-4093-93bd-fe3ed18096f4 tempest-UserMessagesTest-2017754446 tempest-UserMessagesTest-2017754446-project-admin] http://10.222.0.24/volume/v3/ca6a330e501347a2ad3bed1e5dcb94b5/types/22abcad0-4433-465e-b781-caf504fb2d11 returned with HTTP 404
Mar 07 13:44:14.070679 dv-cinder-813222-6-iscsi devstack@c-api.service[116410]: [pid: 116410|app: 0|req: 61/119] 10.222.0.24 () {58 vars in 1318 bytes} [Mon Mar 7 13:44:14 2022] GET /volume/v3/ca6a330e501347a2ad3bed1e5dcb94b5/types/22abcad0-4433-465e-b781-caf504fb2d11 => generated 114 bytes in 14 msecs (HTTP/1.1 404) 7 headers in 292 bytes (1 switches on core 0)
Mar 07 13:44:14.075584 dv-cinder-813222-6-iscsi devstack@c-api.service[116410]: DEBUG cinder.api.middleware.request_id [None req-7b45e059-2d73-49b1-b06e-84175bf46454 None None] RequestId filter calling following filter/app {{(pid=116410) _context_setter /opt/stack/cinder/cinder/api/middleware/request_id.py:62}}
Mar 07 13:44:14.079545 dv-cinder-813222-6-iscsi devstack@c-api.service[116410]: INFO cinder.api.openstack.wsgi [None req-7b45e059-2d73-49b1-b06e-84175bf46454 tempest-VolumesTestJSON-38529246 tempest-VolumesTestJSON-38529246-project] DELETE http://10.222.0.24/volume/v3/3f35baa279dc42e7afb01510420bd525/volumes/57dd5fb1-9d8e-41e2-b247-d207807fbcec
