Jan 31 19:04:55.345288 dv-cinder-813222-5-smb neutron-server[102712]: DEBUG neutron_lib.callbacks.manager [None req-fd9b2a9f-66aa-40cd-b9ed-553b635f0669 admin admin] Publish callbacks [] for security_group (None), before_response {{(pid=102712) _notify_loop /usr/local/lib/python3.8/dist-packages/neutron_lib/callbacks/manager.py:176}}
Jan 31 19:04:55.349595 dv-cinder-813222-5-smb neutron-server[102712]: INFO neutron.wsgi [None req-fd9b2a9f-66aa-40cd-b9ed-553b635f0669 admin admin] 10.222.0.73 "DELETE /v2.0/security-groups/dbec744d-fcda-4e4d-b47c-d2bee384a3b5 HTTP/1.1" status: 204 len: 168 time: 0.1711733
Jan 31 19:04:55.358479 dv-cinder-813222-5-smb neutron-server[102712]: DEBUG neutron.api.rpc.handlers.resources_rpc [None req-fd9b2a9f-66aa-40cd-b9ed-553b635f0669 admin admin] Pushing event deleted for resources: {'SecurityGroup': ['ID=dbec744d-fcda-4e4d-b47c-d2bee384a3b5,revision_number=None']} {{(pid=102712) push /opt/stack/neutron/neutron/api/rpc/handlers/resources_rpc.py:237}}
Jan 31 19:04:55.405179 dv-cinder-813222-5-smb neutron-server[102711]: INFO neutron.wsgi [req-a261fd90-0c6d-4205-a2a1-54aaf814cda3 req-ed63ebee-1504-4925-971e-ccf0ebc65617 tempest-AttachVolumeNegativeTest-1058613576 tempest-AttachVolumeNegativeTest-1058613576-project] 10.222.0.73 "GET /v2.0/ports?tenant_id=f9a4d08f726f4029a740aeab243df4ac&fields=id HTTP/1.1" status: 200 len: 255 time: 0.0664423
Jan 31 19:04:55.551311 dv-cinder-813222-5-smb neutron-server[102711]: DEBUG neutron.pecan_wsgi.hooks.policy_enforcement [req-e299d5ab-e800-45b6-aa50-6828403549ba req-4892dfd6-88b0-460d-98f5-6b416939f3ee tempest-DeleteServersTestJSON-763109887 tempest-DeleteServersTestJSON-763109887-project] Attributes excluded by policy engine: ['standard_attr_id', 'binding:profile', 'binding:host_id', 'binding:vif_type', 'binding:vif_details'] {{(pid=102711) _exclude_attributes_by_policy /opt/stack/neutron/neutron/pecan_wsgi/hooks/policy_enforcement.py:255}}
Jan 31 19:04:55.571360 dv-cinder-813222-5-smb neutron-server[102711]: INFO neutron.wsgi [req-e299d5ab-e800-45b6-aa50-6828403549ba req-4892dfd6-88b0-460d-98f5-6b416939f3ee tempest-DeleteServersTestJSON-763109887 tempest-DeleteServersTestJSON-763109887-project] 10.222.0.73 "GET /v2.0/ports?device_id=d2672135-9d12-4c0e-aa65-fe19d4c2adde HTTP/1.1" status: 200 len: 946 time: 0.1647389
Jan 31 19:04:55.654717 dv-cinder-813222-5-smb neutron-server[102711]: DEBUG neutron.pecan_wsgi.hooks.policy_enforcement [req-e51670c2-edc4-499b-88f4-8c00a04aaa4b req-2bbd124f-67f6-4ebb-a35f-49365b052c7c tempest-DeleteServersTestJSON-763109887 tempest-DeleteServersTestJSON-763109887-project] Attributes excluded by policy engine: ['standard_attr_id', 'binding:profile', 'binding:host_id', 'binding:vif_type', 'binding:vif_details'] {{(pid=102711) _exclude_attributes_by_policy /opt/stack/neutron/neutron/pecan_wsgi/hooks/policy_enforcement.py:255}}
Jan 31 19:04:55.656218 dv-cinder-813222-5-smb neutron-server[102711]: INFO neutron.wsgi [req-e51670c2-edc4-499b-88f4-8c00a04aaa4b req-2bbd124f-67f6-4ebb-a35f-49365b052c7c tempest-DeleteServersTestJSON-763109887 tempest-DeleteServersTestJSON-763109887-project] 10.222.0.95 "GET /v2.0/ports?device_id=d2672135-9d12-4c0e-aa65-fe19d4c2adde HTTP/1.1" status: 200 len: 946 time: 0.1753371
Jan 31 19:04:55.664284 dv-cinder-813222-5-smb neutron-server[102711]: INFO neutron.wsgi [req-a261fd90-0c6d-4205-a2a1-54aaf814cda3 req-ec688d40-1e1e-43d4-b508-6f9d0499d9ca service neutron] 10.222.0.73 "GET /v2.0/networks/a74942f6-be47-4892-a74f-a1eda4d5ab3b?fields=segments HTTP/1.1" status: 200 len: 212 time: 0.2485535
Jan 31 19:04:55.808371 dv-cinder-813222-5-smb neutron-server[102711]: INFO neutron.wsgi [req-e299d5ab-e800-45b6-aa50-6828403549ba req-edbd5e6b-fb8a-4d37-b060-581fd0d2cf4d tempest-DeleteServersTestJSON-763109887 tempest-DeleteServersTestJSON-763109887-project] 10.222.0.73 "GET /v2.0/security-groups?id=1bf5e6d7-2254-4a60-a6ef-81a7249b0f12&fields=id&fields=name HTTP/1.1" status: 200 len: 286 time: 0.2350068
Jan 31 19:04:56.168876 dv-cinder-813222-5-smb neutron-server[102711]: INFO neutron.wsgi [req-a261fd90-0c6d-4205-a2a1-54aaf814cda3 req-908b8d38-33c7-410b-b8fb-7bd38de3f429 service neutron] 10.222.0.73 "GET /v2.0/networks/a74942f6-be47-4892-a74f-a1eda4d5ab3b?fields=provider%3Aphysical_network&fields=provider%3Anetwork_type HTTP/1.1" status: 200 len: 281 time: 0.5037396
Jan 31 19:04:56.195234 dv-cinder-813222-5-smb neutron-server[102711]: DEBUG neutron.pecan_wsgi.hooks.policy_enforcement [req-539eff2f-603b-45b0-b88b-a13bcdeda41f req-52e99393-0c23-4e16-ad32-32e74d53122b tempest-ServerRescueNegativeTestJSON-954484109 tempest-ServerRescueNegativeTestJSON-954484109-project] Attributes excluded by policy engine: ['standard_attr_id', 'binding:profile', 'binding:host_id', 'binding:vif_type', 'binding:vif_details'] {{(pid=102711) _exclude_attributes_by_policy /opt/stack/neutron/neutron/pecan_wsgi/hooks/policy_enforcement.py:255}}
Jan 31 19:04:56.196730 dv-cinder-813222-5-smb neutron-server[102711]: INFO neutron.wsgi [req-539eff2f-603b-45b0-b88b-a13bcdeda41f req-52e99393-0c23-4e16-ad32-32e74d53122b tempest-ServerRescueNegativeTestJSON-954484109 tempest-ServerRescueNegativeTestJSON-954484109-project] 10.222.0.73 "GET /v2.0/ports?device_id=0e6466d8-3bb4-4d8a-8cce-987a33452305 HTTP/1.1" status: 200 len: 945 time: 0.3149896
Jan 31 19:04:56.218297 dv-cinder-813222-5-smb neutron-server[102711]: DEBUG neutron.plugins.ml2.plugin [req-e51670c2-edc4-499b-88f4-8c00a04aaa4b req-561b948f-70a8-426a-a5f0-5d432fbdcc5a tempest-DeleteServersTestJSON-763109887 tempest-DeleteServersTestJSON-763109887-project] Deleting port d1631ba2-a351-44e2-bdc8-ed9069190a22 {{(pid=102711) _pre_delete_port /opt/stack/neutron/neutron/plugins/ml2/plugin.py:1984}}
Jan 31 19:04:56.218297 dv-cinder-813222-5-smb neutron-server[102711]: DEBUG neutron_lib.callbacks.manager [req-e51670c2-edc4-499b-88f4-8c00a04aaa4b req-561b948f-70a8-426a-a5f0-5d432fbdcc5a tempest-DeleteServersTestJSON-763109887 tempest-DeleteServersTestJSON-763109887-project] Publish callbacks ['neutron.db.l3_db.L3_NAT_dbonly_mixin._prevent_l3_port_delete_callback-8771845824862'] for port (d1631ba2-a351-44e2-bdc8-ed9069190a22), before_delete {{(pid=102711) _notify_loop /usr/local/lib/python3.8/dist-packages/neutron_lib/callbacks/manager.py:176}}
Jan 31 19:04:56.260930 dv-cinder-813222-5-smb neutron-server[102712]: DEBUG neutron.wsgi [-] (102712) accepted ('10.222.0.73', 49070) {{(pid=102712) server /usr/local/lib/python3.8/dist-packages/eventlet/wsgi.py:1004}}
Jan 31 19:04:56.289978 dv-cinder-813222-5-smb neutron-server[102712]: DEBUG neutron_lib.callbacks.manager [None req-88be7375-9c77-49d9-bef0-b3d2a587b102 admin admin] Publish callbacks [] for security_group (None), before_create {{(pid=102712) _notify_loop /usr/local/lib/python3.8/dist-packages/neutron_lib/callbacks/manager.py:176}}
Jan 31 19:04:56.336562 dv-cinder-813222-5-smb neutron-server[102711]: INFO neutron.wsgi [req-539eff2f-603b-45b0-b88b-a13bcdeda41f req-db419f88-85fe-471a-aa80-99fdc5864497 tempest-ServerRescueNegativeTestJSON-954484109 tempest-ServerRescueNegativeTestJSON-954484109-project] 10.222.0.73 "GET /v2.0/security-groups?id=0d9a00ff-f912-4774-b4f3-e76e7ca2e393&fields=id&fields=name HTTP/1.1" status: 200 len: 286 time: 0.1242633
Jan 31 19:04:56.436177 dv-cinder-813222-5-smb neutron-server[102711]: DEBUG neutron.plugins.ml2.db [req-e51670c2-edc4-499b-88f4-8c00a04aaa4b req-561b948f-70a8-426a-a5f0-5d432fbdcc5a tempest-DeleteServersTestJSON-763109887 tempest-DeleteServersTestJSON-763109887-project] For port d1631ba2-a351-44e2-bdc8-ed9069190a22, host hv-cinder-81322, got binding levels [PortBindingLevel(driver='hyperv',host='hv-cinder-81322',level=0,port_id=d1631ba2-a351-44e2-bdc8-ed9069190a22,segment=NetworkSegment(11bedc81-5ab2-401d-9dff-be64f0c978bb),segment_id=11bedc81-5ab2-401d-9dff-be64f0c978bb)] {{(pid=102711) get_binding_level_objs /opt/stack/neutron/neutron/plugins/ml2/db.py:74}}
Jan 31 19:04:56.436693 dv-cinder-813222-5-smb neutron-server[102711]: DEBUG neutron_lib.callbacks.manager [req-e51670c2-edc4-499b-88f4-8c00a04aaa4b req-561b948f-70a8-426a-a5f0-5d432fbdcc5a tempest-DeleteServersTestJSON-763109887 tempest-DeleteServersTestJSON-763109887-project] Publish callbacks ['neutron.services.l3_router.l3_router_plugin.L3_NAT_dbonly_mixin._precommit_delete_port_callback-7897211'] for port (d1631ba2-a351-44e2-bdc8-ed9069190a22), precommit_delete {{(pid=102711) _notify_loop /usr/local/lib/python3.8/dist-packages/neutron_lib/callbacks/manager.py:176}}
Jan 31 19:04:56.495948 dv-cinder-813222-5-smb neutron-server[102711]: DEBUG neutron.plugins.ml2.plugin [req-e51670c2-edc4-499b-88f4-8c00a04aaa4b req-561b948f-70a8-426a-a5f0-5d432fbdcc5a tempest-DeleteServersTestJSON-763109887 tempest-DeleteServersTestJSON-763109887-project] Calling delete_port for d1631ba2-a351-44e2-bdc8-ed9069190a22 owned by compute:nova {{(pid=102711) delete_port /opt/stack/neutron/neutron/plugins/ml2/plugin.py:2062}}
Jan 31 19:04:56.532699 dv-cinder-813222-5-smb neutron-server[102712]: DEBUG neutron_lib.callbacks.manager [None req-88be7375-9c77-49d9-bef0-b3d2a587b102 admin admin] Publish callbacks [] for security_group (d361e731-5a2d-4286-9de8-f401a6f306a7), precommit_create {{(pid=102712) _notify_loop /usr/local/lib/python3.8/dist-packages/neutron_lib/callbacks/manager.py:176}}
Jan 31 19:04:56.541007 dv-cinder-813222-5-smb neutron-server[102712]: DEBUG neutron_lib.callbacks.manager [None req-88be7375-9c77-49d9-bef0-b3d2a587b102 admin admin] Publish callbacks ['neutron.plugins.ml2.ovo_rpc._ObjectChangeHandler.handle_event-8074936'] for security_group (d361e731-5a2d-4286-9de8-f401a6f306a7), after_create {{(pid=102712) _notify_loop /usr/local/lib/python3.8/dist-packages/neutron_lib/callbacks/manager.py:176}}
Jan 31 19:04:56.673662 dv-cinder-813222-5-smb neutron-server[102712]: DEBUG neutron.api.rpc.handlers.resources_rpc [None req-88be7375-9c77-49d9-bef0-b3d2a587b102 admin admin] Pushing event updated for resources: {'SecurityGroup': ['ID=d361e731-5a2d-4286-9de8-f401a6f306a7,revision_number=1']} {{(pid=102712) push /opt/stack/neutron/neutron/api/rpc/handlers/resources_rpc.py:237}}
Jan 31 19:04:56.690108 dv-cinder-813222-5-smb neutron-server[102712]: INFO neutron.wsgi [None req-88be7375-9c77-49d9-bef0-b3d2a587b102 admin admin] 10.222.0.73 "GET /v2.0/security-groups?tenant_id=bf3f76d9c9474fc3acc4825d60388c4a&name=default HTTP/1.1" status: 200 len: 2996 time: 0.4275615
Jan 31 19:04:56.694315 dv-cinder-813222-5-smb neutron-server[102712]: DEBUG neutron.wsgi [-] (102712) accepted ('10.222.0.73', 49098) {{(pid=102712) server /usr/local/lib/python3.8/dist-packages/eventlet/wsgi.py:1004}}
Jan 31 19:04:56.729468 dv-cinder-813222-5-smb neutron-server[102711]: INFO neutron.wsgi [req-20cb67fc-9641-4ee4-a6f8-abcebe08fdd1 req-55052f7e-abe2-46a7-9b97-6df5f2b8e06b tempest-AttachVolumeNegativeTest-1058613576 tempest-AttachVolumeNegativeTest-1058613576-project] 10.222.0.73 "GET /v2.0/ports?device_id=916bd509-ee03-4fc6-ad43-87bc84d6154d HTTP/1.1" status: 200 len: 210 time: 0.1009917
Jan 31 19:04:56.741283 dv-cinder-813222-5-smb neutron-server[102711]: DEBUG neutron.pecan_wsgi.hooks.policy_enforcement [req-884793a6-5eca-44bf-abd6-4f087b1245a5 req-36177e8c-39bc-4eee-ac3e-4de7b7a24406 tempest-AttachVolumeTestJSON-678870391 tempest-AttachVolumeTestJSON-678870391-project] Attributes excluded by policy engine: ['standard_attr_id', 'binding:profile', 'binding:host_id', 'binding:vif_type', 'binding:vif_details'] {{(pid=102711) _exclude_attributes_by_policy /opt/stack/neutron/neutron/pecan_wsgi/hooks/policy_enforcement.py:255}}
Jan 31 19:04:56.743348 dv-cinder-813222-5-smb neutron-server[102711]: INFO neutron.wsgi [req-884793a6-5eca-44bf-abd6-4f087b1245a5 req-36177e8c-39bc-4eee-ac3e-4de7b7a24406 tempest-AttachVolumeTestJSON-678870391 tempest-AttachVolumeTestJSON-678870391-project] 10.222.0.73 "GET /v2.0/ports?device_id=ab7b9839-9f27-45ac-9d40-82e82d89f75e HTTP/1.1" status: 200 len: 945 time: 0.3028791
Jan 31 19:04:56.782437 dv-cinder-813222-5-smb neutron-server[102712]: DEBUG neutron.wsgi [-] (102712) accepted ('10.222.0.73', 49102) {{(pid=102712) server /usr/local/lib/python3.8/dist-packages/eventlet/wsgi.py:1004}}
Jan 31 19:04:56.817654 dv-cinder-813222-5-smb neutron-server[102712]: DEBUG neutron_lib.callbacks.manager [None req-a3664e67-6c1c-4d22-8d0a-90cac8dafed5 admin admin] Publish callbacks [] for security_group (d361e731-5a2d-4286-9de8-f401a6f306a7), before_delete {{(pid=102712) _notify_loop /usr/local/lib/python3.8/dist-packages/neutron_lib/callbacks/manager.py:176}}
Jan 31 19:04:56.863612 dv-cinder-813222-5-smb neutron-server[102711]: INFO neutron.wsgi [req-884793a6-5eca-44bf-abd6-4f087b1245a5 req-c4dedce7-14bf-47d2-93fd-853a7f2488c1 tempest-AttachVolumeTestJSON-678870391 tempest-AttachVolumeTestJSON-678870391-project] 10.222.0.73 "GET /v2.0/security-groups?id=5b5e7883-89b2-4e24-b049-b9b95714712b&fields=id&fields=name HTTP/1.1" status: 200 len: 313 time: 0.1025286
Jan 31 19:04:56.896971 dv-cinder-813222-5-smb neutron-server[102712]: DEBUG neutron_lib.callbacks.manager [None req-a3664e67-6c1c-4d22-8d0a-90cac8dafed5 admin admin] Publish callbacks [] for security_group (d361e731-5a2d-4286-9de8-f401a6f306a7), precommit_delete {{(pid=102712) _notify_loop /usr/local/lib/python3.8/dist-packages/neutron_lib/callbacks/manager.py:176}}
Jan 31 19:04:57.047244 dv-cinder-813222-5-smb neutron-server[102712]: DEBUG neutron_lib.callbacks.manager [None req-a3664e67-6c1c-4d22-8d0a-90cac8dafed5 admin admin] Publish callbacks ['neutron.plugins.ml2.ovo_rpc._ObjectChangeHandler.handle_event-8074936'] for security_group (d361e731-5a2d-4286-9de8-f401a6f306a7), after_delete {{(pid=102712) _notify_loop /usr/local/lib/python3.8/dist-packages/neutron_lib/callbacks/manager.py:176}}
Jan 31 19:04:57.050352 dv-cinder-813222-5-smb neutron-server[102712]: DEBUG neutron_lib.callbacks.manager [None req-a3664e67-6c1c-4d22-8d0a-90cac8dafed5 admin admin] Publish callbacks [] for security_group (None), before_response {{(pid=102712) _notify_loop /usr/local/lib/python3.8/dist-packages/neutron_lib/callbacks/manager.py:176}}
Jan 31 19:04:57.051670 dv-cinder-813222-5-smb neutron-server[102712]: INFO neutron.wsgi [None req-a3664e67-6c1c-4d22-8d0a-90cac8dafed5 admin admin] 10.222.0.73 "DELETE /v2.0/security-groups/d361e731-5a2d-4286-9de8-f401a6f306a7 HTTP/1.1" status: 204 len: 168 time: 0.3550906
Jan 31 19:04:57.061367 dv-cinder-813222-5-smb neutron-server[102712]: DEBUG neutron_lib.callbacks.manager [None req-9390ab8f-6bee-410d-b020-d977652d39da admin admin] Publish callbacks [] for security_group (None), before_create {{(pid=102712) _notify_loop /usr/local/lib/python3.8/dist-packages/neutron_lib/callbacks/manager.py:176}}
Jan 31 19:04:57.064362 dv-cinder-813222-5-smb neutron-server[102712]: DEBUG neutron.api.rpc.handlers.resources_rpc [None req-a3664e67-6c1c-4d22-8d0a-90cac8dafed5 admin admin] Pushing event deleted for resources: {'SecurityGroup': ['ID=d361e731-5a2d-4286-9de8-f401a6f306a7,revision_number=None']} {{(pid=102712) push /opt/stack/neutron/neutron/api/rpc/handlers/resources_rpc.py:237}}
Jan 31 19:04:57.216125 dv-cinder-813222-5-smb neutron-server[102712]: DEBUG neutron_lib.callbacks.manager [None req-9390ab8f-6bee-410d-b020-d977652d39da admin admin] Publish callbacks [] for security_group (92b9d911-35f1-44e5-a599-8a7ae44cfa3b), precommit_create {{(pid=102712) _notify_loop /usr/local/lib/python3.8/dist-packages/neutron_lib/callbacks/manager.py:176}}
Jan 31 19:04:57.225615 dv-cinder-813222-5-smb neutron-server[102712]: DEBUG neutron_lib.callbacks.manager [None req-9390ab8f-6bee-410d-b020-d977652d39da admin admin] Publish callbacks ['neutron.plugins.ml2.ovo_rpc._ObjectChangeHandler.handle_event-8074936'] for security_group (92b9d911-35f1-44e5-a599-8a7ae44cfa3b), after_create {{(pid=102712) _notify_loop /usr/local/lib/python3.8/dist-packages/neutron_lib/callbacks/manager.py:176}}
Jan 31 19:04:57.262443 dv-cinder-813222-5-smb neutron-server[102711]: DEBUG neutron_lib.callbacks.manager [req-e51670c2-edc4-499b-88f4-8c00a04aaa4b req-561b948f-70a8-426a-a5f0-5d432fbdcc5a tempest-DeleteServersTestJSON-763109887 tempest-DeleteServersTestJSON-763109887-project] Publish callbacks ['neutron.plugins.ml2.plugin.SecurityGroupServerNotifierRpcMixin._notify_sg_on_port_change-567617', 'neutron.plugins.ml2.ovo_rpc._ObjectChangeHandler.handle_event-8197017', 'neutron.api.rpc.agentnotifiers.dhcp_rpc_agent_api.DhcpAgentNotifyAPI._native_event_send_dhcp_notification-8108550', 'neutron.db.l3_db.L3RpcNotifierMixin._notify_routers_callback-8771845831352', 'neutron.db.l3_dvrscheduler_db._notify_port_delete-8771845354033'] for port (d1631ba2-a351-44e2-bdc8-ed9069190a22), after_delete {{(pid=102711) _notify_loop /usr/local/lib/python3.8/dist-packages/neutron_lib/callbacks/manager.py:176}}
Jan 31 19:04:57.281104 dv-cinder-813222-5-smb neutron-server[102713]: DEBUG neutron.plugins.ml2.db [None req-451252c4-0fe1-45ca-8071-1d3f8251a267 None None] get_ports_and_sgs() called for port_ids ['d1631ba2-a351-44e2-bdc8-ed9069190a22'] {{(pid=102713) get_ports_and_sgs /opt/stack/neutron/neutron/plugins/ml2/db.py:156}}
Jan 31 19:04:57.293291 dv-cinder-813222-5-smb neutron-server[102712]: INFO neutron.wsgi [None req-9390ab8f-6bee-410d-b020-d977652d39da admin admin] 10.222.0.73 "GET /v2.0/security-groups?tenant_id=3d5963cb874541ed9c2dd058df038907&name=default HTTP/1.1" status: 200 len: 2996 time: 0.5067418
Jan 31 19:04:57.306483 dv-cinder-813222-5-smb neutron-server[102711]: DEBUG neutron.wsgi [-] (102711) accepted ('10.222.0.73', 49146) {{(pid=102711) server /usr/local/lib/python3.8/dist-packages/eventlet/wsgi.py:1004}}
Jan 31 19:04:57.320920 dv-cinder-813222-5-smb neutron-server[102712]: DEBUG neutron.api.rpc.handlers.resources_rpc [None req-9390ab8f-6bee-410d-b020-d977652d39da admin admin] Pushing event updated for resources: {'SecurityGroup': ['ID=92b9d911-35f1-44e5-a599-8a7ae44cfa3b,revision_number=1']} {{(pid=102712) push /opt/stack/neutron/neutron/api/rpc/handlers/resources_rpc.py:237}}
Jan 31 19:04:57.360321 dv-cinder-813222-5-smb neutron-server[102711]: DEBUG neutron.api.rpc.handlers.resources_rpc [None req-561b948f-70a8-426a-a5f0-5d432fbdcc5a tempest-DeleteServersTestJSON-763109887 tempest-DeleteServersTestJSON-763109887-project] Pushing event deleted for resources: {'Port': ['ID=d1631ba2-a351-44e2-bdc8-ed9069190a22,revision_number=None']} {{(pid=102711) push /opt/stack/neutron/neutron/api/rpc/handlers/resources_rpc.py:237}}
Jan 31 19:04:57.369372 dv-cinder-813222-5-smb neutron-server[102711]: DEBUG neutron.pecan_wsgi.hooks.policy_enforcement [req-8cbf99f5-7fc6-4d2c-966d-9bef5d414236 req-f6bd1dcc-dcef-43b5-8f67-3f1add832916 tempest-AttachVolumeTestJSON-678870391 tempest-AttachVolumeTestJSON-678870391-project] Attributes excluded by policy engine: ['standard_attr_id', 'binding:profile', 'binding:host_id', 'binding:vif_type', 'binding:vif_details'] {{(pid=102711) _exclude_attributes_by_policy /opt/stack/neutron/neutron/pecan_wsgi/hooks/policy_enforcement.py:255}}
Jan 31 19:04:57.370980 dv-cinder-813222-5-smb neutron-server[102711]: INFO neutron.wsgi [req-8cbf99f5-7fc6-4d2c-966d-9bef5d414236 req-f6bd1dcc-dcef-43b5-8f67-3f1add832916 tempest-AttachVolumeTestJSON-678870391 tempest-AttachVolumeTestJSON-678870391-project] 10.222.0.73 "GET /v2.0/ports?device_id=ab7b9839-9f27-45ac-9d40-82e82d89f75e HTTP/1.1" status: 200 len: 945 time: 0.3368490
Jan 31 19:04:57.379433 dv-cinder-813222-5-smb neutron-server[102711]: DEBUG neutron.pecan_wsgi.hooks.policy_enforcement [req-ceb999b2-2783-412e-aaa5-4c8d6ba32ceb req-f1e91e0c-f3ef-4251-87cc-d6630b2f2c41 tempest-DeleteServersTestJSON-763109887 tempest-DeleteServersTestJSON-763109887-project] Attributes excluded by policy engine: ['standard_attr_id', 'binding:profile', 'binding:host_id', 'binding:vif_type', 'binding:vif_details'] {{(pid=102711) _exclude_attributes_by_policy /opt/stack/neutron/neutron/pecan_wsgi/hooks/policy_enforcement.py:255}}
Jan 31 19:04:57.380608 dv-cinder-813222-5-smb neutron-server[102712]: DEBUG neutron.wsgi [-] (102712) accepted ('10.222.0.73', 49156) {{(pid=102712) server /usr/local/lib/python3.8/dist-packages/eventlet/wsgi.py:1004}}
Jan 31 19:04:57.385311 dv-cinder-813222-5-smb neutron-server[102711]: INFO neutron.wsgi [req-ceb999b2-2783-412e-aaa5-4c8d6ba32ceb req-f1e91e0c-f3ef-4251-87cc-d6630b2f2c41 tempest-DeleteServersTestJSON-763109887 tempest-DeleteServersTestJSON-763109887-project] 10.222.0.73 "GET /v2.0/ports?device_id=d2672135-9d12-4c0e-aa65-fe19d4c2adde HTTP/1.1" status: 200 len: 946 time: 0.3544230
Jan 31 19:04:57.387135 dv-cinder-813222-5-smb neutron-server[102712]: DEBUG neutron.api.v2.base [None req-1ab44c33-9e89-4c84-b473-320cc91adac8 tempest-AttachVolumeTestJSON-678870391 tempest-AttachVolumeTestJSON-678870391-project] Request body: {'floatingip': {'port_id': 'f20229ce-110b-4cb4-ba77-9582499dfe0c'}} {{(pid=102712) prepare_request_body /opt/stack/neutron/neutron/api/v2/base.py:729}}
Jan 31 19:04:57.485244 dv-cinder-813222-5-smb neutron-server[102711]: DEBUG neutron.db.l3_dvrscheduler_db [req-e51670c2-edc4-499b-88f4-8c00a04aaa4b req-561b948f-70a8-426a-a5f0-5d432fbdcc5a tempest-DeleteServersTestJSON-763109887 tempest-DeleteServersTestJSON-763109887-project] No DVR routers for this DVR port d1631ba2-a351-44e2-bdc8-ed9069190a22 on host hv-cinder-81322 {{(pid=102711) get_dvr_routers_to_remove /opt/stack/neutron/neutron/db/l3_dvrscheduler_db.py:214}}
Jan 31 19:04:57.519631 dv-cinder-813222-5-smb neutron-server[102711]: DEBUG neutron_lib.callbacks.manager [req-e51670c2-edc4-499b-88f4-8c00a04aaa4b req-561b948f-70a8-426a-a5f0-5d432fbdcc5a tempest-DeleteServersTestJSON-763109887 tempest-DeleteServersTestJSON-763109887-project] Publish callbacks ['neutron.notifiers.nova.Notifier._send_nova_notification-8324735'] for port (None), before_response {{(pid=102711) _notify_loop /usr/local/lib/python3.8/dist-packages/neutron_lib/callbacks/manager.py:176}}
Jan 31 19:04:57.523157 dv-cinder-813222-5-smb neutron-server[102711]: INFO neutron.wsgi [req-e51670c2-edc4-499b-88f4-8c00a04aaa4b req-561b948f-70a8-426a-a5f0-5d432fbdcc5a tempest-DeleteServersTestJSON-763109887 tempest-DeleteServersTestJSON-763109887-project] 10.222.0.95 "DELETE /v2.0/ports/d1631ba2-a351-44e2-bdc8-ed9069190a22 HTTP/1.1" status: 204 len: 173 time: 1.8478253
Jan 31 19:04:57.523633 dv-cinder-813222-5-smb neutron-server[102711]: DEBUG neutron.notifiers.nova [-] Sending events: [{'server_uuid': 'd2672135-9d12-4c0e-aa65-fe19d4c2adde', 'name': 'network-vif-deleted', 'tag': 'd1631ba2-a351-44e2-bdc8-ed9069190a22'}] {{(pid=102711) send_events /opt/stack/neutron/neutron/notifiers/nova.py:266}}
Jan 31 19:04:57.526137 dv-cinder-813222-5-smb neutron-server[102711]: DEBUG novaclient.v2.client [-] REQ: curl -g -i --cacert "/opt/stack/data/ca-bundle.pem" -X POST http://10.222.0.73/compute/v2.1/os-server-external-events -H "Accept: application/json" -H "Content-Type: application/json" -H "User-Agent: python-novaclient" -H "X-Auth-Token: {SHA256}68f8d4dc3b046867ccaa7aae622a289cc5f4d1e1c926ac2c1d00255015e48405" -H "X-OpenStack-Nova-API-Version: 2.1" -H "X-OpenStack-Request-ID: req-4a073256-8891-4e52-b578-0307046c2380" -d '{"events": [{"server_uuid": "d2672135-9d12-4c0e-aa65-fe19d4c2adde", "name": "network-vif-deleted", "tag": "d1631ba2-a351-44e2-bdc8-ed9069190a22"}]}' {{(pid=102711) _http_log_request /usr/local/lib/python3.8/dist-packages/keystoneauth1/session.py:519}}
Jan 31 19:04:57.587832 dv-cinder-813222-5-smb neutron-server[102711]: INFO neutron.wsgi [req-ceb999b2-2783-412e-aaa5-4c8d6ba32ceb req-9c81c30a-9fb0-42fc-abb5-73930bbc802b tempest-DeleteServersTestJSON-763109887 tempest-DeleteServersTestJSON-763109887-project] 10.222.0.73 "GET /v2.0/security-groups?id=1bf5e6d7-2254-4a60-a6ef-81a7249b0f12&fields=id&fields=name HTTP/1.1" status: 200 len: 286 time: 0.2015953
Jan 31 19:04:57.639891 dv-cinder-813222-5-smb neutron-server[102711]: DEBUG neutron_lib.callbacks.manager [None req-ef955e44-956b-4340-8f8c-74da379991c3 admin admin] Publish callbacks [] for security_group (92b9d911-35f1-44e5-a599-8a7ae44cfa3b), before_delete {{(pid=102711) _notify_loop /usr/local/lib/python3.8/dist-packages/neutron_lib/callbacks/manager.py:176}}
Jan 31 19:04:57.661747 dv-cinder-813222-5-smb neutron-server[102711]: DEBUG neutron.pecan_wsgi.hooks.policy_enforcement [req-12f54b99-0649-4fca-8e72-a08831d4b14a req-54877538-bb2b-4ae1-a09e-4e40b8c2074e tempest-ServerRescueNegativeTestJSON-954484109 tempest-ServerRescueNegativeTestJSON-954484109-project] Attributes excluded by policy engine: ['standard_attr_id', 'binding:profile', 'binding:host_id', 'binding:vif_type', 'binding:vif_details'] {{(pid=102711) _exclude_attributes_by_policy /opt/stack/neutron/neutron/pecan_wsgi/hooks/policy_enforcement.py:255}}
Jan 31 19:04:57.670362 dv-cinder-813222-5-smb neutron-server[102711]: INFO neutron.wsgi [req-12f54b99-0649-4fca-8e72-a08831d4b14a req-54877538-bb2b-4ae1-a09e-4e40b8c2074e tempest-ServerRescueNegativeTestJSON-954484109 tempest-ServerRescueNegativeTestJSON-954484109-project] 10.222.0.73 "GET /v2.0/ports?device_id=0e6466d8-3bb4-4d8a-8cce-987a33452305 HTTP/1.1" status: 200 len: 945 time: 0.1827805
Jan 31 19:04:57.679480 dv-cinder-813222-5-smb neutron-server[102711]: DEBUG novaclient.v2.client [-] RESP: [200] Connection: close Content-Length: 183 Content-Type: application/json Date: Mon, 31 Jan 2022 19:04:57 GMT OpenStack-API-Version: compute 2.1 Server: Apache/2.4.41 (Ubuntu) Vary: OpenStack-API-Version,X-OpenStack-Nova-API-Version X-OpenStack-Nova-API-Version: 2.1 x-compute-request-id: req-e3fe1fab-fc7f-4f16-a56a-9f2c6ca99ac0 x-openstack-request-id: req-e3fe1fab-fc7f-4f16-a56a-9f2c6ca99ac0 {{(pid=102711) _http_log_response /usr/local/lib/python3.8/dist-packages/keystoneauth1/session.py:550}}
Jan 31 19:04:57.679781 dv-cinder-813222-5-smb neutron-server[102711]: DEBUG novaclient.v2.client [-] RESP BODY: {"events": [{"server_uuid": "d2672135-9d12-4c0e-aa65-fe19d4c2adde", "name": "network-vif-deleted", "tag": "d1631ba2-a351-44e2-bdc8-ed9069190a22", "status": "completed", "code": 200}]} {{(pid=102711) _http_log_response /usr/local/lib/python3.8/dist-packages/keystoneauth1/session.py:582}}
Jan 31 19:04:57.680559 dv-cinder-813222-5-smb neutron-server[102711]: DEBUG novaclient.v2.client [-] POST call to compute for http://10.222.0.73/compute/v2.1/os-server-external-events used request id req-e3fe1fab-fc7f-4f16-a56a-9f2c6ca99ac0 {{(pid=102711) request /usr/local/lib/python3.8/dist-packages/keystoneauth1/session.py:954}}
Jan 31 19:04:57.681026 dv-cinder-813222-5-smb neutron-server[102711]: INFO neutron.notifiers.nova [-] Nova event response: {'server_uuid': 'd2672135-9d12-4c0e-aa65-fe19d4c2adde', 'name': 'network-vif-deleted', 'tag': 'd1631ba2-a351-44e2-bdc8-ed9069190a22', 'status': 'completed', 'code': 200}
Jan 31 19:04:57.720285 dv-cinder-813222-5-smb neutron-server[102712]: DEBUG neutron_lib.callbacks.manager [None req-1ab44c33-9e89-4c84-b473-320cc91adac8 tempest-AttachVolumeTestJSON-678870391 tempest-AttachVolumeTestJSON-678870391-project] Publish callbacks [] for floatingip (7ae98c04-ed9c-4572-a0f3-ee07392ea405), before_update {{(pid=102712) _notify_loop /usr/local/lib/python3.8/dist-packages/neutron_lib/callbacks/manager.py:176}}
Jan 31 19:04:57.727927 dv-cinder-813222-5-smb neutron-server[102711]: DEBUG neutron_lib.callbacks.manager [None req-ef955e44-956b-4340-8f8c-74da379991c3 admin admin] Publish callbacks [] for security_group (92b9d911-35f1-44e5-a599-8a7ae44cfa3b), precommit_delete {{(pid=102711) _notify_loop /usr/local/lib/python3.8/dist-packages/neutron_lib/callbacks/manager.py:176}}
Jan 31 19:04:57.836353 dv-cinder-813222-5-smb neutron-server[102711]: INFO neutron.wsgi [req-12f54b99-0649-4fca-8e72-a08831d4b14a req-74fc706d-7f24-4b43-a58f-e716d35bf7e4 tempest-ServerRescueNegativeTestJSON-954484109 tempest-ServerRescueNegativeTestJSON-954484109-project] 10.222.0.73 "GET /v2.0/security-groups?id=0d9a00ff-f912-4774-b4f3-e76e7ca2e393&fields=id&fields=name HTTP/1.1" status: 200 len: 286 time: 0.1648419
Jan 31 19:04:57.986772 dv-cinder-813222-5-smb neutron-server[102711]: INFO neutron.wsgi [req-7cd40896-f532-4093-8309-16457b448067 req-633909da-bec9-44a9-be08-250547fe27c0 tempest-AttachVolumeNegativeTest-1058613576 tempest-AttachVolumeNegativeTest-1058613576-project] 10.222.0.73 "GET /v2.0/ports?device_id=916bd509-ee03-4fc6-ad43-87bc84d6154d HTTP/1.1" status: 200 len: 210 time: 0.0796232
Jan 31 19:04:58.019242 dv-cinder-813222-5-smb neutron-server[102711]: DEBUG neutron_lib.callbacks.manager [None req-ef955e44-956b-4340-8f8c-74da379991c3 admin admin] Publish callbacks ['neutron.plugins.ml2.ovo_rpc._ObjectChangeHandler.handle_event-8074936'] for security_group (92b9d911-35f1-44e5-a599-8a7ae44cfa3b), after_delete {{(pid=102711) _notify_loop /usr/local/lib/python3.8/dist-packages/neutron_lib/callbacks/manager.py:176}}
Jan 31 19:04:58.022099 dv-cinder-813222-5-smb neutron-server[102711]: DEBUG neutron_lib.callbacks.manager [None req-ef955e44-956b-4340-8f8c-74da379991c3 admin admin] Publish callbacks [] for security_group (None), before_response {{(pid=102711) _notify_loop /usr/local/lib/python3.8/dist-packages/neutron_lib/callbacks/manager.py:176}}
Jan 31 19:04:58.025823 dv-cinder-813222-5-smb neutron-server[102711]: INFO neutron.wsgi [None req-ef955e44-956b-4340-8f8c-74da379991c3 admin admin] 10.222.0.73 "DELETE /v2.0/security-groups/92b9d911-35f1-44e5-a599-8a7ae44cfa3b HTTP/1.1" status: 204 len: 168 time: 0.7085907
Jan 31 19:04:58.055564 dv-cinder-813222-5-smb neutron-server[102711]: DEBUG neutron.api.rpc.handlers.resources_rpc [None req-ef955e44-956b-4340-8f8c-74da379991c3 admin admin] Pushing event deleted for resources: {'SecurityGroup': ['ID=92b9d911-35f1-44e5-a599-8a7ae44cfa3b,revision_number=None']} {{(pid=102711) push /opt/stack/neutron/neutron/api/rpc/handlers/resources_rpc.py:237}}
Jan 31 19:04:58.410736 dv-cinder-813222-5-smb neutron-server[102711]: DEBUG neutron.pecan_wsgi.hooks.policy_enforcement [req-4f3921f9-e6d0-4159-86f6-3fae3d55f725 req-2662aada-92fc-497c-aa6a-e5f4dddb435b service neutron] Attributes excluded by policy engine: ['standard_attr_id'] {{(pid=102711) _exclude_attributes_by_policy /opt/stack/neutron/neutron/pecan_wsgi/hooks/policy_enforcement.py:255}}
Jan 31 19:04:58.413723 dv-cinder-813222-5-smb neutron-server[102711]: INFO neutron.wsgi [req-4f3921f9-e6d0-4159-86f6-3fae3d55f725 req-2662aada-92fc-497c-aa6a-e5f4dddb435b service neutron] 10.222.0.95 "GET /v2.0/ports?tenant_id=9e4a6889606e4802a0166afc41066e4e&device_id=0e6466d8-3bb4-4d8a-8cce-987a33452305 HTTP/1.1" status: 200 len: 1129 time: 0.1076279
Jan 31 19:04:58.440781 dv-cinder-813222-5-smb neutron-server[102711]: DEBUG neutron.pecan_wsgi.hooks.policy_enforcement [req-32eedece-b87e-4102-9803-b2481be2d699 req-687641da-f298-47ed-871c-7ad4fff920f4 tempest-ServerRescueNegativeTestJSON-954484109 tempest-ServerRescueNegativeTestJSON-954484109-project] Attributes excluded by policy engine: ['standard_attr_id', 'binding:profile', 'binding:host_id', 'binding:vif_type', 'binding:vif_details'] {{(pid=102711) _exclude_attributes_by_policy /opt/stack/neutron/neutron/pecan_wsgi/hooks/policy_enforcement.py:255}}
Jan 31 19:04:58.447970 dv-cinder-813222-5-smb neutron-server[102711]: INFO neutron.wsgi [req-32eedece-b87e-4102-9803-b2481be2d699 req-687641da-f298-47ed-871c-7ad4fff920f4 tempest-ServerRescueNegativeTestJSON-954484109 tempest-ServerRescueNegativeTestJSON-954484109-project] 10.222.0.73 "GET /v2.0/ports?device_id=0e6466d8-3bb4-4d8a-8cce-987a33452305 HTTP/1.1" status: 200 len: 945 time: 0.1036718
Jan 31 19:04:58.562009 dv-cinder-813222-5-smb neutron-server[102711]: INFO neutron.wsgi [req-32eedece-b87e-4102-9803-b2481be2d699 req-7bfd1d2b-da92-475b-9b5c-231d4f9f3964 tempest-ServerRescueNegativeTestJSON-954484109 tempest-ServerRescueNegativeTestJSON-954484109-project] 10.222.0.73 "GET /v2.0/security-groups?id=0d9a00ff-f912-4774-b4f3-e76e7ca2e393&fields=id&fields=name HTTP/1.1" status: 200 len: 286 time: 0.1096077
Jan 31 19:04:58.671263 dv-cinder-813222-5-smb neutron-server[102711]: DEBUG neutron.wsgi [-] (102711) accepted ('10.222.0.73', 49240) {{(pid=102711) server /usr/local/lib/python3.8/dist-packages/eventlet/wsgi.py:1004}}
Jan 31 19:04:58.716377 dv-cinder-813222-5-smb neutron-server[102711]: DEBUG neutron.pecan_wsgi.hooks.policy_enforcement [req-4f3921f9-e6d0-4159-86f6-3fae3d55f725 req-342a26ef-9561-479f-9df4-8cddbce86224 service neutron] Attributes excluded by policy engine: ['standard_attr_id', 'vlan_transparent'] {{(pid=102711) _exclude_attributes_by_policy /opt/stack/neutron/neutron/pecan_wsgi/hooks/policy_enforcement.py:255}}
Jan 31 19:04:58.716377 dv-cinder-813222-5-smb neutron-server[102711]: INFO neutron.wsgi [req-4f3921f9-e6d0-4159-86f6-3fae3d55f725 req-342a26ef-9561-479f-9df4-8cddbce86224 service neutron] 10.222.0.95 "GET /v2.0/networks?id=4288d172-26d3-48eb-aa2b-002201f3d02a HTTP/1.1" status: 200 len: 921 time: 0.2942090
Jan 31 19:04:58.719283 dv-cinder-813222-5-smb neutron-server[102711]: DEBUG neutron_lib.callbacks.manager [None req-4c3f2642-25cd-4bfe-8a5c-bc29f267c475 admin admin] Publish callbacks [] for security_group (None), before_create {{(pid=102711) _notify_loop /usr/local/lib/python3.8/dist-packages/neutron_lib/callbacks/manager.py:176}}
Jan 31 19:04:58.789607 dv-cinder-813222-5-smb neutron-server[102712]: DEBUG neutron.wsgi [-] (102712) accepted ('10.222.0.73', 49244) {{(pid=102712) server /usr/local/lib/python3.8/dist-packages/eventlet/wsgi.py:1004}}
Jan 31 19:04:58.800526 dv-cinder-813222-5-smb neutron-server[102711]: INFO neutron.wsgi [req-4f3921f9-e6d0-4159-86f6-3fae3d55f725 req-e8d850cc-3388-488c-b704-888745f8256f service neutron] 10.222.0.95 "GET /v2.0/floatingips?fixed_ip_address=172.20.0.9&port_id=2ac091f1-ee91-4ebe-828e-ceac4215d977 HTTP/1.1" status: 200 len: 217 time: 0.0593896
Jan 31 19:04:58.905213 dv-cinder-813222-5-smb neutron-server[102712]: DEBUG neutron.wsgi [-] (102712) accepted ('10.222.0.73', 49250) {{(pid=102712) server /usr/local/lib/python3.8/dist-packages/eventlet/wsgi.py:1004}}
Jan 31 19:04:58.943608 dv-cinder-813222-5-smb neutron-server[102711]: INFO neutron.wsgi [req-523c7935-36cf-4fab-98d4-f46bb523d06b req-0d65a667-5f23-4e4c-b4a9-06f11066adc2 tempest-DeleteServersTestJSON-763109887 tempest-DeleteServersTestJSON-763109887-project] 10.222.0.73 "GET /v2.0/ports?device_id=d2672135-9d12-4c0e-aa65-fe19d4c2adde HTTP/1.1" status: 200 len: 210 time: 0.1420984
Jan 31 19:04:58.954775 dv-cinder-813222-5-smb neutron-server[102712]: DEBUG neutron_lib.db.resource_extend [None req-1ab44c33-9e89-4c84-b473-320cc91adac8 tempest-AttachVolumeTestJSON-678870391 tempest-AttachVolumeTestJSON-678870391-project] It took 0.13 seconds to run function 'neutron_lib.db.resource_extend.apply_funcs' {{(pid=102712) wrapper /usr/local/lib/python3.8/dist-packages/oslo_utils/timeutils.py:386}}
Jan 31 19:04:58.983259 dv-cinder-813222-5-smb neutron-server[102711]: DEBUG neutron.pecan_wsgi.hooks.policy_enforcement [req-a261fd90-0c6d-4205-a2a1-54aaf814cda3 req-96081c31-f6a5-4de9-bbf1-99ae773a3585 tempest-AttachVolumeNegativeTest-1058613576 tempest-AttachVolumeNegativeTest-1058613576-project] Attributes excluded by policy engine: ['standard_attr_id', 'vlan_transparent', 'provider:network_type', 'provider:physical_network', 'provider:segmentation_id'] {{(pid=102711) _exclude_attributes_by_policy /opt/stack/neutron/neutron/pecan_wsgi/hooks/policy_enforcement.py:255}}
Jan 31 19:04:58.985389 dv-cinder-813222-5-smb neutron-server[102711]: INFO neutron.wsgi [req-a261fd90-0c6d-4205-a2a1-54aaf814cda3 req-96081c31-f6a5-4de9-bbf1-99ae773a3585 tempest-AttachVolumeNegativeTest-1058613576 tempest-AttachVolumeNegativeTest-1058613576-project] 10.222.0.95 "GET /v2.0/networks?id=a74942f6-be47-4892-a74f-a1eda4d5ab3b HTTP/1.1" status: 200 len: 814 time: 0.4204807
Jan 31 19:04:58.990037 dv-cinder-813222-5-smb neutron-server[102711]: DEBUG neutron.pecan_wsgi.hooks.policy_enforcement [req-4f3921f9-e6d0-4159-86f6-3fae3d55f725 req-4513effc-e432-480d-be1e-28237bfde60b service neutron] Attributes excluded by policy engine: ['standard_attr_id', 'shared'] {{(pid=102711) _exclude_attributes_by_policy /opt/stack/neutron/neutron/pecan_wsgi/hooks/policy_enforcement.py:255}}
Jan 31 19:04:58.992406 dv-cinder-813222-5-smb neutron-server[102711]: INFO neutron.wsgi [req-4f3921f9-e6d0-4159-86f6-3fae3d55f725 req-4513effc-e432-480d-be1e-28237bfde60b service neutron] 10.222.0.95 "GET /v2.0/subnets?id=2c5793a3-8e3f-4855-b358-472964559511 HTTP/1.1" status: 200 len: 859 time: 0.1788161
Jan 31 19:04:59.025633 dv-cinder-813222-5-smb neutron-server[102711]: DEBUG neutron.api.v2.base [req-a261fd90-0c6d-4205-a2a1-54aaf814cda3 req-b1fe06cd-27fb-4d56-9294-3bc23c84538f tempest-AttachVolumeNegativeTest-1058613576 tempest-AttachVolumeNegativeTest-1058613576-project] Request body: {'port': {'device_id': '916bd509-ee03-4fc6-ad43-87bc84d6154d', 'network_id': 'a74942f6-be47-4892-a74f-a1eda4d5ab3b', 'admin_state_up': True, 'tenant_id': 'f9a4d08f726f4029a740aeab243df4ac'}} {{(pid=102711) prepare_request_body /opt/stack/neutron/neutron/api/v2/base.py:729}}
Jan 31 19:04:59.054649 dv-cinder-813222-5-smb neutron-server[102712]: DEBUG neutron_lib.callbacks.manager [None req-1ab44c33-9e89-4c84-b473-320cc91adac8 tempest-AttachVolumeTestJSON-678870391 tempest-AttachVolumeTestJSON-678870391-project] Publish callbacks [] for floatingip (None), precommit_update {{(pid=102712) _notify_loop /usr/local/lib/python3.8/dist-packages/neutron_lib/callbacks/manager.py:176}}
Jan 31 19:04:59.063593 dv-cinder-813222-5-smb neutron-server[102712]: DEBUG neutron_lib.callbacks.manager [None req-1ab44c33-9e89-4c84-b473-320cc91adac8 tempest-AttachVolumeTestJSON-678870391 tempest-AttachVolumeTestJSON-678870391-project] Publish callbacks ['neutron.services.l3_router.l3_router_plugin.DVRResourceOperationHandler._create_dvr_floating_gw_port-7898976'] for floatingip (7ae98c04-ed9c-4572-a0f3-ee07392ea405), after_update {{(pid=102712) _notify_loop /usr/local/lib/python3.8/dist-packages/neutron_lib/callbacks/manager.py:176}}
Jan 31 19:04:59.161852 dv-cinder-813222-5-smb neutron-server[102711]: INFO neutron.wsgi [req-4f3921f9-e6d0-4159-86f6-3fae3d55f725 req-6cbdf865-e1b3-4304-af4a-e16bb069d849 service neutron] 10.222.0.95 "GET /v2.0/ports?network_id=4288d172-26d3-48eb-aa2b-002201f3d02a&device_owner=network%3Adhcp HTTP/1.1" status: 200 len: 210 time: 0.1435204
Jan 31 19:04:59.211839 dv-cinder-813222-5-smb neutron-server[102711]: INFO neutron.wsgi [req-82cd3e71-31af-4773-b13d-2af652d10278 req-151b82bb-b58f-4841-9dad-80fb28d03f6e tempest-AttachVolumeNegativeTest-1058613576 tempest-AttachVolumeNegativeTest-1058613576-project] 10.222.0.73 "GET /v2.0/ports?device_id=916bd509-ee03-4fc6-ad43-87bc84d6154d HTTP/1.1" status: 200 len: 210 time: 0.0730660
Jan 31 19:04:59.223363 dv-cinder-813222-5-smb neutron-server[102712]: INFO neutron.db.l3_db [None req-1ab44c33-9e89-4c84-b473-320cc91adac8 tempest-AttachVolumeTestJSON-678870391 tempest-AttachVolumeTestJSON-678870391-project] Floating IP 7ae98c04-ed9c-4572-a0f3-ee07392ea405 associated. External IP: 172.28.2.143, port: f20229ce-110b-4cb4-ba77-9582499dfe0c.
Jan 31 19:04:59.226499 dv-cinder-813222-5-smb neutron-server[102712]: DEBUG neutron_lib.callbacks.manager [None req-8210bc4a-2c28-4bc8-9db8-456d65dee86c admin admin] Publish callbacks [] for security_group (None), before_create {{(pid=102712) _notify_loop /usr/local/lib/python3.8/dist-packages/neutron_lib/callbacks/manager.py:176}}
Jan 31 19:04:59.229208 dv-cinder-813222-5-smb neutron-server[102712]: DEBUG neutron_lib.callbacks.manager [None req-bc253c60-09de-4f7f-97fb-5f68323e6c61 admin admin] Publish callbacks [] for security_group (None), before_create {{(pid=102712) _notify_loop /usr/local/lib/python3.8/dist-packages/neutron_lib/callbacks/manager.py:176}}
Jan 31 19:04:59.277324 dv-cinder-813222-5-smb neutron-server[102711]: DEBUG neutron.pecan_wsgi.hooks.quota_enforcement [req-a261fd90-0c6d-4205-a2a1-54aaf814cda3 req-b1fe06cd-27fb-4d56-9294-3bc23c84538f tempest-AttachVolumeNegativeTest-1058613576 tempest-AttachVolumeNegativeTest-1058613576-project] Made reservation on behalf of f9a4d08f726f4029a740aeab243df4ac for: {'port': 1} {{(pid=102711) before /opt/stack/neutron/neutron/pecan_wsgi/hooks/quota_enforcement.py:53}}
Jan 31 19:04:59.280737 dv-cinder-813222-5-smb neutron-server[102711]: DEBUG neutron_lib.callbacks.manager [req-a261fd90-0c6d-4205-a2a1-54aaf814cda3 req-b1fe06cd-27fb-4d56-9294-3bc23c84538f tempest-AttachVolumeNegativeTest-1058613576 tempest-AttachVolumeNegativeTest-1058613576-project] Publish callbacks ['neutron.plugins.ml2.plugin.SecurityGroupDbMixin._ensure_default_security_group_handler-569246'] for port (None), before_create {{(pid=102711) _notify_loop /usr/local/lib/python3.8/dist-packages/neutron_lib/callbacks/manager.py:176}}
Jan 31 19:04:59.291838 dv-cinder-813222-5-smb neutron-server[102711]: DEBUG neutron_lib.callbacks.manager [None req-4c3f2642-25cd-4bfe-8a5c-bc29f267c475 admin admin] Publish callbacks [] for security_group (38675b47-1061-4da5-8111-28421f50c80f), precommit_create {{(pid=102711) _notify_loop /usr/local/lib/python3.8/dist-packages/neutron_lib/callbacks/manager.py:176}}
Jan 31 19:04:59.305231 dv-cinder-813222-5-smb neutron-server[102711]: DEBUG neutron_lib.callbacks.manager [None req-4c3f2642-25cd-4bfe-8a5c-bc29f267c475 admin admin] Publish callbacks ['neutron.plugins.ml2.ovo_rpc._ObjectChangeHandler.handle_event-8074936'] for security_group (38675b47-1061-4da5-8111-28421f50c80f), after_create {{(pid=102711) _notify_loop /usr/local/lib/python3.8/dist-packages/neutron_lib/callbacks/manager.py:176}}
Jan 31 19:04:59.416013 dv-cinder-813222-5-smb neutron-server[102711]: INFO neutron.wsgi [None req-4c3f2642-25cd-4bfe-8a5c-bc29f267c475 admin admin] 10.222.0.73 "GET /v2.0/security-groups?tenant_id=52833ba355cc4a3dbc2727912c3aa06c&name=default HTTP/1.1" status: 200 len: 2996 time: 0.7434528
Jan 31 19:04:59.423013 dv-cinder-813222-5-smb neutron-server[102711]: DEBUG neutron.api.rpc.handlers.resources_rpc [None req-4c3f2642-25cd-4bfe-8a5c-bc29f267c475 admin admin] Pushing event updated for resources: {'SecurityGroup': ['ID=38675b47-1061-4da5-8111-28421f50c80f,revision_number=1']} {{(pid=102711) push /opt/stack/neutron/neutron/api/rpc/handlers/resources_rpc.py:237}}
Jan 31 19:04:59.430104 dv-cinder-813222-5-smb neutron-server[102711]: DEBUG neutron.wsgi [-] (102711) accepted ('10.222.0.73', 49268) {{(pid=102711) server /usr/local/lib/python3.8/dist-packages/eventlet/wsgi.py:1004}}
Jan 31 19:04:59.439540 dv-cinder-813222-5-smb neutron-server[102711]: INFO neutron.wsgi [req-4f3921f9-e6d0-4159-86f6-3fae3d55f725 req-7c567d7e-c879-4a32-8bfe-69e653f07d4f service neutron] 10.222.0.95 "GET /v2.0/networks/4288d172-26d3-48eb-aa2b-002201f3d02a?fields=segments HTTP/1.1" status: 200 len: 212 time: 0.2635548
Jan 31 19:04:59.472156 dv-cinder-813222-5-smb neutron-server[102713]: DEBUG neutron.plugins.ml2.rpc [None req-451252c4-0fe1-45ca-8071-1d3f8251a267 None None] Device d1631ba2-a351-44e2-bdc8-ed9069190a22 no longer exists at agent hyperv_hv-cinder-81322 {{(pid=102713) update_device_down /opt/stack/neutron/neutron/plugins/ml2/rpc.py:259}}
Jan 31 19:04:59.481166 dv-cinder-813222-5-smb neutron-server[102712]: DEBUG neutron_lib.callbacks.manager [None req-bc253c60-09de-4f7f-97fb-5f68323e6c61 admin admin] Publish callbacks [] for security_group (22c4e819-adae-42e5-86a6-4afab84766be), precommit_create {{(pid=102712) _notify_loop /usr/local/lib/python3.8/dist-packages/neutron_lib/callbacks/manager.py:176}}
Jan 31 19:04:59.506188 dv-cinder-813222-5-smb neutron-server[102713]: DEBUG neutron.plugins.ml2.plugin [None req-451252c4-0fe1-45ca-8071-1d3f8251a267 None None] No Port match for: d1631ba2-a351-44e2-bdc8-ed9069190a22 {{(pid=102713) port_bound_to_host /opt/stack/neutron/neutron/plugins/ml2/plugin.py:2322}}
Jan 31 19:04:59.507374 dv-cinder-813222-5-smb neutron-server[102713]: DEBUG neutron.plugins.ml2.rpc [None req-451252c4-0fe1-45ca-8071-1d3f8251a267 None None] Device d1631ba2-a351-44e2-bdc8-ed9069190a22 not bound to the agent host hv-cinder-81322 {{(pid=102713) update_device_down /opt/stack/neutron/neutron/plugins/ml2/rpc.py:269}}
Jan 31 19:04:59.518493 dv-cinder-813222-5-smb neutron-server[102712]: DEBUG neutron_lib.callbacks.manager [None req-bc253c60-09de-4f7f-97fb-5f68323e6c61 admin admin] Publish callbacks ['neutron.plugins.ml2.ovo_rpc._ObjectChangeHandler.handle_event-8074936'] for security_group (22c4e819-adae-42e5-86a6-4afab84766be), after_create {{(pid=102712) _notify_loop /usr/local/lib/python3.8/dist-packages/neutron_lib/callbacks/manager.py:176}}
Jan 31 19:04:59.556861 dv-cinder-813222-5-smb neutron-server[102712]: DEBUG neutron_lib.callbacks.manager [None req-8210bc4a-2c28-4bc8-9db8-456d65dee86c admin admin] Publish callbacks [] for security_group (02237e68-f6c0-459a-84a5-fa500e5ffc48), precommit_create {{(pid=102712) _notify_loop /usr/local/lib/python3.8/dist-packages/neutron_lib/callbacks/manager.py:176}}
Jan 31 19:04:59.580560 dv-cinder-813222-5-smb neutron-server[102712]: DEBUG neutron_lib.callbacks.manager [None req-8210bc4a-2c28-4bc8-9db8-456d65dee86c admin admin] Publish callbacks ['neutron.plugins.ml2.ovo_rpc._ObjectChangeHandler.handle_event-8074936'] for security_group (02237e68-f6c0-459a-84a5-fa500e5ffc48), after_create {{(pid=102712) _notify_loop /usr/local/lib/python3.8/dist-packages/neutron_lib/callbacks/manager.py:176}}
Jan 31 19:04:59.599071 dv-cinder-813222-5-smb neutron-server[102712]: DEBUG neutron.api.rpc.handlers.resources_rpc [None req-bc253c60-09de-4f7f-97fb-5f68323e6c61 admin admin] Pushing event updated for resources: {'SecurityGroup': ['ID=22c4e819-adae-42e5-86a6-4afab84766be,revision_number=1']} {{(pid=102712) push /opt/stack/neutron/neutron/api/rpc/handlers/resources_rpc.py:237}}
Jan 31 19:04:59.603891 dv-cinder-813222-5-smb neutron-server[102712]: INFO neutron.wsgi [None req-bc253c60-09de-4f7f-97fb-5f68323e6c61 admin admin] 10.222.0.73 "GET /v2.0/security-groups?tenant_id=241d41ae01e8429ea4112fd3f8ec4053&name=default HTTP/1.1" status: 200 len: 2996 time: 0.6972456
Jan 31 19:04:59.610718 dv-cinder-813222-5-smb neutron-server[102711]: DEBUG neutron.db.db_base_plugin_common [req-a261fd90-0c6d-4205-a2a1-54aaf814cda3 req-b1fe06cd-27fb-4d56-9294-3bc23c84538f tempest-AttachVolumeNegativeTest-1058613576 tempest-AttachVolumeNegativeTest-1058613576-project] Allocated IP 172.20.0.6 (a74942f6-be47-4892-a74f-a1eda4d5ab3b/e080a18c-8c2b-471f-848f-f7aa55b5b3c5/254c14cc-41c2-4dbf-a804-48b54cf64180) {{(pid=102711) _store_ip_allocation /opt/stack/neutron/neutron/db/db_base_plugin_common.py:131}}
Jan 31 19:04:59.611372 dv-cinder-813222-5-smb neutron-server[102712]: DEBUG neutron.wsgi [-] (102712) accepted ('10.222.0.73', 49276) {{(pid=102712) server /usr/local/lib/python3.8/dist-packages/eventlet/wsgi.py:1004}}
Jan 31 19:04:59.630420 dv-cinder-813222-5-smb neutron-server[102712]: DEBUG neutron.scheduler.l3_agent_scheduler [None req-1ab44c33-9e89-4c84-b473-320cc91adac8 tempest-AttachVolumeTestJSON-678870391 tempest-AttachVolumeTestJSON-678870391-project] Router d30eb56f-405c-4380-af71-2e8dc8278a2b has already been hosted by L3 agent 05e13506-5e50-44d9-b394-6d95bb28a494 {{(pid=102712) _get_candidates /opt/stack/neutron/neutron/scheduler/l3_agent_scheduler.py:126}}
Jan 31 19:04:59.658438 dv-cinder-813222-5-smb neutron-server[102711]: DEBUG neutron_lib.callbacks.manager [None req-11eb8f21-406a-4d4d-806c-259552702ffa admin admin] Publish callbacks [] for security_group (38675b47-1061-4da5-8111-28421f50c80f), before_delete {{(pid=102711) _notify_loop /usr/local/lib/python3.8/dist-packages/neutron_lib/callbacks/manager.py:176}}
Jan 31 19:04:59.663814 dv-cinder-813222-5-smb neutron-server[102712]: INFO neutron.wsgi [None req-8210bc4a-2c28-4bc8-9db8-456d65dee86c admin admin] 10.222.0.73 "GET /v2.0/security-groups?tenant_id=4767b2852ce940f89c426d401f09ca20&name=default HTTP/1.1" status: 200 len: 2996 time: 0.8731654
Jan 31 19:04:59.667021 dv-cinder-813222-5-smb neutron-server[102712]: DEBUG neutron.wsgi [-] (102712) accepted ('10.222.0.73', 49278) {{(pid=102712) server /usr/local/lib/python3.8/dist-packages/eventlet/wsgi.py:1004}}
Jan 31 19:04:59.683797 dv-cinder-813222-5-smb neutron-server[102712]: DEBUG neutron.api.rpc.handlers.resources_rpc [None req-8210bc4a-2c28-4bc8-9db8-456d65dee86c admin admin] Pushing event updated for resources: {'SecurityGroup': ['ID=02237e68-f6c0-459a-84a5-fa500e5ffc48,revision_number=1']} {{(pid=102712) push /opt/stack/neutron/neutron/api/rpc/handlers/resources_rpc.py:237}}
Jan 31 19:04:59.750458 dv-cinder-813222-5-smb neutron-server[102711]: INFO neutron.wsgi [req-4f3921f9-e6d0-4159-86f6-3fae3d55f725 req-7edaf1cd-d9d2-4283-8380-0b874bdfff14 service neutron] 10.222.0.95 "GET /v2.0/networks/4288d172-26d3-48eb-aa2b-002201f3d02a?fields=provider%3Aphysical_network&fields=provider%3Anetwork_type HTTP/1.1" status: 200 len: 281 time: 0.2947333
Jan 31 19:04:59.772487 dv-cinder-813222-5-smb neutron-server[102711]: DEBUG neutron_lib.callbacks.manager [None req-11eb8f21-406a-4d4d-806c-259552702ffa admin admin] Publish callbacks [] for security_group (38675b47-1061-4da5-8111-28421f50c80f), precommit_delete {{(pid=102711) _notify_loop /usr/local/lib/python3.8/dist-packages/neutron_lib/callbacks/manager.py:176}}
Jan 31 19:04:59.792928 dv-cinder-813222-5-smb neutron-server[102712]: DEBUG neutron_lib.callbacks.manager [None req-6cb3eeaa-00eb-4a27-80bb-fc10c488e503 admin admin] Publish callbacks [] for security_group (22c4e819-adae-42e5-86a6-4afab84766be), before_delete {{(pid=102712) _notify_loop /usr/local/lib/python3.8/dist-packages/neutron_lib/callbacks/manager.py:176}}
Jan 31 19:04:59.809417 dv-cinder-813222-5-smb neutron-server[102712]: DEBUG neutron_lib.callbacks.manager [None req-fddc3cfa-8e9a-4c6d-88a3-bc0a4bb9c483 admin admin] Publish callbacks [] for security_group (02237e68-f6c0-459a-84a5-fa500e5ffc48), before_delete {{(pid=102712) _notify_loop /usr/local/lib/python3.8/dist-packages/neutron_lib/callbacks/manager.py:176}}
