Jan 31 19:04:13.307192 dv-cinder-813222-5-smb neutron-server[102712]: 'QosPolicy': '1.10',
Jan 31 19:04:13.307192 dv-cinder-813222-5-smb neutron-server[102712]: 'SecurityGroup': '1.5',
Jan 31 19:04:13.307192 dv-cinder-813222-5-smb neutron-server[102712]: 'SecurityGroupRule': '1.2',
Jan 31 19:04:13.307192 dv-cinder-813222-5-smb neutron-server[102712]: 'SubPort': '1.0',
Jan 31 19:04:13.307192 dv-cinder-813222-5-smb neutron-server[102712]: 'Subnet': '1.1',
Jan 31 19:04:13.307192 dv-cinder-813222-5-smb neutron-server[102712]: 'Trunk': '1.1'}}
Jan 31 19:04:13.307192 dv-cinder-813222-5-smb neutron-server[102712]: {{(pid=102712) report /opt/stack/neutron/neutron/api/rpc/callbacks/version_manager.py:175}}
Jan 31 19:04:13.317269 dv-cinder-813222-5-smb neutron-server[102712]: DEBUG neutron_lib.callbacks.manager [None req-360c2b09-6f07-435c-b137-8e0b580d929c admin admin] Publish callbacks ['neutron.plugins.ml2.plugin.Ml2Plugin._handle_segment_change-658493'] for segment (a93b05a0-bb65-4f40-8da6-a939f118deed), precommit_create {{(pid=102712) _notify_loop /usr/local/lib/python3.8/dist-packages/neutron_lib/callbacks/manager.py:176}}
Jan 31 19:04:13.317573 dv-cinder-813222-5-smb neutron-server[102712]: INFO neutron.db.segments_db [None req-360c2b09-6f07-435c-b137-8e0b580d929c admin admin] Added segment a93b05a0-bb65-4f40-8da6-a939f118deed of type vlan for network a74942f6-be47-4892-a74f-a1eda4d5ab3b
Jan 31 19:04:13.360766 dv-cinder-813222-5-smb neutron-server[102712]: DEBUG neutron_lib.callbacks.manager [None req-360c2b09-6f07-435c-b137-8e0b580d929c admin admin] Publish callbacks ['neutron.services.auto_allocate.db._ensure_external_network_default_value_callback-8771845324656'] for network (a74942f6-be47-4892-a74f-a1eda4d5ab3b), precommit_create {{(pid=102712) _notify_loop /usr/local/lib/python3.8/dist-packages/neutron_lib/callbacks/manager.py:176}}
Jan 31 19:04:13.387120 dv-cinder-813222-5-smb neutron-server[102712]: DEBUG neutron_lib.callbacks.manager [None req-360c2b09-6f07-435c-b137-8e0b580d929c admin admin] Publish callbacks ['neutron.plugins.ml2.ovo_rpc._ObjectChangeHandler.handle_event-8074985', 'neutron.api.rpc.agentnotifiers.dhcp_rpc_agent_api.DhcpAgentNotifyAPI._native_event_send_dhcp_notification-8108550'] for network (a74942f6-be47-4892-a74f-a1eda4d5ab3b), after_create {{(pid=102712) _notify_loop /usr/local/lib/python3.8/dist-packages/neutron_lib/callbacks/manager.py:176}}
Jan 31 19:04:13.388480 dv-cinder-813222-5-smb neutron-server[102712]: DEBUG neutron.pecan_wsgi.hooks.policy_enforcement [None req-360c2b09-6f07-435c-b137-8e0b580d929c admin admin] Attributes excluded by policy engine: ['standard_attr_id', 'vlan_transparent'] {{(pid=102712) _exclude_attributes_by_policy /opt/stack/neutron/neutron/pecan_wsgi/hooks/policy_enforcement.py:255}}
Jan 31 19:04:13.389507 dv-cinder-813222-5-smb neutron-server[102712]: DEBUG neutron_lib.callbacks.manager [None req-360c2b09-6f07-435c-b137-8e0b580d929c admin admin] Publish callbacks ['neutron.api.rpc.agentnotifiers.dhcp_rpc_agent_api.DhcpAgentNotifyAPI._send_dhcp_notification-8108788'] for network (None), before_response {{(pid=102712) _notify_loop /usr/local/lib/python3.8/dist-packages/neutron_lib/callbacks/manager.py:176}}
Jan 31 19:04:13.457485 dv-cinder-813222-5-smb neutron-server[102712]: DEBUG neutron.api.rpc.handlers.resources_rpc [None req-360c2b09-6f07-435c-b137-8e0b580d929c admin admin] Pushing event updated for resources: {'Network': ['ID=a74942f6-be47-4892-a74f-a1eda4d5ab3b,revision_number=1']} {{(pid=102712) push /opt/stack/neutron/neutron/api/rpc/handlers/resources_rpc.py:237}}
Jan 31 19:04:13.468301 dv-cinder-813222-5-smb neutron-server[102711]: DEBUG neutron.wsgi [-] (102711) accepted ('10.222.0.73', 47188) {{(pid=102711) server /usr/local/lib/python3.8/dist-packages/eventlet/wsgi.py:1004}}
Jan 31 19:04:13.473315 dv-cinder-813222-5-smb neutron-server[102713]: DEBUG neutron.plugins.ml2.rpc [None req-be461764-d450-44a3-9e8f-12a33e3960fa None None] Network a74942f6-be47-4892-a74f-a1eda4d5ab3b details requested by agent ovs-agent-dv-cinder-813222-5-smb with host dv-cinder-813222-5-smb {{(pid=102713) get_network_details /opt/stack/neutron/neutron/plugins/ml2/rpc.py:248}}
Jan 31 19:04:13.474156 dv-cinder-813222-5-smb neutron-server[102711]: DEBUG neutron.api.v2.base [None req-be37a906-e775-41b3-95b7-176b25341fc9 admin admin] Request body: {'subnet': {'network_id': 'a74942f6-be47-4892-a74f-a1eda4d5ab3b', 'cidr': '172.20.0.0/28', 'name': 'tempest-AttachVolumeNegativeTest-891249318-subnet', 'tenant_id': 'f9a4d08f726f4029a740aeab243df4ac', 'enable_dhcp': False, 'ip_version': 4}} {{(pid=102711) prepare_request_body /opt/stack/neutron/neutron/api/v2/base.py:729}}
Jan 31 19:04:13.478151 dv-cinder-813222-5-smb neutron-server[102712]: INFO neutron.wsgi [None req-360c2b09-6f07-435c-b137-8e0b580d929c admin admin] 10.222.0.73 "POST /v2.0/networks HTTP/1.1" status: 201 len: 888 time: 0.6225698
Jan 31 19:04:13.497127 dv-cinder-813222-5-smb neutron-server[102711]: DEBUG neutron.pecan_wsgi.hooks.quota_enforcement [None req-be37a906-e775-41b3-95b7-176b25341fc9 admin admin] Made reservation on behalf of f9a4d08f726f4029a740aeab243df4ac for: {'subnet': 1} {{(pid=102711) before /opt/stack/neutron/neutron/pecan_wsgi/hooks/quota_enforcement.py:53}}
Jan 31 19:04:13.500474 dv-cinder-813222-5-smb neutron-server[102711]: DEBUG neutron_lib.callbacks.manager [None req-be37a906-e775-41b3-95b7-176b25341fc9 admin admin] Publish callbacks [] for subnet (None), before_create {{(pid=102711) _notify_loop /usr/local/lib/python3.8/dist-packages/neutron_lib/callbacks/manager.py:176}}
Jan 31 19:04:13.501598 dv-cinder-813222-5-smb neutron-server[102712]: DEBUG neutron.wsgi [-] (102712) accepted ('10.222.0.73', 47192) {{(pid=102712) server /usr/local/lib/python3.8/dist-packages/eventlet/wsgi.py:1004}}
Jan 31 19:04:13.737634 dv-cinder-813222-5-smb neutron-server[102712]: DEBUG neutron.wsgi [-] (102712) accepted ('10.222.0.73', 47200) {{(pid=102712) server /usr/local/lib/python3.8/dist-packages/eventlet/wsgi.py:1004}}
Jan 31 19:04:13.754038 dv-cinder-813222-5-smb neutron-server[102711]: DEBUG neutron_lib.callbacks.manager [None req-be37a906-e775-41b3-95b7-176b25341fc9 admin admin] Publish callbacks ['neutron.plugins.ml2.ovo_rpc._ObjectChangeHandler.handle_event-8061457', 'neutron.api.rpc.agentnotifiers.dhcp_rpc_agent_api.DhcpAgentNotifyAPI._native_event_send_dhcp_notification-8108550'] for subnet (e080a18c-8c2b-471f-848f-f7aa55b5b3c5), after_create {{(pid=102711) _notify_loop /usr/local/lib/python3.8/dist-packages/neutron_lib/callbacks/manager.py:176}}
Jan 31 19:04:13.816209 dv-cinder-813222-5-smb neutron-server[102711]: DEBUG neutron.api.rpc.handlers.resources_rpc [None req-be37a906-e775-41b3-95b7-176b25341fc9 admin admin] Pushing event updated for resources: {'Subnet': ['ID=e080a18c-8c2b-471f-848f-f7aa55b5b3c5,revision_number=0']} {{(pid=102711) push /opt/stack/neutron/neutron/api/rpc/handlers/resources_rpc.py:237}}
Jan 31 19:04:13.828067 dv-cinder-813222-5-smb neutron-server[102711]: DEBUG neutron.api.rpc.callbacks.version_manager [None req-be37a906-e775-41b3-95b7-176b25341fc9 admin admin] Version for resource type AddressGroup changed None to 1.2 on consumer Open vSwitch agent@dv-cinder-813222-5-smb {{(pid=102711) _set_version /opt/stack/neutron/neutron/api/rpc/callbacks/version_manager.py:113}}
Jan 31 19:04:13.828430 dv-cinder-813222-5-smb neutron-server[102711]: DEBUG neutron.api.rpc.callbacks.version_manager [None req-be37a906-e775-41b3-95b7-176b25341fc9 admin admin] Version for resource type ConntrackHelper changed None to 1.0 on consumer Open vSwitch agent@dv-cinder-813222-5-smb {{(pid=102711) _set_version /opt/stack/neutron/neutron/api/rpc/callbacks/version_manager.py:113}}
Jan 31 19:04:13.829041 dv-cinder-813222-5-smb neutron-server[102711]: DEBUG neutron.api.rpc.callbacks.version_manager [None req-be37a906-e775-41b3-95b7-176b25341fc9 admin admin] Version for resource type LocalIPAssociation changed None to 1.0 on consumer Open vSwitch agent@dv-cinder-813222-5-smb {{(pid=102711) _set_version /opt/stack/neutron/neutron/api/rpc/callbacks/version_manager.py:113}}
Jan 31 19:04:13.829479 dv-cinder-813222-5-smb neutron-server[102711]: DEBUG neutron.api.rpc.callbacks.version_manager [None req-be37a906-e775-41b3-95b7-176b25341fc9 admin admin] Version for resource type Log changed None to 1.0 on consumer Open vSwitch agent@dv-cinder-813222-5-smb {{(pid=102711) _set_version /opt/stack/neutron/neutron/api/rpc/callbacks/version_manager.py:113}}
Jan 31 19:04:13.833393 dv-cinder-813222-5-smb neutron-server[102711]: DEBUG neutron.api.rpc.callbacks.version_manager [None req-be37a906-e775-41b3-95b7-176b25341fc9 admin admin] Version for resource type Network changed None to 1.1 on consumer Open vSwitch agent@dv-cinder-813222-5-smb {{(pid=102711) _set_version /opt/stack/neutron/neutron/api/rpc/callbacks/version_manager.py:113}}
Jan 31 19:04:13.833393 dv-cinder-813222-5-smb neutron-server[102711]: DEBUG neutron.api.rpc.callbacks.version_manager [None req-be37a906-e775-41b3-95b7-176b25341fc9 admin admin] Version for resource type Port changed None to 1.7 on consumer Open vSwitch agent@dv-cinder-813222-5-smb {{(pid=102711) _set_version /opt/stack/neutron/neutron/api/rpc/callbacks/version_manager.py:113}}
Jan 31 19:04:13.833393 dv-cinder-813222-5-smb neutron-server[102711]: DEBUG neutron.api.rpc.callbacks.version_manager [None req-be37a906-e775-41b3-95b7-176b25341fc9 admin admin] Version for resource type PortForwarding changed None to 1.2 on consumer Open vSwitch agent@dv-cinder-813222-5-smb {{(pid=102711) _set_version /opt/stack/neutron/neutron/api/rpc/callbacks/version_manager.py:113}}
Jan 31 19:04:13.833393 dv-cinder-813222-5-smb neutron-server[102711]: DEBUG neutron.api.rpc.callbacks.version_manager [None req-be37a906-e775-41b3-95b7-176b25341fc9 admin admin] Version for resource type QosPolicy changed None to 1.10 on consumer Open vSwitch agent@dv-cinder-813222-5-smb {{(pid=102711) _set_version /opt/stack/neutron/neutron/api/rpc/callbacks/version_manager.py:113}}
Jan 31 19:04:13.833393 dv-cinder-813222-5-smb neutron-server[102711]: DEBUG neutron.api.rpc.callbacks.version_manager [None req-be37a906-e775-41b3-95b7-176b25341fc9 admin admin] Version for resource type SecurityGroup changed None to 1.5 on consumer Open vSwitch agent@dv-cinder-813222-5-smb {{(pid=102711) _set_version /opt/stack/neutron/neutron/api/rpc/callbacks/version_manager.py:113}}
Jan 31 19:04:13.833393 dv-cinder-813222-5-smb neutron-server[102711]: DEBUG neutron.api.rpc.callbacks.version_manager [None req-be37a906-e775-41b3-95b7-176b25341fc9 admin admin] Version for resource type SecurityGroupRule changed None to 1.2 on consumer Open vSwitch agent@dv-cinder-813222-5-smb {{(pid=102711) _set_version /opt/stack/neutron/neutron/api/rpc/callbacks/version_manager.py:113}}
Jan 31 19:04:13.833393 dv-cinder-813222-5-smb neutron-server[102711]: DEBUG neutron.api.rpc.callbacks.version_manager [None req-be37a906-e775-41b3-95b7-176b25341fc9 admin admin] Version for resource type SubPort changed None to 1.0 on consumer Open vSwitch agent@dv-cinder-813222-5-smb {{(pid=102711) _set_version /opt/stack/neutron/neutron/api/rpc/callbacks/version_manager.py:113}}
Jan 31 19:04:13.833393 dv-cinder-813222-5-smb neutron-server[102711]: DEBUG neutron.api.rpc.callbacks.version_manager [None req-be37a906-e775-41b3-95b7-176b25341fc9 admin admin] Version for resource type Subnet changed None to 1.1 on consumer Open vSwitch agent@dv-cinder-813222-5-smb {{(pid=102711) _set_version /opt/stack/neutron/neutron/api/rpc/callbacks/version_manager.py:113}}
Jan 31 19:04:13.833393 dv-cinder-813222-5-smb neutron-server[102711]: DEBUG neutron.api.rpc.callbacks.version_manager [None req-be37a906-e775-41b3-95b7-176b25341fc9 admin admin] Version for resource type Trunk changed None to 1.1 on consumer Open vSwitch agent@dv-cinder-813222-5-smb {{(pid=102711) _set_version /opt/stack/neutron/neutron/api/rpc/callbacks/version_manager.py:113}}
Jan 31 19:04:13.834108 dv-cinder-813222-5-smb neutron-server[102711]: DEBUG neutron.api.rpc.callbacks.version_manager [None req-be37a906-e775-41b3-95b7-176b25341fc9 admin admin] Tracked resource versions report:
Jan 31 19:04:13.834108 dv-cinder-813222-5-smb neutron-server[102711]: pushed versions:
Jan 31 19:04:13.834108 dv-cinder-813222-5-smb neutron-server[102711]: { 'AddressGroup': {'1.2'},
Jan 31 19:04:13.834108 dv-cinder-813222-5-smb neutron-server[102711]: 'ConntrackHelper': {'1.0'},
Jan 31 19:04:13.834108 dv-cinder-813222-5-smb neutron-server[102711]: 'LocalIPAssociation': {'1.0'},
Jan 31 19:04:13.834108 dv-cinder-813222-5-smb neutron-server[102711]: 'Log': {'1.0'},
Jan 31 19:04:13.834108 dv-cinder-813222-5-smb neutron-server[102711]: 'Network': {'1.1'},
Jan 31 19:04:13.834108 dv-cinder-813222-5-smb neutron-server[102711]: 'Port': {'1.7'},
Jan 31 19:04:13.834108 dv-cinder-813222-5-smb neutron-server[102711]: 'PortForwarding': {'1.2'},
Jan 31 19:04:13.834108 dv-cinder-813222-5-smb neutron-server[102711]: 'QosPolicy': {'1.10'},
Jan 31 19:04:13.834108 dv-cinder-813222-5-smb neutron-server[102711]: 'SecurityGroup': {'1.5'},
Jan 31 19:04:13.834108 dv-cinder-813222-5-smb neutron-server[102711]: 'SecurityGroupRule': {'1.2'},
Jan 31 19:04:13.834108 dv-cinder-813222-5-smb neutron-server[102711]: 'SubPort': {'1.0'},
Jan 31 19:04:13.834108 dv-cinder-813222-5-smb neutron-server[102711]: 'Subnet': {'1.1'},
Jan 31 19:04:13.834108 dv-cinder-813222-5-smb neutron-server[102711]: 'Trunk': {'1.1'}}
Jan 31 19:04:13.834108 dv-cinder-813222-5-smb neutron-server[102711]: consumer versions:
Jan 31 19:04:13.834108 dv-cinder-813222-5-smb neutron-server[102711]: { DHCP agent@dv-cinder-813222-5-smb: {},
Jan 31 19:04:13.834108 dv-cinder-813222-5-smb neutron-server[102711]: HyperV agent@hv-cinder-81322: {},
Jan 31 19:04:13.834108 dv-cinder-813222-5-smb neutron-server[102711]: L3 agent@dv-cinder-813222-5-smb: {},
Jan 31 19:04:13.834108 dv-cinder-813222-5-smb neutron-server[102711]: Metadata agent@dv-cinder-813222-5-smb: {},
Jan 31 19:04:13.834108 dv-cinder-813222-5-smb neutron-server[102711]: Metering agent@dv-cinder-813222-5-smb: {},
Jan 31 19:04:13.834108 dv-cinder-813222-5-smb neutron-server[102711]: Open vSwitch agent@dv-cinder-813222-5-smb: { 'AddressGroup': '1.2',
Jan 31 19:04:13.834108 dv-cinder-813222-5-smb neutron-server[102711]: 'ConntrackHelper': '1.0',
Jan 31 19:04:13.834108 dv-cinder-813222-5-smb neutron-server[102711]: 'LocalIPAssociation': '1.0',
Jan 31 19:04:13.834108 dv-cinder-813222-5-smb neutron-server[102711]: 'Log': '1.0',
Jan 31 19:04:13.834108 dv-cinder-813222-5-smb neutron-server[102711]: 'Network': '1.1',
Jan 31 19:04:13.834108 dv-cinder-813222-5-smb neutron-server[102711]: 'Port': '1.7',
Jan 31 19:04:13.834108 dv-cinder-813222-5-smb neutron-server[102711]: 'PortForwarding': '1.2',
Jan 31 19:04:13.834108 dv-cinder-813222-5-smb neutron-server[102711]: 'QosPolicy': '1.10',
Jan 31 19:04:13.834108 dv-cinder-813222-5-smb neutron-server[102711]: 'SecurityGroup': '1.5',
Jan 31 19:04:13.834108 dv-cinder-813222-5-smb neutron-server[102711]: 'SecurityGroupRule': '1.2',
Jan 31 19:04:13.834108 dv-cinder-813222-5-smb neutron-server[102711]: 'SubPort': '1.0',
Jan 31 19:04:13.834108 dv-cinder-813222-5-smb neutron-server[102711]: 'Subnet': '1.1',
Jan 31 19:04:13.834108 dv-cinder-813222-5-smb neutron-server[102711]: 'Trunk': '1.1'}}
Jan 31 19:04:13.834108 dv-cinder-813222-5-smb neutron-server[102711]: {{(pid=102711) report /opt/stack/neutron/neutron/api/rpc/callbacks/version_manager.py:175}}
Jan 31 19:04:13.861384 dv-cinder-813222-5-smb neutron-server[102711]: DEBUG neutron.plugins.ml2.drivers.mech_agent [None req-be37a906-e775-41b3-95b7-176b25341fc9 admin admin] Checking segment: {'id': 'a93b05a0-bb65-4f40-8da6-a939f118deed', 'network_type': 'vlan', 'physical_network': 'physnet1', 'segmentation_id': 1052, 'network_id': 'a74942f6-be47-4892-a74f-a1eda4d5ab3b'} for mappings: {'physnet1': 'br-data'} with network types: ['local', 'flat', 'vlan'] {{(pid=102711) check_segment_for_agent /opt/stack/neutron/neutron/plugins/ml2/drivers/mech_agent.py:373}}
Jan 31 19:04:13.861751 dv-cinder-813222-5-smb neutron-server[102711]: DEBUG neutron.scheduler.dhcp_agent_scheduler [None req-be37a906-e775-41b3-95b7-176b25341fc9 admin admin] Network hostable DHCP agents. Network: a74942f6-be47-4892-a74f-a1eda4d5ab3b, hostable agents: ['0853579f-f283-4980-b078-70b5a8984f06'], hosted agents: [] {{(pid=102711) _get_network_hostable_dhcp_agents /opt/stack/neutron/neutron/scheduler/dhcp_agent_scheduler.py:329}}
Jan 31 19:04:13.885524 dv-cinder-813222-5-smb neutron-server[102711]: DEBUG neutron.scheduler.dhcp_agent_scheduler [None req-be37a906-e775-41b3-95b7-176b25341fc9 admin admin] Network a74942f6-be47-4892-a74f-a1eda4d5ab3b is scheduled to be hosted by DHCP agent 0853579f-f283-4980-b078-70b5a8984f06 with binding_index 1 {{(pid=102711) bind /opt/stack/neutron/neutron/scheduler/dhcp_agent_scheduler.py:227}}
Jan 31 19:04:13.899438 dv-cinder-813222-5-smb neutron-server[102711]: DEBUG neutron.scheduler.base_scheduler [None req-be37a906-e775-41b3-95b7-176b25341fc9 admin admin] Resources bound (agent type, host, resource id): (DHCP agent, dv-cinder-813222-5-smb, a74942f6-be47-4892-a74f-a1eda4d5ab3b) {{(pid=102711) schedule /opt/stack/neutron/neutron/scheduler/base_scheduler.py:57}}
Jan 31 19:04:13.908272 dv-cinder-813222-5-smb neutron-server[102711]: DEBUG neutron.pecan_wsgi.hooks.policy_enforcement [None req-be37a906-e775-41b3-95b7-176b25341fc9 admin admin] Attributes excluded by policy engine: ['standard_attr_id', 'shared', 'network'] {{(pid=102711) _exclude_attributes_by_policy /opt/stack/neutron/neutron/pecan_wsgi/hooks/policy_enforcement.py:255}}
Jan 31 19:04:13.909066 dv-cinder-813222-5-smb neutron-server[102711]: DEBUG neutron_lib.callbacks.manager [None req-be37a906-e775-41b3-95b7-176b25341fc9 admin admin] Publish callbacks ['neutron.api.rpc.agentnotifiers.dhcp_rpc_agent_api.DhcpAgentNotifyAPI._send_dhcp_notification-8108788'] for subnet (None), before_response {{(pid=102711) _notify_loop /usr/local/lib/python3.8/dist-packages/neutron_lib/callbacks/manager.py:176}}
Jan 31 19:04:13.909189 dv-cinder-813222-5-smb neutron-server[102713]: DEBUG neutron.api.rpc.handlers.dhcp_rpc [None req-29fa9097-5f8f-44e4-935e-99646ff64952 None None] Network a74942f6-be47-4892-a74f-a1eda4d5ab3b requested from dv-cinder-813222-5-smb {{(pid=102713) get_network_info /opt/stack/neutron/neutron/api/rpc/handlers/dhcp_rpc.py:191}}
Jan 31 19:04:13.937924 dv-cinder-813222-5-smb neutron-server[102711]: INFO neutron.wsgi [None req-be37a906-e775-41b3-95b7-176b25341fc9 admin admin] 10.222.0.73 "POST /v2.0/subnets HTTP/1.1" status: 201 len: 851 time: 0.4619415
Jan 31 19:04:13.957250 dv-cinder-813222-5-smb neutron-server[102711]: DEBUG neutron.wsgi [-] (102711) accepted ('10.222.0.73', 47212) {{(pid=102711) server /usr/local/lib/python3.8/dist-packages/eventlet/wsgi.py:1004}}
Jan 31 19:04:14.016449 dv-cinder-813222-5-smb neutron-server[102712]: DEBUG neutron.api.v2.base [None req-1a59a760-2b82-4f20-b65a-cb64bff72cf6 admin admin] Request body: {'network': {'name': 'tempest-DeleteServersTestJSON-1365033140-network', 'tenant_id': '9e5203d17913468baad89d92ea78916e'}} {{(pid=102712) prepare_request_body /opt/stack/neutron/neutron/api/v2/base.py:729}}
Jan 31 19:04:14.056380 dv-cinder-813222-5-smb neutron-server[102712]: DEBUG neutron.pecan_wsgi.hooks.quota_enforcement [None req-1a59a760-2b82-4f20-b65a-cb64bff72cf6 admin admin] Made reservation on behalf of 9e5203d17913468baad89d92ea78916e for: {'network': 1} {{(pid=102712) before /opt/stack/neutron/neutron/pecan_wsgi/hooks/quota_enforcement.py:53}}
Jan 31 19:04:14.058383 dv-cinder-813222-5-smb neutron-server[102713]: DEBUG neutron.api.rpc.handlers.dhcp_rpc [None req-647f7c3e-6a41-4ee4-83df-a0b36bb93342 None None] Network a74942f6-be47-4892-a74f-a1eda4d5ab3b requested from dv-cinder-813222-5-smb {{(pid=102713) get_network_info /opt/stack/neutron/neutron/api/rpc/handlers/dhcp_rpc.py:191}}
Jan 31 19:04:14.059002 dv-cinder-813222-5-smb neutron-server[102712]: DEBUG neutron_lib.callbacks.manager [None req-1a59a760-2b82-4f20-b65a-cb64bff72cf6 admin admin] Publish callbacks ['neutron.plugins.ml2.plugin.SecurityGroupDbMixin._ensure_default_security_group_handler-569246'] for network (None), before_create {{(pid=102712) _notify_loop /usr/local/lib/python3.8/dist-packages/neutron_lib/callbacks/manager.py:176}}
Jan 31 19:04:14.081608 dv-cinder-813222-5-smb neutron-server[102712]: DEBUG neutron_lib.callbacks.manager [None req-1a59a760-2b82-4f20-b65a-cb64bff72cf6 admin admin] Publish callbacks [] for security_group (None), before_create {{(pid=102712) _notify_loop /usr/local/lib/python3.8/dist-packages/neutron_lib/callbacks/manager.py:176}}
Jan 31 19:04:14.097023 dv-cinder-813222-5-smb neutron-server[102712]: DEBUG neutron.api.v2.base [None req-4b6dfd23-51dd-4202-b6a5-4df8823ea11a admin admin] Request body: {'network': {'name': 'tempest-ServerRescueNegativeTestJSON-1106335268-network', 'tenant_id': '9e4a6889606e4802a0166afc41066e4e'}} {{(pid=102712) prepare_request_body /opt/stack/neutron/neutron/api/v2/base.py:729}}
Jan 31 19:04:14.205017 dv-cinder-813222-5-smb neutron-server[102713]: DEBUG neutron_lib.callbacks.manager [None req-71bcde08-05aa-40d2-af7a-5bdb9b49e67e None None] Publish callbacks ['neutron.services.segments.db._update_segment_host_mapping_for_agent-8771845869680', 'neutron.plugins.ml2.plugin.Ml2Plugin._retry_binding_revived_agents-695112'] for agent (4e6a20ce-34f7-4d89-93bd-b21846259d67), after_update {{(pid=102713) _notify_loop /usr/local/lib/python3.8/dist-packages/neutron_lib/callbacks/manager.py:176}}
Jan 31 19:04:14.205995 dv-cinder-813222-5-smb neutron-server[102712]: DEBUG neutron_lib.callbacks.manager [None req-1a59a760-2b82-4f20-b65a-cb64bff72cf6 admin admin] Publish callbacks [] for security_group (1bf5e6d7-2254-4a60-a6ef-81a7249b0f12), precommit_create {{(pid=102712) _notify_loop /usr/local/lib/python3.8/dist-packages/neutron_lib/callbacks/manager.py:176}}
Jan 31 19:04:14.207508 dv-cinder-813222-5-smb neutron-server[102712]: DEBUG neutron.pecan_wsgi.hooks.quota_enforcement [None req-4b6dfd23-51dd-4202-b6a5-4df8823ea11a admin admin] Made reservation on behalf of 9e4a6889606e4802a0166afc41066e4e for: {'network': 1} {{(pid=102712) before /opt/stack/neutron/neutron/pecan_wsgi/hooks/quota_enforcement.py:53}}
Jan 31 19:04:14.211155 dv-cinder-813222-5-smb neutron-server[102712]: DEBUG neutron_lib.callbacks.manager [None req-4b6dfd23-51dd-4202-b6a5-4df8823ea11a admin admin] Publish callbacks ['neutron.plugins.ml2.plugin.SecurityGroupDbMixin._ensure_default_security_group_handler-569246'] for network (None), before_create {{(pid=102712) _notify_loop /usr/local/lib/python3.8/dist-packages/neutron_lib/callbacks/manager.py:176}}
Jan 31 19:04:14.211848 dv-cinder-813222-5-smb neutron-server[102711]: DEBUG neutron.api.v2.base [None req-2337539b-2320-4bd5-971f-7d3a50938e5d admin admin] Request body: {'network': {'name': 'tempest-AttachVolumeTestJSON-2101797437-network', 'tenant_id': 'c6801db419b042e680db6b08653d45e0'}} {{(pid=102711) prepare_request_body /opt/stack/neutron/neutron/api/v2/base.py:729}}
Jan 31 19:04:14.221798 dv-cinder-813222-5-smb neutron-server[102712]: DEBUG neutron_lib.callbacks.manager [None req-4b6dfd23-51dd-4202-b6a5-4df8823ea11a admin admin] Publish callbacks [] for security_group (None), before_create {{(pid=102712) _notify_loop /usr/local/lib/python3.8/dist-packages/neutron_lib/callbacks/manager.py:176}}
Jan 31 19:04:14.231117 dv-cinder-813222-5-smb neutron-server[102712]: DEBUG neutron_lib.callbacks.manager [None req-1a59a760-2b82-4f20-b65a-cb64bff72cf6 admin admin] Publish callbacks ['neutron.plugins.ml2.ovo_rpc._ObjectChangeHandler.handle_event-8074936'] for security_group (1bf5e6d7-2254-4a60-a6ef-81a7249b0f12), after_create {{(pid=102712) _notify_loop /usr/local/lib/python3.8/dist-packages/neutron_lib/callbacks/manager.py:176}}
Jan 31 19:04:14.244554 dv-cinder-813222-5-smb neutron-server[102712]: DEBUG neutron.plugins.ml2.drivers.helpers [None req-1a59a760-2b82-4f20-b65a-cb64bff72cf6 admin admin] vlan segment allocate from pool success with {'physical_network': 'physnet1', 'vlan_id': 1069} {{(pid=102712) allocate_partially_specified_segment /opt/stack/neutron/neutron/plugins/ml2/drivers/helpers.py:153}}
Jan 31 19:04:14.255255 dv-cinder-813222-5-smb neutron-server[102711]: DEBUG neutron.pecan_wsgi.hooks.quota_enforcement [None req-2337539b-2320-4bd5-971f-7d3a50938e5d admin admin] Made reservation on behalf of c6801db419b042e680db6b08653d45e0 for: {'network': 1} {{(pid=102711) before /opt/stack/neutron/neutron/pecan_wsgi/hooks/quota_enforcement.py:53}}
Jan 31 19:04:14.256527 dv-cinder-813222-5-smb neutron-server[102712]: DEBUG neutron_lib.callbacks.manager [None req-1a59a760-2b82-4f20-b65a-cb64bff72cf6 admin admin] Publish callbacks ['neutron.plugins.ml2.plugin.Ml2Plugin._handle_segment_change-658493'] for segment (11bedc81-5ab2-401d-9dff-be64f0c978bb), precommit_create {{(pid=102712) _notify_loop /usr/local/lib/python3.8/dist-packages/neutron_lib/callbacks/manager.py:176}}
Jan 31 19:04:14.257037 dv-cinder-813222-5-smb neutron-server[102712]: INFO neutron.db.segments_db [None req-1a59a760-2b82-4f20-b65a-cb64bff72cf6 admin admin] Added segment 11bedc81-5ab2-401d-9dff-be64f0c978bb of type vlan for network a8ee4712-48ed-43ee-b710-dd8a95e82f9b
Jan 31 19:04:14.257865 dv-cinder-813222-5-smb neutron-server[102711]: DEBUG neutron_lib.callbacks.manager [None req-2337539b-2320-4bd5-971f-7d3a50938e5d admin admin] Publish callbacks ['neutron.plugins.ml2.plugin.SecurityGroupDbMixin._ensure_default_security_group_handler-569246'] for network (None), before_create {{(pid=102711) _notify_loop /usr/local/lib/python3.8/dist-packages/neutron_lib/callbacks/manager.py:176}}
Jan 31 19:04:14.276690 dv-cinder-813222-5-smb neutron-server[102711]: DEBUG neutron_lib.callbacks.manager [None req-2337539b-2320-4bd5-971f-7d3a50938e5d admin admin] Publish callbacks [] for security_group (None), before_create {{(pid=102711) _notify_loop /usr/local/lib/python3.8/dist-packages/neutron_lib/callbacks/manager.py:176}}
Jan 31 19:04:14.375903 dv-cinder-813222-5-smb neutron-server[102712]: DEBUG neutron_lib.callbacks.manager [None req-1a59a760-2b82-4f20-b65a-cb64bff72cf6 admin admin] Publish callbacks ['neutron.services.auto_allocate.db._ensure_external_network_default_value_callback-8771845324656'] for network (a8ee4712-48ed-43ee-b710-dd8a95e82f9b), precommit_create {{(pid=102712) _notify_loop /usr/local/lib/python3.8/dist-packages/neutron_lib/callbacks/manager.py:176}}
Jan 31 19:04:14.382847 dv-cinder-813222-5-smb neutron-server[102711]: DEBUG neutron_lib.callbacks.manager [None req-2337539b-2320-4bd5-971f-7d3a50938e5d admin admin] Publish callbacks [] for security_group (138f0b98-ba69-4474-b531-3940b5088131), precommit_create {{(pid=102711) _notify_loop /usr/local/lib/python3.8/dist-packages/neutron_lib/callbacks/manager.py:176}}
Jan 31 19:04:14.384173 dv-cinder-813222-5-smb neutron-server[102712]: DEBUG neutron.api.rpc.handlers.resources_rpc [None req-1a59a760-2b82-4f20-b65a-cb64bff72cf6 admin admin] Pushing event updated for resources: {'SecurityGroup': ['ID=1bf5e6d7-2254-4a60-a6ef-81a7249b0f12,revision_number=1']} {{(pid=102712) push /opt/stack/neutron/neutron/api/rpc/handlers/resources_rpc.py:237}}
Jan 31 19:04:14.396858 dv-cinder-813222-5-smb neutron-server[102711]: DEBUG neutron_lib.callbacks.manager [None req-2337539b-2320-4bd5-971f-7d3a50938e5d admin admin] Publish callbacks ['neutron.plugins.ml2.ovo_rpc._ObjectChangeHandler.handle_event-8074936'] for security_group (138f0b98-ba69-4474-b531-3940b5088131), after_create {{(pid=102711) _notify_loop /usr/local/lib/python3.8/dist-packages/neutron_lib/callbacks/manager.py:176}}
Jan 31 19:04:14.424035 dv-cinder-813222-5-smb neutron-server[102712]: DEBUG neutron_lib.callbacks.manager [None req-1a59a760-2b82-4f20-b65a-cb64bff72cf6 admin admin] Publish callbacks ['neutron.plugins.ml2.ovo_rpc._ObjectChangeHandler.handle_event-8074985', 'neutron.api.rpc.agentnotifiers.dhcp_rpc_agent_api.DhcpAgentNotifyAPI._native_event_send_dhcp_notification-8108550'] for network (a8ee4712-48ed-43ee-b710-dd8a95e82f9b), after_create {{(pid=102712) _notify_loop /usr/local/lib/python3.8/dist-packages/neutron_lib/callbacks/manager.py:176}}
Jan 31 19:04:14.424627 dv-cinder-813222-5-smb neutron-server[102712]: DEBUG neutron.pecan_wsgi.hooks.policy_enforcement [None req-1a59a760-2b82-4f20-b65a-cb64bff72cf6 admin admin] Attributes excluded by policy engine: ['standard_attr_id', 'vlan_transparent'] {{(pid=102712) _exclude_attributes_by_policy /opt/stack/neutron/neutron/pecan_wsgi/hooks/policy_enforcement.py:255}}
Jan 31 19:04:14.425895 dv-cinder-813222-5-smb neutron-server[102712]: DEBUG neutron_lib.callbacks.manager [None req-1a59a760-2b82-4f20-b65a-cb64bff72cf6 admin admin] Publish callbacks ['neutron.api.rpc.agentnotifiers.dhcp_rpc_agent_api.DhcpAgentNotifyAPI._send_dhcp_notification-8108788'] for network (None), before_response {{(pid=102712) _notify_loop /usr/local/lib/python3.8/dist-packages/neutron_lib/callbacks/manager.py:176}}
Jan 31 19:04:14.457692 dv-cinder-813222-5-smb neutron-server[102711]: DEBUG neutron.plugins.ml2.drivers.helpers [None req-2337539b-2320-4bd5-971f-7d3a50938e5d admin admin] vlan segment allocate from pool success with {'physical_network': 'physnet1', 'vlan_id': 1053} {{(pid=102711) allocate_partially_specified_segment /opt/stack/neutron/neutron/plugins/ml2/drivers/helpers.py:153}}
Jan 31 19:04:14.476644 dv-cinder-813222-5-smb neutron-server[102711]: DEBUG neutron.api.rpc.handlers.resources_rpc [None req-2337539b-2320-4bd5-971f-7d3a50938e5d admin admin] Pushing event updated for resources: {'SecurityGroup': ['ID=138f0b98-ba69-4474-b531-3940b5088131,revision_number=1']} {{(pid=102711) push /opt/stack/neutron/neutron/api/rpc/handlers/resources_rpc.py:237}}
Jan 31 19:04:14.487761 dv-cinder-813222-5-smb neutron-server[102711]: DEBUG neutron_lib.callbacks.manager [None req-2337539b-2320-4bd5-971f-7d3a50938e5d admin admin] Publish callbacks ['neutron.services.segments.db._add_segment_host_mapping_for_segment-8771845869689', 'neutron.plugins.ml2.plugin.Ml2Plugin._handle_segment_change-658493'] for segment (9cfff9e3-ab46-45c8-8d3c-019d4727ea54), precommit_create {{(pid=102711) _notify_loop /usr/local/lib/python3.8/dist-packages/neutron_lib/callbacks/manager.py:176}}
Jan 31 19:04:14.489372 dv-cinder-813222-5-smb neutron-server[102711]: DEBUG neutron_lib.callbacks.manager [None req-2337539b-2320-4bd5-971f-7d3a50938e5d admin admin] Unsubscribe: segment precommit_create {{(pid=102711) unsubscribe /usr/local/lib/python3.8/dist-packages/neutron_lib/callbacks/manager.py:83}}
Jan 31 19:04:14.490438 dv-cinder-813222-5-smb neutron-server[102711]: INFO neutron.db.segments_db [None req-2337539b-2320-4bd5-971f-7d3a50938e5d admin admin] Added segment 9cfff9e3-ab46-45c8-8d3c-019d4727ea54 of type vlan for network 5891faac-ffb9-4cc7-b7e5-b021e744d537
Jan 31 19:04:14.508465 dv-cinder-813222-5-smb neutron-server[102712]: DEBUG neutron_lib.callbacks.manager [None req-4b6dfd23-51dd-4202-b6a5-4df8823ea11a admin admin] Publish callbacks [] for security_group (0d9a00ff-f912-4774-b4f3-e76e7ca2e393), precommit_create {{(pid=102712) _notify_loop /usr/local/lib/python3.8/dist-packages/neutron_lib/callbacks/manager.py:176}}
Jan 31 19:04:14.509583 dv-cinder-813222-5-smb neutron-server[102712]: DEBUG neutron.api.rpc.handlers.resources_rpc [None req-1a59a760-2b82-4f20-b65a-cb64bff72cf6 admin admin] Pushing event updated for resources: {'Network': ['ID=a8ee4712-48ed-43ee-b710-dd8a95e82f9b,revision_number=1']} {{(pid=102712) push /opt/stack/neutron/neutron/api/rpc/handlers/resources_rpc.py:237}}
Jan 31 19:04:14.518122 dv-cinder-813222-5-smb neutron-server[102712]: INFO neutron.wsgi [None req-1a59a760-2b82-4f20-b65a-cb64bff72cf6 admin admin] 10.222.0.73 "POST /v2.0/networks HTTP/1.1" status: 201 len: 886 time: 1.0154002
Jan 31 19:04:14.519868 dv-cinder-813222-5-smb neutron-server[102712]: DEBUG neutron.wsgi [-] (102712) accepted ('10.222.0.73', 47248) {{(pid=102712) server /usr/local/lib/python3.8/dist-packages/eventlet/wsgi.py:1004}}
Jan 31 19:04:14.521627 dv-cinder-813222-5-smb neutron-server[102713]: DEBUG neutron.plugins.ml2.rpc [None req-be461764-d450-44a3-9e8f-12a33e3960fa None None] Network a8ee4712-48ed-43ee-b710-dd8a95e82f9b details requested by agent ovs-agent-dv-cinder-813222-5-smb with host dv-cinder-813222-5-smb {{(pid=102713) get_network_details /opt/stack/neutron/neutron/plugins/ml2/rpc.py:248}}
Jan 31 19:04:14.527060 dv-cinder-813222-5-smb neutron-server[102712]: DEBUG neutron.api.v2.base [None req-44304bd2-e682-40ef-98d0-e1039d33f330 admin admin] Request body: {'subnet': {'network_id': 'a8ee4712-48ed-43ee-b710-dd8a95e82f9b', 'cidr': '172.20.0.0/28', 'name': 'tempest-DeleteServersTestJSON-1365033140-subnet', 'tenant_id': '9e5203d17913468baad89d92ea78916e', 'enable_dhcp': False, 'ip_version': 4}} {{(pid=102712) prepare_request_body /opt/stack/neutron/neutron/api/v2/base.py:729}}
Jan 31 19:04:14.545420 dv-cinder-813222-5-smb neutron-server[102712]: DEBUG neutron_lib.callbacks.manager [None req-4b6dfd23-51dd-4202-b6a5-4df8823ea11a admin admin] Publish callbacks ['neutron.plugins.ml2.ovo_rpc._ObjectChangeHandler.handle_event-8074936'] for security_group (0d9a00ff-f912-4774-b4f3-e76e7ca2e393), after_create {{(pid=102712) _notify_loop /usr/local/lib/python3.8/dist-packages/neutron_lib/callbacks/manager.py:176}}
Jan 31 19:04:14.552714 dv-cinder-813222-5-smb neutron-server[102711]: DEBUG neutron_lib.callbacks.manager [None req-2337539b-2320-4bd5-971f-7d3a50938e5d admin admin] Publish callbacks ['neutron.services.auto_allocate.db._ensure_external_network_default_value_callback-8771845324656'] for network (5891faac-ffb9-4cc7-b7e5-b021e744d537), precommit_create {{(pid=102711) _notify_loop /usr/local/lib/python3.8/dist-packages/neutron_lib/callbacks/manager.py:176}}
Jan 31 19:04:14.559293 dv-cinder-813222-5-smb neutron-server[102712]: DEBUG neutron.plugins.ml2.drivers.helpers [None req-4b6dfd23-51dd-4202-b6a5-4df8823ea11a admin admin] vlan segment allocate from pool success with {'physical_network': 'physnet1', 'vlan_id': 1080} {{(pid=102712) allocate_partially_specified_segment /opt/stack/neutron/neutron/plugins/ml2/drivers/helpers.py:153}}
Jan 31 19:04:14.570533 dv-cinder-813222-5-smb neutron-server[102712]: DEBUG neutron_lib.callbacks.manager [None req-4b6dfd23-51dd-4202-b6a5-4df8823ea11a admin admin] Publish callbacks ['neutron.plugins.ml2.plugin.Ml2Plugin._handle_segment_change-658493'] for segment (bdec8e0e-743b-4def-afe8-3aa27613c137), precommit_create {{(pid=102712) _notify_loop /usr/local/lib/python3.8/dist-packages/neutron_lib/callbacks/manager.py:176}}
Jan 31 19:04:14.571069 dv-cinder-813222-5-smb neutron-server[102712]: INFO neutron.db.segments_db [None req-4b6dfd23-51dd-4202-b6a5-4df8823ea11a admin admin] Added segment bdec8e0e-743b-4def-afe8-3aa27613c137 of type vlan for network 4288d172-26d3-48eb-aa2b-002201f3d02a
Jan 31 19:04:14.581245 dv-cinder-813222-5-smb neutron-server[102712]: DEBUG neutron.pecan_wsgi.hooks.quota_enforcement [None req-44304bd2-e682-40ef-98d0-e1039d33f330 admin admin] Made reservation on behalf of 9e5203d17913468baad89d92ea78916e for: {'subnet': 1} {{(pid=102712) before /opt/stack/neutron/neutron/pecan_wsgi/hooks/quota_enforcement.py:53}}
Jan 31 19:04:14.583974 dv-cinder-813222-5-smb neutron-server[102712]: DEBUG neutron_lib.callbacks.manager [None req-44304bd2-e682-40ef-98d0-e1039d33f330 admin admin] Publish callbacks [] for subnet (None), before_create {{(pid=102712) _notify_loop /usr/local/lib/python3.8/dist-packages/neutron_lib/callbacks/manager.py:176}}
Jan 31 19:04:14.635937 dv-cinder-813222-5-smb neutron-server[102711]: DEBUG neutron_lib.callbacks.manager [None req-2337539b-2320-4bd5-971f-7d3a50938e5d admin admin] Publish callbacks ['neutron.plugins.ml2.ovo_rpc._ObjectChangeHandler.handle_event-8074985', 'neutron.api.rpc.agentnotifiers.dhcp_rpc_agent_api.DhcpAgentNotifyAPI._native_event_send_dhcp_notification-8108550'] for network (5891faac-ffb9-4cc7-b7e5-b021e744d537), after_create {{(pid=102711) _notify_loop /usr/local/lib/python3.8/dist-packages/neutron_lib/callbacks/manager.py:176}}
Jan 31 19:04:14.636926 dv-cinder-813222-5-smb neutron-server[102711]: DEBUG neutron.pecan_wsgi.hooks.policy_enforcement [None req-2337539b-2320-4bd5-971f-7d3a50938e5d admin admin] Attributes excluded by policy engine: ['standard_attr_id', 'vlan_transparent'] {{(pid=102711) _exclude_attributes_by_policy /opt/stack/neutron/neutron/pecan_wsgi/hooks/policy_enforcement.py:255}}
Jan 31 19:04:14.637560 dv-cinder-813222-5-smb neutron-server[102711]: DEBUG neutron_lib.callbacks.manager [None req-2337539b-2320-4bd5-971f-7d3a50938e5d admin admin] Publish callbacks ['neutron.api.rpc.agentnotifiers.dhcp_rpc_agent_api.DhcpAgentNotifyAPI._send_dhcp_notification-8108788'] for network (None), before_response {{(pid=102711) _notify_loop /usr/local/lib/python3.8/dist-packages/neutron_lib/callbacks/manager.py:176}}
Jan 31 19:04:14.674456 dv-cinder-813222-5-smb neutron-server[102712]: DEBUG neutron_lib.callbacks.manager [None req-4b6dfd23-51dd-4202-b6a5-4df8823ea11a admin admin] Publish callbacks ['neutron.services.auto_allocate.db._ensure_external_network_default_value_callback-8771845324656'] for network (4288d172-26d3-48eb-aa2b-002201f3d02a), precommit_create {{(pid=102712) _notify_loop /usr/local/lib/python3.8/dist-packages/neutron_lib/callbacks/manager.py:176}}
Jan 31 19:04:14.688453 dv-cinder-813222-5-smb neutron-server[102712]: DEBUG neutron.api.rpc.handlers.resources_rpc [None req-4b6dfd23-51dd-4202-b6a5-4df8823ea11a admin admin] Pushing event updated for resources: {'SecurityGroup': ['ID=0d9a00ff-f912-4774-b4f3-e76e7ca2e393,revision_number=1']} {{(pid=102712) push /opt/stack/neutron/neutron/api/rpc/handlers/resources_rpc.py:237}}
Jan 31 19:04:14.721242 dv-cinder-813222-5-smb neutron-server[102711]: INFO neutron.wsgi [None req-2337539b-2320-4bd5-971f-7d3a50938e5d admin admin] 10.222.0.73 "POST /v2.0/networks HTTP/1.1" status: 201 len: 885 time: 0.7627437
Jan 31 19:04:14.729216 dv-cinder-813222-5-smb neutron-server[102712]: DEBUG neutron.wsgi [-] (102712) accepted ('10.222.0.73', 47254) {{(pid=102712) server /usr/local/lib/python3.8/dist-packages/eventlet/wsgi.py:1004}}
Jan 31 19:04:14.746522 dv-cinder-813222-5-smb neutron-server[102711]: DEBUG neutron.api.rpc.handlers.resources_rpc [None req-2337539b-2320-4bd5-971f-7d3a50938e5d admin admin] Pushing event updated for resources: {'Network': ['ID=5891faac-ffb9-4cc7-b7e5-b021e744d537,revision_number=1']} {{(pid=102711) push /opt/stack/neutron/neutron/api/rpc/handlers/resources_rpc.py:237}}
Jan 31 19:04:14.751123 dv-cinder-813222-5-smb neutron-server[102712]: DEBUG neutron.api.v2.base [None req-6b718b7c-d01d-425d-b3f5-ca023ccc081d admin admin] Request body: {'subnet': {'network_id': '5891faac-ffb9-4cc7-b7e5-b021e744d537', 'cidr': '172.20.0.0/28', 'name': 'tempest-AttachVolumeTestJSON-2101797437-subnet', 'tenant_id': 'c6801db419b042e680db6b08653d45e0', 'enable_dhcp': True, 'ip_version': 4}} {{(pid=102712) prepare_request_body /opt/stack/neutron/neutron/api/v2/base.py:729}}
Jan 31 19:04:14.766141 dv-cinder-813222-5-smb neutron-server[102713]: DEBUG neutron.plugins.ml2.rpc [None req-be461764-d450-44a3-9e8f-12a33e3960fa None None] Network 5891faac-ffb9-4cc7-b7e5-b021e744d537 details requested by agent ovs-agent-dv-cinder-813222-5-smb with host dv-cinder-813222-5-smb {{(pid=102713) get_network_details /opt/stack/neutron/neutron/plugins/ml2/rpc.py:248}}
Jan 31 19:04:14.786623 dv-cinder-813222-5-smb neutron-server[102712]: DEBUG neutron_lib.callbacks.manager [None req-4b6dfd23-51dd-4202-b6a5-4df8823ea11a admin admin] Publish callbacks ['neutron.plugins.ml2.ovo_rpc._ObjectChangeHandler.handle_event-8074985', 'neutron.api.rpc.agentnotifiers.dhcp_rpc_agent_api.DhcpAgentNotifyAPI._native_event_send_dhcp_notification-8108550'] for network (4288d172-26d3-48eb-aa2b-002201f3d02a), after_create {{(pid=102712) _notify_loop /usr/local/lib/python3.8/dist-packages/neutron_lib/callbacks/manager.py:176}}
Jan 31 19:04:14.787938 dv-cinder-813222-5-smb neutron-server[102712]: DEBUG neutron.pecan_wsgi.hooks.policy_enforcement [None req-4b6dfd23-51dd-4202-b6a5-4df8823ea11a admin admin] Attributes excluded by policy engine: ['standard_attr_id', 'vlan_transparent'] {{(pid=102712) _exclude_attributes_by_policy /opt/stack/neutron/neutron/pecan_wsgi/hooks/policy_enforcement.py:255}}
Jan 31 19:04:14.789223 dv-cinder-813222-5-smb neutron-server[102712]: DEBUG neutron_lib.callbacks.manager [None req-4b6dfd23-51dd-4202-b6a5-4df8823ea11a admin admin] Publish callbacks ['neutron.api.rpc.agentnotifiers.dhcp_rpc_agent_api.DhcpAgentNotifyAPI._send_dhcp_notification-8108788'] for network (None), before_response {{(pid=102712) _notify_loop /usr/local/lib/python3.8/dist-packages/neutron_lib/callbacks/manager.py:176}}
Jan 31 19:04:14.807099 dv-cinder-813222-5-smb neutron-server[102712]: DEBUG neutron.pecan_wsgi.hooks.quota_enforcement [None req-6b718b7c-d01d-425d-b3f5-ca023ccc081d admin admin] Made reservation on behalf of c6801db419b042e680db6b08653d45e0 for: {'subnet': 1} {{(pid=102712) before /opt/stack/neutron/neutron/pecan_wsgi/hooks/quota_enforcement.py:53}}
Jan 31 19:04:14.809607 dv-cinder-813222-5-smb neutron-server[102712]: DEBUG neutron_lib.callbacks.manager [None req-6b718b7c-d01d-425d-b3f5-ca023ccc081d admin admin] Publish callbacks [] for subnet (None), before_create {{(pid=102712) _notify_loop /usr/local/lib/python3.8/dist-packages/neutron_lib/callbacks/manager.py:176}}
Jan 31 19:04:14.866770 dv-cinder-813222-5-smb neutron-server[102711]: DEBUG neutron.wsgi [-] (102711) accepted ('10.222.0.73', 47272) {{(pid=102711) server /usr/local/lib/python3.8/dist-packages/eventlet/wsgi.py:1004}}
Jan 31 19:04:14.867004 dv-cinder-813222-5-smb neutron-server[102712]: INFO neutron.wsgi [None req-4b6dfd23-51dd-4202-b6a5-4df8823ea11a admin admin] 10.222.0.73 "POST /v2.0/networks HTTP/1.1" status: 201 len: 893 time: 1.1281497
Jan 31 19:04:14.884001 dv-cinder-813222-5-smb neutron-server[102711]: DEBUG neutron.api.v2.base [None req-c4ece0d9-f7f9-4e6f-ac6e-8e6c2a634903 admin admin] Request body: {'subnet': {'network_id': '4288d172-26d3-48eb-aa2b-002201f3d02a', 'cidr': '172.20.0.0/28', 'name': 'tempest-ServerRescueNegativeTestJSON-1106335268-subnet', 'tenant_id': '9e4a6889606e4802a0166afc41066e4e', 'enable_dhcp': False, 'ip_version': 4}} {{(pid=102711) prepare_request_body /opt/stack/neutron/neutron/api/v2/base.py:729}}
Jan 31 19:04:14.924559 dv-cinder-813222-5-smb neutron-server[102711]: DEBUG neutron.pecan_wsgi.hooks.quota_enforcement [None req-c4ece0d9-f7f9-4e6f-ac6e-8e6c2a634903 admin admin] Made reservation on behalf of 9e4a6889606e4802a0166afc41066e4e for: {'subnet': 1} {{(pid=102711) before /opt/stack/neutron/neutron/pecan_wsgi/hooks/quota_enforcement.py:53}}
Jan 31 19:04:14.936499 dv-cinder-813222-5-smb neutron-server[102711]: DEBUG neutron_lib.callbacks.manager [None req-c4ece0d9-f7f9-4e6f-ac6e-8e6c2a634903 admin admin] Publish callbacks [] for subnet (None), before_create {{(pid=102711) _notify_loop /usr/local/lib/python3.8/dist-packages/neutron_lib/callbacks/manager.py:176}}
Jan 31 19:04:14.949316 dv-cinder-813222-5-smb neutron-server[102712]: DEBUG neutron.api.rpc.handlers.resources_rpc [None req-4b6dfd23-51dd-4202-b6a5-4df8823ea11a admin admin] Pushing event updated for resources: {'Network': ['ID=4288d172-26d3-48eb-aa2b-002201f3d02a,revision_number=1']} {{(pid=102712) push /opt/stack/neutron/neutron/api/rpc/handlers/resources_rpc.py:237}}
Jan 31 19:04:14.959797 dv-cinder-813222-5-smb neutron-server[102713]: DEBUG neutron.plugins.ml2.rpc [None req-be461764-d450-44a3-9e8f-12a33e3960fa None None] Network 4288d172-26d3-48eb-aa2b-002201f3d02a details requested by agent ovs-agent-dv-cinder-813222-5-smb with host dv-cinder-813222-5-smb {{(pid=102713) get_network_details /opt/stack/neutron/neutron/plugins/ml2/rpc.py:248}}
Jan 31 19:04:15.023660 dv-cinder-813222-5-smb neutron-server[102712]: DEBUG neutron_lib.callbacks.manager [None req-44304bd2-e682-40ef-98d0-e1039d33f330 admin admin] Publish callbacks ['neutron.plugins.ml2.ovo_rpc._ObjectChangeHandler.handle_event-8061457', 'neutron.api.rpc.agentnotifiers.dhcp_rpc_agent_api.DhcpAgentNotifyAPI._native_event_send_dhcp_notification-8108550'] for subnet (10ed50c9-793a-49c0-be61-7d98a79f8b0c), after_create {{(pid=102712) _notify_loop /usr/local/lib/python3.8/dist-packages/neutron_lib/callbacks/manager.py:176}}
Jan 31 19:04:15.138523 dv-cinder-813222-5-smb neutron-server[102712]: DEBUG neutron.api.rpc.handlers.resources_rpc [None req-44304bd2-e682-40ef-98d0-e1039d33f330 admin admin] Pushing event updated for resources: {'Subnet': ['ID=10ed50c9-793a-49c0-be61-7d98a79f8b0c,revision_number=0']} {{(pid=102712) push /opt/stack/neutron/neutron/api/rpc/handlers/resources_rpc.py:237}}
Jan 31 19:04:15.180367 dv-cinder-813222-5-smb neutron-server[102712]: DEBUG neutron.plugins.ml2.drivers.mech_agent [None req-44304bd2-e682-40ef-98d0-e1039d33f330 admin admin] Checking segment: {'id': '11bedc81-5ab2-401d-9dff-be64f0c978bb', 'network_type': 'vlan', 'physical_network': 'physnet1', 'segmentation_id': 1069, 'network_id': 'a8ee4712-48ed-43ee-b710-dd8a95e82f9b'} for mappings: {'physnet1': 'br-data'} with network types: ['local', 'flat', 'vlan'] {{(pid=102712) check_segment_for_agent /opt/stack/neutron/neutron/plugins/ml2/drivers/mech_agent.py:373}}
Jan 31 19:04:15.180946 dv-cinder-813222-5-smb neutron-server[102712]: DEBUG neutron.scheduler.dhcp_agent_scheduler [None req-44304bd2-e682-40ef-98d0-e1039d33f330 admin admin] Network hostable DHCP agents. Network: a8ee4712-48ed-43ee-b710-dd8a95e82f9b, hostable agents: ['0853579f-f283-4980-b078-70b5a8984f06'], hosted agents: [] {{(pid=102712) _get_network_hostable_dhcp_agents /opt/stack/neutron/neutron/scheduler/dhcp_agent_scheduler.py:329}}
Jan 31 19:04:15.197894 dv-cinder-813222-5-smb neutron-server[102712]: DEBUG neutron_lib.callbacks.manager [None req-6b718b7c-d01d-425d-b3f5-ca023ccc081d admin admin] Publish callbacks ['neutron.plugins.ml2.ovo_rpc._ObjectChangeHandler.handle_event-8061457', 'neutron.api.rpc.agentnotifiers.dhcp_rpc_agent_api.DhcpAgentNotifyAPI._native_event_send_dhcp_notification-8108550'] for subnet (9a0d3064-52de-47ec-8bf7-38afcc99997c), after_create {{(pid=102712) _notify_loop /usr/local/lib/python3.8/dist-packages/neutron_lib/callbacks/manager.py:176}}
Jan 31 19:04:15.218987 dv-cinder-813222-5-smb neutron-server[102711]: DEBUG neutron_lib.callbacks.manager [None req-c4ece0d9-f7f9-4e6f-ac6e-8e6c2a634903 admin admin] Publish callbacks ['neutron.plugins.ml2.ovo_rpc._ObjectChangeHandler.handle_event-8061457', 'neutron.api.rpc.agentnotifiers.dhcp_rpc_agent_api.DhcpAgentNotifyAPI._native_event_send_dhcp_notification-8108550'] for subnet (2c5793a3-8e3f-4855-b358-472964559511), after_create {{(pid=102711) _notify_loop /usr/local/lib/python3.8/dist-packages/neutron_lib/callbacks/manager.py:176}}
Jan 31 19:04:15.236622 dv-cinder-813222-5-smb neutron-server[102712]: DEBUG neutron.scheduler.dhcp_agent_scheduler [None req-44304bd2-e682-40ef-98d0-e1039d33f330 admin admin] Network a8ee4712-48ed-43ee-b710-dd8a95e82f9b is scheduled to be hosted by DHCP agent 0853579f-f283-4980-b078-70b5a8984f06 with binding_index 1 {{(pid=102712) bind /opt/stack/neutron/neutron/scheduler/dhcp_agent_scheduler.py:227}}
Jan 31 19:04:15.255129 dv-cinder-813222-5-smb neutron-server[102712]: DEBUG neutron.scheduler.base_scheduler [None req-44304bd2-e682-40ef-98d0-e1039d33f330 admin admin] Resources bound (agent type, host, resource id): (DHCP agent, dv-cinder-813222-5-smb, a8ee4712-48ed-43ee-b710-dd8a95e82f9b) {{(pid=102712) schedule /opt/stack/neutron/neutron/scheduler/base_scheduler.py:57}}
Jan 31 19:04:15.263532 dv-cinder-813222-5-smb neutron-server[102713]: DEBUG neutron.api.rpc.handlers.dhcp_rpc [None req-9792ff3a-ec8a-4b34-9d32-2de274ed73c0 None None] Network a8ee4712-48ed-43ee-b710-dd8a95e82f9b requested from dv-cinder-813222-5-smb {{(pid=102713) get_network_info /opt/stack/neutron/neutron/api/rpc/handlers/dhcp_rpc.py:191}}
Jan 31 19:04:15.265249 dv-cinder-813222-5-smb neutron-server[102712]: DEBUG neutron.pecan_wsgi.hooks.policy_enforcement [None req-44304bd2-e682-40ef-98d0-e1039d33f330 admin admin] Attributes excluded by policy engine: ['standard_attr_id', 'shared', 'network'] {{(pid=102712) _exclude_attributes_by_policy /opt/stack/neutron/neutron/pecan_wsgi/hooks/policy_enforcement.py:255}}
Jan 31 19:04:15.265850 dv-cinder-813222-5-smb neutron-server[102712]: DEBUG neutron_lib.callbacks.manager [None req-44304bd2-e682-40ef-98d0-e1039d33f330 admin admin] Publish callbacks ['neutron.api.rpc.agentnotifiers.dhcp_rpc_agent_api.DhcpAgentNotifyAPI._send_dhcp_notification-8108788'] for subnet (None), before_response {{(pid=102712) _notify_loop /usr/local/lib/python3.8/dist-packages/neutron_lib/callbacks/manager.py:176}}
Jan 31 19:04:15.277357 dv-cinder-813222-5-smb neutron-server[102712]: DEBUG neutron.api.rpc.handlers.resources_rpc [None req-6b718b7c-d01d-425d-b3f5-ca023ccc081d admin admin] Pushing event updated for resources: {'Subnet': ['ID=9a0d3064-52de-47ec-8bf7-38afcc99997c,revision_number=0']} {{(pid=102712) push /opt/stack/neutron/neutron/api/rpc/handlers/resources_rpc.py:237}}
Jan 31 19:04:15.291099 dv-cinder-813222-5-smb neutron-server[102712]: DEBUG neutron.plugins.ml2.drivers.mech_agent [None req-6b718b7c-d01d-425d-b3f5-ca023ccc081d admin admin] Checking segment: {'id': '9cfff9e3-ab46-45c8-8d3c-019d4727ea54', 'network_type': 'vlan', 'physical_network': 'physnet1', 'segmentation_id': 1053, 'network_id': '5891faac-ffb9-4cc7-b7e5-b021e744d537'} for mappings: {'physnet1': 'br-data'} with network types: ['local', 'flat', 'vlan'] {{(pid=102712) check_segment_for_agent /opt/stack/neutron/neutron/plugins/ml2/drivers/mech_agent.py:373}}
