Oct 12 16:49:46.225200 dv-cinder-813222-2-iscsi neutron-server[105674]: DEBUG neutron_lib.callbacks.manager [None req-e6bf632a-45a0-4f1d-9570-156f7041003a admin admin] Notify callbacks [] for security_group, precommit_delete {{(pid=105674) _notify_loop /usr/local/lib/python3.8/dist-packages/neutron_lib/callbacks/manager.py:192}}
Oct 12 16:49:46.248405 dv-cinder-813222-2-iscsi neutron-server[105673]: DEBUG neutron.scheduler.dhcp_agent_scheduler [None req-dd72db0c-ffe4-4716-bba1-7d08c45f6d55 admin admin] Network b637fd6e-0855-443c-b521-caec5192a6f3 is scheduled to be hosted by DHCP agent 42f0dd46-31b9-4217-b5ea-25341a1be04f with binding_index 1 {{(pid=105673) bind /opt/stack/neutron/neutron/scheduler/dhcp_agent_scheduler.py:227}}
Oct 12 16:49:46.269908 dv-cinder-813222-2-iscsi neutron-server[105673]: DEBUG neutron.scheduler.base_scheduler [None req-dd72db0c-ffe4-4716-bba1-7d08c45f6d55 admin admin] Resources bound (agent type, host, resource id): (DHCP agent, dv-cinder-813222-2-iscsi, b637fd6e-0855-443c-b521-caec5192a6f3) {{(pid=105673) schedule /opt/stack/neutron/neutron/scheduler/base_scheduler.py:57}}
Oct 12 16:49:46.274291 dv-cinder-813222-2-iscsi neutron-server[105673]: DEBUG neutron.pecan_wsgi.hooks.policy_enforcement [None req-dd72db0c-ffe4-4716-bba1-7d08c45f6d55 admin admin] Attributes excluded by policy engine: ['standard_attr_id', 'shared', 'segment_id', 'network'] {{(pid=105673) _exclude_attributes_by_policy /opt/stack/neutron/neutron/pecan_wsgi/hooks/policy_enforcement.py:255}}
Oct 12 16:49:46.274970 dv-cinder-813222-2-iscsi neutron-server[105673]: DEBUG neutron_lib.callbacks.manager [None req-dd72db0c-ffe4-4716-bba1-7d08c45f6d55 admin admin] Notify callbacks [] for subnet, before_response {{(pid=105673) _notify_loop /usr/local/lib/python3.8/dist-packages/neutron_lib/callbacks/manager.py:192}}
Oct 12 16:49:46.280437 dv-cinder-813222-2-iscsi neutron-server[105675]: DEBUG neutron.api.rpc.handlers.dhcp_rpc [None req-1e9b84f7-fb0f-49e7-ac15-21df9b4823ab None None] Network b637fd6e-0855-443c-b521-caec5192a6f3 requested from dv-cinder-813222-2-iscsi {{(pid=105675) get_network_info /opt/stack/neutron/neutron/api/rpc/handlers/dhcp_rpc.py:218}}
Oct 12 16:49:46.312946 dv-cinder-813222-2-iscsi neutron-server[105673]: INFO neutron.wsgi [None req-dd72db0c-ffe4-4716-bba1-7d08c45f6d55 admin admin] 10.222.0.58 "POST /v2.0/subnets HTTP/1.1" status: 201 len: 845 time: 0.5059843
Oct 12 16:49:46.373363 dv-cinder-813222-2-iscsi neutron-server[105674]: INFO neutron.wsgi [req-79b6a3ec-466e-4067-8893-12ee7598f79e req-58e693c9-9594-4f98-84e2-6caa11317f56 service neutron] 10.222.0.43 "GET /v2.0/floatingips?fixed_ip_address=172.20.0.5&port_id=89e5800d-8ca4-4c62-915a-677209925541 HTTP/1.1" status: 200 len: 217 time: 0.1268651
Oct 12 16:49:46.389160 dv-cinder-813222-2-iscsi neutron-server[105674]: DEBUG neutron.pecan_wsgi.hooks.policy_enforcement [req-271eebfc-9a0b-4b70-8738-05ceabeaac28 req-270bcf29-fd1f-4af8-b31b-2c582139f85f tempest-DeleteServersTestJSON-1144585295 tempest-DeleteServersTestJSON-1144585295-project] Attributes excluded by policy engine: ['standard_attr_id', 'binding:profile', 'binding:host_id', 'binding:vif_type', 'binding:vif_details'] {{(pid=105674) _exclude_attributes_by_policy /opt/stack/neutron/neutron/pecan_wsgi/hooks/policy_enforcement.py:255}}
Oct 12 16:49:46.396564 dv-cinder-813222-2-iscsi neutron-server[105674]: INFO neutron.wsgi [req-271eebfc-9a0b-4b70-8738-05ceabeaac28 req-270bcf29-fd1f-4af8-b31b-2c582139f85f tempest-DeleteServersTestJSON-1144585295 tempest-DeleteServersTestJSON-1144585295-project] 10.222.0.58 "GET /v2.0/ports?device_id=893d6486-3f26-47da-9e66-b747d0d9a98d HTTP/1.1" status: 200 len: 944 time: 0.2930782
Oct 12 16:49:46.544171 dv-cinder-813222-2-iscsi neutron-server[105675]: DEBUG neutron.api.rpc.handlers.dhcp_rpc [None req-2732c5c2-13f8-46aa-8c72-df7e583b0fa3 None None] Network b637fd6e-0855-443c-b521-caec5192a6f3 requested from dv-cinder-813222-2-iscsi {{(pid=105675) get_network_info /opt/stack/neutron/neutron/api/rpc/handlers/dhcp_rpc.py:218}}
Oct 12 16:49:46.586158 dv-cinder-813222-2-iscsi neutron-server[105674]: DEBUG neutron_lib.callbacks.manager [None req-d060db0b-09aa-4771-8da7-efd5c1f517e2 admin admin] Notify callbacks ['neutron.plugins.ml2.plugin.Ml2Plugin._subnet_delete_after_delete_handler-1378417', 'neutron.plugins.ml2.ovo_rpc._ObjectChangeHandler.handle_event-1600083', 'neutron.api.rpc.agentnotifiers.dhcp_rpc_agent_api.DhcpAgentNotifyAPI._native_event_send_dhcp_notification-1620499'] for subnet, after_delete {{(pid=105674) _notify_loop /usr/local/lib/python3.8/dist-packages/neutron_lib/callbacks/manager.py:192}}
Oct 12 16:49:46.604906 dv-cinder-813222-2-iscsi neutron-server[105674]: DEBUG novaclient.v2.client [-] RESP: [200] Connection: close Content-Length: 179 Content-Type: application/json Date: Tue, 12 Oct 2021 16:49:46 GMT OpenStack-API-Version: compute 2.1 Server: Apache/2.4.41 (Ubuntu) Vary: OpenStack-API-Version,X-OpenStack-Nova-API-Version X-OpenStack-Nova-API-Version: 2.1 x-compute-request-id: req-3b137a7c-e55c-4320-94c1-d483cfc9cc37 x-openstack-request-id: req-3b137a7c-e55c-4320-94c1-d483cfc9cc37 {{(pid=105674) _http_log_response /usr/local/lib/python3.8/dist-packages/keystoneauth1/session.py:550}}
Oct 12 16:49:46.605299 dv-cinder-813222-2-iscsi neutron-server[105674]: DEBUG novaclient.v2.client [-] RESP BODY: {"events": [{"name": "network-changed", "server_uuid": "2cbaa4d1-b995-46bc-a889-90f3f3a7bbbf", "tag": "89e5800d-8ca4-4c62-915a-677209925541", "status": "completed", "code": 200}]} {{(pid=105674) _http_log_response /usr/local/lib/python3.8/dist-packages/keystoneauth1/session.py:582}}
Oct 12 16:49:46.605396 dv-cinder-813222-2-iscsi neutron-server[105674]: DEBUG novaclient.v2.client [-] POST call to compute for http://10.222.0.58/compute/v2.1/os-server-external-events used request id req-3b137a7c-e55c-4320-94c1-d483cfc9cc37 {{(pid=105674) request /usr/local/lib/python3.8/dist-packages/keystoneauth1/session.py:954}}
Oct 12 16:49:46.605851 dv-cinder-813222-2-iscsi neutron-server[105674]: INFO neutron.notifiers.nova [-] Nova event response: {'name': 'network-changed', 'server_uuid': '2cbaa4d1-b995-46bc-a889-90f3f3a7bbbf', 'tag': '89e5800d-8ca4-4c62-915a-677209925541', 'status': 'completed', 'code': 200}
Oct 12 16:49:46.719142 dv-cinder-813222-2-iscsi neutron-server[105674]: DEBUG neutron.api.rpc.handlers.resources_rpc [None req-d060db0b-09aa-4771-8da7-efd5c1f517e2 admin admin] Pushing event deleted for resources: {'Subnet': ['ID=457e18f6-6218-4f46-875b-95f2b9825ead,revision_number=None']} {{(pid=105674) push /opt/stack/neutron/neutron/api/rpc/handlers/resources_rpc.py:237}}
Oct 12 16:49:46.729774 dv-cinder-813222-2-iscsi neutron-server[105674]: DEBUG neutron_lib.callbacks.manager [None req-d060db0b-09aa-4771-8da7-efd5c1f517e2 admin admin] Notify callbacks ['neutron.api.rpc.agentnotifiers.dhcp_rpc_agent_api.DhcpAgentNotifyAPI._send_dhcp_notification-1620485'] for subnet, before_response {{(pid=105674) _notify_loop /usr/local/lib/python3.8/dist-packages/neutron_lib/callbacks/manager.py:192}}
Oct 12 16:49:46.734734 dv-cinder-813222-2-iscsi neutron-server[105674]: INFO neutron.wsgi [None req-d060db0b-09aa-4771-8da7-efd5c1f517e2 admin admin] 10.222.0.58 "DELETE /v2.0/subnets/457e18f6-6218-4f46-875b-95f2b9825ead HTTP/1.1" status: 204 len: 168 time: 1.1275616
Oct 12 16:49:46.738507 dv-cinder-813222-2-iscsi neutron-server[105674]: INFO neutron.wsgi [req-271eebfc-9a0b-4b70-8738-05ceabeaac28 req-1dc254ea-2cb3-450a-b571-ccc97b31c230 tempest-DeleteServersTestJSON-1144585295 tempest-DeleteServersTestJSON-1144585295-project] 10.222.0.58 "GET /v2.0/security-groups?id=b66beae1-9007-45c5-b0b3-a07b0427f68d&fields=id&fields=name HTTP/1.1" status: 200 len: 286 time: 0.3408315
Oct 12 16:49:46.742199 dv-cinder-813222-2-iscsi neutron-server[105674]: INFO neutron.wsgi [req-30f10456-55ff-4c51-bdc8-47e5d64fa5d9 req-3e791de7-ec8d-4756-a609-94813521fcd6 tempest-AttachVolumeTestJSON-1587782123 tempest-AttachVolumeTestJSON-1587782123-project] 10.222.0.58 "GET /v2.0/ports?device_id=4ccbd0d7-6283-4b34-a23a-10323c9acb51 HTTP/1.1" status: 200 len: 210 time: 0.1209986
Oct 12 16:49:46.745677 dv-cinder-813222-2-iscsi neutron-server[105674]: DEBUG neutron.wsgi [-] (105674) accepted ('10.222.0.58', 60032) {{(pid=105674) server /usr/local/lib/python3.8/dist-packages/eventlet/wsgi.py:982}}
Oct 12 16:49:46.759713 dv-cinder-813222-2-iscsi neutron-server[105674]: DEBUG neutron.pecan_wsgi.hooks.policy_enforcement [req-79b6a3ec-466e-4067-8893-12ee7598f79e req-69e92319-f8c6-412b-98a4-ca0a614cc1f0 service neutron] Attributes excluded by policy engine: ['standard_attr_id', 'shared'] {{(pid=105674) _exclude_attributes_by_policy /opt/stack/neutron/neutron/pecan_wsgi/hooks/policy_enforcement.py:255}}
Oct 12 16:49:46.761384 dv-cinder-813222-2-iscsi neutron-server[105674]: INFO neutron.wsgi [req-79b6a3ec-466e-4067-8893-12ee7598f79e req-69e92319-f8c6-412b-98a4-ca0a614cc1f0 service neutron] 10.222.0.43 "GET /v2.0/subnets?id=9f6e51b1-55ee-4494-9714-1b1d51a081d3 HTTP/1.1" status: 200 len: 859 time: 0.3353975
Oct 12 16:49:46.879320 dv-cinder-813222-2-iscsi neutron-server[105674]: DEBUG neutron_lib.callbacks.manager [None req-076da208-0d22-42d2-aee3-d186de95088d admin admin] Notify callbacks ['neutron.plugins.ml2.plugin.External_net_db_mixin._before_network_delete_handler-656661'] for network, before_delete {{(pid=105674) _notify_loop /usr/local/lib/python3.8/dist-packages/neutron_lib/callbacks/manager.py:192}}
Oct 12 16:49:46.912290 dv-cinder-813222-2-iscsi neutron-server[105674]: DEBUG neutron_lib.callbacks.manager [None req-e6bf632a-45a0-4f1d-9570-156f7041003a admin admin] Notify callbacks ['neutron.plugins.ml2.ovo_rpc._ObjectChangeHandler.handle_event-1600130'] for security_group, after_delete {{(pid=105674) _notify_loop /usr/local/lib/python3.8/dist-packages/neutron_lib/callbacks/manager.py:192}}
Oct 12 16:49:46.925200 dv-cinder-813222-2-iscsi neutron-server[105674]: DEBUG neutron_lib.callbacks.manager [None req-e6bf632a-45a0-4f1d-9570-156f7041003a admin admin] Notify callbacks [] for security_group, before_response {{(pid=105674) _notify_loop /usr/local/lib/python3.8/dist-packages/neutron_lib/callbacks/manager.py:192}}
Oct 12 16:49:46.926259 dv-cinder-813222-2-iscsi neutron-server[105673]: DEBUG neutron.pecan_wsgi.hooks.policy_enforcement [req-2b352ecb-f6ca-44d8-bce0-c800297ec103 req-cda2ab69-8fc8-4b1b-9bf2-c357508317ab tempest-AttachVolumeShelveTestJSON-409738057 tempest-AttachVolumeShelveTestJSON-409738057-project] Attributes excluded by policy engine: ['standard_attr_id', 'vlan_transparent', 'provider:network_type', 'provider:physical_network', 'provider:segmentation_id'] {{(pid=105673) _exclude_attributes_by_policy /opt/stack/neutron/neutron/pecan_wsgi/hooks/policy_enforcement.py:255}}
Oct 12 16:49:46.927842 dv-cinder-813222-2-iscsi neutron-server[105673]: INFO neutron.wsgi [req-2b352ecb-f6ca-44d8-bce0-c800297ec103 req-cda2ab69-8fc8-4b1b-9bf2-c357508317ab tempest-AttachVolumeShelveTestJSON-409738057 tempest-AttachVolumeShelveTestJSON-409738057-project] 10.222.0.43 "GET /v2.0/networks?id=1e336323-1661-4699-bf4a-5542620febf0 HTTP/1.1" status: 200 len: 817 time: 0.3331969
Oct 12 16:49:46.934674 dv-cinder-813222-2-iscsi neutron-server[105674]: INFO neutron.wsgi [None req-e6bf632a-45a0-4f1d-9570-156f7041003a admin admin] 10.222.0.58 "DELETE /v2.0/security-groups/a5a7828f-8543-4d66-b6ed-362187cfc42c HTTP/1.1" status: 204 len: 168 time: 1.4755473
Oct 12 16:49:47.016220 dv-cinder-813222-2-iscsi neutron-server[105673]: INFO neutron.wsgi [req-2b352ecb-f6ca-44d8-bce0-c800297ec103 req-cefc77d8-fcee-4505-b2cd-5593febf1d9b tempest-AttachVolumeShelveTestJSON-409738057 tempest-AttachVolumeShelveTestJSON-409738057-project] 10.222.0.43 "GET /v2.0/security-groups?fields=id&fields=name&tenant_id=5f15f4248cdd4fc39f8061dc5ebe854d HTTP/1.1" status: 200 len: 380 time: 0.0735433
Oct 12 16:49:47.029556 dv-cinder-813222-2-iscsi neutron-server[105673]: DEBUG neutron.api.v2.base [req-2b352ecb-f6ca-44d8-bce0-c800297ec103 req-c8be0e02-4f3d-4529-b33a-5ed7f08dc718 tempest-AttachVolumeShelveTestJSON-409738057 tempest-AttachVolumeShelveTestJSON-409738057-project] Request body: {'port': {'device_id': '27a45384-6d40-4df5-994c-eb3b5ee696f9', 'network_id': '1e336323-1661-4699-bf4a-5542620febf0', 'admin_state_up': True, 'tenant_id': '5f15f4248cdd4fc39f8061dc5ebe854d', 'security_groups': ['a172612e-c4c2-4505-a063-07f1f6f9b789']}} {{(pid=105673) prepare_request_body /opt/stack/neutron/neutron/api/v2/base.py:729}}
Oct 12 16:49:47.036487 dv-cinder-813222-2-iscsi neutron-server[105674]: INFO neutron.wsgi [req-79b6a3ec-466e-4067-8893-12ee7598f79e req-03d32d3d-f4f5-4585-b4a1-64915b6fa9b5 service neutron] 10.222.0.43 "GET /v2.0/ports?network_id=91a1cca2-ba67-46d2-873f-a20958250480&device_owner=network%3Adhcp HTTP/1.1" status: 200 len: 210 time: 0.1597633
Oct 12 16:49:47.319447 dv-cinder-813222-2-iscsi neutron-server[105675]: DEBUG neutron.plugins.ml2.rpc [None req-c587d90c-1f83-4118-a9fe-29982d7f5814 None None] Device 5439a325-23ac-4811-834e-fbc75115d45c up at agent hyperv_hv-cinder-81322 {{(pid=105675) update_device_up /opt/stack/neutron/neutron/plugins/ml2/rpc.py:296}}
Oct 12 16:49:47.417352 dv-cinder-813222-2-iscsi neutron-server[105674]: DEBUG neutron.api.rpc.handlers.resources_rpc [None req-e6bf632a-45a0-4f1d-9570-156f7041003a admin admin] Pushing event deleted for resources: {'SecurityGroup': ['ID=a5a7828f-8543-4d66-b6ed-362187cfc42c,revision_number=None']} {{(pid=105674) push /opt/stack/neutron/neutron/api/rpc/handlers/resources_rpc.py:237}}
Oct 12 16:49:47.430804 dv-cinder-813222-2-iscsi neutron-server[105675]: DEBUG neutron.db.provisioning_blocks [None req-c587d90c-1f83-4118-a9fe-29982d7f5814 None None] Provisioning for port 5439a325-23ac-4811-834e-fbc75115d45c completed by entity L2. {{(pid=105675) provisioning_complete /opt/stack/neutron/neutron/db/provisioning_blocks.py:133}}
Oct 12 16:49:47.436447 dv-cinder-813222-2-iscsi neutron-server[105675]: DEBUG neutron.db.provisioning_blocks [None req-c587d90c-1f83-4118-a9fe-29982d7f5814 None None] Provisioning complete for port 5439a325-23ac-4811-834e-fbc75115d45c triggered by entity L2. {{(pid=105675) provisioning_complete /opt/stack/neutron/neutron/db/provisioning_blocks.py:139}}
Oct 12 16:49:47.437006 dv-cinder-813222-2-iscsi neutron-server[105675]: DEBUG neutron_lib.callbacks.manager [None req-c587d90c-1f83-4118-a9fe-29982d7f5814 None None] Notify callbacks ['neutron.plugins.ml2.plugin.Ml2Plugin._port_provisioned-1392110'] for port, provisioning_complete {{(pid=105675) _notify_loop /usr/local/lib/python3.8/dist-packages/neutron_lib/callbacks/manager.py:192}}
Oct 12 16:49:47.446490 dv-cinder-813222-2-iscsi neutron-server[105673]: DEBUG neutron.pecan_wsgi.hooks.quota_enforcement [req-2b352ecb-f6ca-44d8-bce0-c800297ec103 req-c8be0e02-4f3d-4529-b33a-5ed7f08dc718 tempest-AttachVolumeShelveTestJSON-409738057 tempest-AttachVolumeShelveTestJSON-409738057-project] Made reservation on behalf of 5f15f4248cdd4fc39f8061dc5ebe854d for: {'port': 1} {{(pid=105673) before /opt/stack/neutron/neutron/pecan_wsgi/hooks/quota_enforcement.py:53}}
Oct 12 16:49:47.450282 dv-cinder-813222-2-iscsi neutron-server[105673]: DEBUG neutron_lib.callbacks.manager [req-2b352ecb-f6ca-44d8-bce0-c800297ec103 req-c8be0e02-4f3d-4529-b33a-5ed7f08dc718 tempest-AttachVolumeShelveTestJSON-409738057 tempest-AttachVolumeShelveTestJSON-409738057-project] Notify callbacks ['neutron.plugins.ml2.plugin.SecurityGroupDbMixin._ensure_default_security_group_handler-531304'] for port, before_create {{(pid=105673) _notify_loop /usr/local/lib/python3.8/dist-packages/neutron_lib/callbacks/manager.py:192}}
Oct 12 16:49:47.454514 dv-cinder-813222-2-iscsi neutron-server[105674]: INFO neutron.wsgi [req-83fda883-dd92-4d42-95fb-7fa1f09ebb31 req-9304e330-9c85-480d-abfd-fab4d5b4c831 tempest-AttachVolumeShelveTestJSON-409738057 tempest-AttachVolumeShelveTestJSON-409738057-project] 10.222.0.58 "GET /v2.0/ports?device_id=27a45384-6d40-4df5-994c-eb3b5ee696f9 HTTP/1.1" status: 200 len: 210 time: 0.4051912
Oct 12 16:49:47.554235 dv-cinder-813222-2-iscsi neutron-server[105673]: DEBUG neutron.wsgi [-] (105673) accepted ('10.222.0.58', 60054) {{(pid=105673) server /usr/local/lib/python3.8/dist-packages/eventlet/wsgi.py:982}}
Oct 12 16:49:47.585899 dv-cinder-813222-2-iscsi neutron-server[105675]: DEBUG neutron_lib.callbacks.manager [None req-c587d90c-1f83-4118-a9fe-29982d7f5814 None None] Notify callbacks ['neutron.plugins.ml2.plugin.SecurityGroupDbMixin._ensure_default_security_group_handler-531304'] for port, before_update {{(pid=105675) _notify_loop /usr/local/lib/python3.8/dist-packages/neutron_lib/callbacks/manager.py:192}}
Oct 12 16:49:47.587273 dv-cinder-813222-2-iscsi neutron-server[105674]: INFO neutron.wsgi [req-79b6a3ec-466e-4067-8893-12ee7598f79e req-a8718abd-1d6f-48cd-bea5-c2ec637c973b service neutron] 10.222.0.43 "GET /v2.0/networks/91a1cca2-ba67-46d2-873f-a20958250480?fields=segments HTTP/1.1" status: 200 len: 212 time: 0.5020320
Oct 12 16:49:47.592726 dv-cinder-813222-2-iscsi neutron-server[105673]: DEBUG neutron_lib.callbacks.manager [None req-2e2e74c5-f0d1-4e69-ab04-694e7a12f7f3 admin admin] Notify callbacks [] for security_group, before_create {{(pid=105673) _notify_loop /usr/local/lib/python3.8/dist-packages/neutron_lib/callbacks/manager.py:192}}
Oct 12 16:49:47.596744 dv-cinder-813222-2-iscsi neutron-server[105674]: DEBUG neutron.pecan_wsgi.hooks.policy_enforcement [req-1bd1d0ed-ccb4-4587-ac7f-c81b5359a647 req-5f8db879-2645-4918-970a-a13626d23c41 tempest-ServerRescueNegativeTestJSON-226967707 tempest-ServerRescueNegativeTestJSON-226967707-project] Attributes excluded by policy engine: ['standard_attr_id', 'binding:profile', 'binding:host_id', 'binding:vif_type', 'binding:vif_details'] {{(pid=105674) _exclude_attributes_by_policy /opt/stack/neutron/neutron/pecan_wsgi/hooks/policy_enforcement.py:255}}
Oct 12 16:49:47.598415 dv-cinder-813222-2-iscsi neutron-server[105674]: INFO neutron.wsgi [req-1bd1d0ed-ccb4-4587-ac7f-c81b5359a647 req-5f8db879-2645-4918-970a-a13626d23c41 tempest-ServerRescueNegativeTestJSON-226967707 tempest-ServerRescueNegativeTestJSON-226967707-project] 10.222.0.58 "GET /v2.0/ports?device_id=2cbaa4d1-b995-46bc-a889-90f3f3a7bbbf HTTP/1.1" status: 200 len: 943 time: 0.7093151
Oct 12 16:49:47.612684 dv-cinder-813222-2-iscsi neutron-server[105675]: DEBUG neutron.notifiers.nova [-] Sending events: [{'server_uuid': '67b2f6a1-202e-468b-a5b6-e909b8b5d904', 'name': 'network-vif-plugged', 'status': 'completed', 'tag': '5439a325-23ac-4811-834e-fbc75115d45c'}] {{(pid=105675) send_events /opt/stack/neutron/neutron/notifiers/nova.py:262}}
Oct 12 16:49:47.705784 dv-cinder-813222-2-iscsi neutron-server[105675]: DEBUG neutron.plugins.ml2.db [None req-c587d90c-1f83-4118-a9fe-29982d7f5814 None None] For port 5439a325-23ac-4811-834e-fbc75115d45c, host hv-cinder-81322, got binding levels [PortBindingLevel(driver='hyperv',host='hv-cinder-81322',level=0,port_id=5439a325-23ac-4811-834e-fbc75115d45c,segment=NetworkSegment(20f130c8-8e21-4aa3-acb3-13056559d141),segment_id=20f130c8-8e21-4aa3-acb3-13056559d141)] {{(pid=105675) get_binding_level_objs /opt/stack/neutron/neutron/plugins/ml2/db.py:74}}
Oct 12 16:49:47.712311 dv-cinder-813222-2-iscsi neutron-server[105675]: DEBUG neutron_lib.callbacks.manager [None req-c587d90c-1f83-4118-a9fe-29982d7f5814 None None] Notify callbacks ['neutron.plugins.ml2.plugin.SecurityGroupServerNotifierRpcMixin._notify_sg_on_port_change-530066', 'neutron.plugins.ml2.ovo_rpc._ObjectChangeHandler.handle_event-184330', 'neutron.api.rpc.agentnotifiers.dhcp_rpc_agent_api.DhcpAgentNotifyAPI._native_event_send_dhcp_notification-1620499', 'neutron.db.l3_db.L3RpcNotifierMixin._notify_gateway_port_ip_changed-8761216401942', 'neutron.db.l3_dvrscheduler_db._notify_l3_agent_port_update-8761215932173', 'neutron.db.l3_hascheduler_db._notify_l3_agent_ha_port_update-8761215932191'] for port, after_update {{(pid=105675) _notify_loop /usr/local/lib/python3.8/dist-packages/neutron_lib/callbacks/manager.py:192}}
Oct 12 16:49:47.713639 dv-cinder-813222-2-iscsi neutron-server[105675]: DEBUG neutron.plugins.ml2.rpc [None req-c587d90c-1f83-4118-a9fe-29982d7f5814 None None] Device 1f8c581a-45ee-421d-baf3-624b746ccb08 up at agent hyperv_hv-cinder-81322 {{(pid=105675) update_device_up /opt/stack/neutron/neutron/plugins/ml2/rpc.py:296}}
Oct 12 16:49:47.727826 dv-cinder-813222-2-iscsi neutron-server[105674]: DEBUG neutron_lib.callbacks.manager [None req-076da208-0d22-42d2-aee3-d186de95088d admin admin] Notify callbacks ['neutron.plugins.ml2.plugin.Ml2Plugin._network_delete_precommit_handler-1377925', 'neutron.services.segments.db._delete_segments_for_network-8761216493828'] for network, precommit_delete {{(pid=105674) _notify_loop /usr/local/lib/python3.8/dist-packages/neutron_lib/callbacks/manager.py:192}}
Oct 12 16:49:47.758643 dv-cinder-813222-2-iscsi neutron-server[105674]: INFO neutron.wsgi [req-1bd1d0ed-ccb4-4587-ac7f-c81b5359a647 req-a81b3a37-f729-4d1b-87a2-9c5ff877d5b3 tempest-ServerRescueNegativeTestJSON-226967707 tempest-ServerRescueNegativeTestJSON-226967707-project] 10.222.0.58 "GET /v2.0/security-groups?id=bceef910-c8ab-46a3-a44c-311139b58e3b&fields=id&fields=name HTTP/1.1" status: 200 len: 286 time: 0.1492972
Oct 12 16:49:47.775655 dv-cinder-813222-2-iscsi neutron-server[105673]: DEBUG neutron.pecan_wsgi.hooks.policy_enforcement [req-b263fe98-8879-4ac5-b6aa-f948ab144d87 req-c2947e2f-479f-4f81-bef9-964f705da7c7 tempest-AttachVolumeTestJSON-1587782123 tempest-AttachVolumeTestJSON-1587782123-project] Attributes excluded by policy engine: ['standard_attr_id', 'vlan_transparent', 'provider:network_type', 'provider:physical_network', 'provider:segmentation_id'] {{(pid=105673) _exclude_attributes_by_policy /opt/stack/neutron/neutron/pecan_wsgi/hooks/policy_enforcement.py:255}}
Oct 12 16:49:47.777502 dv-cinder-813222-2-iscsi neutron-server[105673]: INFO neutron.wsgi [req-b263fe98-8879-4ac5-b6aa-f948ab144d87 req-c2947e2f-479f-4f81-bef9-964f705da7c7 tempest-AttachVolumeTestJSON-1587782123 tempest-AttachVolumeTestJSON-1587782123-project] 10.222.0.43 "GET /v2.0/networks?id=1b6cd03d-f521-470d-ac52-2663a295efd9 HTTP/1.1" status: 200 len: 811 time: 0.1521242
Oct 12 16:49:47.790799 dv-cinder-813222-2-iscsi neutron-server[105673]: DEBUG neutron.db.db_base_plugin_common [req-2b352ecb-f6ca-44d8-bce0-c800297ec103 req-c8be0e02-4f3d-4529-b33a-5ed7f08dc718 tempest-AttachVolumeShelveTestJSON-409738057 tempest-AttachVolumeShelveTestJSON-409738057-project] Allocated IP 172.20.0.12 (1e336323-1661-4699-bf4a-5542620febf0/39a710f0-a861-4f77-97b7-eb64a1d6d7a2/e783c412-b0e4-45b5-b2df-e8abbe1eba25) {{(pid=105673) _store_ip_allocation /opt/stack/neutron/neutron/db/db_base_plugin_common.py:131}}
Oct 12 16:49:47.810965 dv-cinder-813222-2-iscsi neutron-server[105674]: DEBUG neutron_lib.callbacks.manager [None req-076da208-0d22-42d2-aee3-d186de95088d admin admin] Subscribe: > segment before_delete 55550000 {{(pid=105674) subscribe /usr/local/lib/python3.8/dist-packages/neutron_lib/callbacks/manager.py:45}}
Oct 12 16:49:47.810965 dv-cinder-813222-2-iscsi neutron-server[105674]: DEBUG neutron_lib.callbacks.manager [None req-076da208-0d22-42d2-aee3-d186de95088d admin admin] Subscribe: > subnet precommit_delete_associations 55550000 {{(pid=105674) subscribe /usr/local/lib/python3.8/dist-packages/neutron_lib/callbacks/manager.py:45}}
Oct 12 16:49:47.811250 dv-cinder-813222-2-iscsi neutron-server[105674]: DEBUG neutron_lib.callbacks.manager [None req-076da208-0d22-42d2-aee3-d186de95088d admin admin] Subscribe: > segment_host_mapping after_create 55550000 {{(pid=105674) subscribe /usr/local/lib/python3.8/dist-packages/neutron_lib/callbacks/manager.py:45}}
Oct 12 16:49:47.811664 dv-cinder-813222-2-iscsi neutron-server[105674]: DEBUG neutron_lib.callbacks.manager [None req-076da208-0d22-42d2-aee3-d186de95088d admin admin] Subscribe: > port after_create 55550000 {{(pid=105674) subscribe /usr/local/lib/python3.8/dist-packages/neutron_lib/callbacks/manager.py:45}}
Oct 12 16:49:47.812064 dv-cinder-813222-2-iscsi neutron-server[105674]: DEBUG neutron_lib.callbacks.manager [None req-076da208-0d22-42d2-aee3-d186de95088d admin admin] Subscribe: > port after_delete 55550000 {{(pid=105674) subscribe /usr/local/lib/python3.8/dist-packages/neutron_lib/callbacks/manager.py:45}}
Oct 12 16:49:47.814375 dv-cinder-813222-2-iscsi neutron-server[105674]: DEBUG neutron_lib.callbacks.manager [None req-076da208-0d22-42d2-aee3-d186de95088d admin admin] Subscribe: > port after_update 55550000 {{(pid=105674) subscribe /usr/local/lib/python3.8/dist-packages/neutron_lib/callbacks/manager.py:45}}
Oct 12 16:49:47.814828 dv-cinder-813222-2-iscsi neutron-server[105674]: DEBUG neutron_lib.callbacks.manager [None req-076da208-0d22-42d2-aee3-d186de95088d admin admin] Subscribe: > segment after_delete 55550000 {{(pid=105674) subscribe /usr/local/lib/python3.8/dist-packages/neutron_lib/callbacks/manager.py:45}}
Oct 12 16:49:47.815120 dv-cinder-813222-2-iscsi neutron-server[105674]: DEBUG neutron_lib.callbacks.manager [None req-076da208-0d22-42d2-aee3-d186de95088d admin admin] Subscribe: > subnet after_create 55550000 {{(pid=105674) subscribe /usr/local/lib/python3.8/dist-packages/neutron_lib/callbacks/manager.py:45}}
Oct 12 16:49:47.815595 dv-cinder-813222-2-iscsi neutron-server[105674]: DEBUG neutron_lib.callbacks.manager [None req-076da208-0d22-42d2-aee3-d186de95088d admin admin] Subscribe: > subnet after_delete 55550000 {{(pid=105674) subscribe /usr/local/lib/python3.8/dist-packages/neutron_lib/callbacks/manager.py:45}}
Oct 12 16:49:47.817582 dv-cinder-813222-2-iscsi neutron-server[105674]: DEBUG neutron_lib.callbacks.manager [None req-076da208-0d22-42d2-aee3-d186de95088d admin admin] Subscribe: > subnet after_update 55550000 {{(pid=105674) subscribe /usr/local/lib/python3.8/dist-packages/neutron_lib/callbacks/manager.py:45}}
Oct 12 16:49:47.820599 dv-cinder-813222-2-iscsi neutron-server[105675]: DEBUG neutron.api.rpc.handlers.resources_rpc [None req-c587d90c-1f83-4118-a9fe-29982d7f5814 None None] Pushing event updated for resources: {'Port': ['ID=5439a325-23ac-4811-834e-fbc75115d45c,revision_number=5']} {{(pid=105675) push /opt/stack/neutron/neutron/api/rpc/handlers/resources_rpc.py:237}}
Oct 12 16:49:47.846382 dv-cinder-813222-2-iscsi neutron-server[105675]: DEBUG neutron.db.provisioning_blocks [None req-c587d90c-1f83-4118-a9fe-29982d7f5814 None None] Provisioning for port 1f8c581a-45ee-421d-baf3-624b746ccb08 completed by entity L2. {{(pid=105675) provisioning_complete /opt/stack/neutron/neutron/db/provisioning_blocks.py:133}}
Oct 12 16:49:47.853529 dv-cinder-813222-2-iscsi neutron-server[105675]: DEBUG neutron.db.provisioning_blocks [None req-c587d90c-1f83-4118-a9fe-29982d7f5814 None None] Provisioning complete for port 1f8c581a-45ee-421d-baf3-624b746ccb08 triggered by entity L2. {{(pid=105675) provisioning_complete /opt/stack/neutron/neutron/db/provisioning_blocks.py:139}}
Oct 12 16:49:47.853920 dv-cinder-813222-2-iscsi neutron-server[105675]: DEBUG neutron_lib.callbacks.manager [None req-c587d90c-1f83-4118-a9fe-29982d7f5814 None None] Notify callbacks ['neutron.plugins.ml2.plugin.Ml2Plugin._port_provisioned-1392110'] for port, provisioning_complete {{(pid=105675) _notify_loop /usr/local/lib/python3.8/dist-packages/neutron_lib/callbacks/manager.py:192}}
Oct 12 16:49:47.908777 dv-cinder-813222-2-iscsi neutron-server[105675]: DEBUG novaclient.v2.client [-] REQ: curl -g -i --cacert "/opt/stack/data/ca-bundle.pem" -X POST http://10.222.0.58/compute/v2.1/os-server-external-events -H "Accept: application/json" -H "Content-Type: application/json" -H "User-Agent: python-novaclient" -H "X-Auth-Token: {SHA256}6707deedc4033727fa06918be7fb903f5dd19e3e2757a0f0af8bf8ed1c05475b" -H "X-OpenStack-Nova-API-Version: 2.1" -H "X-OpenStack-Request-ID: req-75129268-1e34-4684-8ccc-70f4b399a747" -d '{"events": [{"server_uuid": "67b2f6a1-202e-468b-a5b6-e909b8b5d904", "name": "network-vif-plugged", "status": "completed", "tag": "5439a325-23ac-4811-834e-fbc75115d45c"}]}' {{(pid=105675) _http_log_request /usr/local/lib/python3.8/dist-packages/keystoneauth1/session.py:519}}
Oct 12 16:49:47.911284 dv-cinder-813222-2-iscsi neutron-server[105674]: DEBUG neutron_lib.callbacks.manager [None req-076da208-0d22-42d2-aee3-d186de95088d admin admin] Subscribe: > subnet after_create 55550000 {{(pid=105674) subscribe /usr/local/lib/python3.8/dist-packages/neutron_lib/callbacks/manager.py:45}}
Oct 12 16:49:47.911931 dv-cinder-813222-2-iscsi neutron-server[105674]: DEBUG neutron_lib.callbacks.manager [None req-076da208-0d22-42d2-aee3-d186de95088d admin admin] Subscribe: > subnet after_delete 55550000 {{(pid=105674) subscribe /usr/local/lib/python3.8/dist-packages/neutron_lib/callbacks/manager.py:45}}
Oct 12 16:49:47.912436 dv-cinder-813222-2-iscsi neutron-server[105674]: DEBUG neutron_lib.callbacks.manager [None req-076da208-0d22-42d2-aee3-d186de95088d admin admin] Subscribe: > subnet before_create 55550000 {{(pid=105674) subscribe /usr/local/lib/python3.8/dist-packages/neutron_lib/callbacks/manager.py:45}}
Oct 12 16:49:47.912759 dv-cinder-813222-2-iscsi neutron-server[105674]: DEBUG neutron_lib.callbacks.manager [None req-076da208-0d22-42d2-aee3-d186de95088d admin admin] Subscribe: > subnet before_update 55550000 {{(pid=105674) subscribe /usr/local/lib/python3.8/dist-packages/neutron_lib/callbacks/manager.py:45}}
Oct 12 16:49:47.913320 dv-cinder-813222-2-iscsi neutron-server[105674]: DEBUG neutron.services.segments.db [None req-076da208-0d22-42d2-aee3-d186de95088d admin admin] neutron.services.segments.plugin.Plugin method get_segments called with arguments (,) {'filters': {'network_id': ['28182041-363f-45cc-90fa-0031d7f23b19']}} {{(pid=105674) wrapper /usr/local/lib/python3.8/dist-packages/oslo_log/helpers.py:65}}
Oct 12 16:49:47.956554 dv-cinder-813222-2-iscsi neutron-server[105674]: DEBUG neutron.services.segments.db [None req-076da208-0d22-42d2-aee3-d186de95088d admin admin] neutron.services.segments.plugin.Plugin method delete_segment called with arguments (, 'a1d25851-0b68-4579-9f14-08ea363f19bc') {'for_net_delete': True} {{(pid=105674) wrapper /usr/local/lib/python3.8/dist-packages/oslo_log/helpers.py:65}}
Oct 12 16:49:47.957139 dv-cinder-813222-2-iscsi neutron-server[105674]: DEBUG neutron.services.segments.db [None req-076da208-0d22-42d2-aee3-d186de95088d admin admin] neutron.services.segments.plugin.Plugin method get_segment called with arguments (, 'a1d25851-0b68-4579-9f14-08ea363f19bc') {} {{(pid=105674) wrapper /usr/local/lib/python3.8/dist-packages/oslo_log/helpers.py:65}}
Oct 12 16:49:47.996301 dv-cinder-813222-2-iscsi neutron-server[105673]: INFO neutron.wsgi [req-b263fe98-8879-4ac5-b6aa-f948ab144d87 req-a8605cf4-530f-48fc-bf81-c7e8da53f3ae tempest-AttachVolumeTestJSON-1587782123 tempest-AttachVolumeTestJSON-1587782123-project] 10.222.0.43 "GET /v2.0/security-groups?fields=id&fields=name&tenant_id=2e0c9fd106594f5796ff041037814e2b HTTP/1.1" status: 200 len: 380 time: 0.2007575
Oct 12 16:49:48.015987 dv-cinder-813222-2-iscsi neutron-server[105674]: INFO neutron.wsgi [req-c78f98d3-5d81-41f5-b59b-fbfd32c243e9 req-4afdddfb-da29-4cb2-a8a4-df17332abc5f tempest-AttachVolumeTestJSON-1587782123 tempest-AttachVolumeTestJSON-1587782123-project] 10.222.0.58 "GET /v2.0/ports?device_id=4ccbd0d7-6283-4b34-a23a-10323c9acb51 HTTP/1.1" status: 200 len: 210 time: 0.0973766
Oct 12 16:49:48.039470 dv-cinder-813222-2-iscsi neutron-server[105673]: DEBUG neutron.api.v2.base [req-b263fe98-8879-4ac5-b6aa-f948ab144d87 req-a2338953-4a79-475f-aca8-a00448236aac tempest-AttachVolumeTestJSON-1587782123 tempest-AttachVolumeTestJSON-1587782123-project] Request body: {'port': {'device_id': '4ccbd0d7-6283-4b34-a23a-10323c9acb51', 'network_id': '1b6cd03d-f521-470d-ac52-2663a295efd9', 'admin_state_up': True, 'tenant_id': '2e0c9fd106594f5796ff041037814e2b', 'security_groups': ['f193767d-bc09-4a9b-b3f4-5d522de55eab']}} {{(pid=105673) prepare_request_body /opt/stack/neutron/neutron/api/v2/base.py:729}}
Oct 12 16:49:48.044603 dv-cinder-813222-2-iscsi neutron-server[105674]: DEBUG neutron_lib.callbacks.manager [None req-076da208-0d22-42d2-aee3-d186de95088d admin admin] Notify callbacks ['neutron.plugins.ml2.db._prevent_segment_delete_with_port_bound-8761216493581', 'neutron.services.segments.plugin.Plugin._prevent_segment_delete_with_subnet_associated-3045941'] for segment, before_delete {{(pid=105674) _notify_loop /usr/local/lib/python3.8/dist-packages/neutron_lib/callbacks/manager.py:192}}
Oct 12 16:49:48.060545 dv-cinder-813222-2-iscsi neutron-server[105674]: INFO neutron.wsgi [req-79b6a3ec-466e-4067-8893-12ee7598f79e req-354aef03-f8f0-41b5-bed5-b944908c0403 service neutron] 10.222.0.43 "GET /v2.0/networks/91a1cca2-ba67-46d2-873f-a20958250480?fields=provider%3Aphysical_network&fields=provider%3Anetwork_type HTTP/1.1" status: 200 len: 281 time: 0.4608393
Oct 12 16:49:48.068473 dv-cinder-813222-2-iscsi neutron-server[105675]: DEBUG neutron_lib.callbacks.manager [None req-c587d90c-1f83-4118-a9fe-29982d7f5814 None None] Notify callbacks ['neutron.plugins.ml2.plugin.SecurityGroupDbMixin._ensure_default_security_group_handler-531304'] for port, before_update {{(pid=105675) _notify_loop /usr/local/lib/python3.8/dist-packages/neutron_lib/callbacks/manager.py:192}}
Oct 12 16:49:48.082096 dv-cinder-813222-2-iscsi neutron-server[105674]: DEBUG neutron_lib.callbacks.manager [None req-076da208-0d22-42d2-aee3-d186de95088d admin admin] Notify callbacks ['neutron.plugins.ml2.plugin.Ml2Plugin._handle_segment_change-1377604'] for segment, precommit_delete {{(pid=105674) _notify_loop /usr/local/lib/python3.8/dist-packages/neutron_lib/callbacks/manager.py:192}}
Oct 12 16:49:48.105082 dv-cinder-813222-2-iscsi neutron-server[105674]: DEBUG neutron.pecan_wsgi.hooks.policy_enforcement [req-042ca061-3834-4fe1-85ce-40b1ab4c383c req-3d0585bc-8b8c-4918-803f-4c7249e052c3 tempest-DeleteServersTestJSON-1144585295 tempest-DeleteServersTestJSON-1144585295-project] Attributes excluded by policy engine: ['standard_attr_id', 'binding:profile', 'binding:host_id', 'binding:vif_type', 'binding:vif_details'] {{(pid=105674) _exclude_attributes_by_policy /opt/stack/neutron/neutron/pecan_wsgi/hooks/policy_enforcement.py:255}}
Oct 12 16:49:48.106931 dv-cinder-813222-2-iscsi neutron-server[105674]: INFO neutron.wsgi [req-042ca061-3834-4fe1-85ce-40b1ab4c383c req-3d0585bc-8b8c-4918-803f-4c7249e052c3 tempest-DeleteServersTestJSON-1144585295 tempest-DeleteServersTestJSON-1144585295-project] 10.222.0.58 "GET /v2.0/ports?device_id=893d6486-3f26-47da-9e66-b747d0d9a98d HTTP/1.1" status: 200 len: 944 time: 0.1759918
Oct 12 16:49:48.108496 dv-cinder-813222-2-iscsi neutron-server[105674]: DEBUG neutron.plugins.ml2.drivers.type_vlan [None req-076da208-0d22-42d2-aee3-d186de95088d admin admin] Releasing vlan 1034 on physical network physnet1 to pool {{(pid=105674) release_segment /opt/stack/neutron/neutron/plugins/ml2/drivers/type_vlan.py:304}}
Oct 12 16:49:48.108893 dv-cinder-813222-2-iscsi neutron-server[105674]: DEBUG neutron_lib.callbacks.manager [None req-076da208-0d22-42d2-aee3-d186de95088d admin admin] Notify callbacks ['neutron.plugins.ml2.plugin.Ml2Plugin._handle_segment_change-1377604', 'neutron.services.segments.plugin.NovaSegmentNotifier._notify_segment_deleted-16908705'] for segment, after_delete {{(pid=105674) _notify_loop /usr/local/lib/python3.8/dist-packages/neutron_lib/callbacks/manager.py:192}}
Oct 12 16:49:48.113338 dv-cinder-813222-2-iscsi neutron-server[105674]: /usr/lib/python3/dist-packages/secretstorage/dhcrypto.py:15: CryptographyDeprecationWarning: int_from_bytes is deprecated, use int.from_bytes instead
Oct 12 16:49:48.113338 dv-cinder-813222-2-iscsi neutron-server[105674]: from cryptography.utils import int_from_bytes
Oct 12 16:49:48.113338 dv-cinder-813222-2-iscsi neutron-server[105674]: /usr/lib/python3/dist-packages/secretstorage/util.py:19: CryptographyDeprecationWarning: int_from_bytes is deprecated, use int.from_bytes instead
Oct 12 16:49:48.113338 dv-cinder-813222-2-iscsi neutron-server[105674]: from cryptography.utils import int_from_bytes
Oct 12 16:49:48.113338 dv-cinder-813222-2-iscsi neutron-server[105674]: Traceback (most recent call last):
Oct 12 16:49:48.113338 dv-cinder-813222-2-iscsi neutron-server[105674]: File "/usr/local/lib/python3.8/dist-packages/eventlet/hubs/hub.py", line 476, in fire_timers
Oct 12 16:49:48.113338 dv-cinder-813222-2-iscsi neutron-server[105674]: timer()
Oct 12 16:49:48.113338 dv-cinder-813222-2-iscsi neutron-server[105674]: File "/usr/local/lib/python3.8/dist-packages/eventlet/hubs/timer.py", line 59, in __call__
Oct 12 16:49:48.113338 dv-cinder-813222-2-iscsi neutron-server[105674]: cb(*args, **kw)
Oct 12 16:49:48.113338 dv-cinder-813222-2-iscsi neutron-server[105674]: File "/opt/stack/neutron/neutron/common/utils.py", line 914, in wrapper
Oct 12 16:49:48.113338 dv-cinder-813222-2-iscsi neutron-server[105674]: return func(*args, **kwargs)
Oct 12 16:49:48.113338 dv-cinder-813222-2-iscsi neutron-server[105674]: File "/opt/stack/neutron/neutron/notifiers/batch_notifier.py", line 58, in synced_send
Oct 12 16:49:48.113338 dv-cinder-813222-2-iscsi neutron-server[105674]: self._notify()
Oct 12 16:49:48.113338 dv-cinder-813222-2-iscsi neutron-server[105674]: File "/opt/stack/neutron/neutron/notifiers/batch_notifier.py", line 69, in _notify
Oct 12 16:49:48.113338 dv-cinder-813222-2-iscsi neutron-server[105674]: self.callback(batched_events)
Oct 12 16:49:48.113338 dv-cinder-813222-2-iscsi neutron-server[105674]: File "/opt/stack/neutron/neutron/services/segments/plugin.py", line 211, in _send_notifications
Oct 12 16:49:48.113338 dv-cinder-813222-2-iscsi neutron-server[105674]: event.method(event)
Oct 12 16:49:48.113338 dv-cinder-813222-2-iscsi neutron-server[105674]: File "/opt/stack/neutron/neutron/services/segments/plugin.py", line 383, in _delete_nova_inventory
Oct 12 16:49:48.113338 dv-cinder-813222-2-iscsi neutron-server[105674]: aggregate_id = self._get_aggregate_id(event.segment_id)
Oct 12 16:49:48.113338 dv-cinder-813222-2-iscsi neutron-server[105674]: File "/opt/stack/neutron/neutron/services/segments/plugin.py", line 370, in _get_aggregate_id
Oct 12 16:49:48.113338 dv-cinder-813222-2-iscsi neutron-server[105674]: aggregate_uuid = self.p_client.list_aggregates(
Oct 12 16:49:48.113338 dv-cinder-813222-2-iscsi neutron-server[105674]: File "/usr/local/lib/python3.8/dist-packages/neutron_lib/placement/client.py", line 58, in wrapper
Oct 12 16:49:48.113338 dv-cinder-813222-2-iscsi neutron-server[105674]: return f(self, *a, **k)
Oct 12 16:49:48.113338 dv-cinder-813222-2-iscsi neutron-server[105674]: File "/usr/local/lib/python3.8/dist-packages/neutron_lib/placement/client.py", line 554, in list_aggregates
Oct 12 16:49:48.113338 dv-cinder-813222-2-iscsi neutron-server[105674]: return self._get(url).json()
Oct 12 16:49:48.113338 dv-cinder-813222-2-iscsi neutron-server[105674]: File "/usr/local/lib/python3.8/dist-packages/neutron_lib/placement/client.py", line 190, in _get
Oct 12 16:49:48.113338 dv-cinder-813222-2-iscsi neutron-server[105674]: return self._client.get(url, endpoint_filter=self._ks_filter,
Oct 12 16:49:48.113338 dv-cinder-813222-2-iscsi neutron-server[105674]: File "/usr/local/lib/python3.8/dist-packages/keystoneauth1/session.py", line 1141, in get
Oct 12 16:49:48.113338 dv-cinder-813222-2-iscsi neutron-server[105674]: return self.request(url, 'GET', **kwargs)
Oct 12 16:49:48.113338 dv-cinder-813222-2-iscsi neutron-server[105674]: File "/usr/local/lib/python3.8/dist-packages/keystoneauth1/session.py", line 811, in request
Oct 12 16:49:48.113338 dv-cinder-813222-2-iscsi neutron-server[105674]: base_url = self.get_endpoint(auth, allow=allow,
Oct 12 16:49:48.113338 dv-cinder-813222-2-iscsi neutron-server[105674]: File "/usr/local/lib/python3.8/dist-packages/keystoneauth1/session.py", line 1241, in get_endpoint
Oct 12 16:49:48.113338 dv-cinder-813222-2-iscsi neutron-server[105674]: auth = self._auth_required(auth, 'determine endpoint URL')
Oct 12 16:49:48.113338 dv-cinder-813222-2-iscsi neutron-server[105674]: File "/usr/local/lib/python3.8/dist-packages/keystoneauth1/session.py", line 1181, in _auth_required
Oct 12 16:49:48.113338 dv-cinder-813222-2-iscsi neutron-server[105674]: raise exceptions.MissingAuthPlugin(msg_fmt % msg)
Oct 12 16:49:48.113338 dv-cinder-813222-2-iscsi neutron-server[105674]: keystoneauth1.exceptions.auth_plugins.MissingAuthPlugin: An auth plugin is required to determine endpoint URL
Oct 12 16:49:48.134222 dv-cinder-813222-2-iscsi neutron-server[105675]: DEBUG neutron.plugins.ml2.db [None req-c587d90c-1f83-4118-a9fe-29982d7f5814 None None] For port 1f8c581a-45ee-421d-baf3-624b746ccb08, host hv-cinder-81322, got binding levels [PortBindingLevel(driver='hyperv',host='hv-cinder-81322',level=0,port_id=1f8c581a-45ee-421d-baf3-624b746ccb08,segment=NetworkSegment(be6d9330-778c-4f87-8215-e7c68e1fb954),segment_id=be6d9330-778c-4f87-8215-e7c68e1fb954)] {{(pid=105675) get_binding_level_objs /opt/stack/neutron/neutron/plugins/ml2/db.py:74}}
Oct 12 16:49:48.144394 dv-cinder-813222-2-iscsi neutron-server[105675]: DEBUG neutron_lib.callbacks.manager [None req-c587d90c-1f83-4118-a9fe-29982d7f5814 None None] Notify callbacks ['neutron.plugins.ml2.plugin.SecurityGroupServerNotifierRpcMixin._notify_sg_on_port_change-530066', 'neutron.plugins.ml2.ovo_rpc._ObjectChangeHandler.handle_event-184330', 'neutron.api.rpc.agentnotifiers.dhcp_rpc_agent_api.DhcpAgentNotifyAPI._native_event_send_dhcp_notification-1620499', 'neutron.db.l3_db.L3RpcNotifierMixin._notify_gateway_port_ip_changed-8761216401942', 'neutron.db.l3_dvrscheduler_db._notify_l3_agent_port_update-8761215932173', 'neutron.db.l3_hascheduler_db._notify_l3_agent_ha_port_update-8761215932191'] for port, after_update {{(pid=105675) _notify_loop /usr/local/lib/python3.8/dist-packages/neutron_lib/callbacks/manager.py:192}}
Oct 12 16:49:48.162232 dv-cinder-813222-2-iscsi neutron-server[105673]: DEBUG neutron_lib.callbacks.manager [None req-2e2e74c5-f0d1-4e69-ab04-694e7a12f7f3 admin admin] Notify callbacks [] for security_group, precommit_create {{(pid=105673) _notify_loop /usr/local/lib/python3.8/dist-packages/neutron_lib/callbacks/manager.py:192}}
Oct 12 16:49:48.181649 dv-cinder-813222-2-iscsi neutron-server[105675]: DEBUG novaclient.v2.client [-] RESP: [200] Connection: close Content-Length: 183 Content-Type: application/json Date: Tue, 12 Oct 2021 16:49:47 GMT OpenStack-API-Version: compute 2.1 Server: Apache/2.4.41 (Ubuntu) Vary: OpenStack-API-Version,X-OpenStack-Nova-API-Version X-OpenStack-Nova-API-Version: 2.1 x-compute-request-id: req-0212fa26-46aa-453b-b6f9-0fb466d5d3e6 x-openstack-request-id: req-0212fa26-46aa-453b-b6f9-0fb466d5d3e6 {{(pid=105675) _http_log_response /usr/local/lib/python3.8/dist-packages/keystoneauth1/session.py:550}}
Oct 12 16:49:48.181982 dv-cinder-813222-2-iscsi neutron-server[105675]: DEBUG novaclient.v2.client [-] RESP BODY: {"events": [{"server_uuid": "67b2f6a1-202e-468b-a5b6-e909b8b5d904", "name": "network-vif-plugged", "status": "completed", "tag": "5439a325-23ac-4811-834e-fbc75115d45c", "code": 200}]} {{(pid=105675) _http_log_response /usr/local/lib/python3.8/dist-packages/keystoneauth1/session.py:582}}
Oct 12 16:49:48.182241 dv-cinder-813222-2-iscsi neutron-server[105675]: DEBUG novaclient.v2.client [-] POST call to compute for http://10.222.0.58/compute/v2.1/os-server-external-events used request id req-0212fa26-46aa-453b-b6f9-0fb466d5d3e6 {{(pid=105675) request /usr/local/lib/python3.8/dist-packages/keystoneauth1/session.py:954}}
Oct 12 16:49:48.182704 dv-cinder-813222-2-iscsi neutron-server[105673]: DEBUG neutron_lib.callbacks.manager [None req-2e2e74c5-f0d1-4e69-ab04-694e7a12f7f3 admin admin] Notify callbacks ['neutron.plugins.ml2.ovo_rpc._ObjectChangeHandler.handle_event-1600130'] for security_group, after_create {{(pid=105673) _notify_loop /usr/local/lib/python3.8/dist-packages/neutron_lib/callbacks/manager.py:192}}
Oct 12 16:49:48.182817 dv-cinder-813222-2-iscsi neutron-server[105675]: INFO neutron.notifiers.nova [-] Nova event response: {'server_uuid': '67b2f6a1-202e-468b-a5b6-e909b8b5d904', 'name': 'network-vif-plugged', 'status': 'completed', 'tag': '5439a325-23ac-4811-834e-fbc75115d45c', 'code': 200}
Oct 12 16:49:48.206622 dv-cinder-813222-2-iscsi neutron-server[105675]: DEBUG neutron.api.rpc.handlers.resources_rpc [None req-c587d90c-1f83-4118-a9fe-29982d7f5814 None None] Pushing event updated for resources: {'Port': ['ID=1f8c581a-45ee-421d-baf3-624b746ccb08,revision_number=5']} {{(pid=105675) push /opt/stack/neutron/neutron/api/rpc/handlers/resources_rpc.py:237}}
Oct 12 16:49:48.239584 dv-cinder-813222-2-iscsi neutron-server[105674]: INFO neutron.wsgi [req-042ca061-3834-4fe1-85ce-40b1ab4c383c req-66f44996-8a9f-482e-bed9-99d583cc7a7e tempest-DeleteServersTestJSON-1144585295 tempest-DeleteServersTestJSON-1144585295-project] 10.222.0.58 "GET /v2.0/security-groups?id=b66beae1-9007-45c5-b0b3-a07b0427f68d&fields=id&fields=name HTTP/1.1" status: 200 len: 286 time: 0.1253240
Oct 12 16:49:48.249031 dv-cinder-813222-2-iscsi neutron-server[105674]: DEBUG neutron_lib.callbacks.manager [None req-076da208-0d22-42d2-aee3-d186de95088d admin admin] Notify callbacks ['neutron.plugins.ml2.plugin.Ml2Plugin._network_delete_after_delete_handler-1378044', 'neutron.plugins.ml2.ovo_rpc._ObjectChangeHandler.handle_event-1600246', 'neutron.api.rpc.agentnotifiers.dhcp_rpc_agent_api.DhcpAgentNotifyAPI._native_event_send_dhcp_notification-1620499', 'neutron.services.l3_router.l3_router_plugin.DVRResourceOperationHandler.delete_fip_namespaces_for_ext_net-1769810'] for network, after_delete {{(pid=105674) _notify_loop /usr/local/lib/python3.8/dist-packages/neutron_lib/callbacks/manager.py:192}}
Oct 12 16:49:48.254974 dv-cinder-813222-2-iscsi neutron-server[105673]: DEBUG neutron_lib.callbacks.manager [req-2b352ecb-f6ca-44d8-bce0-c800297ec103 req-c8be0e02-4f3d-4529-b33a-5ed7f08dc718 tempest-AttachVolumeShelveTestJSON-409738057 tempest-AttachVolumeShelveTestJSON-409738057-project] Notify callbacks [] for port, precommit_create {{(pid=105673) _notify_loop /usr/local/lib/python3.8/dist-packages/neutron_lib/callbacks/manager.py:192}}
Oct 12 16:49:48.258477 dv-cinder-813222-2-iscsi neutron-server[105674]: DEBUG neutron.pecan_wsgi.hooks.policy_enforcement [req-956e2d11-5edb-469c-b156-72732d9b9c74 req-a6a6a84a-ed3d-462d-8550-b64adab19178 service neutron] Attributes excluded by policy engine: ['standard_attr_id'] {{(pid=105674) _exclude_attributes_by_policy /opt/stack/neutron/neutron/pecan_wsgi/hooks/policy_enforcement.py:255}}
Oct 12 16:49:48.260014 dv-cinder-813222-2-iscsi neutron-server[105674]: INFO neutron.wsgi [req-956e2d11-5edb-469c-b156-72732d9b9c74 req-a6a6a84a-ed3d-462d-8550-b64adab19178 service neutron] 10.222.0.43 "GET /v2.0/ports?tenant_id=949f49aec9be41038c1b0d4443109b7d&device_id=2cbaa4d1-b995-46bc-a889-90f3f3a7bbbf HTTP/1.1" status: 200 len: 1096 time: 0.0730841
Oct 12 16:49:48.266416 dv-cinder-813222-2-iscsi neutron-server[105674]: DEBUG neutron_lib.callbacks.manager [None req-076da208-0d22-42d2-aee3-d186de95088d admin admin] Notify callbacks ['neutron.api.rpc.agentnotifiers.dhcp_rpc_agent_api.DhcpAgentNotifyAPI._send_dhcp_notification-1620485'] for network, before_response {{(pid=105674) _notify_loop /usr/local/lib/python3.8/dist-packages/neutron_lib/callbacks/manager.py:192}}
Oct 12 16:49:48.270310 dv-cinder-813222-2-iscsi neutron-server[105674]: INFO neutron.wsgi [None req-076da208-0d22-42d2-aee3-d186de95088d admin admin] 10.222.0.58 "DELETE /v2.0/networks/28182041-363f-45cc-90fa-0031d7f23b19 HTTP/1.1" status: 204 len: 168 time: 1.5227640
Oct 12 16:49:48.291644 dv-cinder-813222-2-iscsi neutron-server[105673]: INFO neutron.wsgi [None req-2e2e74c5-f0d1-4e69-ab04-694e7a12f7f3 admin admin] 10.222.0.58 "GET /v2.0/security-groups?tenant_id=87a8fa54fd2b489da5ada318bbcfe717&name=default HTTP/1.1" status: 200 len: 2979 time: 0.7358148
Oct 12 16:49:48.296635 dv-cinder-813222-2-iscsi neutron-server[105673]: DEBUG neutron.wsgi [-] (105673) accepted ('10.222.0.58', 60076) {{(pid=105673) server /usr/local/lib/python3.8/dist-packages/eventlet/wsgi.py:982}}
Oct 12 16:49:48.297283 dv-cinder-813222-2-iscsi neutron-server[105673]: DEBUG neutron.api.rpc.handlers.resources_rpc [None req-2e2e74c5-f0d1-4e69-ab04-694e7a12f7f3 admin admin] Pushing event updated for resources: {'SecurityGroup': ['ID=4ef4c8ce-282f-445f-96da-05a70767a049,revision_number=1']} {{(pid=105673) push /opt/stack/neutron/neutron/api/rpc/handlers/resources_rpc.py:237}}
Oct 12 16:49:48.300812 dv-cinder-813222-2-iscsi neutron-server[105674]: DEBUG neutron.api.rpc.handlers.resources_rpc [None req-076da208-0d22-42d2-aee3-d186de95088d admin admin] Pushing event deleted for resources: {'Network': ['ID=28182041-363f-45cc-90fa-0031d7f23b19,revision_number=None']} {{(pid=105674) push /opt/stack/neutron/neutron/api/rpc/handlers/resources_rpc.py:237}}
Oct 12 16:49:48.357217 dv-cinder-813222-2-iscsi neutron-server[105673]: DEBUG neutron.pecan_wsgi.hooks.quota_enforcement [req-b263fe98-8879-4ac5-b6aa-f948ab144d87 req-a2338953-4a79-475f-aca8-a00448236aac tempest-AttachVolumeTestJSON-1587782123 tempest-AttachVolumeTestJSON-1587782123-project] Made reservation on behalf of 2e0c9fd106594f5796ff041037814e2b for: {'port': 1} {{(pid=105673) before /opt/stack/neutron/neutron/pecan_wsgi/hooks/quota_enforcement.py:53}}
Oct 12 16:49:48.361054 dv-cinder-813222-2-iscsi neutron-server[105673]: DEBUG neutron_lib.callbacks.manager [req-b263fe98-8879-4ac5-b6aa-f948ab144d87 req-a2338953-4a79-475f-aca8-a00448236aac tempest-AttachVolumeTestJSON-1587782123 tempest-AttachVolumeTestJSON-1587782123-project] Notify callbacks ['neutron.plugins.ml2.plugin.SecurityGroupDbMixin._ensure_default_security_group_handler-531304'] for port, before_create {{(pid=105673) _notify_loop /usr/local/lib/python3.8/dist-packages/neutron_lib/callbacks/manager.py:192}}
