Feb 20 23:40:31.671159 dv-cinder-813221-6-iscsi devstack@n-api.service[123551]: [pid: 123551|app: 0|req: 9/16] 10.222.0.37 () {60 vars in 1155 bytes} [Sun Feb 20 23:40:31 2022] POST /compute/v2.1/os-volumes => generated 121 bytes in 30 msecs (HTTP/1.1 400) 9 headers in 381 bytes (1 switches on core 0)
Feb 20 23:40:31.686958 dv-cinder-813221-6-iscsi devstack@n-api.service[123551]: DEBUG nova.api.openstack.wsgi [None req-c11b78eb-e870-4a3d-816a-0db476988352 tempest-VolumesNegativeTest-1670990452 tempest-VolumesNegativeTest-1670990452-project] Calling method '.version_select at 0x7fac9f57b670>' {{(pid=123551) _process_stack /opt/stack/nova/nova/api/openstack/wsgi.py:513}}
Feb 20 23:40:31.750756 dv-cinder-813221-6-iscsi devstack@n-api.service[123551]: INFO nova.api.openstack.wsgi [None req-c11b78eb-e870-4a3d-816a-0db476988352 tempest-VolumesNegativeTest-1670990452 tempest-VolumesNegativeTest-1670990452-project] HTTP exception thrown: Volume tempest-invalid-743711103 could not be found.
Feb 20 23:40:31.751361 dv-cinder-813221-6-iscsi devstack@n-api.service[123551]: DEBUG nova.api.openstack.wsgi [None req-c11b78eb-e870-4a3d-816a-0db476988352 tempest-VolumesNegativeTest-1670990452 tempest-VolumesNegativeTest-1670990452-project] Returning 404 to user: Volume tempest-invalid-743711103 could not be found. {{(pid=123551) __call__ /opt/stack/nova/nova/api/openstack/wsgi.py:936}}
Feb 20 23:40:31.752201 dv-cinder-813221-6-iscsi devstack@n-api.service[123551]: INFO nova.api.openstack.requestlog [None req-c11b78eb-e870-4a3d-816a-0db476988352 tempest-VolumesNegativeTest-1670990452 tempest-VolumesNegativeTest-1670990452-project] 10.222.0.37 "DELETE /compute/v2.1/os-volumes/tempest-invalid-743711103" status: 404 len: 98 microversion: 2.1 time: 0.073517
Feb 20 23:40:31.757895 dv-cinder-813221-6-iscsi devstack@n-api.service[123551]: [pid: 123551|app: 0|req: 10/17] 10.222.0.37 () {58 vars in 1214 bytes} [Sun Feb 20 23:40:31 2022] DELETE /compute/v2.1/os-volumes/tempest-invalid-743711103 => generated 98 bytes in 75 msecs (HTTP/1.1 404) 9 headers in 378 bytes (1 switches on core 0)
Feb 20 23:40:31.763697 dv-cinder-813221-6-iscsi devstack@n-api.service[123551]: INFO nova.api.openstack.requestlog [None req-fa267026-d735-4a16-afde-a33a2fcaf281 tempest-VolumesNegativeTest-1670990452 tempest-VolumesNegativeTest-1670990452-project] 10.222.0.37 "DELETE /compute/v2.1/os-volumes/" status: 404 len: 112 microversion: - time: 0.004169
Feb 20 23:40:31.764214 dv-cinder-813221-6-iscsi devstack@n-api.service[123551]: [pid: 123551|app: 0|req: 11/18] 10.222.0.37 () {58 vars in 1139 bytes} [Sun Feb 20 23:40:31 2022] DELETE /compute/v2.1/os-volumes/ => generated 112 bytes in 5 msecs (HTTP/1.1 404) 5 headers in 228 bytes (2 switches on core 0)
Feb 20 23:40:31.776173 dv-cinder-813221-6-iscsi devstack@n-api.service[123551]: INFO nova.api.openstack.requestlog [None req-70dfa19c-e224-4583-9337-0e03c1a3fcd9 tempest-VolumesNegativeTest-1670990452 tempest-VolumesNegativeTest-1670990452-project] 10.222.0.37 "GET /compute/v2.1/os-volumes/" status: 404 len: 112 microversion: - time: 0.003576
Feb 20 23:40:31.780226 dv-cinder-813221-6-iscsi devstack@n-api.service[123551]: [pid: 123551|app: 0|req: 12/19] 10.222.0.37 () {58 vars in 1136 bytes} [Sun Feb 20 23:40:31 2022] GET /compute/v2.1/os-volumes/ => generated 112 bytes in 8 msecs (HTTP/1.1 404) 5 headers in 228 bytes (1 switches on core 0)
Feb 20 23:40:31.797643 dv-cinder-813221-6-iscsi devstack@n-api.service[123552]: DEBUG nova.policy [None req-5b9a229e-c3d2-485a-93e1-078779df9eb8 tempest-DeleteServersTestJSON-1032503653 tempest-DeleteServersTestJSON-1032503653-project] Policy check for os_compute_api:os-extended-server-attributes failed with credentials {'is_admin': False, 'user_id': '3b25d8462f674972bbf27fba17e54ecc', 'user_domain_id': 'default', 'system_scope': None, 'domain_id': None, 'project_id': '29b170c1b1994ceab6d5862694c5f949', 'project_domain_id': 'default', 'roles': ['reader', 'member'], 'is_admin_project': True, 'service_user_id': None, 'service_user_domain_id': None, 'service_project_id': None, 'service_project_domain_id': None, 'service_roles': []} {{(pid=123552) authorize /opt/stack/nova/nova/policy.py:199}}
Feb 20 23:40:31.809053 dv-cinder-813221-6-iscsi devstack@n-api.service[123551]: DEBUG nova.api.openstack.wsgi [None req-90efe59e-2ad0-4f92-8022-268b3a4b6fab tempest-VolumesNegativeTest-1670990452 tempest-VolumesNegativeTest-1670990452-project] Calling method '.version_select at 0x7fac9fe760d0>' {{(pid=123551) _process_stack /opt/stack/nova/nova/api/openstack/wsgi.py:513}}
Feb 20 23:40:31.822153 dv-cinder-813221-6-iscsi devstack@n-api.service[123552]: INFO nova.api.openstack.requestlog [None req-5b9a229e-c3d2-485a-93e1-078779df9eb8 tempest-DeleteServersTestJSON-1032503653 tempest-DeleteServersTestJSON-1032503653-project] 10.222.0.37 "GET /compute/v2.1/servers/eae84388-f8bd-427e-ba90-6ebed0265f66" status: 200 len: 1273 microversion: 2.1 time: 0.437835
Feb 20 23:40:31.835695 dv-cinder-813221-6-iscsi devstack@n-api.service[123552]: [pid: 123552|app: 0|req: 8/20] 10.222.0.37 () {58 vars in 1235 bytes} [Sun Feb 20 23:40:31 2022] GET /compute/v2.1/servers/eae84388-f8bd-427e-ba90-6ebed0265f66 => generated 1273 bytes in 452 msecs (HTTP/1.1 200) 9 headers in 358 bytes (1 switches on core 0)
Feb 20 23:40:31.878053 dv-cinder-813221-6-iscsi devstack@n-api.service[123551]: INFO nova.api.openstack.wsgi [None req-90efe59e-2ad0-4f92-8022-268b3a4b6fab tempest-VolumesNegativeTest-1670990452 tempest-VolumesNegativeTest-1670990452-project] HTTP exception thrown: Volume c6a2cdc0-d163-4100-996d-ad185a4b3c56 could not be found.
Feb 20 23:40:31.878711 dv-cinder-813221-6-iscsi devstack@n-api.service[123551]: DEBUG nova.api.openstack.wsgi [None req-90efe59e-2ad0-4f92-8022-268b3a4b6fab tempest-VolumesNegativeTest-1670990452 tempest-VolumesNegativeTest-1670990452-project] Returning 404 to user: Volume c6a2cdc0-d163-4100-996d-ad185a4b3c56 could not be found. {{(pid=123551) __call__ /opt/stack/nova/nova/api/openstack/wsgi.py:936}}
Feb 20 23:40:31.879534 dv-cinder-813221-6-iscsi devstack@n-api.service[123551]: INFO nova.api.openstack.requestlog [None req-90efe59e-2ad0-4f92-8022-268b3a4b6fab tempest-VolumesNegativeTest-1670990452 tempest-VolumesNegativeTest-1670990452-project] 10.222.0.37 "DELETE /compute/v2.1/os-volumes/c6a2cdc0-d163-4100-996d-ad185a4b3c56" status: 404 len: 109 microversion: 2.1 time: 0.074053
Feb 20 23:40:31.880975 dv-cinder-813221-6-iscsi devstack@n-api.service[123551]: [pid: 123551|app: 0|req: 13/21] 10.222.0.37 () {58 vars in 1247 bytes} [Sun Feb 20 23:40:31 2022] DELETE /compute/v2.1/os-volumes/c6a2cdc0-d163-4100-996d-ad185a4b3c56 => generated 109 bytes in 94 msecs (HTTP/1.1 404) 9 headers in 379 bytes (1 switches on core 0)
Feb 20 23:40:31.889971 dv-cinder-813221-6-iscsi devstack@n-api.service[123552]: DEBUG nova.api.openstack.wsgi [None req-a2f5ce0d-7e3b-4020-bbac-3364576d6587 tempest-VolumesNegativeTest-1670990452 tempest-VolumesNegativeTest-1670990452-project] Calling method '.version_select at 0x7faca05d2f70>' {{(pid=123552) _process_stack /opt/stack/nova/nova/api/openstack/wsgi.py:513}}
Feb 20 23:40:31.945778 dv-cinder-813221-6-iscsi devstack@n-api.service[123552]: INFO nova.api.openstack.wsgi [None req-a2f5ce0d-7e3b-4020-bbac-3364576d6587 tempest-VolumesNegativeTest-1670990452 tempest-VolumesNegativeTest-1670990452-project] HTTP exception thrown: Volume 720b0e0c-b1c3-4adf-81a0-92b7273dc7a3 could not be found.
Feb 20 23:40:31.945778 dv-cinder-813221-6-iscsi devstack@n-api.service[123552]: DEBUG nova.api.openstack.wsgi [None req-a2f5ce0d-7e3b-4020-bbac-3364576d6587 tempest-VolumesNegativeTest-1670990452 tempest-VolumesNegativeTest-1670990452-project] Returning 404 to user: Volume 720b0e0c-b1c3-4adf-81a0-92b7273dc7a3 could not be found. {{(pid=123552) __call__ /opt/stack/nova/nova/api/openstack/wsgi.py:936}}
Feb 20 23:40:31.945778 dv-cinder-813221-6-iscsi devstack@n-api.service[123552]: INFO nova.api.openstack.requestlog [None req-a2f5ce0d-7e3b-4020-bbac-3364576d6587 tempest-VolumesNegativeTest-1670990452 tempest-VolumesNegativeTest-1670990452-project] 10.222.0.37 "GET /compute/v2.1/os-volumes/720b0e0c-b1c3-4adf-81a0-92b7273dc7a3" status: 404 len: 109 microversion: 2.1 time: 0.050180
Feb 20 23:40:31.945778 dv-cinder-813221-6-iscsi devstack@n-api.service[123552]: [pid: 123552|app: 0|req: 9/22] 10.222.0.37 () {58 vars in 1244 bytes} [Sun Feb 20 23:40:31 2022] GET /compute/v2.1/os-volumes/720b0e0c-b1c3-4adf-81a0-92b7273dc7a3 => generated 109 bytes in 52 msecs (HTTP/1.1 404) 9 headers in 379 bytes (1 switches on core 0)
Feb 20 23:40:32.875215 dv-cinder-813221-6-iscsi devstack@n-api.service[123551]: DEBUG nova.api.openstack.wsgi [None req-13061396-6103-4c90-9d83-5bc7d118d217 tempest-AttachVolumeTestJSON-642056324 tempest-AttachVolumeTestJSON-642056324-project] Action: 'create', calling method: .version_select at 0x7fac9f586d30>, body: {"keypair": {"name": "tempest-keypair-768437303"}} {{(pid=123551) _process_stack /opt/stack/nova/nova/api/openstack/wsgi.py:511}}
Feb 20 23:40:32.877080 dv-cinder-813221-6-iscsi devstack@n-api.service[123552]: DEBUG nova.api.openstack.wsgi [None req-857c3b72-9b41-405c-be82-e99246defb6c tempest-DeleteServersTestJSON-1032503653 tempest-DeleteServersTestJSON-1032503653-project] Calling method '>' {{(pid=123552) _process_stack /opt/stack/nova/nova/api/openstack/wsgi.py:513}}
Feb 20 23:40:32.880636 dv-cinder-813221-6-iscsi devstack@n-api.service[123552]: DEBUG nova.compute.api [None req-857c3b72-9b41-405c-be82-e99246defb6c tempest-DeleteServersTestJSON-1032503653 tempest-DeleteServersTestJSON-1032503653-project] [instance: eae84388-f8bd-427e-ba90-6ebed0265f66] Fetching instance by UUID {{(pid=123552) get /opt/stack/nova/nova/compute/api.py:2865}}
Feb 20 23:40:32.915919 dv-cinder-813221-6-iscsi devstack@n-api.service[123552]: DEBUG oslo_concurrency.lockutils [None req-857c3b72-9b41-405c-be82-e99246defb6c tempest-DeleteServersTestJSON-1032503653 tempest-DeleteServersTestJSON-1032503653-project] Lock "a183ba80-a5bd-40c5-b919-28255a9bd8ab" acquired by "nova.context.set_target_cell..get_or_set_cached_cell_and_set_connections" :: waited 0.000s {{(pid=123552) inner /usr/local/lib/python3.8/dist-packages/oslo_concurrency/lockutils.py:386}}
Feb 20 23:40:32.921488 dv-cinder-813221-6-iscsi devstack@n-api.service[123552]: DEBUG oslo_concurrency.lockutils [None req-857c3b72-9b41-405c-be82-e99246defb6c tempest-DeleteServersTestJSON-1032503653 tempest-DeleteServersTestJSON-1032503653-project] Lock "a183ba80-a5bd-40c5-b919-28255a9bd8ab" "released" by "nova.context.set_target_cell..get_or_set_cached_cell_and_set_connections" :: held 0.008s {{(pid=123552) inner /usr/local/lib/python3.8/dist-packages/oslo_concurrency/lockutils.py:400}}
Feb 20 23:40:32.922489 dv-cinder-813221-6-iscsi devstack@n-api.service[123552]: DEBUG oslo_concurrency.lockutils [None req-857c3b72-9b41-405c-be82-e99246defb6c tempest-DeleteServersTestJSON-1032503653 tempest-DeleteServersTestJSON-1032503653-project] Lock "a183ba80-a5bd-40c5-b919-28255a9bd8ab" acquired by "nova.context.set_target_cell..get_or_set_cached_cell_and_set_connections" :: waited 0.000s {{(pid=123552) inner /usr/local/lib/python3.8/dist-packages/oslo_concurrency/lockutils.py:386}}
Feb 20 23:40:32.922934 dv-cinder-813221-6-iscsi devstack@n-api.service[123552]: DEBUG oslo_concurrency.lockutils [None req-857c3b72-9b41-405c-be82-e99246defb6c tempest-DeleteServersTestJSON-1032503653 tempest-DeleteServersTestJSON-1032503653-project] Lock "a183ba80-a5bd-40c5-b919-28255a9bd8ab" "released" by "nova.context.set_target_cell..get_or_set_cached_cell_and_set_connections" :: held 0.001s {{(pid=123552) inner /usr/local/lib/python3.8/dist-packages/oslo_concurrency/lockutils.py:400}}
Feb 20 23:40:32.957729 dv-cinder-813221-6-iscsi devstack@n-api.service[123551]: DEBUG nova.quota [None req-13061396-6103-4c90-9d83-5bc7d118d217 tempest-AttachVolumeTestJSON-642056324 tempest-AttachVolumeTestJSON-642056324-project] Getting quotas for project 7ab5a815f45e4787b222b7e9c1ea5314. Resources: {'key_pairs'} {{(pid=123551) _get_quotas /opt/stack/nova/nova/quota.py:387}}
Feb 20 23:40:32.971938 dv-cinder-813221-6-iscsi devstack@n-api.service[123551]: DEBUG nova.quota [None req-13061396-6103-4c90-9d83-5bc7d118d217 tempest-AttachVolumeTestJSON-642056324 tempest-AttachVolumeTestJSON-642056324-project] Getting quotas for user 36fb27f8c4ba4d88a3fb9753ca4cfa9a and project 7ab5a815f45e4787b222b7e9c1ea5314. Resources: {'key_pairs'} {{(pid=123551) _get_quotas /opt/stack/nova/nova/quota.py:377}}
Feb 20 23:40:33.216688 dv-cinder-813221-6-iscsi devstack@n-api.service[123552]: DEBUG nova.policy [None req-857c3b72-9b41-405c-be82-e99246defb6c tempest-DeleteServersTestJSON-1032503653 tempest-DeleteServersTestJSON-1032503653-project] Policy check for os_compute_api:os-extended-server-attributes failed with credentials {'is_admin': False, 'user_id': '3b25d8462f674972bbf27fba17e54ecc', 'user_domain_id': 'default', 'system_scope': None, 'domain_id': None, 'project_id': '29b170c1b1994ceab6d5862694c5f949', 'project_domain_id': 'default', 'roles': ['reader', 'member'], 'is_admin_project': True, 'service_user_id': None, 'service_user_domain_id': None, 'service_project_id': None, 'service_project_domain_id': None, 'service_roles': []} {{(pid=123552) authorize /opt/stack/nova/nova/policy.py:199}}
Feb 20 23:40:33.224897 dv-cinder-813221-6-iscsi devstack@n-api.service[123552]: INFO nova.api.openstack.requestlog [None req-857c3b72-9b41-405c-be82-e99246defb6c tempest-DeleteServersTestJSON-1032503653 tempest-DeleteServersTestJSON-1032503653-project] 10.222.0.37 "GET /compute/v2.1/servers/eae84388-f8bd-427e-ba90-6ebed0265f66" status: 200 len: 1273 microversion: 2.1 time: 0.360109
Feb 20 23:40:33.225507 dv-cinder-813221-6-iscsi devstack@n-api.service[123552]: [pid: 123552|app: 0|req: 10/23] 10.222.0.37 () {58 vars in 1235 bytes} [Sun Feb 20 23:40:32 2022] GET /compute/v2.1/servers/eae84388-f8bd-427e-ba90-6ebed0265f66 => generated 1273 bytes in 362 msecs (HTTP/1.1 200) 9 headers in 358 bytes (1 switches on core 0)
Feb 20 23:40:33.845961 dv-cinder-813221-6-iscsi devstack@n-api.service[123551]: DEBUG nova.quota [None req-13061396-6103-4c90-9d83-5bc7d118d217 tempest-AttachVolumeTestJSON-642056324 tempest-AttachVolumeTestJSON-642056324-project] Getting quotas for project 7ab5a815f45e4787b222b7e9c1ea5314. Resources: {'key_pairs'} {{(pid=123551) _get_quotas /opt/stack/nova/nova/quota.py:387}}
Feb 20 23:40:33.855354 dv-cinder-813221-6-iscsi devstack@n-api.service[123551]: DEBUG nova.quota [None req-13061396-6103-4c90-9d83-5bc7d118d217 tempest-AttachVolumeTestJSON-642056324 tempest-AttachVolumeTestJSON-642056324-project] Getting quotas for user 36fb27f8c4ba4d88a3fb9753ca4cfa9a and project 7ab5a815f45e4787b222b7e9c1ea5314. Resources: {'key_pairs'} {{(pid=123551) _get_quotas /opt/stack/nova/nova/quota.py:377}}
Feb 20 23:40:33.891779 dv-cinder-813221-6-iscsi devstack@n-api.service[123551]: INFO nova.api.openstack.requestlog [None req-13061396-6103-4c90-9d83-5bc7d118d217 tempest-AttachVolumeTestJSON-642056324 tempest-AttachVolumeTestJSON-642056324-project] 10.222.0.37 "POST /compute/v2.1/os-keypairs" status: 200 len: 2300 microversion: 2.1 time: 1.241409
Feb 20 23:40:33.896580 dv-cinder-813221-6-iscsi devstack@n-api.service[123551]: [pid: 123551|app: 0|req: 14/24] 10.222.0.37 () {60 vars in 1157 bytes} [Sun Feb 20 23:40:32 2022] POST /compute/v2.1/os-keypairs => generated 2300 bytes in 1246 msecs (HTTP/1.1 200) 9 headers in 358 bytes (1 switches on core 0)
Feb 20 23:40:34.246271 dv-cinder-813221-6-iscsi devstack@n-api.service[123552]: DEBUG nova.api.openstack.wsgi [None req-0ea9713c-3819-4f56-93ff-fb06218dbf06 tempest-DeleteServersTestJSON-1032503653 tempest-DeleteServersTestJSON-1032503653-project] Calling method '>' {{(pid=123552) _process_stack /opt/stack/nova/nova/api/openstack/wsgi.py:513}}
Feb 20 23:40:34.248919 dv-cinder-813221-6-iscsi devstack@n-api.service[123552]: DEBUG nova.compute.api [None req-0ea9713c-3819-4f56-93ff-fb06218dbf06 tempest-DeleteServersTestJSON-1032503653 tempest-DeleteServersTestJSON-1032503653-project] [instance: eae84388-f8bd-427e-ba90-6ebed0265f66] Fetching instance by UUID {{(pid=123552) get /opt/stack/nova/nova/compute/api.py:2865}}
Feb 20 23:40:34.263063 dv-cinder-813221-6-iscsi devstack@n-api.service[123552]: DEBUG oslo_concurrency.lockutils [None req-0ea9713c-3819-4f56-93ff-fb06218dbf06 tempest-DeleteServersTestJSON-1032503653 tempest-DeleteServersTestJSON-1032503653-project] Lock "a183ba80-a5bd-40c5-b919-28255a9bd8ab" acquired by "nova.context.set_target_cell..get_or_set_cached_cell_and_set_connections" :: waited 0.000s {{(pid=123552) inner /usr/local/lib/python3.8/dist-packages/oslo_concurrency/lockutils.py:386}}
Feb 20 23:40:34.272678 dv-cinder-813221-6-iscsi devstack@n-api.service[123552]: DEBUG oslo_concurrency.lockutils [None req-0ea9713c-3819-4f56-93ff-fb06218dbf06 tempest-DeleteServersTestJSON-1032503653 tempest-DeleteServersTestJSON-1032503653-project] Lock "a183ba80-a5bd-40c5-b919-28255a9bd8ab" "released" by "nova.context.set_target_cell..get_or_set_cached_cell_and_set_connections" :: held 0.002s {{(pid=123552) inner /usr/local/lib/python3.8/dist-packages/oslo_concurrency/lockutils.py:400}}
Feb 20 23:40:34.280001 dv-cinder-813221-6-iscsi devstack@n-api.service[123552]: DEBUG oslo_concurrency.lockutils [None req-0ea9713c-3819-4f56-93ff-fb06218dbf06 tempest-DeleteServersTestJSON-1032503653 tempest-DeleteServersTestJSON-1032503653-project] Lock "a183ba80-a5bd-40c5-b919-28255a9bd8ab" acquired by "nova.context.set_target_cell..get_or_set_cached_cell_and_set_connections" :: waited 0.000s {{(pid=123552) inner /usr/local/lib/python3.8/dist-packages/oslo_concurrency/lockutils.py:386}}
Feb 20 23:40:34.281199 dv-cinder-813221-6-iscsi devstack@n-api.service[123552]: DEBUG oslo_concurrency.lockutils [None req-0ea9713c-3819-4f56-93ff-fb06218dbf06 tempest-DeleteServersTestJSON-1032503653 tempest-DeleteServersTestJSON-1032503653-project] Lock "a183ba80-a5bd-40c5-b919-28255a9bd8ab" "released" by "nova.context.set_target_cell..get_or_set_cached_cell_and_set_connections" :: held 0.004s {{(pid=123552) inner /usr/local/lib/python3.8/dist-packages/oslo_concurrency/lockutils.py:400}}
Feb 20 23:40:34.658939 dv-cinder-813221-6-iscsi devstack@n-api.service[123552]: DEBUG nova.policy [None req-0ea9713c-3819-4f56-93ff-fb06218dbf06 tempest-DeleteServersTestJSON-1032503653 tempest-DeleteServersTestJSON-1032503653-project] Policy check for os_compute_api:os-extended-server-attributes failed with credentials {'is_admin': False, 'user_id': '3b25d8462f674972bbf27fba17e54ecc', 'user_domain_id': 'default', 'system_scope': None, 'domain_id': None, 'project_id': '29b170c1b1994ceab6d5862694c5f949', 'project_domain_id': 'default', 'roles': ['reader', 'member'], 'is_admin_project': True, 'service_user_id': None, 'service_user_domain_id': None, 'service_project_id': None, 'service_project_domain_id': None, 'service_roles': []} {{(pid=123552) authorize /opt/stack/nova/nova/policy.py:199}}
Feb 20 23:40:34.671970 dv-cinder-813221-6-iscsi devstack@n-api.service[123552]: INFO nova.api.openstack.requestlog [None req-0ea9713c-3819-4f56-93ff-fb06218dbf06 tempest-DeleteServersTestJSON-1032503653 tempest-DeleteServersTestJSON-1032503653-project] 10.222.0.37 "GET /compute/v2.1/servers/eae84388-f8bd-427e-ba90-6ebed0265f66" status: 200 len: 1273 microversion: 2.1 time: 0.432722
Feb 20 23:40:34.676016 dv-cinder-813221-6-iscsi devstack@n-api.service[123552]: [pid: 123552|app: 0|req: 11/25] 10.222.0.37 () {58 vars in 1235 bytes} [Sun Feb 20 23:40:34 2022] GET /compute/v2.1/servers/eae84388-f8bd-427e-ba90-6ebed0265f66 => generated 1273 bytes in 438 msecs (HTTP/1.1 200) 9 headers in 358 bytes (1 switches on core 0)
Feb 20 23:40:35.694363 dv-cinder-813221-6-iscsi devstack@n-api.service[123552]: DEBUG nova.api.openstack.wsgi [None req-84cb9f91-338e-462e-b802-6de21eab8f0c tempest-DeleteServersTestJSON-1032503653 tempest-DeleteServersTestJSON-1032503653-project] Calling method '>' {{(pid=123552) _process_stack /opt/stack/nova/nova/api/openstack/wsgi.py:513}}
Feb 20 23:40:35.695024 dv-cinder-813221-6-iscsi devstack@n-api.service[123552]: DEBUG nova.compute.api [None req-84cb9f91-338e-462e-b802-6de21eab8f0c tempest-DeleteServersTestJSON-1032503653 tempest-DeleteServersTestJSON-1032503653-project] [instance: eae84388-f8bd-427e-ba90-6ebed0265f66] Fetching instance by UUID {{(pid=123552) get /opt/stack/nova/nova/compute/api.py:2865}}
Feb 20 23:40:35.707133 dv-cinder-813221-6-iscsi devstack@n-api.service[123552]: DEBUG oslo_concurrency.lockutils [None req-84cb9f91-338e-462e-b802-6de21eab8f0c tempest-DeleteServersTestJSON-1032503653 tempest-DeleteServersTestJSON-1032503653-project] Lock "a183ba80-a5bd-40c5-b919-28255a9bd8ab" acquired by "nova.context.set_target_cell..get_or_set_cached_cell_and_set_connections" :: waited 0.000s {{(pid=123552) inner /usr/local/lib/python3.8/dist-packages/oslo_concurrency/lockutils.py:386}}
Feb 20 23:40:35.707587 dv-cinder-813221-6-iscsi devstack@n-api.service[123552]: DEBUG oslo_concurrency.lockutils [None req-84cb9f91-338e-462e-b802-6de21eab8f0c tempest-DeleteServersTestJSON-1032503653 tempest-DeleteServersTestJSON-1032503653-project] Lock "a183ba80-a5bd-40c5-b919-28255a9bd8ab" "released" by "nova.context.set_target_cell..get_or_set_cached_cell_and_set_connections" :: held 0.001s {{(pid=123552) inner /usr/local/lib/python3.8/dist-packages/oslo_concurrency/lockutils.py:400}}
Feb 20 23:40:35.708601 dv-cinder-813221-6-iscsi devstack@n-api.service[123552]: DEBUG oslo_concurrency.lockutils [None req-84cb9f91-338e-462e-b802-6de21eab8f0c tempest-DeleteServersTestJSON-1032503653 tempest-DeleteServersTestJSON-1032503653-project] Lock "a183ba80-a5bd-40c5-b919-28255a9bd8ab" acquired by "nova.context.set_target_cell..get_or_set_cached_cell_and_set_connections" :: waited 0.000s {{(pid=123552) inner /usr/local/lib/python3.8/dist-packages/oslo_concurrency/lockutils.py:386}}
Feb 20 23:40:35.719819 dv-cinder-813221-6-iscsi devstack@n-api.service[123552]: DEBUG oslo_concurrency.lockutils [None req-84cb9f91-338e-462e-b802-6de21eab8f0c tempest-DeleteServersTestJSON-1032503653 tempest-DeleteServersTestJSON-1032503653-project] Lock "a183ba80-a5bd-40c5-b919-28255a9bd8ab" "released" by "nova.context.set_target_cell..get_or_set_cached_cell_and_set_connections" :: held 0.001s {{(pid=123552) inner /usr/local/lib/python3.8/dist-packages/oslo_concurrency/lockutils.py:400}}
Feb 20 23:40:35.887991 dv-cinder-813221-6-iscsi devstack@n-api.service[123551]: DEBUG nova.api.openstack.wsgi [None req-daed401c-9a3f-4178-baea-670bd36e42ee tempest-ServerRescueNegativeTestJSON-1780308556 tempest-ServerRescueNegativeTestJSON-1780308556-project] Action: 'create', calling method: >, body: {"server": {"name": "tempest-ServerRescueNegativeTestJSON-server-1293134506", "imageRef": "7c3e5e07-0d92-4dbe-ad4e-8bdc70dfb2ca", "flavorRef": "452", "adminPass": "***", "networks": [{"uuid": "}]}} {{(pid=123551) _process_stack /opt/stack/nova/nova/api/openstack/wsgi.py:511}}
Feb 20 23:40:36.001942 dv-cinder-813221-6-iscsi devstack@n-api.service[123551]: DEBUG nova.network.neutron [None req-daed401c-9a3f-4178-baea-670bd36e42ee tempest-ServerRescueNegativeTestJSON-1780308556 tempest-ServerRescueNegativeTestJSON-1780308556-project] validate_networks() for [('045de685-a397-4057-b694-72b65c12b7c8', None, None, None, None, None)] {{(pid=123551) validate_networks /opt/stack/nova/nova/network/neutron.py:2633}}
Feb 20 23:40:37.085549 dv-cinder-813221-6-iscsi devstack@n-api.service[123552]: DEBUG nova.policy [None req-84cb9f91-338e-462e-b802-6de21eab8f0c tempest-DeleteServersTestJSON-1032503653 tempest-DeleteServersTestJSON-1032503653-project] Policy check for os_compute_api:os-extended-server-attributes failed with credentials {'is_admin': False, 'user_id': '3b25d8462f674972bbf27fba17e54ecc', 'user_domain_id': 'default', 'system_scope': None, 'domain_id': None, 'project_id': '29b170c1b1994ceab6d5862694c5f949', 'project_domain_id': 'default', 'roles': ['reader', 'member'], 'is_admin_project': True, 'service_user_id': None, 'service_user_domain_id': None, 'service_project_id': None, 'service_project_domain_id': None, 'service_roles': []} {{(pid=123552) authorize /opt/stack/nova/nova/policy.py:199}}
Feb 20 23:40:37.095514 dv-cinder-813221-6-iscsi devstack@n-api.service[123552]: INFO nova.api.openstack.requestlog [None req-84cb9f91-338e-462e-b802-6de21eab8f0c tempest-DeleteServersTestJSON-1032503653 tempest-DeleteServersTestJSON-1032503653-project] 10.222.0.37 "GET /compute/v2.1/servers/eae84388-f8bd-427e-ba90-6ebed0265f66" status: 200 len: 1315 microversion: 2.1 time: 1.406939
Feb 20 23:40:37.112602 dv-cinder-813221-6-iscsi devstack@n-api.service[123552]: [pid: 123552|app: 0|req: 12/26] 10.222.0.37 () {58 vars in 1235 bytes} [Sun Feb 20 23:40:35 2022] GET /compute/v2.1/servers/eae84388-f8bd-427e-ba90-6ebed0265f66 => generated 1315 bytes in 1424 msecs (HTTP/1.1 200) 9 headers in 358 bytes (2 switches on core 0)
Feb 20 23:40:38.125099 dv-cinder-813221-6-iscsi devstack@n-api.service[123552]: DEBUG nova.api.openstack.wsgi [None req-e9bc05ad-c805-4604-8be7-f290fcc05e70 tempest-DeleteServersTestJSON-1032503653 tempest-DeleteServersTestJSON-1032503653-project] Calling method '>' {{(pid=123552) _process_stack /opt/stack/nova/nova/api/openstack/wsgi.py:513}}
Feb 20 23:40:38.126249 dv-cinder-813221-6-iscsi devstack@n-api.service[123552]: DEBUG nova.compute.api [None req-e9bc05ad-c805-4604-8be7-f290fcc05e70 tempest-DeleteServersTestJSON-1032503653 tempest-DeleteServersTestJSON-1032503653-project] [instance: eae84388-f8bd-427e-ba90-6ebed0265f66] Fetching instance by UUID {{(pid=123552) get /opt/stack/nova/nova/compute/api.py:2865}}
Feb 20 23:40:38.178817 dv-cinder-813221-6-iscsi devstack@n-api.service[123552]: DEBUG oslo_concurrency.lockutils [None req-e9bc05ad-c805-4604-8be7-f290fcc05e70 tempest-DeleteServersTestJSON-1032503653 tempest-DeleteServersTestJSON-1032503653-project] Lock "a183ba80-a5bd-40c5-b919-28255a9bd8ab" acquired by "nova.context.set_target_cell..get_or_set_cached_cell_and_set_connections" :: waited 0.000s {{(pid=123552) inner /usr/local/lib/python3.8/dist-packages/oslo_concurrency/lockutils.py:386}}
Feb 20 23:40:38.179567 dv-cinder-813221-6-iscsi devstack@n-api.service[123552]: DEBUG oslo_concurrency.lockutils [None req-e9bc05ad-c805-4604-8be7-f290fcc05e70 tempest-DeleteServersTestJSON-1032503653 tempest-DeleteServersTestJSON-1032503653-project] Lock "a183ba80-a5bd-40c5-b919-28255a9bd8ab" "released" by "nova.context.set_target_cell..get_or_set_cached_cell_and_set_connections" :: held 0.001s {{(pid=123552) inner /usr/local/lib/python3.8/dist-packages/oslo_concurrency/lockutils.py:400}}
Feb 20 23:40:38.180944 dv-cinder-813221-6-iscsi devstack@n-api.service[123552]: DEBUG oslo_concurrency.lockutils [None req-e9bc05ad-c805-4604-8be7-f290fcc05e70 tempest-DeleteServersTestJSON-1032503653 tempest-DeleteServersTestJSON-1032503653-project] Lock "a183ba80-a5bd-40c5-b919-28255a9bd8ab" acquired by "nova.context.set_target_cell..get_or_set_cached_cell_and_set_connections" :: waited 0.000s {{(pid=123552) inner /usr/local/lib/python3.8/dist-packages/oslo_concurrency/lockutils.py:386}}
Feb 20 23:40:38.192977 dv-cinder-813221-6-iscsi devstack@n-api.service[123552]: DEBUG oslo_concurrency.lockutils [None req-e9bc05ad-c805-4604-8be7-f290fcc05e70 tempest-DeleteServersTestJSON-1032503653 tempest-DeleteServersTestJSON-1032503653-project] Lock "a183ba80-a5bd-40c5-b919-28255a9bd8ab" "released" by "nova.context.set_target_cell..get_or_set_cached_cell_and_set_connections" :: held 0.001s {{(pid=123552) inner /usr/local/lib/python3.8/dist-packages/oslo_concurrency/lockutils.py:400}}
Feb 20 23:40:38.968038 dv-cinder-813221-6-iscsi devstack@n-api.service[123551]: DEBUG nova.virt.hardware [None req-daed401c-9a3f-4178-baea-670bd36e42ee tempest-ServerRescueNegativeTestJSON-1780308556 tempest-ServerRescueNegativeTestJSON-1780308556-project] Flavor limits 0:0:0 {{(pid=123551) get_cpu_topology_constraints /opt/stack/nova/nova/virt/hardware.py:343}}
Feb 20 23:40:38.968038 dv-cinder-813221-6-iscsi devstack@n-api.service[123551]: DEBUG nova.virt.hardware [None req-daed401c-9a3f-4178-baea-670bd36e42ee tempest-ServerRescueNegativeTestJSON-1780308556 tempest-ServerRescueNegativeTestJSON-1780308556-project] Image limits 0:0:0 {{(pid=123551) get_cpu_topology_constraints /opt/stack/nova/nova/virt/hardware.py:347}}
Feb 20 23:40:38.968038 dv-cinder-813221-6-iscsi devstack@n-api.service[123551]: DEBUG nova.virt.hardware [None req-daed401c-9a3f-4178-baea-670bd36e42ee tempest-ServerRescueNegativeTestJSON-1780308556 tempest-ServerRescueNegativeTestJSON-1780308556-project] Flavor pref 0:0:0 {{(pid=123551) get_cpu_topology_constraints /opt/stack/nova/nova/virt/hardware.py:383}}
Feb 20 23:40:38.968038 dv-cinder-813221-6-iscsi devstack@n-api.service[123551]: DEBUG nova.virt.hardware [None req-daed401c-9a3f-4178-baea-670bd36e42ee tempest-ServerRescueNegativeTestJSON-1780308556 tempest-ServerRescueNegativeTestJSON-1780308556-project] Image pref 0:0:0 {{(pid=123551) get_cpu_topology_constraints /opt/stack/nova/nova/virt/hardware.py:387}}
Feb 20 23:40:38.968038 dv-cinder-813221-6-iscsi devstack@n-api.service[123551]: DEBUG nova.virt.hardware [None req-daed401c-9a3f-4178-baea-670bd36e42ee tempest-ServerRescueNegativeTestJSON-1780308556 tempest-ServerRescueNegativeTestJSON-1780308556-project] Chose sockets=0, cores=0, threads=0; limits were sockets=65536, cores=65536, threads=65536 {{(pid=123551) get_cpu_topology_constraints /opt/stack/nova/nova/virt/hardware.py:425}}
Feb 20 23:40:38.998136 dv-cinder-813221-6-iscsi devstack@n-api.service[123551]: DEBUG oslo_concurrency.lockutils [None req-daed401c-9a3f-4178-baea-670bd36e42ee tempest-ServerRescueNegativeTestJSON-1780308556 tempest-ServerRescueNegativeTestJSON-1780308556-project] Lock "00000000-0000-0000-0000-000000000000" acquired by "nova.context.set_target_cell..get_or_set_cached_cell_and_set_connections" :: waited 0.000s {{(pid=123551) inner /usr/local/lib/python3.8/dist-packages/oslo_concurrency/lockutils.py:386}}
Feb 20 23:40:38.999160 dv-cinder-813221-6-iscsi devstack@n-api.service[123551]: DEBUG oslo_concurrency.lockutils [None req-daed401c-9a3f-4178-baea-670bd36e42ee tempest-ServerRescueNegativeTestJSON-1780308556 tempest-ServerRescueNegativeTestJSON-1780308556-project] Lock "00000000-0000-0000-0000-000000000000" "released" by "nova.context.set_target_cell..get_or_set_cached_cell_and_set_connections" :: held 0.001s {{(pid=123551) inner /usr/local/lib/python3.8/dist-packages/oslo_concurrency/lockutils.py:400}}
Feb 20 23:40:39.001449 dv-cinder-813221-6-iscsi devstack@n-api.service[123551]: DEBUG oslo_concurrency.lockutils [None req-daed401c-9a3f-4178-baea-670bd36e42ee tempest-ServerRescueNegativeTestJSON-1780308556 tempest-ServerRescueNegativeTestJSON-1780308556-project] Lock "a183ba80-a5bd-40c5-b919-28255a9bd8ab" acquired by "nova.context.set_target_cell..get_or_set_cached_cell_and_set_connections" :: waited 0.000s {{(pid=123551) inner /usr/local/lib/python3.8/dist-packages/oslo_concurrency/lockutils.py:386}}
Feb 20 23:40:39.001964 dv-cinder-813221-6-iscsi devstack@n-api.service[123551]: DEBUG oslo_concurrency.lockutils [None req-daed401c-9a3f-4178-baea-670bd36e42ee tempest-ServerRescueNegativeTestJSON-1780308556 tempest-ServerRescueNegativeTestJSON-1780308556-project] Lock "a183ba80-a5bd-40c5-b919-28255a9bd8ab" "released" by "nova.context.set_target_cell..get_or_set_cached_cell_and_set_connections" :: held 0.002s {{(pid=123551) inner /usr/local/lib/python3.8/dist-packages/oslo_concurrency/lockutils.py:400}}
Feb 20 23:40:39.113832 dv-cinder-813221-6-iscsi devstack@n-api.service[123551]: DEBUG nova.quota [None req-daed401c-9a3f-4178-baea-670bd36e42ee tempest-ServerRescueNegativeTestJSON-1780308556 tempest-ServerRescueNegativeTestJSON-1780308556-project] Getting quotas for project 4ecf54992bda4161adedd76edf3cfbf2. Resources: {'cores', 'ram', 'instances'} {{(pid=123551) _get_quotas /opt/stack/nova/nova/quota.py:387}}
Feb 20 23:40:39.113832 dv-cinder-813221-6-iscsi devstack@n-api.service[123551]: DEBUG nova.quota [None req-daed401c-9a3f-4178-baea-670bd36e42ee tempest-ServerRescueNegativeTestJSON-1780308556 tempest-ServerRescueNegativeTestJSON-1780308556-project] Getting quotas for user 1f3ca96468134216bc194fdc1d75981c and project 4ecf54992bda4161adedd76edf3cfbf2. Resources: {'cores', 'ram', 'instances'} {{(pid=123551) _get_quotas /opt/stack/nova/nova/quota.py:377}}
Feb 20 23:40:39.113832 dv-cinder-813221-6-iscsi devstack@n-api.service[123551]: DEBUG nova.compute.api [None req-daed401c-9a3f-4178-baea-670bd36e42ee tempest-ServerRescueNegativeTestJSON-1780308556 tempest-ServerRescueNegativeTestJSON-1780308556-project] Going to run 1 instances... {{(pid=123551) _provision_instances /opt/stack/nova/nova/compute/api.py:1350}}
Feb 20 23:40:39.114319 dv-cinder-813221-6-iscsi devstack@n-api.service[123551]: DEBUG nova.compute.api [None req-daed401c-9a3f-4178-baea-670bd36e42ee tempest-ServerRescueNegativeTestJSON-1780308556 tempest-ServerRescueNegativeTestJSON-1780308556-project] [instance: ebed794e-3330-48d8-9c9c-f9bf9298164d] block_device_mapping [BlockDeviceMapping(attachment_id=,boot_index=0,connection_info=None,created_at=,delete_on_termination=True,deleted=,deleted_at=,destination_type='local',device_name=None,device_type='disk',disk_bus=None,guest_format=None,id=,image_id='7c3e5e07-0d92-4dbe-ad4e-8bdc70dfb2ca',instance=,instance_uuid=,no_device=False,snapshot_id=None,source_type='image',tag=None,updated_at=,uuid=,volume_id=None,volume_size=None,volume_type=None)] {{(pid=123551) _bdm_validate_set_size_and_instance /opt/stack/nova/nova/compute/api.py:1757}}
Feb 20 23:40:39.577496 dv-cinder-813221-6-iscsi devstack@n-api.service[123551]: INFO nova.api.openstack.requestlog [None req-daed401c-9a3f-4178-baea-670bd36e42ee tempest-ServerRescueNegativeTestJSON-1780308556 tempest-ServerRescueNegativeTestJSON-1780308556-project] 10.222.0.37 "POST /compute/v2.1/servers" status: 202 len: 383 microversion: 2.1 time: 4.214418
Feb 20 23:40:39.578153 dv-cinder-813221-6-iscsi devstack@n-api.service[123551]: [pid: 123551|app: 0|req: 15/27] 10.222.0.37 () {60 vars in 1146 bytes} [Sun Feb 20 23:40:35 2022] POST /compute/v2.1/servers => generated 383 bytes in 4216 msecs (HTTP/1.1 202) 10 headers in 451 bytes (1 switches on core 0)
Feb 20 23:40:39.613146 dv-cinder-813221-6-iscsi devstack@n-api.service[123551]: DEBUG nova.api.openstack.wsgi [None req-d419c185-7ea9-4ad3-a0da-067597459f68 tempest-ServerRescueNegativeTestJSON-1780308556 tempest-ServerRescueNegativeTestJSON-1780308556-project] Calling method '>' {{(pid=123551) _process_stack /opt/stack/nova/nova/api/openstack/wsgi.py:513}}
Feb 20 23:40:39.634046 dv-cinder-813221-6-iscsi devstack@n-api.service[123551]: DEBUG nova.compute.api [None req-d419c185-7ea9-4ad3-a0da-067597459f68 tempest-ServerRescueNegativeTestJSON-1780308556 tempest-ServerRescueNegativeTestJSON-1780308556-project] [instance: ebed794e-3330-48d8-9c9c-f9bf9298164d] Fetching instance by UUID {{(pid=123551) get /opt/stack/nova/nova/compute/api.py:2865}}
Feb 20 23:40:39.978280 dv-cinder-813221-6-iscsi devstack@n-api.service[123552]: DEBUG nova.policy [None req-e9bc05ad-c805-4604-8be7-f290fcc05e70 tempest-DeleteServersTestJSON-1032503653 tempest-DeleteServersTestJSON-1032503653-project] Policy check for os_compute_api:os-extended-server-attributes failed with credentials {'is_admin': False, 'user_id': '3b25d8462f674972bbf27fba17e54ecc', 'user_domain_id': 'default', 'system_scope': None, 'domain_id': None, 'project_id': '29b170c1b1994ceab6d5862694c5f949', 'project_domain_id': 'default', 'roles': ['reader', 'member'], 'is_admin_project': True, 'service_user_id': None, 'service_user_domain_id': None, 'service_project_id': None, 'service_project_domain_id': None, 'service_roles': []} {{(pid=123552) authorize /opt/stack/nova/nova/policy.py:199}}
Feb 20 23:40:39.993237 dv-cinder-813221-6-iscsi devstack@n-api.service[123552]: INFO nova.api.openstack.requestlog [None req-e9bc05ad-c805-4604-8be7-f290fcc05e70 tempest-DeleteServersTestJSON-1032503653 tempest-DeleteServersTestJSON-1032503653-project] 10.222.0.37 "GET /compute/v2.1/servers/eae84388-f8bd-427e-ba90-6ebed0265f66" status: 200 len: 1315 microversion: 2.1 time: 1.876923
Feb 20 23:40:39.998232 dv-cinder-813221-6-iscsi devstack@n-api.service[123552]: [pid: 123552|app: 0|req: 13/28] 10.222.0.37 () {58 vars in 1235 bytes} [Sun Feb 20 23:40:38 2022] GET /compute/v2.1/servers/eae84388-f8bd-427e-ba90-6ebed0265f66 => generated 1315 bytes in 1883 msecs (HTTP/1.1 200) 9 headers in 358 bytes (2 switches on core 0)
Feb 20 23:40:40.210982 dv-cinder-813221-6-iscsi devstack@n-api.service[123551]: DEBUG nova.policy [None req-d419c185-7ea9-4ad3-a0da-067597459f68 tempest-ServerRescueNegativeTestJSON-1780308556 tempest-ServerRescueNegativeTestJSON-1780308556-project] Policy check for os_compute_api:os-extended-server-attributes failed with credentials {'is_admin': False, 'user_id': '1f3ca96468134216bc194fdc1d75981c', 'user_domain_id': 'default', 'system_scope': None, 'domain_id': None, 'project_id': '4ecf54992bda4161adedd76edf3cfbf2', 'project_domain_id': 'default', 'roles': ['reader', 'member'], 'is_admin_project': True, 'service_user_id': None, 'service_user_domain_id': None, 'service_project_id': None, 'service_project_domain_id': None, 'service_roles': []} {{(pid=123551) authorize /opt/stack/nova/nova/policy.py:199}}
Feb 20 23:40:40.258304 dv-cinder-813221-6-iscsi devstack@n-api.service[123551]: INFO nova.api.openstack.requestlog [None req-d419c185-7ea9-4ad3-a0da-067597459f68 tempest-ServerRescueNegativeTestJSON-1780308556 tempest-ServerRescueNegativeTestJSON-1780308556-project] 10.222.0.37 "GET /compute/v2.1/servers/ebed794e-3330-48d8-9c9c-f9bf9298164d" status: 200 len: 1222 microversion: 2.1 time: 0.617549
Feb 20 23:40:40.273166 dv-cinder-813221-6-iscsi devstack@n-api.service[123551]: [pid: 123551|app: 0|req: 16/29] 10.222.0.37 () {58 vars in 1235 bytes} [Sun Feb 20 23:40:39 2022] GET /compute/v2.1/servers/ebed794e-3330-48d8-9c9c-f9bf9298164d => generated 1222 bytes in 667 msecs (HTTP/1.1 200) 9 headers in 358 bytes (1 switches on core 0)
Feb 20 23:40:40.987275 dv-cinder-813221-6-iscsi devstack@n-api.service[123552]: DEBUG nova.api.openstack.wsgi [None req-fb00cf48-5f24-4f1f-b8c1-74d3ca587921 tempest-AttachVolumeShelveTestJSON-261655416 tempest-AttachVolumeShelveTestJSON-261655416-project] Action: 'create', calling method: .version_select at 0x7faca05f5ca0>, body: {"keypair": {"name": "tempest-keypair-1925815506"}} {{(pid=123552) _process_stack /opt/stack/nova/nova/api/openstack/wsgi.py:511}}
Feb 20 23:40:41.015375 dv-cinder-813221-6-iscsi devstack@n-api.service[123551]: DEBUG nova.api.openstack.wsgi [None req-b9b3eb2a-987e-4e7d-a32c-cc75c7346c2c tempest-DeleteServersTestJSON-1032503653 tempest-DeleteServersTestJSON-1032503653-project] Calling method '>' {{(pid=123551) _process_stack /opt/stack/nova/nova/api/openstack/wsgi.py:513}}
Feb 20 23:40:41.016154 dv-cinder-813221-6-iscsi devstack@n-api.service[123551]: DEBUG nova.compute.api [None req-b9b3eb2a-987e-4e7d-a32c-cc75c7346c2c tempest-DeleteServersTestJSON-1032503653 tempest-DeleteServersTestJSON-1032503653-project] [instance: eae84388-f8bd-427e-ba90-6ebed0265f66] Fetching instance by UUID {{(pid=123551) get /opt/stack/nova/nova/compute/api.py:2865}}
Feb 20 23:40:41.034769 dv-cinder-813221-6-iscsi devstack@n-api.service[123551]: DEBUG oslo_concurrency.lockutils [None req-b9b3eb2a-987e-4e7d-a32c-cc75c7346c2c tempest-DeleteServersTestJSON-1032503653 tempest-DeleteServersTestJSON-1032503653-project] Lock "a183ba80-a5bd-40c5-b919-28255a9bd8ab" acquired by "nova.context.set_target_cell..get_or_set_cached_cell_and_set_connections" :: waited 0.000s {{(pid=123551) inner /usr/local/lib/python3.8/dist-packages/oslo_concurrency/lockutils.py:386}}
Feb 20 23:40:41.061081 dv-cinder-813221-6-iscsi devstack@n-api.service[123551]: DEBUG oslo_concurrency.lockutils [None req-b9b3eb2a-987e-4e7d-a32c-cc75c7346c2c tempest-DeleteServersTestJSON-1032503653 tempest-DeleteServersTestJSON-1032503653-project] Lock "a183ba80-a5bd-40c5-b919-28255a9bd8ab" "released" by "nova.context.set_target_cell..get_or_set_cached_cell_and_set_connections" :: held 0.001s {{(pid=123551) inner /usr/local/lib/python3.8/dist-packages/oslo_concurrency/lockutils.py:400}}
Feb 20 23:40:41.071969 dv-cinder-813221-6-iscsi devstack@n-api.service[123551]: DEBUG oslo_concurrency.lockutils [None req-b9b3eb2a-987e-4e7d-a32c-cc75c7346c2c tempest-DeleteServersTestJSON-1032503653 tempest-DeleteServersTestJSON-1032503653-project] Lock "a183ba80-a5bd-40c5-b919-28255a9bd8ab" acquired by "nova.context.set_target_cell..get_or_set_cached_cell_and_set_connections" :: waited 0.000s {{(pid=123551) inner /usr/local/lib/python3.8/dist-packages/oslo_concurrency/lockutils.py:386}}
Feb 20 23:40:41.080899 dv-cinder-813221-6-iscsi devstack@n-api.service[123551]: DEBUG oslo_concurrency.lockutils [None req-b9b3eb2a-987e-4e7d-a32c-cc75c7346c2c tempest-DeleteServersTestJSON-1032503653 tempest-DeleteServersTestJSON-1032503653-project] Lock "a183ba80-a5bd-40c5-b919-28255a9bd8ab" "released" by "nova.context.set_target_cell..get_or_set_cached_cell_and_set_connections" :: held 0.001s {{(pid=123551) inner /usr/local/lib/python3.8/dist-packages/oslo_concurrency/lockutils.py:400}}
Feb 20 23:40:41.270091 dv-cinder-813221-6-iscsi devstack@n-api.service[123552]: DEBUG nova.quota [None req-fb00cf48-5f24-4f1f-b8c1-74d3ca587921 tempest-AttachVolumeShelveTestJSON-261655416 tempest-AttachVolumeShelveTestJSON-261655416-project] Getting quotas for project 71217ce1f2824d06a3b07c9e12cb1a97. Resources: {'key_pairs'} {{(pid=123552) _get_quotas /opt/stack/nova/nova/quota.py:387}}
Feb 20 23:40:41.335126 dv-cinder-813221-6-iscsi devstack@n-api.service[123552]: DEBUG nova.quota [None req-fb00cf48-5f24-4f1f-b8c1-74d3ca587921 tempest-AttachVolumeShelveTestJSON-261655416 tempest-AttachVolumeShelveTestJSON-261655416-project] Getting quotas for user 0e37c46c5d4c467d859cf5b87489e237 and project 71217ce1f2824d06a3b07c9e12cb1a97. Resources: {'key_pairs'} {{(pid=123552) _get_quotas /opt/stack/nova/nova/quota.py:377}}
Feb 20 23:40:42.579398 dv-cinder-813221-6-iscsi devstack@n-api.service[123551]: DEBUG nova.policy [None req-b9b3eb2a-987e-4e7d-a32c-cc75c7346c2c tempest-DeleteServersTestJSON-1032503653 tempest-DeleteServersTestJSON-1032503653-project] Policy check for os_compute_api:os-extended-server-attributes failed with credentials {'is_admin': False, 'user_id': '3b25d8462f674972bbf27fba17e54ecc', 'user_domain_id': 'default', 'system_scope': None, 'domain_id': None, 'project_id': '29b170c1b1994ceab6d5862694c5f949', 'project_domain_id': 'default', 'roles': ['reader', 'member'], 'is_admin_project': True, 'service_user_id': None, 'service_user_domain_id': None, 'service_project_id': None, 'service_project_domain_id': None, 'service_roles': []} {{(pid=123551) authorize /opt/stack/nova/nova/policy.py:199}}
Feb 20 23:40:42.624727 dv-cinder-813221-6-iscsi devstack@n-api.service[123551]: INFO nova.api.openstack.requestlog [None req-b9b3eb2a-987e-4e7d-a32c-cc75c7346c2c tempest-DeleteServersTestJSON-1032503653 tempest-DeleteServersTestJSON-1032503653-project] 10.222.0.37 "GET /compute/v2.1/servers/eae84388-f8bd-427e-ba90-6ebed0265f66" status: 200 len: 1315 microversion: 2.1 time: 1.612741
Feb 20 23:40:42.667635 dv-cinder-813221-6-iscsi devstack@n-api.service[123551]: [pid: 123551|app: 0|req: 17/30] 10.222.0.37 () {58 vars in 1235 bytes} [Sun Feb 20 23:40:41 2022] GET /compute/v2.1/servers/eae84388-f8bd-427e-ba90-6ebed0265f66 => generated 1315 bytes in 1656 msecs (HTTP/1.1 200) 9 headers in 358 bytes (1 switches on core 0)
Feb 20 23:40:42.699147 dv-cinder-813221-6-iscsi devstack@n-api.service[123551]: DEBUG nova.api.openstack.wsgi [None req-72dfef02-e513-40df-a219-50d128ae95ce tempest-ServerRescueNegativeTestJSON-1780308556 tempest-ServerRescueNegativeTestJSON-1780308556-project] Action: 'create', calling method: >, body: {"server": {"name": "tempest-ServerRescueNegativeTestJSON-server-2017018899", "imageRef": "7c3e5e07-0d92-4dbe-ad4e-8bdc70dfb2ca", "flavorRef": "452", "adminPass": "***", "networks": [{"uuid": "}]}} {{(pid=123551) _process_stack /opt/stack/nova/nova/api/openstack/wsgi.py:511}}
Feb 20 23:40:42.901691 dv-cinder-813221-6-iscsi devstack@n-api.service[123551]: DEBUG nova.network.neutron [None req-72dfef02-e513-40df-a219-50d128ae95ce tempest-ServerRescueNegativeTestJSON-1780308556 tempest-ServerRescueNegativeTestJSON-1780308556-project] validate_networks() for [('045de685-a397-4057-b694-72b65c12b7c8', None, None, None, None, None)] {{(pid=123551) validate_networks /opt/stack/nova/nova/network/neutron.py:2633}}
Feb 20 23:40:43.027934 dv-cinder-813221-6-iscsi devstack@n-api.service[123552]: DEBUG nova.quota [None req-fb00cf48-5f24-4f1f-b8c1-74d3ca587921 tempest-AttachVolumeShelveTestJSON-261655416 tempest-AttachVolumeShelveTestJSON-261655416-project] Getting quotas for project 71217ce1f2824d06a3b07c9e12cb1a97. Resources: {'key_pairs'} {{(pid=123552) _get_quotas /opt/stack/nova/nova/quota.py:387}}
Feb 20 23:40:43.036445 dv-cinder-813221-6-iscsi devstack@n-api.service[123552]: DEBUG nova.quota [None req-fb00cf48-5f24-4f1f-b8c1-74d3ca587921 tempest-AttachVolumeShelveTestJSON-261655416 tempest-AttachVolumeShelveTestJSON-261655416-project] Getting quotas for user 0e37c46c5d4c467d859cf5b87489e237 and project 71217ce1f2824d06a3b07c9e12cb1a97. Resources: {'key_pairs'} {{(pid=123552) _get_quotas /opt/stack/nova/nova/quota.py:377}}
Feb 20 23:40:43.075690 dv-cinder-813221-6-iscsi devstack@n-api.service[123552]: INFO nova.api.openstack.requestlog [None req-fb00cf48-5f24-4f1f-b8c1-74d3ca587921 tempest-AttachVolumeShelveTestJSON-261655416 tempest-AttachVolumeShelveTestJSON-261655416-project] 10.222.0.37 "POST /compute/v2.1/os-keypairs" status: 201 len: 2320 microversion: 2.20 time: 3.076035
Feb 20 23:40:43.078963 dv-cinder-813221-6-iscsi devstack@n-api.service[123552]: [pid: 123552|app: 0|req: 14/31] 10.222.0.37 () {62 vars in 1198 bytes} [Sun Feb 20 23:40:39 2022] POST /compute/v2.1/os-keypairs => generated 2320 bytes in 3080 msecs (HTTP/1.1 201) 9 headers in 365 bytes (1 switches on core 0)
Feb 20 23:40:43.098443 dv-cinder-813221-6-iscsi devstack@n-api.service[123552]: DEBUG nova.api.openstack.wsgi [None req-190afa92-6353-47c5-83f3-b3b1737c0855 tempest-AttachVolumeTestJSON-642056324 tempest-AttachVolumeTestJSON-642056324-project] Action: 'create', calling method: >, body: {"server": {"name": "tempest-AttachVolumeTestJSON-server-167634400", "imageRef": "7c3e5e07-0d92-4dbe-ad4e-8bdc70dfb2ca", "flavorRef": "452", "adminPass": "***", "networks": [{"uuid": "670c1c1c-cc9c-4c79-9476-1429c1cf5ebf"}], "security_groups": [{"name": "tempest-securitygroup--694116812"}], "key_name": "tempest-keypair-768437303", "user_data": "}} {{(pid=123552) _process_stack /opt/stack/nova/nova/api/openstack/wsgi.py:511}}
Feb 20 23:40:43.937035 dv-cinder-813221-6-iscsi devstack@n-api.service[123552]: DEBUG nova.network.neutron [None req-190afa92-6353-47c5-83f3-b3b1737c0855 tempest-AttachVolumeTestJSON-642056324 tempest-AttachVolumeTestJSON-642056324-project] validate_networks() for [('670c1c1c-cc9c-4c79-9476-1429c1cf5ebf', None, None, None, None, None)] {{(pid=123552) validate_networks /opt/stack/nova/nova/network/neutron.py:2633}}
Feb 20 23:40:46.392727 dv-cinder-813221-6-iscsi devstack@n-api.service[123551]: DEBUG nova.virt.hardware [None req-72dfef02-e513-40df-a219-50d128ae95ce tempest-ServerRescueNegativeTestJSON-1780308556 tempest-ServerRescueNegativeTestJSON-1780308556-project] Flavor limits 0:0:0 {{(pid=123551) get_cpu_topology_constraints /opt/stack/nova/nova/virt/hardware.py:343}}
Feb 20 23:40:46.393985 dv-cinder-813221-6-iscsi devstack@n-api.service[123551]: DEBUG nova.virt.hardware [None req-72dfef02-e513-40df-a219-50d128ae95ce tempest-ServerRescueNegativeTestJSON-1780308556 tempest-ServerRescueNegativeTestJSON-1780308556-project] Image limits 0:0:0 {{(pid=123551) get_cpu_topology_constraints /opt/stack/nova/nova/virt/hardware.py:347}}
Feb 20 23:40:46.394645 dv-cinder-813221-6-iscsi devstack@n-api.service[123551]: DEBUG nova.virt.hardware [None req-72dfef02-e513-40df-a219-50d128ae95ce tempest-ServerRescueNegativeTestJSON-1780308556 tempest-ServerRescueNegativeTestJSON-1780308556-project] Flavor pref 0:0:0 {{(pid=123551) get_cpu_topology_constraints /opt/stack/nova/nova/virt/hardware.py:383}}
Feb 20 23:40:46.396025 dv-cinder-813221-6-iscsi devstack@n-api.service[123551]: DEBUG nova.virt.hardware [None req-72dfef02-e513-40df-a219-50d128ae95ce tempest-ServerRescueNegativeTestJSON-1780308556 tempest-ServerRescueNegativeTestJSON-1780308556-project] Image pref 0:0:0 {{(pid=123551) get_cpu_topology_constraints /opt/stack/nova/nova/virt/hardware.py:387}}
Feb 20 23:40:46.396867 dv-cinder-813221-6-iscsi devstack@n-api.service[123551]: DEBUG nova.virt.hardware [None req-72dfef02-e513-40df-a219-50d128ae95ce tempest-ServerRescueNegativeTestJSON-1780308556 tempest-ServerRescueNegativeTestJSON-1780308556-project] Chose sockets=0, cores=0, threads=0; limits were sockets=65536, cores=65536, threads=65536 {{(pid=123551) get_cpu_topology_constraints /opt/stack/nova/nova/virt/hardware.py:425}}
Feb 20 23:40:46.423483 dv-cinder-813221-6-iscsi devstack@n-api.service[123551]: DEBUG oslo_concurrency.lockutils [None req-72dfef02-e513-40df-a219-50d128ae95ce tempest-ServerRescueNegativeTestJSON-1780308556 tempest-ServerRescueNegativeTestJSON-1780308556-project] Lock "00000000-0000-0000-0000-000000000000" acquired by "nova.context.set_target_cell..get_or_set_cached_cell_and_set_connections" :: waited 0.000s {{(pid=123551) inner /usr/local/lib/python3.8/dist-packages/oslo_concurrency/lockutils.py:386}}
