Feb 20 23:39:40.029000 dv-cinder-813221-6-iscsi devstack@n-api.service[123551]: DEBUG nova.api.openstack.wsgi_app [-] oslo_messaging_rabbit.rabbit_retry_backoff = 2 {{(pid=123551) log_opt_values /usr/local/lib/python3.8/dist-packages/oslo_config/cfg.py:2609}}
Feb 20 23:39:40.029335 dv-cinder-813221-6-iscsi devstack@n-api.service[123551]: DEBUG nova.api.openstack.wsgi_app [-] oslo_messaging_rabbit.rabbit_retry_interval = 1 {{(pid=123551) log_opt_values /usr/local/lib/python3.8/dist-packages/oslo_config/cfg.py:2609}}
Feb 20 23:39:40.029650 dv-cinder-813221-6-iscsi devstack@n-api.service[123551]: DEBUG nova.api.openstack.wsgi_app [-] oslo_messaging_rabbit.rabbit_transient_queues_ttl = 1800 {{(pid=123551) log_opt_values /usr/local/lib/python3.8/dist-packages/oslo_config/cfg.py:2609}}
Feb 20 23:39:40.029979 dv-cinder-813221-6-iscsi devstack@n-api.service[123551]: DEBUG nova.api.openstack.wsgi_app [-] oslo_messaging_rabbit.rpc_conn_pool_size = 30 {{(pid=123551) log_opt_values /usr/local/lib/python3.8/dist-packages/oslo_config/cfg.py:2609}}
Feb 20 23:39:40.030308 dv-cinder-813221-6-iscsi devstack@n-api.service[123551]: DEBUG nova.api.openstack.wsgi_app [-] oslo_messaging_rabbit.ssl = False {{(pid=123551) log_opt_values /usr/local/lib/python3.8/dist-packages/oslo_config/cfg.py:2609}}
Feb 20 23:39:40.030646 dv-cinder-813221-6-iscsi devstack@n-api.service[123551]: DEBUG nova.api.openstack.wsgi_app [-] oslo_messaging_rabbit.ssl_ca_file = {{(pid=123551) log_opt_values /usr/local/lib/python3.8/dist-packages/oslo_config/cfg.py:2609}}
Feb 20 23:39:40.030984 dv-cinder-813221-6-iscsi devstack@n-api.service[123551]: DEBUG nova.api.openstack.wsgi_app [-] oslo_messaging_rabbit.ssl_cert_file = {{(pid=123551) log_opt_values /usr/local/lib/python3.8/dist-packages/oslo_config/cfg.py:2609}}
Feb 20 23:39:40.031322 dv-cinder-813221-6-iscsi devstack@n-api.service[123551]: DEBUG nova.api.openstack.wsgi_app [-] oslo_messaging_rabbit.ssl_key_file = {{(pid=123551) log_opt_values /usr/local/lib/python3.8/dist-packages/oslo_config/cfg.py:2609}}
Feb 20 23:39:40.031660 dv-cinder-813221-6-iscsi devstack@n-api.service[123551]: DEBUG nova.api.openstack.wsgi_app [-] oslo_messaging_rabbit.ssl_version = {{(pid=123551) log_opt_values /usr/local/lib/python3.8/dist-packages/oslo_config/cfg.py:2609}}
Feb 20 23:39:40.032021 dv-cinder-813221-6-iscsi devstack@n-api.service[123551]: DEBUG nova.api.openstack.wsgi_app [-] oslo_messaging_notifications.driver = ['messagingv2'] {{(pid=123551) log_opt_values /usr/local/lib/python3.8/dist-packages/oslo_config/cfg.py:2609}}
Feb 20 23:39:40.032348 dv-cinder-813221-6-iscsi devstack@n-api.service[123551]: DEBUG nova.api.openstack.wsgi_app [-] oslo_messaging_notifications.retry = -1 {{(pid=123551) log_opt_values /usr/local/lib/python3.8/dist-packages/oslo_config/cfg.py:2609}}
Feb 20 23:39:40.032737 dv-cinder-813221-6-iscsi devstack@n-api.service[123551]: DEBUG nova.api.openstack.wsgi_app [-] oslo_messaging_notifications.topics = ['notifications'] {{(pid=123551) log_opt_values /usr/local/lib/python3.8/dist-packages/oslo_config/cfg.py:2609}}
Feb 20 23:39:40.033069 dv-cinder-813221-6-iscsi devstack@n-api.service[123551]: DEBUG nova.api.openstack.wsgi_app [-] oslo_messaging_notifications.transport_url = **** {{(pid=123551) log_opt_values /usr/local/lib/python3.8/dist-packages/oslo_config/cfg.py:2609}}
Feb 20 23:39:40.033395 dv-cinder-813221-6-iscsi devstack@n-api.service[123551]: DEBUG nova.api.openstack.wsgi_app [-] oslo_reports.file_event_handler = None {{(pid=123551) log_opt_values /usr/local/lib/python3.8/dist-packages/oslo_config/cfg.py:2609}}
Feb 20 23:39:40.033897 dv-cinder-813221-6-iscsi devstack@n-api.service[123551]: DEBUG nova.api.openstack.wsgi_app [-] oslo_reports.file_event_handler_interval = 1 {{(pid=123551) log_opt_values /usr/local/lib/python3.8/dist-packages/oslo_config/cfg.py:2609}}
Feb 20 23:39:40.034370 dv-cinder-813221-6-iscsi devstack@n-api.service[123551]: DEBUG nova.api.openstack.wsgi_app [-] oslo_reports.log_dir = None {{(pid=123551) log_opt_values /usr/local/lib/python3.8/dist-packages/oslo_config/cfg.py:2609}}
Feb 20 23:39:40.034785 dv-cinder-813221-6-iscsi devstack@n-api.service[123551]: DEBUG nova.api.openstack.wsgi_app [-] ******************************************************************************** {{(pid=123551) log_opt_values /usr/local/lib/python3.8/dist-packages/oslo_config/cfg.py:2613}}
Feb 20 23:39:40.058372 dv-cinder-813221-6-iscsi devstack@n-api.service[123551]: DEBUG oslo_db.sqlalchemy.engines [None req-53747dc6-fc0a-4e24-b282-0720fa2480cd None None] MySQL server mode set to STRICT_TRANS_TABLES,STRICT_ALL_TABLES,NO_ZERO_IN_DATE,NO_ZERO_DATE,ERROR_FOR_DIVISION_BY_ZERO,TRADITIONAL,NO_ENGINE_SUBSTITUTION {{(pid=123551) _check_effective_sql_mode /usr/local/lib/python3.8/dist-packages/oslo_db/sqlalchemy/engines.py:314}}
Feb 20 23:39:40.124741 dv-cinder-813221-6-iscsi devstack@n-api.service[123551]: DEBUG nova.context [None req-53747dc6-fc0a-4e24-b282-0720fa2480cd None None] Found 2 cells: 00000000-0000-0000-0000-000000000000(cell0),a183ba80-a5bd-40c5-b919-28255a9bd8ab(cell1) {{(pid=123551) load_cells /opt/stack/nova/nova/context.py:464}}
Feb 20 23:39:40.129029 dv-cinder-813221-6-iscsi devstack@n-api.service[123551]: DEBUG oslo_concurrency.lockutils [None req-53747dc6-fc0a-4e24-b282-0720fa2480cd None None] Lock "00000000-0000-0000-0000-000000000000" acquired by "nova.context.set_target_cell..get_or_set_cached_cell_and_set_connections" :: waited 0.000s {{(pid=123551) inner /usr/local/lib/python3.8/dist-packages/oslo_concurrency/lockutils.py:386}}
Feb 20 23:39:40.130615 dv-cinder-813221-6-iscsi devstack@n-api.service[123551]: DEBUG oslo_concurrency.lockutils [None req-53747dc6-fc0a-4e24-b282-0720fa2480cd None None] Lock "00000000-0000-0000-0000-000000000000" "released" by "nova.context.set_target_cell..get_or_set_cached_cell_and_set_connections" :: held 0.002s {{(pid=123551) inner /usr/local/lib/python3.8/dist-packages/oslo_concurrency/lockutils.py:400}}
Feb 20 23:39:40.131451 dv-cinder-813221-6-iscsi devstack@n-api.service[123551]: DEBUG oslo_concurrency.lockutils [None req-53747dc6-fc0a-4e24-b282-0720fa2480cd None None] Lock "a183ba80-a5bd-40c5-b919-28255a9bd8ab" acquired by "nova.context.set_target_cell..get_or_set_cached_cell_and_set_connections" :: waited 0.000s {{(pid=123551) inner /usr/local/lib/python3.8/dist-packages/oslo_concurrency/lockutils.py:386}}
Feb 20 23:39:40.133603 dv-cinder-813221-6-iscsi devstack@n-api.service[123551]: DEBUG oslo_concurrency.lockutils [None req-53747dc6-fc0a-4e24-b282-0720fa2480cd None None] Lock "a183ba80-a5bd-40c5-b919-28255a9bd8ab" "released" by "nova.context.set_target_cell..get_or_set_cached_cell_and_set_connections" :: held 0.002s {{(pid=123551) inner /usr/local/lib/python3.8/dist-packages/oslo_concurrency/lockutils.py:400}}
Feb 20 23:39:40.138384 dv-cinder-813221-6-iscsi devstack@n-api.service[123552]: DEBUG oslo_db.sqlalchemy.engines [None req-cab5ffa3-ad7b-4e40-9df7-dc46841e1b15 None None] MySQL server mode set to STRICT_TRANS_TABLES,STRICT_ALL_TABLES,NO_ZERO_IN_DATE,NO_ZERO_DATE,ERROR_FOR_DIVISION_BY_ZERO,TRADITIONAL,NO_ENGINE_SUBSTITUTION {{(pid=123552) _check_effective_sql_mode /usr/local/lib/python3.8/dist-packages/oslo_db/sqlalchemy/engines.py:314}}
Feb 20 23:39:40.144605 dv-cinder-813221-6-iscsi devstack@n-api.service[123551]: DEBUG oslo_db.sqlalchemy.engines [None req-53747dc6-fc0a-4e24-b282-0720fa2480cd None None] MySQL server mode set to STRICT_TRANS_TABLES,STRICT_ALL_TABLES,NO_ZERO_IN_DATE,NO_ZERO_DATE,ERROR_FOR_DIVISION_BY_ZERO,TRADITIONAL,NO_ENGINE_SUBSTITUTION {{(pid=123551) _check_effective_sql_mode /usr/local/lib/python3.8/dist-packages/oslo_db/sqlalchemy/engines.py:314}}
Feb 20 23:39:40.145483 dv-cinder-813221-6-iscsi devstack@n-api.service[123551]: DEBUG oslo_db.sqlalchemy.engines [None req-53747dc6-fc0a-4e24-b282-0720fa2480cd None None] MySQL server mode set to STRICT_TRANS_TABLES,STRICT_ALL_TABLES,NO_ZERO_IN_DATE,NO_ZERO_DATE,ERROR_FOR_DIVISION_BY_ZERO,TRADITIONAL,NO_ENGINE_SUBSTITUTION {{(pid=123551) _check_effective_sql_mode /usr/local/lib/python3.8/dist-packages/oslo_db/sqlalchemy/engines.py:314}}
Feb 20 23:39:40.308285 dv-cinder-813221-6-iscsi devstack@n-api.service[123551]: DEBUG oslo_db.sqlalchemy.engines [None req-53747dc6-fc0a-4e24-b282-0720fa2480cd None None] MySQL server mode set to STRICT_TRANS_TABLES,STRICT_ALL_TABLES,NO_ZERO_IN_DATE,NO_ZERO_DATE,ERROR_FOR_DIVISION_BY_ZERO,TRADITIONAL,NO_ENGINE_SUBSTITUTION {{(pid=123551) _check_effective_sql_mode /usr/local/lib/python3.8/dist-packages/oslo_db/sqlalchemy/engines.py:314}}
Feb 20 23:39:40.464294 dv-cinder-813221-6-iscsi devstack@n-api.service[123552]: WARNING keystonemiddleware.auth_token [None req-cab5ffa3-ad7b-4e40-9df7-dc46841e1b15 None None] AuthToken middleware is set with keystone_authtoken.service_token_roles_required set to False. This is backwards compatible but deprecated behaviour. Please set this to True.
Feb 20 23:39:40.470962 dv-cinder-813221-6-iscsi devstack@n-api.service[123552]: WARNING keystonemiddleware.auth_token [None req-cab5ffa3-ad7b-4e40-9df7-dc46841e1b15 None None] Configuring www_authenticate_uri to point to the public identity endpoint is required; clients may not be able to authenticate against an admin endpoint
Feb 20 23:39:40.637081 dv-cinder-813221-6-iscsi devstack@n-api.service[123551]: WARNING keystonemiddleware.auth_token [None req-53747dc6-fc0a-4e24-b282-0720fa2480cd None None] AuthToken middleware is set with keystone_authtoken.service_token_roles_required set to False. This is backwards compatible but deprecated behaviour. Please set this to True.
Feb 20 23:39:40.643636 dv-cinder-813221-6-iscsi devstack@n-api.service[123551]: WARNING keystonemiddleware.auth_token [None req-53747dc6-fc0a-4e24-b282-0720fa2480cd None None] Configuring www_authenticate_uri to point to the public identity endpoint is required; clients may not be able to authenticate against an admin endpoint
Feb 20 23:39:40.812242 dv-cinder-813221-6-iscsi devstack@n-api.service[123552]: WARNING keystonemiddleware.auth_token [None req-cab5ffa3-ad7b-4e40-9df7-dc46841e1b15 None None] AuthToken middleware is set with keystone_authtoken.service_token_roles_required set to False. This is backwards compatible but deprecated behaviour. Please set this to True.
Feb 20 23:39:40.817436 dv-cinder-813221-6-iscsi devstack@n-api.service[123552]: WARNING keystonemiddleware.auth_token [None req-cab5ffa3-ad7b-4e40-9df7-dc46841e1b15 None None] Configuring www_authenticate_uri to point to the public identity endpoint is required; clients may not be able to authenticate against an admin endpoint
Feb 20 23:39:40.823362 dv-cinder-813221-6-iscsi devstack@n-api.service[123552]: WSGI app 0 (mountpoint='') ready in 5 seconds on interpreter 0x5639970109c0 pid: 123552 (default app)
Feb 20 23:39:40.983028 dv-cinder-813221-6-iscsi devstack@n-api.service[123551]: WARNING keystonemiddleware.auth_token [None req-53747dc6-fc0a-4e24-b282-0720fa2480cd None None] AuthToken middleware is set with keystone_authtoken.service_token_roles_required set to False. This is backwards compatible but deprecated behaviour. Please set this to True.
Feb 20 23:39:40.988235 dv-cinder-813221-6-iscsi devstack@n-api.service[123551]: WARNING keystonemiddleware.auth_token [None req-53747dc6-fc0a-4e24-b282-0720fa2480cd None None] Configuring www_authenticate_uri to point to the public identity endpoint is required; clients may not be able to authenticate against an admin endpoint
Feb 20 23:39:40.994287 dv-cinder-813221-6-iscsi devstack@n-api.service[123551]: WSGI app 0 (mountpoint='') ready in 5 seconds on interpreter 0x5639970109c0 pid: 123551 (default app)
Feb 20 23:40:19.785215 dv-cinder-813221-6-iscsi devstack@n-api.service[123552]: DEBUG nova.api.openstack.wsgi [None req-7581f903-bb01-46f4-8f0b-4f77539969a0 tempest-VolumesGetTestJSON-424493226 tempest-VolumesGetTestJSON-424493226-project] Action: 'create', calling method: .version_select at 0x7faca08740d0>, body: {"volume": {"size": 1, "display_name": "tempest-VolumesGetTestJSON-Volume-1078287510", "metadata": {"Type": "work"}}} {{(pid=123552) _process_stack /opt/stack/nova/nova/api/openstack/wsgi.py:511}}
Feb 20 23:40:22.613724 dv-cinder-813221-6-iscsi devstack@n-api.service[123551]: DEBUG nova.api.openstack.wsgi [None req-cd519dbe-9ac8-475d-964f-025c650388c5 tempest-DeleteServersTestJSON-1032503653 tempest-DeleteServersTestJSON-1032503653-project] Action: 'create', calling method: >, body: {"server": {"name": "tempest-DeleteServersTestJSON-server-1920435539", "imageRef": "7c3e5e07-0d92-4dbe-ad4e-8bdc70dfb2ca", "flavorRef": "452", "networks": [{"uuid": "5517c1c7-d07f-4fbb-94dd-58daef8601f1"}]}} {{(pid=123551) _process_stack /opt/stack/nova/nova/api/openstack/wsgi.py:511}}
Feb 20 23:40:22.784819 dv-cinder-813221-6-iscsi devstack@n-api.service[123552]: INFO nova.api.openstack.requestlog [None req-7581f903-bb01-46f4-8f0b-4f77539969a0 tempest-VolumesGetTestJSON-424493226 tempest-VolumesGetTestJSON-424493226-project] 10.222.0.37 "POST /compute/v2.1/os-volumes" status: 200 len: 353 microversion: 2.1 time: 4.738116
Feb 20 23:40:22.785733 dv-cinder-813221-6-iscsi devstack@n-api.service[123552]: [pid: 123552|app: 0|req: 1/1] 10.222.0.37 () {60 vars in 1155 bytes} [Sun Feb 20 23:40:18 2022] POST /compute/v2.1/os-volumes => generated 353 bytes in 4740 msecs (HTTP/1.1 200) 10 headers in 448 bytes (1 switches on core 0)
Feb 20 23:40:22.799617 dv-cinder-813221-6-iscsi devstack@n-api.service[123552]: DEBUG nova.api.openstack.wsgi [None req-fc1f7d4e-f25e-45a2-9382-c30c96155e51 tempest-VolumesGetTestJSON-424493226 tempest-VolumesGetTestJSON-424493226-project] Calling method '.version_select at 0x7faca0737ca0>' {{(pid=123552) _process_stack /opt/stack/nova/nova/api/openstack/wsgi.py:513}}
Feb 20 23:40:23.007691 dv-cinder-813221-6-iscsi devstack@n-api.service[123551]: DEBUG nova.network.neutron [None req-cd519dbe-9ac8-475d-964f-025c650388c5 tempest-DeleteServersTestJSON-1032503653 tempest-DeleteServersTestJSON-1032503653-project] validate_networks() for [('5517c1c7-d07f-4fbb-94dd-58daef8601f1', None, None, None, None, None)] {{(pid=123551) validate_networks /opt/stack/nova/nova/network/neutron.py:2633}}
Feb 20 23:40:24.088585 dv-cinder-813221-6-iscsi devstack@n-api.service[123552]: INFO nova.api.openstack.requestlog [None req-fc1f7d4e-f25e-45a2-9382-c30c96155e51 tempest-VolumesGetTestJSON-424493226 tempest-VolumesGetTestJSON-424493226-project] 10.222.0.37 "GET /compute/v2.1/os-volumes/50bb1969-f9f7-4cc3-bd62-8731c39083e0" status: 200 len: 353 microversion: 2.1 time: 1.288184
Feb 20 23:40:24.088585 dv-cinder-813221-6-iscsi devstack@n-api.service[123552]: [pid: 123552|app: 0|req: 2/2] 10.222.0.37 () {58 vars in 1244 bytes} [Sun Feb 20 23:40:22 2022] GET /compute/v2.1/os-volumes/50bb1969-f9f7-4cc3-bd62-8731c39083e0 => generated 353 bytes in 1290 msecs (HTTP/1.1 200) 9 headers in 357 bytes (1 switches on core 0)
Feb 20 23:40:24.621548 dv-cinder-813221-6-iscsi devstack@n-api.service[123551]: DEBUG nova.virt.hardware [None req-cd519dbe-9ac8-475d-964f-025c650388c5 tempest-DeleteServersTestJSON-1032503653 tempest-DeleteServersTestJSON-1032503653-project] Flavor limits 0:0:0 {{(pid=123551) get_cpu_topology_constraints /opt/stack/nova/nova/virt/hardware.py:343}}
Feb 20 23:40:24.622620 dv-cinder-813221-6-iscsi devstack@n-api.service[123551]: DEBUG nova.virt.hardware [None req-cd519dbe-9ac8-475d-964f-025c650388c5 tempest-DeleteServersTestJSON-1032503653 tempest-DeleteServersTestJSON-1032503653-project] Image limits 0:0:0 {{(pid=123551) get_cpu_topology_constraints /opt/stack/nova/nova/virt/hardware.py:347}}
Feb 20 23:40:24.623400 dv-cinder-813221-6-iscsi devstack@n-api.service[123551]: DEBUG nova.virt.hardware [None req-cd519dbe-9ac8-475d-964f-025c650388c5 tempest-DeleteServersTestJSON-1032503653 tempest-DeleteServersTestJSON-1032503653-project] Flavor pref 0:0:0 {{(pid=123551) get_cpu_topology_constraints /opt/stack/nova/nova/virt/hardware.py:383}}
Feb 20 23:40:24.623814 dv-cinder-813221-6-iscsi devstack@n-api.service[123551]: DEBUG nova.virt.hardware [None req-cd519dbe-9ac8-475d-964f-025c650388c5 tempest-DeleteServersTestJSON-1032503653 tempest-DeleteServersTestJSON-1032503653-project] Image pref 0:0:0 {{(pid=123551) get_cpu_topology_constraints /opt/stack/nova/nova/virt/hardware.py:387}}
Feb 20 23:40:24.624412 dv-cinder-813221-6-iscsi devstack@n-api.service[123551]: DEBUG nova.virt.hardware [None req-cd519dbe-9ac8-475d-964f-025c650388c5 tempest-DeleteServersTestJSON-1032503653 tempest-DeleteServersTestJSON-1032503653-project] Chose sockets=0, cores=0, threads=0; limits were sockets=65536, cores=65536, threads=65536 {{(pid=123551) get_cpu_topology_constraints /opt/stack/nova/nova/virt/hardware.py:425}}
Feb 20 23:40:24.638982 dv-cinder-813221-6-iscsi devstack@n-api.service[123551]: DEBUG oslo_concurrency.lockutils [None req-cd519dbe-9ac8-475d-964f-025c650388c5 tempest-DeleteServersTestJSON-1032503653 tempest-DeleteServersTestJSON-1032503653-project] Lock "00000000-0000-0000-0000-000000000000" acquired by "nova.context.set_target_cell..get_or_set_cached_cell_and_set_connections" :: waited 0.000s {{(pid=123551) inner /usr/local/lib/python3.8/dist-packages/oslo_concurrency/lockutils.py:386}}
Feb 20 23:40:24.639347 dv-cinder-813221-6-iscsi devstack@n-api.service[123551]: DEBUG oslo_concurrency.lockutils [None req-cd519dbe-9ac8-475d-964f-025c650388c5 tempest-DeleteServersTestJSON-1032503653 tempest-DeleteServersTestJSON-1032503653-project] Lock "00000000-0000-0000-0000-000000000000" "released" by "nova.context.set_target_cell..get_or_set_cached_cell_and_set_connections" :: held 0.001s {{(pid=123551) inner /usr/local/lib/python3.8/dist-packages/oslo_concurrency/lockutils.py:400}}
Feb 20 23:40:24.640160 dv-cinder-813221-6-iscsi devstack@n-api.service[123551]: DEBUG oslo_concurrency.lockutils [None req-cd519dbe-9ac8-475d-964f-025c650388c5 tempest-DeleteServersTestJSON-1032503653 tempest-DeleteServersTestJSON-1032503653-project] Lock "a183ba80-a5bd-40c5-b919-28255a9bd8ab" acquired by "nova.context.set_target_cell..get_or_set_cached_cell_and_set_connections" :: waited 0.000s {{(pid=123551) inner /usr/local/lib/python3.8/dist-packages/oslo_concurrency/lockutils.py:386}}
Feb 20 23:40:24.640599 dv-cinder-813221-6-iscsi devstack@n-api.service[123551]: DEBUG oslo_concurrency.lockutils [None req-cd519dbe-9ac8-475d-964f-025c650388c5 tempest-DeleteServersTestJSON-1032503653 tempest-DeleteServersTestJSON-1032503653-project] Lock "a183ba80-a5bd-40c5-b919-28255a9bd8ab" "released" by "nova.context.set_target_cell..get_or_set_cached_cell_and_set_connections" :: held 0.000s {{(pid=123551) inner /usr/local/lib/python3.8/dist-packages/oslo_concurrency/lockutils.py:400}}
Feb 20 23:40:24.677570 dv-cinder-813221-6-iscsi devstack@n-api.service[123551]: DEBUG nova.quota [None req-cd519dbe-9ac8-475d-964f-025c650388c5 tempest-DeleteServersTestJSON-1032503653 tempest-DeleteServersTestJSON-1032503653-project] Getting quotas for project 29b170c1b1994ceab6d5862694c5f949. Resources: {'cores', 'ram', 'instances'} {{(pid=123551) _get_quotas /opt/stack/nova/nova/quota.py:387}}
Feb 20 23:40:24.684511 dv-cinder-813221-6-iscsi devstack@n-api.service[123551]: DEBUG nova.quota [None req-cd519dbe-9ac8-475d-964f-025c650388c5 tempest-DeleteServersTestJSON-1032503653 tempest-DeleteServersTestJSON-1032503653-project] Getting quotas for user 3b25d8462f674972bbf27fba17e54ecc and project 29b170c1b1994ceab6d5862694c5f949. Resources: {'cores', 'ram', 'instances'} {{(pid=123551) _get_quotas /opt/stack/nova/nova/quota.py:377}}
Feb 20 23:40:24.706393 dv-cinder-813221-6-iscsi devstack@n-api.service[123551]: DEBUG nova.compute.api [None req-cd519dbe-9ac8-475d-964f-025c650388c5 tempest-DeleteServersTestJSON-1032503653 tempest-DeleteServersTestJSON-1032503653-project] Going to run 1 instances... {{(pid=123551) _provision_instances /opt/stack/nova/nova/compute/api.py:1350}}
Feb 20 23:40:24.706393 dv-cinder-813221-6-iscsi devstack@n-api.service[123551]: DEBUG nova.compute.api [None req-cd519dbe-9ac8-475d-964f-025c650388c5 tempest-DeleteServersTestJSON-1032503653 tempest-DeleteServersTestJSON-1032503653-project] [instance: eae84388-f8bd-427e-ba90-6ebed0265f66] block_device_mapping [BlockDeviceMapping(attachment_id=,boot_index=0,connection_info=None,created_at=,delete_on_termination=True,deleted=,deleted_at=,destination_type='local',device_name=None,device_type='disk',disk_bus=None,guest_format=None,id=,image_id='7c3e5e07-0d92-4dbe-ad4e-8bdc70dfb2ca',instance=,instance_uuid=,no_device=False,snapshot_id=None,source_type='image',tag=None,updated_at=,uuid=,volume_id=None,volume_size=None,volume_type=None)] {{(pid=123551) _bdm_validate_set_size_and_instance /opt/stack/nova/nova/compute/api.py:1757}}
Feb 20 23:40:24.854968 dv-cinder-813221-6-iscsi devstack@n-api.service[123551]: INFO nova.api.openstack.requestlog [None req-cd519dbe-9ac8-475d-964f-025c650388c5 tempest-DeleteServersTestJSON-1032503653 tempest-DeleteServersTestJSON-1032503653-project] 10.222.0.37 "POST /compute/v2.1/servers" status: 202 len: 380 microversion: 2.1 time: 2.956312
Feb 20 23:40:24.856551 dv-cinder-813221-6-iscsi devstack@n-api.service[123551]: [pid: 123551|app: 0|req: 1/3] 10.222.0.37 () {60 vars in 1146 bytes} [Sun Feb 20 23:40:21 2022] POST /compute/v2.1/servers => generated 380 bytes in 2961 msecs (HTTP/1.1 202) 10 headers in 451 bytes (1 switches on core 0)
Feb 20 23:40:24.868024 dv-cinder-813221-6-iscsi devstack@n-api.service[123552]: DEBUG nova.api.openstack.wsgi [None req-63750b29-53fc-4adf-972d-8d7ebebe77eb tempest-DeleteServersTestJSON-1032503653 tempest-DeleteServersTestJSON-1032503653-project] Calling method '>' {{(pid=123552) _process_stack /opt/stack/nova/nova/api/openstack/wsgi.py:513}}
Feb 20 23:40:24.885389 dv-cinder-813221-6-iscsi devstack@n-api.service[123552]: DEBUG nova.compute.api [None req-63750b29-53fc-4adf-972d-8d7ebebe77eb tempest-DeleteServersTestJSON-1032503653 tempest-DeleteServersTestJSON-1032503653-project] [instance: eae84388-f8bd-427e-ba90-6ebed0265f66] Fetching instance by UUID {{(pid=123552) get /opt/stack/nova/nova/compute/api.py:2865}}
Feb 20 23:40:25.099543 dv-cinder-813221-6-iscsi devstack@n-api.service[123551]: DEBUG nova.api.openstack.wsgi [None req-6a6e9f73-ee6e-4a5f-b99c-957f55944456 tempest-VolumesGetTestJSON-424493226 tempest-VolumesGetTestJSON-424493226-project] Calling method '.version_select at 0x7fac9fe61a60>' {{(pid=123551) _process_stack /opt/stack/nova/nova/api/openstack/wsgi.py:513}}
Feb 20 23:40:25.152805 dv-cinder-813221-6-iscsi devstack@n-api.service[123552]: DEBUG nova.policy [None req-63750b29-53fc-4adf-972d-8d7ebebe77eb tempest-DeleteServersTestJSON-1032503653 tempest-DeleteServersTestJSON-1032503653-project] Policy check for os_compute_api:os-extended-server-attributes failed with credentials {'is_admin': False, 'user_id': '3b25d8462f674972bbf27fba17e54ecc', 'user_domain_id': 'default', 'system_scope': None, 'domain_id': None, 'project_id': '29b170c1b1994ceab6d5862694c5f949', 'project_domain_id': 'default', 'roles': ['reader', 'member'], 'is_admin_project': True, 'service_user_id': None, 'service_user_domain_id': None, 'service_project_id': None, 'service_project_domain_id': None, 'service_roles': []} {{(pid=123552) authorize /opt/stack/nova/nova/policy.py:199}}
Feb 20 23:40:25.189009 dv-cinder-813221-6-iscsi devstack@n-api.service[123552]: INFO nova.api.openstack.requestlog [None req-63750b29-53fc-4adf-972d-8d7ebebe77eb tempest-DeleteServersTestJSON-1032503653 tempest-DeleteServersTestJSON-1032503653-project] 10.222.0.37 "GET /compute/v2.1/servers/eae84388-f8bd-427e-ba90-6ebed0265f66" status: 200 len: 1215 microversion: 2.1 time: 0.325083
Feb 20 23:40:25.206887 dv-cinder-813221-6-iscsi devstack@n-api.service[123552]: [pid: 123552|app: 0|req: 3/4] 10.222.0.37 () {58 vars in 1235 bytes} [Sun Feb 20 23:40:24 2022] GET /compute/v2.1/servers/eae84388-f8bd-427e-ba90-6ebed0265f66 => generated 1215 bytes in 344 msecs (HTTP/1.1 200) 9 headers in 358 bytes (1 switches on core 0)
Feb 20 23:40:25.282736 dv-cinder-813221-6-iscsi devstack@n-api.service[123551]: INFO nova.api.openstack.requestlog [None req-6a6e9f73-ee6e-4a5f-b99c-957f55944456 tempest-VolumesGetTestJSON-424493226 tempest-VolumesGetTestJSON-424493226-project] 10.222.0.37 "GET /compute/v2.1/os-volumes/50bb1969-f9f7-4cc3-bd62-8731c39083e0" status: 200 len: 354 microversion: 2.1 time: 0.189924
Feb 20 23:40:25.284074 dv-cinder-813221-6-iscsi devstack@n-api.service[123551]: [pid: 123551|app: 0|req: 2/5] 10.222.0.37 () {58 vars in 1244 bytes} [Sun Feb 20 23:40:25 2022] GET /compute/v2.1/os-volumes/50bb1969-f9f7-4cc3-bd62-8731c39083e0 => generated 354 bytes in 193 msecs (HTTP/1.1 200) 9 headers in 357 bytes (1 switches on core 0)
Feb 20 23:40:25.309940 dv-cinder-813221-6-iscsi devstack@n-api.service[123552]: DEBUG nova.api.openstack.wsgi [None req-c4163e24-3307-41e7-a9f5-804059615d30 tempest-VolumesGetTestJSON-424493226 tempest-VolumesGetTestJSON-424493226-project] Calling method '.version_select at 0x7faca0874f70>' {{(pid=123552) _process_stack /opt/stack/nova/nova/api/openstack/wsgi.py:513}}
Feb 20 23:40:25.424493 dv-cinder-813221-6-iscsi devstack@n-api.service[123552]: INFO nova.api.openstack.requestlog [None req-c4163e24-3307-41e7-a9f5-804059615d30 tempest-VolumesGetTestJSON-424493226 tempest-VolumesGetTestJSON-424493226-project] 10.222.0.37 "GET /compute/v2.1/os-volumes/50bb1969-f9f7-4cc3-bd62-8731c39083e0" status: 200 len: 354 microversion: 2.1 time: 0.131843
Feb 20 23:40:25.425755 dv-cinder-813221-6-iscsi devstack@n-api.service[123552]: [pid: 123552|app: 0|req: 4/6] 10.222.0.37 () {58 vars in 1244 bytes} [Sun Feb 20 23:40:25 2022] GET /compute/v2.1/os-volumes/50bb1969-f9f7-4cc3-bd62-8731c39083e0 => generated 354 bytes in 134 msecs (HTTP/1.1 200) 9 headers in 357 bytes (1 switches on core 0)
Feb 20 23:40:25.439222 dv-cinder-813221-6-iscsi devstack@n-api.service[123551]: DEBUG nova.api.openstack.wsgi [None req-7f889a21-5565-45b2-95cb-6f42a0e44345 tempest-VolumesGetTestJSON-424493226 tempest-VolumesGetTestJSON-424493226-project] Calling method '.version_select at 0x7fac9fe76820>' {{(pid=123551) _process_stack /opt/stack/nova/nova/api/openstack/wsgi.py:513}}
Feb 20 23:40:25.807613 dv-cinder-813221-6-iscsi devstack@n-api.service[123551]: INFO nova.api.openstack.requestlog [None req-7f889a21-5565-45b2-95cb-6f42a0e44345 tempest-VolumesGetTestJSON-424493226 tempest-VolumesGetTestJSON-424493226-project] 10.222.0.37 "DELETE /compute/v2.1/os-volumes/50bb1969-f9f7-4cc3-bd62-8731c39083e0" status: 202 len: 0 microversion: 2.1 time: 0.371338
Feb 20 23:40:25.812587 dv-cinder-813221-6-iscsi devstack@n-api.service[123551]: [pid: 123551|app: 0|req: 3/7] 10.222.0.37 () {58 vars in 1247 bytes} [Sun Feb 20 23:40:25 2022] DELETE /compute/v2.1/os-volumes/50bb1969-f9f7-4cc3-bd62-8731c39083e0 => generated 0 bytes in 377 msecs (HTTP/1.1 202) 9 headers in 361 bytes (1 switches on core 0)
Feb 20 23:40:25.819374 dv-cinder-813221-6-iscsi devstack@n-api.service[123552]: DEBUG nova.api.openstack.wsgi [None req-15a2282b-817e-4511-a896-59bf3fb22386 tempest-VolumesGetTestJSON-424493226 tempest-VolumesGetTestJSON-424493226-project] Calling method '.version_select at 0x7faca070fb80>' {{(pid=123552) _process_stack /opt/stack/nova/nova/api/openstack/wsgi.py:513}}
Feb 20 23:40:26.049300 dv-cinder-813221-6-iscsi devstack@n-api.service[123552]: INFO nova.api.openstack.requestlog [None req-15a2282b-817e-4511-a896-59bf3fb22386 tempest-VolumesGetTestJSON-424493226 tempest-VolumesGetTestJSON-424493226-project] 10.222.0.37 "GET /compute/v2.1/os-volumes/50bb1969-f9f7-4cc3-bd62-8731c39083e0" status: 200 len: 353 microversion: 2.1 time: 0.235538
Feb 20 23:40:26.058266 dv-cinder-813221-6-iscsi devstack@n-api.service[123552]: [pid: 123552|app: 0|req: 5/8] 10.222.0.37 () {58 vars in 1244 bytes} [Sun Feb 20 23:40:25 2022] GET /compute/v2.1/os-volumes/50bb1969-f9f7-4cc3-bd62-8731c39083e0 => generated 353 bytes in 237 msecs (HTTP/1.1 200) 9 headers in 357 bytes (1 switches on core 0)
Feb 20 23:40:26.212797 dv-cinder-813221-6-iscsi devstack@n-api.service[123551]: DEBUG nova.api.openstack.wsgi [None req-d41e86ba-819c-407c-9a49-9b385249b32c tempest-DeleteServersTestJSON-1032503653 tempest-DeleteServersTestJSON-1032503653-project] Calling method '>' {{(pid=123551) _process_stack /opt/stack/nova/nova/api/openstack/wsgi.py:513}}
Feb 20 23:40:26.213510 dv-cinder-813221-6-iscsi devstack@n-api.service[123551]: DEBUG nova.compute.api [None req-d41e86ba-819c-407c-9a49-9b385249b32c tempest-DeleteServersTestJSON-1032503653 tempest-DeleteServersTestJSON-1032503653-project] [instance: eae84388-f8bd-427e-ba90-6ebed0265f66] Fetching instance by UUID {{(pid=123551) get /opt/stack/nova/nova/compute/api.py:2865}}
Feb 20 23:40:26.388165 dv-cinder-813221-6-iscsi devstack@n-api.service[123551]: DEBUG nova.policy [None req-d41e86ba-819c-407c-9a49-9b385249b32c tempest-DeleteServersTestJSON-1032503653 tempest-DeleteServersTestJSON-1032503653-project] Policy check for os_compute_api:os-extended-server-attributes failed with credentials {'is_admin': False, 'user_id': '3b25d8462f674972bbf27fba17e54ecc', 'user_domain_id': 'default', 'system_scope': None, 'domain_id': None, 'project_id': '29b170c1b1994ceab6d5862694c5f949', 'project_domain_id': 'default', 'roles': ['reader', 'member'], 'is_admin_project': True, 'service_user_id': None, 'service_user_domain_id': None, 'service_project_id': None, 'service_project_domain_id': None, 'service_roles': []} {{(pid=123551) authorize /opt/stack/nova/nova/policy.py:199}}
Feb 20 23:40:26.420354 dv-cinder-813221-6-iscsi devstack@n-api.service[123551]: INFO nova.api.openstack.requestlog [None req-d41e86ba-819c-407c-9a49-9b385249b32c tempest-DeleteServersTestJSON-1032503653 tempest-DeleteServersTestJSON-1032503653-project] 10.222.0.37 "GET /compute/v2.1/servers/eae84388-f8bd-427e-ba90-6ebed0265f66" status: 200 len: 1215 microversion: 2.1 time: 0.206804
Feb 20 23:40:26.431082 dv-cinder-813221-6-iscsi devstack@n-api.service[123551]: [pid: 123551|app: 0|req: 4/9] 10.222.0.37 () {58 vars in 1235 bytes} [Sun Feb 20 23:40:26 2022] GET /compute/v2.1/servers/eae84388-f8bd-427e-ba90-6ebed0265f66 => generated 1215 bytes in 221 msecs (HTTP/1.1 200) 9 headers in 358 bytes (1 switches on core 0)
Feb 20 23:40:27.064013 dv-cinder-813221-6-iscsi devstack@n-api.service[123552]: DEBUG nova.api.openstack.wsgi [None req-57e25314-0a8b-4c56-b22f-1ba9a4f2a6df tempest-VolumesGetTestJSON-424493226 tempest-VolumesGetTestJSON-424493226-project] Calling method '.version_select at 0x7faca06994c0>' {{(pid=123552) _process_stack /opt/stack/nova/nova/api/openstack/wsgi.py:513}}
Feb 20 23:40:27.306607 dv-cinder-813221-6-iscsi devstack@n-api.service[123552]: INFO nova.api.openstack.wsgi [None req-57e25314-0a8b-4c56-b22f-1ba9a4f2a6df tempest-VolumesGetTestJSON-424493226 tempest-VolumesGetTestJSON-424493226-project] HTTP exception thrown: Volume 50bb1969-f9f7-4cc3-bd62-8731c39083e0 could not be found.
Feb 20 23:40:27.308135 dv-cinder-813221-6-iscsi devstack@n-api.service[123552]: DEBUG nova.api.openstack.wsgi [None req-57e25314-0a8b-4c56-b22f-1ba9a4f2a6df tempest-VolumesGetTestJSON-424493226 tempest-VolumesGetTestJSON-424493226-project] Returning 404 to user: Volume 50bb1969-f9f7-4cc3-bd62-8731c39083e0 could not be found. {{(pid=123552) __call__ /opt/stack/nova/nova/api/openstack/wsgi.py:936}}
Feb 20 23:40:27.309397 dv-cinder-813221-6-iscsi devstack@n-api.service[123552]: INFO nova.api.openstack.requestlog [None req-57e25314-0a8b-4c56-b22f-1ba9a4f2a6df tempest-VolumesGetTestJSON-424493226 tempest-VolumesGetTestJSON-424493226-project] 10.222.0.37 "GET /compute/v2.1/os-volumes/50bb1969-f9f7-4cc3-bd62-8731c39083e0" status: 404 len: 109 microversion: 2.1 time: 0.250432
Feb 20 23:40:27.310949 dv-cinder-813221-6-iscsi devstack@n-api.service[123552]: [pid: 123552|app: 0|req: 6/10] 10.222.0.37 () {58 vars in 1244 bytes} [Sun Feb 20 23:40:27 2022] GET /compute/v2.1/os-volumes/50bb1969-f9f7-4cc3-bd62-8731c39083e0 => generated 109 bytes in 253 msecs (HTTP/1.1 404) 9 headers in 379 bytes (1 switches on core 0)
Feb 20 23:40:27.441350 dv-cinder-813221-6-iscsi devstack@n-api.service[123551]: DEBUG nova.api.openstack.wsgi [None req-abbf8189-84fb-4edb-bedc-69f58cec2c18 tempest-DeleteServersTestJSON-1032503653 tempest-DeleteServersTestJSON-1032503653-project] Calling method '>' {{(pid=123551) _process_stack /opt/stack/nova/nova/api/openstack/wsgi.py:513}}
Feb 20 23:40:27.443156 dv-cinder-813221-6-iscsi devstack@n-api.service[123551]: DEBUG nova.compute.api [None req-abbf8189-84fb-4edb-bedc-69f58cec2c18 tempest-DeleteServersTestJSON-1032503653 tempest-DeleteServersTestJSON-1032503653-project] [instance: eae84388-f8bd-427e-ba90-6ebed0265f66] Fetching instance by UUID {{(pid=123551) get /opt/stack/nova/nova/compute/api.py:2865}}
Feb 20 23:40:27.604398 dv-cinder-813221-6-iscsi devstack@n-api.service[123551]: DEBUG nova.policy [None req-abbf8189-84fb-4edb-bedc-69f58cec2c18 tempest-DeleteServersTestJSON-1032503653 tempest-DeleteServersTestJSON-1032503653-project] Policy check for os_compute_api:os-extended-server-attributes failed with credentials {'is_admin': False, 'user_id': '3b25d8462f674972bbf27fba17e54ecc', 'user_domain_id': 'default', 'system_scope': None, 'domain_id': None, 'project_id': '29b170c1b1994ceab6d5862694c5f949', 'project_domain_id': 'default', 'roles': ['reader', 'member'], 'is_admin_project': True, 'service_user_id': None, 'service_user_domain_id': None, 'service_project_id': None, 'service_project_domain_id': None, 'service_roles': []} {{(pid=123551) authorize /opt/stack/nova/nova/policy.py:199}}
Feb 20 23:40:27.613052 dv-cinder-813221-6-iscsi devstack@n-api.service[123551]: INFO nova.api.openstack.requestlog [None req-abbf8189-84fb-4edb-bedc-69f58cec2c18 tempest-DeleteServersTestJSON-1032503653 tempest-DeleteServersTestJSON-1032503653-project] 10.222.0.37 "GET /compute/v2.1/servers/eae84388-f8bd-427e-ba90-6ebed0265f66" status: 200 len: 1215 microversion: 2.1 time: 0.180281
Feb 20 23:40:27.615544 dv-cinder-813221-6-iscsi devstack@n-api.service[123551]: [pid: 123551|app: 0|req: 5/11] 10.222.0.37 () {58 vars in 1235 bytes} [Sun Feb 20 23:40:27 2022] GET /compute/v2.1/servers/eae84388-f8bd-427e-ba90-6ebed0265f66 => generated 1215 bytes in 184 msecs (HTTP/1.1 200) 9 headers in 358 bytes (1 switches on core 0)
Feb 20 23:40:28.631244 dv-cinder-813221-6-iscsi devstack@n-api.service[123552]: DEBUG nova.api.openstack.wsgi [None req-b810852e-c6cd-4e7e-9ee2-5465333753de tempest-DeleteServersTestJSON-1032503653 tempest-DeleteServersTestJSON-1032503653-project] Calling method '>' {{(pid=123552) _process_stack /opt/stack/nova/nova/api/openstack/wsgi.py:513}}
Feb 20 23:40:28.632534 dv-cinder-813221-6-iscsi devstack@n-api.service[123552]: DEBUG nova.compute.api [None req-b810852e-c6cd-4e7e-9ee2-5465333753de tempest-DeleteServersTestJSON-1032503653 tempest-DeleteServersTestJSON-1032503653-project] [instance: eae84388-f8bd-427e-ba90-6ebed0265f66] Fetching instance by UUID {{(pid=123552) get /opt/stack/nova/nova/compute/api.py:2865}}
Feb 20 23:40:28.639782 dv-cinder-813221-6-iscsi devstack@n-api.service[123552]: DEBUG oslo_concurrency.lockutils [None req-b810852e-c6cd-4e7e-9ee2-5465333753de tempest-DeleteServersTestJSON-1032503653 tempest-DeleteServersTestJSON-1032503653-project] Lock "a183ba80-a5bd-40c5-b919-28255a9bd8ab" acquired by "nova.context.set_target_cell..get_or_set_cached_cell_and_set_connections" :: waited 0.000s {{(pid=123552) inner /usr/local/lib/python3.8/dist-packages/oslo_concurrency/lockutils.py:386}}
Feb 20 23:40:28.640868 dv-cinder-813221-6-iscsi devstack@n-api.service[123552]: DEBUG oslo_concurrency.lockutils [None req-b810852e-c6cd-4e7e-9ee2-5465333753de tempest-DeleteServersTestJSON-1032503653 tempest-DeleteServersTestJSON-1032503653-project] Lock "a183ba80-a5bd-40c5-b919-28255a9bd8ab" "released" by "nova.context.set_target_cell..get_or_set_cached_cell_and_set_connections" :: held 0.001s {{(pid=123552) inner /usr/local/lib/python3.8/dist-packages/oslo_concurrency/lockutils.py:400}}
Feb 20 23:40:28.641463 dv-cinder-813221-6-iscsi devstack@n-api.service[123552]: DEBUG oslo_concurrency.lockutils [None req-b810852e-c6cd-4e7e-9ee2-5465333753de tempest-DeleteServersTestJSON-1032503653 tempest-DeleteServersTestJSON-1032503653-project] Lock "a183ba80-a5bd-40c5-b919-28255a9bd8ab" acquired by "nova.context.set_target_cell..get_or_set_cached_cell_and_set_connections" :: waited 0.000s {{(pid=123552) inner /usr/local/lib/python3.8/dist-packages/oslo_concurrency/lockutils.py:386}}
Feb 20 23:40:28.642020 dv-cinder-813221-6-iscsi devstack@n-api.service[123552]: DEBUG oslo_concurrency.lockutils [None req-b810852e-c6cd-4e7e-9ee2-5465333753de tempest-DeleteServersTestJSON-1032503653 tempest-DeleteServersTestJSON-1032503653-project] Lock "a183ba80-a5bd-40c5-b919-28255a9bd8ab" "released" by "nova.context.set_target_cell..get_or_set_cached_cell_and_set_connections" :: held 0.001s {{(pid=123552) inner /usr/local/lib/python3.8/dist-packages/oslo_concurrency/lockutils.py:400}}
Feb 20 23:40:28.884357 dv-cinder-813221-6-iscsi devstack@n-api.service[123552]: DEBUG nova.policy [None req-b810852e-c6cd-4e7e-9ee2-5465333753de tempest-DeleteServersTestJSON-1032503653 tempest-DeleteServersTestJSON-1032503653-project] Policy check for os_compute_api:os-extended-server-attributes failed with credentials {'is_admin': False, 'user_id': '3b25d8462f674972bbf27fba17e54ecc', 'user_domain_id': 'default', 'system_scope': None, 'domain_id': None, 'project_id': '29b170c1b1994ceab6d5862694c5f949', 'project_domain_id': 'default', 'roles': ['reader', 'member'], 'is_admin_project': True, 'service_user_id': None, 'service_user_domain_id': None, 'service_project_id': None, 'service_project_domain_id': None, 'service_roles': []} {{(pid=123552) authorize /opt/stack/nova/nova/policy.py:199}}
Feb 20 23:40:28.906432 dv-cinder-813221-6-iscsi devstack@n-api.service[123552]: INFO nova.api.openstack.requestlog [None req-b810852e-c6cd-4e7e-9ee2-5465333753de tempest-DeleteServersTestJSON-1032503653 tempest-DeleteServersTestJSON-1032503653-project] 10.222.0.37 "GET /compute/v2.1/servers/eae84388-f8bd-427e-ba90-6ebed0265f66" status: 200 len: 1219 microversion: 2.1 time: 0.279203
Feb 20 23:40:28.907912 dv-cinder-813221-6-iscsi devstack@n-api.service[123552]: [pid: 123552|app: 0|req: 7/12] 10.222.0.37 () {58 vars in 1235 bytes} [Sun Feb 20 23:40:28 2022] GET /compute/v2.1/servers/eae84388-f8bd-427e-ba90-6ebed0265f66 => generated 1219 bytes in 281 msecs (HTTP/1.1 200) 9 headers in 358 bytes (1 switches on core 0)
Feb 20 23:40:29.929392 dv-cinder-813221-6-iscsi devstack@n-api.service[123551]: DEBUG nova.api.openstack.wsgi [None req-5bf35c8c-c2c1-4d16-8dc7-a26bb5dbce8c tempest-DeleteServersTestJSON-1032503653 tempest-DeleteServersTestJSON-1032503653-project] Calling method '>' {{(pid=123551) _process_stack /opt/stack/nova/nova/api/openstack/wsgi.py:513}}
Feb 20 23:40:29.931110 dv-cinder-813221-6-iscsi devstack@n-api.service[123551]: DEBUG nova.compute.api [None req-5bf35c8c-c2c1-4d16-8dc7-a26bb5dbce8c tempest-DeleteServersTestJSON-1032503653 tempest-DeleteServersTestJSON-1032503653-project] [instance: eae84388-f8bd-427e-ba90-6ebed0265f66] Fetching instance by UUID {{(pid=123551) get /opt/stack/nova/nova/compute/api.py:2865}}
Feb 20 23:40:29.945819 dv-cinder-813221-6-iscsi devstack@n-api.service[123551]: DEBUG oslo_concurrency.lockutils [None req-5bf35c8c-c2c1-4d16-8dc7-a26bb5dbce8c tempest-DeleteServersTestJSON-1032503653 tempest-DeleteServersTestJSON-1032503653-project] Lock "a183ba80-a5bd-40c5-b919-28255a9bd8ab" acquired by "nova.context.set_target_cell..get_or_set_cached_cell_and_set_connections" :: waited 0.000s {{(pid=123551) inner /usr/local/lib/python3.8/dist-packages/oslo_concurrency/lockutils.py:386}}
Feb 20 23:40:29.947358 dv-cinder-813221-6-iscsi devstack@n-api.service[123551]: DEBUG oslo_concurrency.lockutils [None req-5bf35c8c-c2c1-4d16-8dc7-a26bb5dbce8c tempest-DeleteServersTestJSON-1032503653 tempest-DeleteServersTestJSON-1032503653-project] Lock "a183ba80-a5bd-40c5-b919-28255a9bd8ab" "released" by "nova.context.set_target_cell..get_or_set_cached_cell_and_set_connections" :: held 0.002s {{(pid=123551) inner /usr/local/lib/python3.8/dist-packages/oslo_concurrency/lockutils.py:400}}
Feb 20 23:40:29.948944 dv-cinder-813221-6-iscsi devstack@n-api.service[123551]: DEBUG oslo_concurrency.lockutils [None req-5bf35c8c-c2c1-4d16-8dc7-a26bb5dbce8c tempest-DeleteServersTestJSON-1032503653 tempest-DeleteServersTestJSON-1032503653-project] Lock "a183ba80-a5bd-40c5-b919-28255a9bd8ab" acquired by "nova.context.set_target_cell..get_or_set_cached_cell_and_set_connections" :: waited 0.000s {{(pid=123551) inner /usr/local/lib/python3.8/dist-packages/oslo_concurrency/lockutils.py:386}}
Feb 20 23:40:29.951703 dv-cinder-813221-6-iscsi devstack@n-api.service[123551]: DEBUG oslo_concurrency.lockutils [None req-5bf35c8c-c2c1-4d16-8dc7-a26bb5dbce8c tempest-DeleteServersTestJSON-1032503653 tempest-DeleteServersTestJSON-1032503653-project] Lock "a183ba80-a5bd-40c5-b919-28255a9bd8ab" "released" by "nova.context.set_target_cell..get_or_set_cached_cell_and_set_connections" :: held 0.002s {{(pid=123551) inner /usr/local/lib/python3.8/dist-packages/oslo_concurrency/lockutils.py:400}}
Feb 20 23:40:30.342290 dv-cinder-813221-6-iscsi devstack@n-api.service[123551]: DEBUG nova.policy [None req-5bf35c8c-c2c1-4d16-8dc7-a26bb5dbce8c tempest-DeleteServersTestJSON-1032503653 tempest-DeleteServersTestJSON-1032503653-project] Policy check for os_compute_api:os-extended-server-attributes failed with credentials {'is_admin': False, 'user_id': '3b25d8462f674972bbf27fba17e54ecc', 'user_domain_id': 'default', 'system_scope': None, 'domain_id': None, 'project_id': '29b170c1b1994ceab6d5862694c5f949', 'project_domain_id': 'default', 'roles': ['reader', 'member'], 'is_admin_project': True, 'service_user_id': None, 'service_user_domain_id': None, 'service_project_id': None, 'service_project_domain_id': None, 'service_roles': []} {{(pid=123551) authorize /opt/stack/nova/nova/policy.py:199}}
Feb 20 23:40:30.370627 dv-cinder-813221-6-iscsi devstack@n-api.service[123551]: INFO nova.api.openstack.requestlog [None req-5bf35c8c-c2c1-4d16-8dc7-a26bb5dbce8c tempest-DeleteServersTestJSON-1032503653 tempest-DeleteServersTestJSON-1032503653-project] 10.222.0.37 "GET /compute/v2.1/servers/eae84388-f8bd-427e-ba90-6ebed0265f66" status: 200 len: 1267 microversion: 2.1 time: 0.446043
Feb 20 23:40:30.372118 dv-cinder-813221-6-iscsi devstack@n-api.service[123551]: [pid: 123551|app: 0|req: 6/13] 10.222.0.37 () {58 vars in 1235 bytes} [Sun Feb 20 23:40:29 2022] GET /compute/v2.1/servers/eae84388-f8bd-427e-ba90-6ebed0265f66 => generated 1267 bytes in 451 msecs (HTTP/1.1 200) 9 headers in 358 bytes (1 switches on core 0)
Feb 20 23:40:31.388614 dv-cinder-813221-6-iscsi devstack@n-api.service[123552]: DEBUG nova.api.openstack.wsgi [None req-5b9a229e-c3d2-485a-93e1-078779df9eb8 tempest-DeleteServersTestJSON-1032503653 tempest-DeleteServersTestJSON-1032503653-project] Calling method '>' {{(pid=123552) _process_stack /opt/stack/nova/nova/api/openstack/wsgi.py:513}}
Feb 20 23:40:31.390231 dv-cinder-813221-6-iscsi devstack@n-api.service[123552]: DEBUG nova.compute.api [None req-5b9a229e-c3d2-485a-93e1-078779df9eb8 tempest-DeleteServersTestJSON-1032503653 tempest-DeleteServersTestJSON-1032503653-project] [instance: eae84388-f8bd-427e-ba90-6ebed0265f66] Fetching instance by UUID {{(pid=123552) get /opt/stack/nova/nova/compute/api.py:2865}}
Feb 20 23:40:31.410373 dv-cinder-813221-6-iscsi devstack@n-api.service[123552]: DEBUG oslo_concurrency.lockutils [None req-5b9a229e-c3d2-485a-93e1-078779df9eb8 tempest-DeleteServersTestJSON-1032503653 tempest-DeleteServersTestJSON-1032503653-project] Lock "a183ba80-a5bd-40c5-b919-28255a9bd8ab" acquired by "nova.context.set_target_cell..get_or_set_cached_cell_and_set_connections" :: waited 0.000s {{(pid=123552) inner /usr/local/lib/python3.8/dist-packages/oslo_concurrency/lockutils.py:386}}
Feb 20 23:40:31.413696 dv-cinder-813221-6-iscsi devstack@n-api.service[123552]: DEBUG oslo_concurrency.lockutils [None req-5b9a229e-c3d2-485a-93e1-078779df9eb8 tempest-DeleteServersTestJSON-1032503653 tempest-DeleteServersTestJSON-1032503653-project] Lock "a183ba80-a5bd-40c5-b919-28255a9bd8ab" "released" by "nova.context.set_target_cell..get_or_set_cached_cell_and_set_connections" :: held 0.003s {{(pid=123552) inner /usr/local/lib/python3.8/dist-packages/oslo_concurrency/lockutils.py:400}}
Feb 20 23:40:31.416770 dv-cinder-813221-6-iscsi devstack@n-api.service[123552]: DEBUG oslo_concurrency.lockutils [None req-5b9a229e-c3d2-485a-93e1-078779df9eb8 tempest-DeleteServersTestJSON-1032503653 tempest-DeleteServersTestJSON-1032503653-project] Lock "a183ba80-a5bd-40c5-b919-28255a9bd8ab" acquired by "nova.context.set_target_cell..get_or_set_cached_cell_and_set_connections" :: waited 0.000s {{(pid=123552) inner /usr/local/lib/python3.8/dist-packages/oslo_concurrency/lockutils.py:386}}
Feb 20 23:40:31.417963 dv-cinder-813221-6-iscsi devstack@n-api.service[123552]: DEBUG oslo_concurrency.lockutils [None req-5b9a229e-c3d2-485a-93e1-078779df9eb8 tempest-DeleteServersTestJSON-1032503653 tempest-DeleteServersTestJSON-1032503653-project] Lock "a183ba80-a5bd-40c5-b919-28255a9bd8ab" "released" by "nova.context.set_target_cell..get_or_set_cached_cell_and_set_connections" :: held 0.001s {{(pid=123552) inner /usr/local/lib/python3.8/dist-packages/oslo_concurrency/lockutils.py:400}}
Feb 20 23:40:31.595448 dv-cinder-813221-6-iscsi devstack@n-api.service[123551]: DEBUG nova.api.openstack.wsgi [None req-0d02fa14-9a9b-4bbb-a8ed-0588545848aa tempest-VolumesNegativeTest-1670990452 tempest-VolumesNegativeTest-1670990452-project] Action: 'create', calling method: .version_select at 0x7faca0a353a0>, body: {"volume": {"size": "#$%", "display_name": "tempest-VolumesNegativeTest-Volume-1966455456", "metadata": {"Type": "work"}}} {{(pid=123551) _process_stack /opt/stack/nova/nova/api/openstack/wsgi.py:511}}
Feb 20 23:40:31.597996 dv-cinder-813221-6-iscsi devstack@n-api.service[123551]: DEBUG nova.api.openstack.wsgi [None req-0d02fa14-9a9b-4bbb-a8ed-0588545848aa tempest-VolumesNegativeTest-1670990452 tempest-VolumesNegativeTest-1670990452-project] Returning 400 to user: Invalid input for field/attribute size. Value: #$%. '#$%' does not match '^[0-9]+$' {{(pid=123551) __call__ /opt/stack/nova/nova/api/openstack/wsgi.py:936}}
Feb 20 23:40:31.600071 dv-cinder-813221-6-iscsi devstack@n-api.service[123551]: INFO nova.api.openstack.requestlog [None req-0d02fa14-9a9b-4bbb-a8ed-0588545848aa tempest-VolumesNegativeTest-1670990452 tempest-VolumesNegativeTest-1670990452-project] 10.222.0.37 "POST /compute/v2.1/os-volumes" status: 400 len: 127 microversion: 2.1 time: 0.205930
Feb 20 23:40:31.601372 dv-cinder-813221-6-iscsi devstack@n-api.service[123551]: [pid: 123551|app: 0|req: 7/14] 10.222.0.37 () {60 vars in 1155 bytes} [Sun Feb 20 23:40:31 2022] POST /compute/v2.1/os-volumes => generated 127 bytes in 208 msecs (HTTP/1.1 400) 9 headers in 381 bytes (2 switches on core 0)
Feb 20 23:40:31.630861 dv-cinder-813221-6-iscsi devstack@n-api.service[123551]: DEBUG nova.api.openstack.wsgi [None req-6758448b-7664-4801-9e12-fb3bbccdacf1 tempest-VolumesNegativeTest-1670990452 tempest-VolumesNegativeTest-1670990452-project] Action: 'create', calling method: .version_select at 0x7fac9f606d30>, body: {"volume": {"size": "0", "display_name": "tempest-VolumesNegativeTest-Volume-584698043", "metadata": {"Type": "work"}}} {{(pid=123551) _process_stack /opt/stack/nova/nova/api/openstack/wsgi.py:511}}
Feb 20 23:40:31.631804 dv-cinder-813221-6-iscsi devstack@n-api.service[123551]: DEBUG nova.api.openstack.wsgi [None req-6758448b-7664-4801-9e12-fb3bbccdacf1 tempest-VolumesNegativeTest-1670990452 tempest-VolumesNegativeTest-1670990452-project] Returning 400 to user: Invalid input for field/attribute size. Value: 0. 0 is less than the minimum of 1 {{(pid=123551) __call__ /opt/stack/nova/nova/api/openstack/wsgi.py:936}}
Feb 20 23:40:31.634300 dv-cinder-813221-6-iscsi devstack@n-api.service[123551]: INFO nova.api.openstack.requestlog [None req-6758448b-7664-4801-9e12-fb3bbccdacf1 tempest-VolumesNegativeTest-1670990452 tempest-VolumesNegativeTest-1670990452-project] 10.222.0.37 "POST /compute/v2.1/os-volumes" status: 400 len: 125 microversion: 2.1 time: 0.025172
Feb 20 23:40:31.636574 dv-cinder-813221-6-iscsi devstack@n-api.service[123551]: [pid: 123551|app: 0|req: 8/15] 10.222.0.37 () {60 vars in 1155 bytes} [Sun Feb 20 23:40:31 2022] POST /compute/v2.1/os-volumes => generated 125 bytes in 29 msecs (HTTP/1.1 400) 9 headers in 381 bytes (1 switches on core 0)
Feb 20 23:40:31.663121 dv-cinder-813221-6-iscsi devstack@n-api.service[123551]: DEBUG nova.api.openstack.wsgi [None req-c3094499-2350-4f95-9792-eb2851971fa6 tempest-VolumesNegativeTest-1670990452 tempest-VolumesNegativeTest-1670990452-project] Action: 'create', calling method: .version_select at 0x7fac9f512940>, body: {"volume": {"size": "", "display_name": "tempest-VolumesNegativeTest-Volume-518173029", "metadata": {"Type": "work"}}} {{(pid=123551) _process_stack /opt/stack/nova/nova/api/openstack/wsgi.py:511}}
Feb 20 23:40:31.664836 dv-cinder-813221-6-iscsi devstack@n-api.service[123551]: DEBUG nova.api.openstack.wsgi [None req-c3094499-2350-4f95-9792-eb2851971fa6 tempest-VolumesNegativeTest-1670990452 tempest-VolumesNegativeTest-1670990452-project] Returning 400 to user: Invalid input for field/attribute size. Value: . '' does not match '^[0-9]+$' {{(pid=123551) __call__ /opt/stack/nova/nova/api/openstack/wsgi.py:936}}
Feb 20 23:40:31.669495 dv-cinder-813221-6-iscsi devstack@n-api.service[123551]: INFO nova.api.openstack.requestlog [None req-c3094499-2350-4f95-9792-eb2851971fa6 tempest-VolumesNegativeTest-1670990452 tempest-VolumesNegativeTest-1670990452-project] 10.222.0.37 "POST /compute/v2.1/os-volumes" status: 400 len: 121 microversion: 2.1 time: 0.026448
