Dec 15 11:35:26.449445 dv-cinder-813221-4-smb neutron-server[102626]: DEBUG neutron.plugins.ml2.rpc [None req-3779f8b3-8fdf-4004-a22c-fc7c4a128264 None None] Device 3d7f9968-e5cb-42aa-89f5-b73bf13eaede up at agent ovs-agent-dv-cinder-813221-4-smb {{(pid=102626) update_device_up /opt/stack/neutron/neutron/plugins/ml2/rpc.py:296}}
Dec 15 11:35:26.452036 dv-cinder-813221-4-smb neutron-server[102624]: DEBUG neutron.api.rpc.handlers.resources_rpc [None req-941fd8d1-75c3-4225-9f54-a3e305428919 admin admin] Pushing event updated for resources: {'Port': ['ID=3c848df5-0289-43d3-b748-bbf7a283645c,revision_number=2']} {{(pid=102624) push /opt/stack/neutron/neutron/api/rpc/handlers/resources_rpc.py:237}}
Dec 15 11:35:26.469976 dv-cinder-813221-4-smb neutron-server[102625]: DEBUG neutron.wsgi [-] (102625) accepted ('10.222.0.60', 33690) {{(pid=102625) server /usr/local/lib/python3.8/dist-packages/eventlet/wsgi.py:1004}}
Dec 15 11:35:26.581909 dv-cinder-813221-4-smb neutron-server[102626]: DEBUG neutron.db.provisioning_blocks [None req-3779f8b3-8fdf-4004-a22c-fc7c4a128264 None None] Provisioning complete for port 3d7f9968-e5cb-42aa-89f5-b73bf13eaede triggered by entity L2. {{(pid=102626) provisioning_complete /opt/stack/neutron/neutron/db/provisioning_blocks.py:139}}
Dec 15 11:35:26.582457 dv-cinder-813221-4-smb neutron-server[102626]: DEBUG neutron_lib.callbacks.manager [None req-3779f8b3-8fdf-4004-a22c-fc7c4a128264 None None] Publish callbacks ['neutron.plugins.ml2.plugin.Ml2Plugin._port_provisioned-33500567'] for port, provisioning_complete {{(pid=102626) _notify_loop /usr/local/lib/python3.8/dist-packages/neutron_lib/callbacks/manager.py:175}}
Dec 15 11:35:26.658216 dv-cinder-813221-4-smb neutron-server[102624]: DEBUG neutron.scheduler.dhcp_agent_scheduler [None req-941fd8d1-75c3-4225-9f54-a3e305428919 admin admin] Network bed94a58-b06d-4055-bb2c-f2399cafbaf8 is already hosted by enough agents. {{(pid=102624) _get_dhcp_agents_hosting_network /opt/stack/neutron/neutron/scheduler/dhcp_agent_scheduler.py:275}}
Dec 15 11:35:26.664926 dv-cinder-813221-4-smb neutron-server[102624]: DEBUG neutron.scheduler.base_scheduler [None req-941fd8d1-75c3-4225-9f54-a3e305428919 admin admin] Resources bound (agent type, host, resource id): {{(pid=102624) schedule /opt/stack/neutron/neutron/scheduler/base_scheduler.py:57}}
Dec 15 11:35:26.787465 dv-cinder-813221-4-smb neutron-server[102626]: DEBUG neutron_lib.callbacks.manager [None req-3779f8b3-8fdf-4004-a22c-fc7c4a128264 None None] Publish callbacks ['neutron.plugins.ml2.plugin.SecurityGroupDbMixin._ensure_default_security_group_handler-33142630'] for port, before_update {{(pid=102626) _notify_loop /usr/local/lib/python3.8/dist-packages/neutron_lib/callbacks/manager.py:175}}
Dec 15 11:35:26.799321 dv-cinder-813221-4-smb neutron-server[102624]: INFO neutron.wsgi [req-44922810-d338-42a0-badc-8507c68702f1 req-75ff625e-1d4a-416a-95e4-7ce2264446cc tempest-DeleteServersTestJSON-90885021 tempest-DeleteServersTestJSON-90885021-project] 10.222.0.60 "GET /v2.0/ports?device_id=2cf754fa-39e4-46b2-b51b-a0e5434b371a HTTP/1.1" status: 200 len: 210 time: 0.0682757
Dec 15 11:35:26.843445 dv-cinder-813221-4-smb neutron-server[102626]: DEBUG neutron.plugins.ml2.db [None req-3779f8b3-8fdf-4004-a22c-fc7c4a128264 None None] For port 3d7f9968-e5cb-42aa-89f5-b73bf13eaede, host dv-cinder-813221-4-smb, got binding levels [PortBindingLevel(driver='openvswitch',host='dv-cinder-813221-4-smb',level=0,port_id=3d7f9968-e5cb-42aa-89f5-b73bf13eaede,segment=NetworkSegment(6943f433-7a88-4abc-b3df-d979eeceee96),segment_id=6943f433-7a88-4abc-b3df-d979eeceee96)] {{(pid=102626) get_binding_level_objs /opt/stack/neutron/neutron/plugins/ml2/db.py:74}}
Dec 15 11:35:26.859375 dv-cinder-813221-4-smb neutron-server[102626]: DEBUG neutron_lib.callbacks.manager [None req-3779f8b3-8fdf-4004-a22c-fc7c4a128264 None None] Publish callbacks ['neutron.plugins.ml2.plugin.SecurityGroupServerNotifierRpcMixin._notify_sg_on_port_change-33141433', 'neutron.plugins.ml2.ovo_rpc._ObjectChangeHandler.handle_event-243522', 'neutron.api.rpc.agentnotifiers.dhcp_rpc_agent_api.DhcpAgentNotifyAPI._native_event_send_dhcp_notification-627319', 'neutron.db.l3_db.L3RpcNotifierMixin._notify_gateway_port_ip_changed-8773158348005', 'neutron.db.l3_dvrscheduler_db._notify_l3_agent_port_update-8773157795521', 'neutron.db.l3_hascheduler_db._notify_l3_agent_ha_port_update-8773157795539'] for port, after_update {{(pid=102626) _notify_loop /usr/local/lib/python3.8/dist-packages/neutron_lib/callbacks/manager.py:175}}
Dec 15 11:35:26.948705 dv-cinder-813221-4-smb neutron-server[102624]: DEBUG neutron.scheduler.l3_agent_scheduler [None req-941fd8d1-75c3-4225-9f54-a3e305428919 admin admin] Router 1422292f-fa5d-4715-b8bc-fb5327f22cb1 has already been hosted by L3 agent 67ebf34e-3bd8-4d1b-97c5-c74c6166e813 {{(pid=102624) _get_candidates /opt/stack/neutron/neutron/scheduler/l3_agent_scheduler.py:126}}
Dec 15 11:35:26.960574 dv-cinder-813221-4-smb neutron-server[102626]: DEBUG neutron.api.rpc.handlers.resources_rpc [None req-3779f8b3-8fdf-4004-a22c-fc7c4a128264 None None] Pushing event updated for resources: {'Port': ['ID=3d7f9968-e5cb-42aa-89f5-b73bf13eaede,revision_number=4']} {{(pid=102626) push /opt/stack/neutron/neutron/api/rpc/handlers/resources_rpc.py:237}}
Dec 15 11:35:26.978295 dv-cinder-813221-4-smb neutron-server[102625]: DEBUG neutron_lib.callbacks.manager [None req-e6b7fbd8-39f0-491c-8898-b886324a9a6d admin admin] Publish callbacks [] for security_group, before_create {{(pid=102625) _notify_loop /usr/local/lib/python3.8/dist-packages/neutron_lib/callbacks/manager.py:175}}
Dec 15 11:35:26.982883 dv-cinder-813221-4-smb neutron-server[102626]: DEBUG neutron.api.rpc.callbacks.version_manager [None req-3779f8b3-8fdf-4004-a22c-fc7c4a128264 None None] Version for resource type AddressGroup changed None to 1.2 on consumer Open vSwitch agent@dv-cinder-813221-4-smb {{(pid=102626) _set_version /opt/stack/neutron/neutron/api/rpc/callbacks/version_manager.py:113}}
Dec 15 11:35:26.989397 dv-cinder-813221-4-smb neutron-server[102626]: DEBUG neutron.api.rpc.callbacks.version_manager [None req-3779f8b3-8fdf-4004-a22c-fc7c4a128264 None None] Version for resource type ConntrackHelper changed None to 1.0 on consumer Open vSwitch agent@dv-cinder-813221-4-smb {{(pid=102626) _set_version /opt/stack/neutron/neutron/api/rpc/callbacks/version_manager.py:113}}
Dec 15 11:35:26.990023 dv-cinder-813221-4-smb neutron-server[102626]: DEBUG neutron.api.rpc.callbacks.version_manager [None req-3779f8b3-8fdf-4004-a22c-fc7c4a128264 None None] Version for resource type LocalIPAssociation changed None to 1.0 on consumer Open vSwitch agent@dv-cinder-813221-4-smb {{(pid=102626) _set_version /opt/stack/neutron/neutron/api/rpc/callbacks/version_manager.py:113}}
Dec 15 11:35:26.990612 dv-cinder-813221-4-smb neutron-server[102626]: DEBUG neutron.api.rpc.callbacks.version_manager [None req-3779f8b3-8fdf-4004-a22c-fc7c4a128264 None None] Version for resource type Log changed None to 1.0 on consumer Open vSwitch agent@dv-cinder-813221-4-smb {{(pid=102626) _set_version /opt/stack/neutron/neutron/api/rpc/callbacks/version_manager.py:113}}
Dec 15 11:35:26.991046 dv-cinder-813221-4-smb neutron-server[102626]: DEBUG neutron.api.rpc.callbacks.version_manager [None req-3779f8b3-8fdf-4004-a22c-fc7c4a128264 None None] Version for resource type Network changed None to 1.1 on consumer Open vSwitch agent@dv-cinder-813221-4-smb {{(pid=102626) _set_version /opt/stack/neutron/neutron/api/rpc/callbacks/version_manager.py:113}}
Dec 15 11:35:26.991476 dv-cinder-813221-4-smb neutron-server[102626]: DEBUG neutron.api.rpc.callbacks.version_manager [None req-3779f8b3-8fdf-4004-a22c-fc7c4a128264 None None] Version for resource type Port changed None to 1.7 on consumer Open vSwitch agent@dv-cinder-813221-4-smb {{(pid=102626) _set_version /opt/stack/neutron/neutron/api/rpc/callbacks/version_manager.py:113}}
Dec 15 11:35:26.991913 dv-cinder-813221-4-smb neutron-server[102626]: DEBUG neutron.api.rpc.callbacks.version_manager [None req-3779f8b3-8fdf-4004-a22c-fc7c4a128264 None None] Version for resource type PortForwarding changed None to 1.2 on consumer Open vSwitch agent@dv-cinder-813221-4-smb {{(pid=102626) _set_version /opt/stack/neutron/neutron/api/rpc/callbacks/version_manager.py:113}}
Dec 15 11:35:26.992330 dv-cinder-813221-4-smb neutron-server[102626]: DEBUG neutron.api.rpc.callbacks.version_manager [None req-3779f8b3-8fdf-4004-a22c-fc7c4a128264 None None] Version for resource type QosPolicy changed None to 1.10 on consumer Open vSwitch agent@dv-cinder-813221-4-smb {{(pid=102626) _set_version /opt/stack/neutron/neutron/api/rpc/callbacks/version_manager.py:113}}
Dec 15 11:35:26.992756 dv-cinder-813221-4-smb neutron-server[102626]: DEBUG neutron.api.rpc.callbacks.version_manager [None req-3779f8b3-8fdf-4004-a22c-fc7c4a128264 None None] Version for resource type SecurityGroup changed None to 1.5 on consumer Open vSwitch agent@dv-cinder-813221-4-smb {{(pid=102626) _set_version /opt/stack/neutron/neutron/api/rpc/callbacks/version_manager.py:113}}
Dec 15 11:35:26.993369 dv-cinder-813221-4-smb neutron-server[102626]: DEBUG neutron.api.rpc.callbacks.version_manager [None req-3779f8b3-8fdf-4004-a22c-fc7c4a128264 None None] Version for resource type SecurityGroupRule changed None to 1.2 on consumer Open vSwitch agent@dv-cinder-813221-4-smb {{(pid=102626) _set_version /opt/stack/neutron/neutron/api/rpc/callbacks/version_manager.py:113}}
Dec 15 11:35:26.993916 dv-cinder-813221-4-smb neutron-server[102626]: DEBUG neutron.api.rpc.callbacks.version_manager [None req-3779f8b3-8fdf-4004-a22c-fc7c4a128264 None None] Version for resource type SubPort changed None to 1.0 on consumer Open vSwitch agent@dv-cinder-813221-4-smb {{(pid=102626) _set_version /opt/stack/neutron/neutron/api/rpc/callbacks/version_manager.py:113}}
Dec 15 11:35:26.994453 dv-cinder-813221-4-smb neutron-server[102626]: DEBUG neutron.api.rpc.callbacks.version_manager [None req-3779f8b3-8fdf-4004-a22c-fc7c4a128264 None None] Version for resource type Subnet changed None to 1.1 on consumer Open vSwitch agent@dv-cinder-813221-4-smb {{(pid=102626) _set_version /opt/stack/neutron/neutron/api/rpc/callbacks/version_manager.py:113}}
Dec 15 11:35:26.995003 dv-cinder-813221-4-smb neutron-server[102626]: DEBUG neutron.api.rpc.callbacks.version_manager [None req-3779f8b3-8fdf-4004-a22c-fc7c4a128264 None None] Version for resource type Trunk changed None to 1.1 on consumer Open vSwitch agent@dv-cinder-813221-4-smb {{(pid=102626) _set_version /opt/stack/neutron/neutron/api/rpc/callbacks/version_manager.py:113}}
Dec 15 11:35:26.996392 dv-cinder-813221-4-smb neutron-server[102626]: DEBUG neutron.api.rpc.callbacks.version_manager [None req-3779f8b3-8fdf-4004-a22c-fc7c4a128264 None None] Tracked resource versions report:
Dec 15 11:35:26.996392 dv-cinder-813221-4-smb neutron-server[102626]: pushed versions:
Dec 15 11:35:26.996392 dv-cinder-813221-4-smb neutron-server[102626]: { 'AddressGroup': {'1.2'},
Dec 15 11:35:26.996392 dv-cinder-813221-4-smb neutron-server[102626]: 'ConntrackHelper': {'1.0'},
Dec 15 11:35:26.996392 dv-cinder-813221-4-smb neutron-server[102626]: 'LocalIPAssociation': {'1.0'},
Dec 15 11:35:26.996392 dv-cinder-813221-4-smb neutron-server[102626]: 'Log': {'1.0'},
Dec 15 11:35:26.996392 dv-cinder-813221-4-smb neutron-server[102626]: 'Network': {'1.1'},
Dec 15 11:35:26.996392 dv-cinder-813221-4-smb neutron-server[102626]: 'Port': {'1.7'},
Dec 15 11:35:26.996392 dv-cinder-813221-4-smb neutron-server[102626]: 'PortForwarding': {'1.2'},
Dec 15 11:35:26.996392 dv-cinder-813221-4-smb neutron-server[102626]: 'QosPolicy': {'1.10'},
Dec 15 11:35:26.996392 dv-cinder-813221-4-smb neutron-server[102626]: 'SecurityGroup': {'1.5'},
Dec 15 11:35:26.996392 dv-cinder-813221-4-smb neutron-server[102626]: 'SecurityGroupRule': {'1.2'},
Dec 15 11:35:26.996392 dv-cinder-813221-4-smb neutron-server[102626]: 'SubPort': {'1.0'},
Dec 15 11:35:26.996392 dv-cinder-813221-4-smb neutron-server[102626]: 'Subnet': {'1.1'},
Dec 15 11:35:26.996392 dv-cinder-813221-4-smb neutron-server[102626]: 'Trunk': {'1.1'}}
Dec 15 11:35:26.996392 dv-cinder-813221-4-smb neutron-server[102626]: consumer versions:
Dec 15 11:35:26.996392 dv-cinder-813221-4-smb neutron-server[102626]: { DHCP agent@dv-cinder-813221-4-smb: {},
Dec 15 11:35:26.996392 dv-cinder-813221-4-smb neutron-server[102626]: HyperV agent@hv-cinder-81322: {},
Dec 15 11:35:26.996392 dv-cinder-813221-4-smb neutron-server[102626]: L3 agent@dv-cinder-813221-4-smb: {},
Dec 15 11:35:26.996392 dv-cinder-813221-4-smb neutron-server[102626]: Metadata agent@dv-cinder-813221-4-smb: {},
Dec 15 11:35:26.996392 dv-cinder-813221-4-smb neutron-server[102626]: Metering agent@dv-cinder-813221-4-smb: {},
Dec 15 11:35:26.996392 dv-cinder-813221-4-smb neutron-server[102626]: Open vSwitch agent@dv-cinder-813221-4-smb: { 'AddressGroup': '1.2',
Dec 15 11:35:26.996392 dv-cinder-813221-4-smb neutron-server[102626]: 'ConntrackHelper': '1.0',
Dec 15 11:35:26.996392 dv-cinder-813221-4-smb neutron-server[102626]: 'LocalIPAssociation': '1.0',
Dec 15 11:35:26.996392 dv-cinder-813221-4-smb neutron-server[102626]: 'Log': '1.0',
Dec 15 11:35:26.996392 dv-cinder-813221-4-smb neutron-server[102626]: 'Network': '1.1',
Dec 15 11:35:26.996392 dv-cinder-813221-4-smb neutron-server[102626]: 'Port': '1.7',
Dec 15 11:35:26.996392 dv-cinder-813221-4-smb neutron-server[102626]: 'PortForwarding': '1.2',
Dec 15 11:35:26.996392 dv-cinder-813221-4-smb neutron-server[102626]: 'QosPolicy': '1.10',
Dec 15 11:35:26.996392 dv-cinder-813221-4-smb neutron-server[102626]: 'SecurityGroup': '1.5',
Dec 15 11:35:26.996392 dv-cinder-813221-4-smb neutron-server[102626]: 'SecurityGroupRule': '1.2',
Dec 15 11:35:26.996392 dv-cinder-813221-4-smb neutron-server[102626]: 'SubPort': '1.0',
Dec 15 11:35:26.996392 dv-cinder-813221-4-smb neutron-server[102626]: 'Subnet': '1.1',
Dec 15 11:35:26.996392 dv-cinder-813221-4-smb neutron-server[102626]: 'Trunk': '1.1'}}
Dec 15 11:35:26.996392 dv-cinder-813221-4-smb neutron-server[102626]: {{(pid=102626) report /opt/stack/neutron/neutron/api/rpc/callbacks/version_manager.py:175}}
Dec 15 11:35:27.056541 dv-cinder-813221-4-smb neutron-server[102625]: INFO neutron.wsgi [req-75a16311-6fe6-4641-a4b3-b0e579d03e4c req-b17d0065-f220-4246-bfcd-c76f4157f190 tempest-AttachVolumeNegativeTest-15896205 tempest-AttachVolumeNegativeTest-15896205-project] 10.222.0.60 "GET /v2.0/ports?device_id=9b40c922-7e00-4b8f-93ea-291b73bfed29 HTTP/1.1" status: 200 len: 210 time: 0.0708427
Dec 15 11:35:27.057642 dv-cinder-813221-4-smb neutron-server[102625]: DEBUG neutron.wsgi [-] (102625) accepted ('10.222.0.67', 57773) {{(pid=102625) server /usr/local/lib/python3.8/dist-packages/eventlet/wsgi.py:1004}}
Dec 15 11:35:27.122118 dv-cinder-813221-4-smb neutron-server[102624]: DEBUG neutron.api.rpc.agentnotifiers.l3_rpc_agent_api [None req-941fd8d1-75c3-4225-9f54-a3e305428919 admin admin] Notify agent at l3_agent.dv-cinder-813221-4-smb the message routers_updated {{(pid=102624) _agent_notification /opt/stack/neutron/neutron/api/rpc/agentnotifiers/l3_rpc_agent_api.py:65}}
Dec 15 11:35:27.139027 dv-cinder-813221-4-smb neutron-server[102624]: INFO neutron.wsgi [None req-941fd8d1-75c3-4225-9f54-a3e305428919 admin admin] 10.222.0.60 "PUT /v2.0/routers/1422292f-fa5d-4715-b8bc-fb5327f22cb1/add_router_interface HTTP/1.1" status: 200 len: 503 time: 4.2905707
Dec 15 11:35:27.215128 dv-cinder-813221-4-smb neutron-server[102624]: DEBUG neutron.wsgi [-] (102624) accepted ('10.222.0.60', 33714) {{(pid=102624) server /usr/local/lib/python3.8/dist-packages/eventlet/wsgi.py:1004}}
Dec 15 11:35:27.262819 dv-cinder-813221-4-smb neutron-server[102625]: DEBUG neutron.pecan_wsgi.hooks.policy_enforcement [req-1b48c33a-fc97-4489-b657-bf505ddc3800 req-c0a5e9de-824e-4c04-b2ac-e6df364cc7e3 tempest-AttachVolumeNegativeTest-15896205 tempest-AttachVolumeNegativeTest-15896205-project] Attributes excluded by policy engine: ['standard_attr_id', 'vlan_transparent', 'provider:network_type', 'provider:physical_network', 'provider:segmentation_id'] {{(pid=102625) _exclude_attributes_by_policy /opt/stack/neutron/neutron/pecan_wsgi/hooks/policy_enforcement.py:255}}
Dec 15 11:35:27.264315 dv-cinder-813221-4-smb neutron-server[102625]: INFO neutron.wsgi [req-1b48c33a-fc97-4489-b657-bf505ddc3800 req-c0a5e9de-824e-4c04-b2ac-e6df364cc7e3 tempest-AttachVolumeNegativeTest-15896205 tempest-AttachVolumeNegativeTest-15896205-project] 10.222.0.67 "GET /v2.0/networks?id=8593a95f-7966-4f5b-a27e-4c9ce71fb6a2 HTTP/1.1" status: 200 len: 814 time: 0.2004173
Dec 15 11:35:27.301439 dv-cinder-813221-4-smb neutron-server[102625]: DEBUG neutron_lib.callbacks.manager [None req-e6b7fbd8-39f0-491c-8898-b886324a9a6d admin admin] Publish callbacks [] for security_group, precommit_create {{(pid=102625) _notify_loop /usr/local/lib/python3.8/dist-packages/neutron_lib/callbacks/manager.py:175}}
Dec 15 11:35:27.311898 dv-cinder-813221-4-smb neutron-server[102625]: DEBUG neutron_lib.callbacks.manager [None req-e6b7fbd8-39f0-491c-8898-b886324a9a6d admin admin] Publish callbacks ['neutron.plugins.ml2.ovo_rpc._ObjectChangeHandler.handle_event-970339'] for security_group, after_create {{(pid=102625) _notify_loop /usr/local/lib/python3.8/dist-packages/neutron_lib/callbacks/manager.py:175}}
Dec 15 11:35:27.356337 dv-cinder-813221-4-smb neutron-server[102625]: INFO neutron.wsgi [None req-e6b7fbd8-39f0-491c-8898-b886324a9a6d admin admin] 10.222.0.60 "GET /v2.0/security-groups?tenant_id=083a16a1cd6d41e38a85b7cf665a8b80&name=default HTTP/1.1" status: 200 len: 2992 time: 0.8827751
Dec 15 11:35:27.357337 dv-cinder-813221-4-smb neutron-server[102624]: DEBUG neutron.wsgi [-] (102624) accepted ('10.222.0.60', 33722) {{(pid=102624) server /usr/local/lib/python3.8/dist-packages/eventlet/wsgi.py:1004}}
Dec 15 11:35:27.359318 dv-cinder-813221-4-smb neutron-server[102625]: DEBUG neutron.api.rpc.handlers.resources_rpc [None req-e6b7fbd8-39f0-491c-8898-b886324a9a6d admin admin] Pushing event updated for resources: {'SecurityGroup': ['ID=460bcf0c-c2aa-4767-bec1-9bff2ba18a91,revision_number=1']} {{(pid=102625) push /opt/stack/neutron/neutron/api/rpc/handlers/resources_rpc.py:237}}
Dec 15 11:35:27.368264 dv-cinder-813221-4-smb neutron-server[102625]: DEBUG neutron.api.v2.base [req-1b48c33a-fc97-4489-b657-bf505ddc3800 req-f1087a3c-57a0-4efe-8c6d-aac6562f2354 tempest-AttachVolumeNegativeTest-15896205 tempest-AttachVolumeNegativeTest-15896205-project] Request body: {'port': {'device_id': '9b40c922-7e00-4b8f-93ea-291b73bfed29', 'network_id': '8593a95f-7966-4f5b-a27e-4c9ce71fb6a2', 'admin_state_up': True, 'tenant_id': 'e6bda8b626c94c7f96535eb889456607'}} {{(pid=102625) prepare_request_body /opt/stack/neutron/neutron/api/v2/base.py:729}}
Dec 15 11:35:27.444285 dv-cinder-813221-4-smb neutron-server[102624]: DEBUG neutron_lib.callbacks.manager [None req-a60a10fa-fbce-4905-9264-67bb0288aa45 admin admin] Publish callbacks [] for security_group, before_create {{(pid=102624) _notify_loop /usr/local/lib/python3.8/dist-packages/neutron_lib/callbacks/manager.py:175}}
Dec 15 11:35:27.497200 dv-cinder-813221-4-smb neutron-server[102624]: DEBUG neutron_lib.callbacks.manager [None req-4c89b4bd-6799-4f55-b515-958c46ab7cab admin admin] Publish callbacks [] for security_group, before_delete {{(pid=102624) _notify_loop /usr/local/lib/python3.8/dist-packages/neutron_lib/callbacks/manager.py:175}}
Dec 15 11:35:27.537787 dv-cinder-813221-4-smb neutron-server[102624]: DEBUG neutron_lib.callbacks.manager [None req-4c89b4bd-6799-4f55-b515-958c46ab7cab admin admin] Publish callbacks [] for security_group, precommit_delete {{(pid=102624) _notify_loop /usr/local/lib/python3.8/dist-packages/neutron_lib/callbacks/manager.py:175}}
Dec 15 11:35:27.667502 dv-cinder-813221-4-smb neutron-server[102624]: DEBUG neutron_lib.callbacks.manager [None req-a60a10fa-fbce-4905-9264-67bb0288aa45 admin admin] Publish callbacks [] for security_group, precommit_create {{(pid=102624) _notify_loop /usr/local/lib/python3.8/dist-packages/neutron_lib/callbacks/manager.py:175}}
Dec 15 11:35:27.688743 dv-cinder-813221-4-smb neutron-server[102624]: DEBUG neutron_lib.callbacks.manager [None req-4c89b4bd-6799-4f55-b515-958c46ab7cab admin admin] Publish callbacks ['neutron.plugins.ml2.ovo_rpc._ObjectChangeHandler.handle_event-970339'] for security_group, after_delete {{(pid=102624) _notify_loop /usr/local/lib/python3.8/dist-packages/neutron_lib/callbacks/manager.py:175}}
Dec 15 11:35:27.691194 dv-cinder-813221-4-smb neutron-server[102624]: DEBUG neutron_lib.callbacks.manager [None req-4c89b4bd-6799-4f55-b515-958c46ab7cab admin admin] Publish callbacks [] for security_group, before_response {{(pid=102624) _notify_loop /usr/local/lib/python3.8/dist-packages/neutron_lib/callbacks/manager.py:175}}
Dec 15 11:35:27.696415 dv-cinder-813221-4-smb neutron-server[102624]: INFO neutron.wsgi [None req-4c89b4bd-6799-4f55-b515-958c46ab7cab admin admin] 10.222.0.60 "DELETE /v2.0/security-groups/460bcf0c-c2aa-4767-bec1-9bff2ba18a91 HTTP/1.1" status: 204 len: 168 time: 0.3375349
Dec 15 11:35:27.699345 dv-cinder-813221-4-smb neutron-server[102624]: DEBUG neutron_lib.callbacks.manager [None req-a60a10fa-fbce-4905-9264-67bb0288aa45 admin admin] Publish callbacks ['neutron.plugins.ml2.ovo_rpc._ObjectChangeHandler.handle_event-970339'] for security_group, after_create {{(pid=102624) _notify_loop /usr/local/lib/python3.8/dist-packages/neutron_lib/callbacks/manager.py:175}}
Dec 15 11:35:27.717814 dv-cinder-813221-4-smb neutron-server[102624]: DEBUG neutron.api.rpc.handlers.resources_rpc [None req-4c89b4bd-6799-4f55-b515-958c46ab7cab admin admin] Pushing event deleted for resources: {'SecurityGroup': ['ID=460bcf0c-c2aa-4767-bec1-9bff2ba18a91,revision_number=None']} {{(pid=102624) push /opt/stack/neutron/neutron/api/rpc/handlers/resources_rpc.py:237}}
Dec 15 11:35:27.732460 dv-cinder-813221-4-smb neutron-server[102625]: DEBUG neutron.wsgi [-] (102625) accepted ('10.222.0.67', 57779) {{(pid=102625) server /usr/local/lib/python3.8/dist-packages/eventlet/wsgi.py:1004}}
Dec 15 11:35:27.783604 dv-cinder-813221-4-smb neutron-server[102624]: INFO neutron.wsgi [None req-a60a10fa-fbce-4905-9264-67bb0288aa45 admin admin] 10.222.0.60 "GET /v2.0/security-groups?tenant_id=83ec8d1bee334cafa4988aa3bce4c468&name=default HTTP/1.1" status: 200 len: 2992 time: 0.5667992
Dec 15 11:35:27.789985 dv-cinder-813221-4-smb neutron-server[102624]: DEBUG neutron.wsgi [-] (102624) accepted ('10.222.0.60', 33754) {{(pid=102624) server /usr/local/lib/python3.8/dist-packages/eventlet/wsgi.py:1004}}
Dec 15 11:35:27.833859 dv-cinder-813221-4-smb neutron-server[102624]: DEBUG neutron.api.rpc.handlers.resources_rpc [None req-a60a10fa-fbce-4905-9264-67bb0288aa45 admin admin] Pushing event updated for resources: {'SecurityGroup': ['ID=a0bb2706-5ad4-491b-8090-aa4893d81884,revision_number=1']} {{(pid=102624) push /opt/stack/neutron/neutron/api/rpc/handlers/resources_rpc.py:237}}
Dec 15 11:35:27.937066 dv-cinder-813221-4-smb neutron-server[102625]: DEBUG neutron.pecan_wsgi.hooks.quota_enforcement [req-1b48c33a-fc97-4489-b657-bf505ddc3800 req-f1087a3c-57a0-4efe-8c6d-aac6562f2354 tempest-AttachVolumeNegativeTest-15896205 tempest-AttachVolumeNegativeTest-15896205-project] Made reservation on behalf of e6bda8b626c94c7f96535eb889456607 for: {'port': 1} {{(pid=102625) before /opt/stack/neutron/neutron/pecan_wsgi/hooks/quota_enforcement.py:53}}
Dec 15 11:35:27.946618 dv-cinder-813221-4-smb neutron-server[102625]: DEBUG neutron_lib.callbacks.manager [req-1b48c33a-fc97-4489-b657-bf505ddc3800 req-f1087a3c-57a0-4efe-8c6d-aac6562f2354 tempest-AttachVolumeNegativeTest-15896205 tempest-AttachVolumeNegativeTest-15896205-project] Publish callbacks ['neutron.plugins.ml2.plugin.SecurityGroupDbMixin._ensure_default_security_group_handler-33142630'] for port, before_create {{(pid=102625) _notify_loop /usr/local/lib/python3.8/dist-packages/neutron_lib/callbacks/manager.py:175}}
Dec 15 11:35:27.999697 dv-cinder-813221-4-smb neutron-server[102624]: DEBUG neutron_lib.callbacks.manager [None req-a6ea2b0f-5479-412b-a7af-e337487d6b0e admin admin] Publish callbacks [] for security_group, before_delete {{(pid=102624) _notify_loop /usr/local/lib/python3.8/dist-packages/neutron_lib/callbacks/manager.py:175}}
Dec 15 11:35:28.026227 dv-cinder-813221-4-smb neutron-server[102624]: DEBUG neutron_lib.callbacks.manager [None req-a6ea2b0f-5479-412b-a7af-e337487d6b0e admin admin] Publish callbacks [] for security_group, precommit_delete {{(pid=102624) _notify_loop /usr/local/lib/python3.8/dist-packages/neutron_lib/callbacks/manager.py:175}}
Dec 15 11:35:28.046249 dv-cinder-813221-4-smb neutron-server[102624]: DEBUG neutron.wsgi [-] (102624) accepted ('10.222.0.60', 33780) {{(pid=102624) server /usr/local/lib/python3.8/dist-packages/eventlet/wsgi.py:1004}}
Dec 15 11:35:28.197280 dv-cinder-813221-4-smb neutron-server[102624]: DEBUG neutron.pecan_wsgi.hooks.policy_enforcement [req-b3150875-c4a4-488a-ad65-a134e9c67575 req-bd14511b-4dfc-4e1f-8ed2-0969cffc79e0 tempest-ServerRescueNegativeTestJSON-599049912 tempest-ServerRescueNegativeTestJSON-599049912-project] Attributes excluded by policy engine: ['standard_attr_id', 'vlan_transparent', 'provider:network_type', 'provider:physical_network', 'provider:segmentation_id'] {{(pid=102624) _exclude_attributes_by_policy /opt/stack/neutron/neutron/pecan_wsgi/hooks/policy_enforcement.py:255}}
Dec 15 11:35:28.198924 dv-cinder-813221-4-smb neutron-server[102624]: INFO neutron.wsgi [req-b3150875-c4a4-488a-ad65-a134e9c67575 req-bd14511b-4dfc-4e1f-8ed2-0969cffc79e0 tempest-ServerRescueNegativeTestJSON-599049912 tempest-ServerRescueNegativeTestJSON-599049912-project] 10.222.0.60 "GET /v2.0/networks?id=bed94a58-b06d-4055-bb2c-f2399cafbaf8 HTTP/1.1" status: 200 len: 819 time: 0.3129148
Dec 15 11:35:28.200142 dv-cinder-813221-4-smb neutron-server[102624]: DEBUG neutron_lib.callbacks.manager [None req-a6ea2b0f-5479-412b-a7af-e337487d6b0e admin admin] Publish callbacks ['neutron.plugins.ml2.ovo_rpc._ObjectChangeHandler.handle_event-970339'] for security_group, after_delete {{(pid=102624) _notify_loop /usr/local/lib/python3.8/dist-packages/neutron_lib/callbacks/manager.py:175}}
Dec 15 11:35:28.203042 dv-cinder-813221-4-smb neutron-server[102624]: DEBUG neutron_lib.callbacks.manager [None req-a6ea2b0f-5479-412b-a7af-e337487d6b0e admin admin] Publish callbacks [] for security_group, before_response {{(pid=102624) _notify_loop /usr/local/lib/python3.8/dist-packages/neutron_lib/callbacks/manager.py:175}}
Dec 15 11:35:28.206763 dv-cinder-813221-4-smb neutron-server[102624]: INFO neutron.wsgi [None req-a6ea2b0f-5479-412b-a7af-e337487d6b0e admin admin] 10.222.0.60 "DELETE /v2.0/security-groups/a0bb2706-5ad4-491b-8090-aa4893d81884 HTTP/1.1" status: 204 len: 168 time: 0.4131684
Dec 15 11:35:28.229682 dv-cinder-813221-4-smb neutron-server[102625]: DEBUG neutron.pecan_wsgi.hooks.policy_enforcement [req-a31607d4-b764-4a60-b24f-caa067eafb9a req-242584cb-f21f-41a7-b8f4-7e2ae4e5afd8 tempest-DeleteServersTestJSON-90885021 tempest-DeleteServersTestJSON-90885021-project] Attributes excluded by policy engine: ['standard_attr_id', 'vlan_transparent', 'provider:network_type', 'provider:physical_network', 'provider:segmentation_id'] {{(pid=102625) _exclude_attributes_by_policy /opt/stack/neutron/neutron/pecan_wsgi/hooks/policy_enforcement.py:255}}
Dec 15 11:35:28.231367 dv-cinder-813221-4-smb neutron-server[102625]: INFO neutron.wsgi [req-a31607d4-b764-4a60-b24f-caa067eafb9a req-242584cb-f21f-41a7-b8f4-7e2ae4e5afd8 tempest-DeleteServersTestJSON-90885021 tempest-DeleteServersTestJSON-90885021-project] 10.222.0.67 "GET /v2.0/networks?id=4ac426db-fc62-4382-a7ed-9613576baf47 HTTP/1.1" status: 200 len: 812 time: 0.4868295
Dec 15 11:35:28.234404 dv-cinder-813221-4-smb neutron-server[102624]: INFO neutron.wsgi [req-b3150875-c4a4-488a-ad65-a134e9c67575 req-2b6a72ce-0106-4725-a967-2e1e1fbaa3d5 tempest-ServerRescueNegativeTestJSON-599049912 tempest-ServerRescueNegativeTestJSON-599049912-project] 10.222.0.60 "GET /v2.0/quotas/2b43931803164e0bb049a1055960fd5d HTTP/1.1" status: 200 len: 375 time: 0.0269160
Dec 15 11:35:28.268124 dv-cinder-813221-4-smb neutron-server[102624]: DEBUG neutron.api.rpc.handlers.resources_rpc [None req-a6ea2b0f-5479-412b-a7af-e337487d6b0e admin admin] Pushing event deleted for resources: {'SecurityGroup': ['ID=a0bb2706-5ad4-491b-8090-aa4893d81884,revision_number=None']} {{(pid=102624) push /opt/stack/neutron/neutron/api/rpc/handlers/resources_rpc.py:237}}
Dec 15 11:35:28.342588 dv-cinder-813221-4-smb neutron-server[102625]: INFO neutron.wsgi [req-55dd0bb9-4059-478a-9740-0b85afae943e req-709eb734-9464-4ad0-9ee1-ed243cc2d408 tempest-DeleteServersTestJSON-90885021 tempest-DeleteServersTestJSON-90885021-project] 10.222.0.60 "GET /v2.0/ports?device_id=2cf754fa-39e4-46b2-b51b-a0e5434b371a HTTP/1.1" status: 200 len: 210 time: 0.1395173
Dec 15 11:35:28.342588 dv-cinder-813221-4-smb neutron-server[102625]: DEBUG neutron.api.v2.base [req-a31607d4-b764-4a60-b24f-caa067eafb9a req-c7332601-5180-476b-9c3d-10ff86ef05f7 tempest-DeleteServersTestJSON-90885021 tempest-DeleteServersTestJSON-90885021-project] Request body: {'port': {'device_id': '2cf754fa-39e4-46b2-b51b-a0e5434b371a', 'network_id': '4ac426db-fc62-4382-a7ed-9613576baf47', 'admin_state_up': True, 'tenant_id': '88915965bf2d4d14880ad882b1c28945'}} {{(pid=102625) prepare_request_body /opt/stack/neutron/neutron/api/v2/base.py:729}}
Dec 15 11:35:28.377282 dv-cinder-813221-4-smb neutron-server[102626]: DEBUG neutron.plugins.ml2.rpc [None req-3779f8b3-8fdf-4004-a22c-fc7c4a128264 None None] Device 3d7f9968-e5cb-42aa-89f5-b73bf13eaede up at agent ovs-agent-dv-cinder-813221-4-smb {{(pid=102626) update_device_up /opt/stack/neutron/neutron/plugins/ml2/rpc.py:296}}
Dec 15 11:35:28.401935 dv-cinder-813221-4-smb neutron-server[102624]: INFO neutron.wsgi [req-b3150875-c4a4-488a-ad65-a134e9c67575 req-b69c16cb-0363-43a7-b55a-9e996dbb492b tempest-ServerRescueNegativeTestJSON-599049912 tempest-ServerRescueNegativeTestJSON-599049912-project] 10.222.0.60 "GET /v2.0/ports?tenant_id=2b43931803164e0bb049a1055960fd5d&fields=id HTTP/1.1" status: 200 len: 255 time: 0.1658733
Dec 15 11:35:28.468970 dv-cinder-813221-4-smb neutron-server[102626]: DEBUG neutron.api.rpc.handlers.l3_rpc [None req-f5a6e3ff-c641-4350-bd71-d43e26bdc028 None None] Sync routers for ids ['1422292f-fa5d-4715-b8bc-fb5327f22cb1'] in dv-cinder-813221-4-smb {{(pid=102626) sync_routers /opt/stack/neutron/neutron/api/rpc/handlers/l3_rpc.py:125}}
Dec 15 11:35:28.516460 dv-cinder-813221-4-smb neutron-server[102626]: DEBUG neutron.db.l3_dvrscheduler_db [None req-f5a6e3ff-c641-4350-bd71-d43e26bdc028 None None] Routers {'1422292f-fa5d-4715-b8bc-fb5327f22cb1'} bound to L3 agent in host dv-cinder-813221-4-smb {{(pid=102626) _get_router_ids_for_agent /opt/stack/neutron/neutron/db/l3_dvrscheduler_db.py:420}}
Dec 15 11:35:28.517335 dv-cinder-813221-4-smb neutron-server[102626]: DEBUG neutron.db.l3_hamode_db [None req-f5a6e3ff-c641-4350-bd71-d43e26bdc028 None None] neutron.services.l3_router.l3_router_plugin.L3RouterPlugin method get_ha_sync_data_for_host called with arguments (, 'dv-cinder-813221-4-smb', Agent(admin_state_up=True,agent_type='L3 agent',availability_zone='nova',binary='neutron-l3-agent',configurations={"agent_mode": "legacy", "ex_gw_ports": 1, "extensions": [], "floating_ips": 0, "handle_internal_only_routers": true, "interface_driver": "openvswitch", "interfaces": 1, "log_agent_heartbeats": false, "routers": 1},created_at=2021-12-15T11:27:15Z,description=,heartbeat_timestamp=2021-12-15T11:35:15Z,host='dv-cinder-813221-4-smb',id=67ebf34e-3bd8-4d1b-97c5-c74c6166e813,load=0,resource_versions=,resources_synced=,started_at=2021-12-15T11:27:15Z,topic='l3_agent')) {'router_ids': ['1422292f-fa5d-4715-b8bc-fb5327f22cb1'], 'active': True} {{(pid=102626) wrapper /usr/local/lib/python3.8/dist-packages/oslo_log/helpers.py:65}}
Dec 15 11:35:28.555807 dv-cinder-813221-4-smb neutron-server[102625]: DEBUG neutron.db.db_base_plugin_common [req-1b48c33a-fc97-4489-b657-bf505ddc3800 req-f1087a3c-57a0-4efe-8c6d-aac6562f2354 tempest-AttachVolumeNegativeTest-15896205 tempest-AttachVolumeNegativeTest-15896205-project] Allocated IP 172.20.0.11 (8593a95f-7966-4f5b-a27e-4c9ce71fb6a2/4ca509ca-1b36-4619-85c0-fda2774f6c7b/5ae60df3-87d0-4438-9c45-3582e4cc53f4) {{(pid=102625) _store_ip_allocation /opt/stack/neutron/neutron/db/db_base_plugin_common.py:131}}
Dec 15 11:35:28.721722 dv-cinder-813221-4-smb neutron-server[102625]: DEBUG neutron.pecan_wsgi.hooks.quota_enforcement [req-a31607d4-b764-4a60-b24f-caa067eafb9a req-c7332601-5180-476b-9c3d-10ff86ef05f7 tempest-DeleteServersTestJSON-90885021 tempest-DeleteServersTestJSON-90885021-project] Made reservation on behalf of 88915965bf2d4d14880ad882b1c28945 for: {'port': 1} {{(pid=102625) before /opt/stack/neutron/neutron/pecan_wsgi/hooks/quota_enforcement.py:53}}
Dec 15 11:35:28.728302 dv-cinder-813221-4-smb neutron-server[102624]: INFO neutron.wsgi [req-b3150875-c4a4-488a-ad65-a134e9c67575 req-0e440569-6ee1-478a-9092-ffe006522e1a service neutron] 10.222.0.60 "GET /v2.0/networks/bed94a58-b06d-4055-bb2c-f2399cafbaf8?fields=segments HTTP/1.1" status: 200 len: 212 time: 0.3067546
Dec 15 11:35:28.733623 dv-cinder-813221-4-smb neutron-server[102624]: DEBUG neutron_lib.callbacks.manager [None req-90351b2b-7a9b-447f-88f3-6dfdc781ca3e admin admin] Publish callbacks [] for security_group, before_create {{(pid=102624) _notify_loop /usr/local/lib/python3.8/dist-packages/neutron_lib/callbacks/manager.py:175}}
Dec 15 11:35:28.734243 dv-cinder-813221-4-smb neutron-server[102625]: DEBUG neutron_lib.callbacks.manager [req-a31607d4-b764-4a60-b24f-caa067eafb9a req-c7332601-5180-476b-9c3d-10ff86ef05f7 tempest-DeleteServersTestJSON-90885021 tempest-DeleteServersTestJSON-90885021-project] Publish callbacks ['neutron.plugins.ml2.plugin.SecurityGroupDbMixin._ensure_default_security_group_handler-33142630'] for port, before_create {{(pid=102625) _notify_loop /usr/local/lib/python3.8/dist-packages/neutron_lib/callbacks/manager.py:175}}
Dec 15 11:35:28.952893 dv-cinder-813221-4-smb neutron-server[102624]: DEBUG neutron_lib.callbacks.manager [None req-90351b2b-7a9b-447f-88f3-6dfdc781ca3e admin admin] Publish callbacks [] for security_group, precommit_create {{(pid=102624) _notify_loop /usr/local/lib/python3.8/dist-packages/neutron_lib/callbacks/manager.py:175}}
Dec 15 11:35:28.966435 dv-cinder-813221-4-smb neutron-server[102624]: DEBUG neutron_lib.callbacks.manager [None req-90351b2b-7a9b-447f-88f3-6dfdc781ca3e admin admin] Publish callbacks ['neutron.plugins.ml2.ovo_rpc._ObjectChangeHandler.handle_event-970339'] for security_group, after_create {{(pid=102624) _notify_loop /usr/local/lib/python3.8/dist-packages/neutron_lib/callbacks/manager.py:175}}
Dec 15 11:35:29.035493 dv-cinder-813221-4-smb neutron-server[102624]: INFO neutron.wsgi [None req-90351b2b-7a9b-447f-88f3-6dfdc781ca3e admin admin] 10.222.0.60 "GET /v2.0/security-groups?tenant_id=842bfd6c41884dac854939d3dedbd942&name=default HTTP/1.1" status: 200 len: 2992 time: 0.9881287
Dec 15 11:35:29.039007 dv-cinder-813221-4-smb neutron-server[102624]: DEBUG neutron.api.rpc.handlers.resources_rpc [None req-90351b2b-7a9b-447f-88f3-6dfdc781ca3e admin admin] Pushing event updated for resources: {'SecurityGroup': ['ID=aa25086c-cb30-4f86-99a8-4af5d1765b77,revision_number=1']} {{(pid=102624) push /opt/stack/neutron/neutron/api/rpc/handlers/resources_rpc.py:237}}
Dec 15 11:35:29.078805 dv-cinder-813221-4-smb neutron-server[102624]: DEBUG neutron.wsgi [-] (102624) accepted ('10.222.0.60', 33820) {{(pid=102624) server /usr/local/lib/python3.8/dist-packages/eventlet/wsgi.py:1004}}
Dec 15 11:35:29.131199 dv-cinder-813221-4-smb neutron-server[102626]: DEBUG neutron.db.provisioning_blocks [None req-3779f8b3-8fdf-4004-a22c-fc7c4a128264 None None] Provisioning complete for port 3d7f9968-e5cb-42aa-89f5-b73bf13eaede triggered by entity L2. {{(pid=102626) provisioning_complete /opt/stack/neutron/neutron/db/provisioning_blocks.py:139}}
Dec 15 11:35:29.131617 dv-cinder-813221-4-smb neutron-server[102626]: DEBUG neutron_lib.callbacks.manager [None req-3779f8b3-8fdf-4004-a22c-fc7c4a128264 None None] Publish callbacks ['neutron.plugins.ml2.plugin.Ml2Plugin._port_provisioned-33500567'] for port, provisioning_complete {{(pid=102626) _notify_loop /usr/local/lib/python3.8/dist-packages/neutron_lib/callbacks/manager.py:175}}
Dec 15 11:35:29.146930 dv-cinder-813221-4-smb neutron-server[102624]: DEBUG neutron_lib.callbacks.manager [None req-bf5a9cb6-69b1-4b36-abaf-02ba0b7fdee2 admin admin] Publish callbacks [] for security_group, before_delete {{(pid=102624) _notify_loop /usr/local/lib/python3.8/dist-packages/neutron_lib/callbacks/manager.py:175}}
Dec 15 11:35:29.175270 dv-cinder-813221-4-smb neutron-server[102624]: DEBUG neutron_lib.callbacks.manager [None req-bf5a9cb6-69b1-4b36-abaf-02ba0b7fdee2 admin admin] Publish callbacks [] for security_group, precommit_delete {{(pid=102624) _notify_loop /usr/local/lib/python3.8/dist-packages/neutron_lib/callbacks/manager.py:175}}
Dec 15 11:35:29.255947 dv-cinder-813221-4-smb neutron-server[102624]: DEBUG neutron_lib.callbacks.manager [None req-bf5a9cb6-69b1-4b36-abaf-02ba0b7fdee2 admin admin] Publish callbacks ['neutron.plugins.ml2.ovo_rpc._ObjectChangeHandler.handle_event-970339'] for security_group, after_delete {{(pid=102624) _notify_loop /usr/local/lib/python3.8/dist-packages/neutron_lib/callbacks/manager.py:175}}
Dec 15 11:35:29.260131 dv-cinder-813221-4-smb neutron-server[102624]: DEBUG neutron_lib.callbacks.manager [None req-bf5a9cb6-69b1-4b36-abaf-02ba0b7fdee2 admin admin] Publish callbacks [] for security_group, before_response {{(pid=102624) _notify_loop /usr/local/lib/python3.8/dist-packages/neutron_lib/callbacks/manager.py:175}}
Dec 15 11:35:29.262214 dv-cinder-813221-4-smb neutron-server[102624]: INFO neutron.wsgi [None req-bf5a9cb6-69b1-4b36-abaf-02ba0b7fdee2 admin admin] 10.222.0.60 "DELETE /v2.0/security-groups/aa25086c-cb30-4f86-99a8-4af5d1765b77 HTTP/1.1" status: 204 len: 168 time: 0.1817400
Dec 15 11:35:29.288948 dv-cinder-813221-4-smb neutron-server[102624]: DEBUG neutron.api.rpc.handlers.resources_rpc [None req-bf5a9cb6-69b1-4b36-abaf-02ba0b7fdee2 admin admin] Pushing event deleted for resources: {'SecurityGroup': ['ID=aa25086c-cb30-4f86-99a8-4af5d1765b77,revision_number=None']} {{(pid=102624) push /opt/stack/neutron/neutron/api/rpc/handlers/resources_rpc.py:237}}
Dec 15 11:35:29.299255 dv-cinder-813221-4-smb neutron-server[102624]: INFO neutron.wsgi [req-b3150875-c4a4-488a-ad65-a134e9c67575 req-25b05b6b-cb3f-48c3-82dc-f1eebfba814b service neutron] 10.222.0.60 "GET /v2.0/networks/bed94a58-b06d-4055-bb2c-f2399cafbaf8?fields=provider%3Aphysical_network&fields=provider%3Anetwork_type HTTP/1.1" status: 200 len: 281 time: 0.5409219
Dec 15 11:35:29.327263 dv-cinder-813221-4-smb neutron-server[102624]: DEBUG neutron.wsgi [-] (102624) accepted ('10.222.0.60', 33824) {{(pid=102624) server /usr/local/lib/python3.8/dist-packages/eventlet/wsgi.py:1004}}
Dec 15 11:35:29.364514 dv-cinder-813221-4-smb neutron-server[102624]: DEBUG neutron_lib.callbacks.manager [None req-91a8a947-520e-41a6-84e9-d5169ea9d5e4 admin admin] Publish callbacks [] for security_group, before_create {{(pid=102624) _notify_loop /usr/local/lib/python3.8/dist-packages/neutron_lib/callbacks/manager.py:175}}
Dec 15 11:35:29.382128 dv-cinder-813221-4-smb neutron-server[102626]: DEBUG neutron.db.l3_dvr_db [None req-f5a6e3ff-c641-4350-bd71-d43e26bdc028 None None] Set router 1422292f-fa5d-4715-b8bc-fb5327f22cb1 gateway port host: dv-cinder-813221-4-smb {{(pid=102626) _build_routers_list /opt/stack/neutron/neutron/db/l3_dvr_db.py:906}}
Dec 15 11:35:29.613759 dv-cinder-813221-4-smb neutron-server[102624]: DEBUG neutron_lib.callbacks.manager [None req-91a8a947-520e-41a6-84e9-d5169ea9d5e4 admin admin] Publish callbacks [] for security_group, precommit_create {{(pid=102624) _notify_loop /usr/local/lib/python3.8/dist-packages/neutron_lib/callbacks/manager.py:175}}
Dec 15 11:35:29.618036 dv-cinder-813221-4-smb neutron-server[102625]: INFO neutron.wsgi [req-a5263c50-5e08-49e2-aa44-d24f5a3c39b1 req-6ce3fc05-9947-48c5-93c0-b1cf6beb2d7e tempest-AttachVolumeNegativeTest-15896205 tempest-AttachVolumeNegativeTest-15896205-project] 10.222.0.60 "GET /v2.0/ports?device_id=9b40c922-7e00-4b8f-93ea-291b73bfed29 HTTP/1.1" status: 200 len: 210 time: 0.8041472
Dec 15 11:35:29.622746 dv-cinder-813221-4-smb neutron-server[102624]: DEBUG neutron_lib.callbacks.manager [None req-91a8a947-520e-41a6-84e9-d5169ea9d5e4 admin admin] Publish callbacks ['neutron.plugins.ml2.ovo_rpc._ObjectChangeHandler.handle_event-970339'] for security_group, after_create {{(pid=102624) _notify_loop /usr/local/lib/python3.8/dist-packages/neutron_lib/callbacks/manager.py:175}}
Dec 15 11:35:29.737444 dv-cinder-813221-4-smb neutron-server[102624]: INFO neutron.wsgi [None req-91a8a947-520e-41a6-84e9-d5169ea9d5e4 admin admin] 10.222.0.60 "GET /v2.0/security-groups?tenant_id=dfc68a3176114293bd6d6f474b314252&name=default HTTP/1.1" status: 200 len: 2992 time: 0.4075236
Dec 15 11:35:29.738359 dv-cinder-813221-4-smb neutron-server[102624]: DEBUG neutron.wsgi [-] (102624) accepted ('10.222.0.60', 33844) {{(pid=102624) server /usr/local/lib/python3.8/dist-packages/eventlet/wsgi.py:1004}}
Dec 15 11:35:29.754742 dv-cinder-813221-4-smb neutron-server[102624]: DEBUG neutron.api.rpc.handlers.resources_rpc [None req-91a8a947-520e-41a6-84e9-d5169ea9d5e4 admin admin] Pushing event updated for resources: {'SecurityGroup': ['ID=d3a61dbb-3ed0-4dcb-a366-de46f26d0b79,revision_number=1']} {{(pid=102624) push /opt/stack/neutron/neutron/api/rpc/handlers/resources_rpc.py:237}}
Dec 15 11:35:29.875391 dv-cinder-813221-4-smb neutron-server[102624]: DEBUG neutron_lib.callbacks.manager [None req-dce4be93-07ca-4836-97eb-435ffdbb1489 admin admin] Publish callbacks [] for security_group, before_delete {{(pid=102624) _notify_loop /usr/local/lib/python3.8/dist-packages/neutron_lib/callbacks/manager.py:175}}
Dec 15 11:35:29.977737 dv-cinder-813221-4-smb neutron-server[102624]: DEBUG neutron_lib.callbacks.manager [None req-dce4be93-07ca-4836-97eb-435ffdbb1489 admin admin] Publish callbacks [] for security_group, precommit_delete {{(pid=102624) _notify_loop /usr/local/lib/python3.8/dist-packages/neutron_lib/callbacks/manager.py:175}}
Dec 15 11:35:30.061776 dv-cinder-813221-4-smb neutron-server[102625]: DEBUG neutron_lib.callbacks.manager [req-1b48c33a-fc97-4489-b657-bf505ddc3800 req-f1087a3c-57a0-4efe-8c6d-aac6562f2354 tempest-AttachVolumeNegativeTest-15896205 tempest-AttachVolumeNegativeTest-15896205-project] Publish callbacks [] for port, precommit_create {{(pid=102625) _notify_loop /usr/local/lib/python3.8/dist-packages/neutron_lib/callbacks/manager.py:175}}
Dec 15 11:35:30.087953 dv-cinder-813221-4-smb neutron-server[102625]: INFO neutron.wsgi [req-bf22b493-4b16-41c3-a7ba-06de4693f242 req-ee07f3b8-15e0-4572-9c9e-f6810b384ac3 tempest-DeleteServersTestJSON-90885021 tempest-DeleteServersTestJSON-90885021-project] 10.222.0.60 "GET /v2.0/ports?device_id=2cf754fa-39e4-46b2-b51b-a0e5434b371a HTTP/1.1" status: 200 len: 210 time: 0.1810162
Dec 15 11:35:30.147805 dv-cinder-813221-4-smb neutron-server[102625]: DEBUG neutron.db.db_base_plugin_common [req-a31607d4-b764-4a60-b24f-caa067eafb9a req-c7332601-5180-476b-9c3d-10ff86ef05f7 tempest-DeleteServersTestJSON-90885021 tempest-DeleteServersTestJSON-90885021-project] Allocated IP 172.20.0.14 (4ac426db-fc62-4382-a7ed-9613576baf47/87291839-48f2-4dd5-9920-bbc994cd092a/6c4583f9-ae84-4f5c-9b61-5626f3c345c1) {{(pid=102625) _store_ip_allocation /opt/stack/neutron/neutron/db/db_base_plugin_common.py:131}}
Dec 15 11:35:30.148980 dv-cinder-813221-4-smb neutron-server[102624]: INFO neutron.wsgi [req-42a3de00-d70a-40d0-8288-b3d64eaf2f38 req-1bad6303-71ac-4738-9905-8b9331ee4d19 tempest-ServerRescueNegativeTestJSON-599049912 tempest-ServerRescueNegativeTestJSON-599049912-project] 10.222.0.60 "GET /v2.0/ports?device_id=a6fb0c99-d7f0-4300-a53b-0e84e3ac89bd HTTP/1.1" status: 200 len: 210 time: 0.0891221
Dec 15 11:35:30.188641 dv-cinder-813221-4-smb neutron-server[102624]: DEBUG neutron_lib.callbacks.manager [None req-dce4be93-07ca-4836-97eb-435ffdbb1489 admin admin] Publish callbacks ['neutron.plugins.ml2.ovo_rpc._ObjectChangeHandler.handle_event-970339'] for security_group, after_delete {{(pid=102624) _notify_loop /usr/local/lib/python3.8/dist-packages/neutron_lib/callbacks/manager.py:175}}
Dec 15 11:35:30.192364 dv-cinder-813221-4-smb neutron-server[102624]: DEBUG neutron_lib.callbacks.manager [None req-dce4be93-07ca-4836-97eb-435ffdbb1489 admin admin] Publish callbacks [] for security_group, before_response {{(pid=102624) _notify_loop /usr/local/lib/python3.8/dist-packages/neutron_lib/callbacks/manager.py:175}}
Dec 15 11:35:30.197446 dv-cinder-813221-4-smb neutron-server[102624]: INFO neutron.wsgi [None req-dce4be93-07ca-4836-97eb-435ffdbb1489 admin admin] 10.222.0.60 "DELETE /v2.0/security-groups/d3a61dbb-3ed0-4dcb-a366-de46f26d0b79 HTTP/1.1" status: 204 len: 168 time: 0.4537039
Dec 15 11:35:30.219256 dv-cinder-813221-4-smb neutron-server[102624]: DEBUG neutron.api.rpc.handlers.resources_rpc [None req-dce4be93-07ca-4836-97eb-435ffdbb1489 admin admin] Pushing event deleted for resources: {'SecurityGroup': ['ID=d3a61dbb-3ed0-4dcb-a366-de46f26d0b79,revision_number=None']} {{(pid=102624) push /opt/stack/neutron/neutron/api/rpc/handlers/resources_rpc.py:237}}
Dec 15 11:35:30.304743 dv-cinder-813221-4-smb neutron-server[102626]: DEBUG neutron.db.l3_hamode_db [None req-f5a6e3ff-c641-4350-bd71-d43e26bdc028 None None] neutron.services.l3_router.l3_router_plugin.L3RouterPlugin method _process_sync_ha_data called with arguments (, [{'id': '1422292f-fa5d-4715-b8bc-fb5327f22cb1', 'name': 'tempest-ServerRescueNegativeTestJSON-2100072189-router', 'tenant_id': '2b43931803164e0bb049a1055960fd5d', 'admin_state_up': True, 'status': 'ACTIVE', 'external_gateway_info': {'network_id': '64d80897-665c-4f93-96dd-5047cfb5e6ee', 'external_fixed_ips': [{'subnet_id': '1e6361ae-9ca1-4a20-a41d-ef52d1e3d13b', 'ip_address': '172.28.0.139'}], 'enable_snat': True}, 'gw_port_id': '3d7f9968-e5cb-42aa-89f5-b73bf13eaede', 'description': '', 'availability_zones': ['nova'], 'distributed': False, 'ha': False, 'ha_vr_id': 0, 'availability_zone_hints': [], 'routes': [], 'flavor_id': None, 'tags': [], 'created_at': '2021-12-15T11:35:20Z', 'updated_at': '2021-12-15T11:35:24Z', 'revision_number': 4, 'project_id': '2b43931803164e0bb049a1055960fd5d', 'gw_port': {'id': '3d7f9968-e5cb-42aa-89f5-b73bf13eaede', 'name': '', 'network_id': '64d80897-665c-4f93-96dd-5047cfb5e6ee', 'tenant_id': '', 'mac_address': 'fa:16:3e:af:53:3a', 'admin_state_up': True, 'status': 'ACTIVE', 'device_id': '1422292f-fa5d-4715-b8bc-fb5327f22cb1', 'device_owner': 'network:router_gateway', 'standard_attr_id': 56, 'fixed_ips': [{'subnet_id': '1e6361ae-9ca1-4a20-a41d-ef52d1e3d13b', 'ip_address': '172.28.0.139', 'prefixlen': 24}], 'allowed_address_pairs': [], 'extra_dhcp_opts': [], 'security_groups': [], 'description': '', 'binding:vnic_type': 'normal', 'binding:profile': {}, 'binding:host_id': 'dv-cinder-813221-4-smb', 'binding:vif_type': 'ovs', 'binding:vif_details': {'connectivity': 'l2', 'port_filter': True, 'ovs_hybrid_plug': False, 'datapath_type': 'system', 'bridge_name': 'br-int'}, 'port_security_enabled': False, 'tags': [], 'created_at': '2021-12-15T11:35:21Z', 'updated_at': '2021-12-15T11:35:26Z', 'revision_number': 4, 'project_id': '', 'subnets': [{'id': '1e6361ae-9ca1-4a20-a41d-ef52d1e3d13b', 'cidr': '172.28.0.0/24', 'gateway_ip': '172.28.0.1', 'dns_nameservers': [], 'ipv6_ra_mode': None, 'subnetpool_id': None}], 'extra_subnets': [], 'address_scopes': {4: None, 6: None}, 'mtu': 1500}, 'enable_snat': True, 'gw_port_host': 'dv-cinder-813221-4-smb', '_interfaces': [{'id': '3c848df5-0289-43d3-b748-bbf7a283645c', 'name': '', 'network_id': 'bed94a58-b06d-4055-bb2c-f2399cafbaf8', 'tenant_id': '2b43931803164e0bb049a1055960fd5d', 'mac_address': 'fa:16:3e:40:92:3d', 'admin_state_up': True, 'status': 'DOWN', 'device_id': '1422292f-fa5d-4715-b8bc-fb5327f22cb1', 'device_owner': 'network:router_interface', 'standard_attr_id': 67, 'fixed_ips': [{'subnet_id': '9eb19ab1-5585-4e80-be5c-7a50a7a35c50', 'ip_address': '172.20.0.1', 'prefixlen': 28}], 'allowed_address_pairs': [], 'extra_dhcp_opts': [], 'security_groups': [], 'description': '', 'binding:vnic_type': 'normal', 'binding:profile': {}, 'binding:host_id': '', 'binding:vif_type': 'unbound', 'binding:vif_details': {}, 'port_security_enabled': False, 'tags': [], 'created_at': '2021-12-15T11:35:23Z', 'updated_at': '2021-12-15T11:35:24Z', 'revision_number': 2, 'project_id': '2b43931803164e0bb049a1055960fd5d', 'subnets': [{'id': '9eb19ab1-5585-4e80-be5c-7a50a7a35c50', 'cidr': '172.20.0.0/28', 'gateway_ip': '172.20.0.1', 'dns_nameservers': [], 'ipv6_ra_mode': None, 'subnetpool_id': None}], 'extra_subnets': [], 'address_scopes': {4: None, 6: None}, 'mtu': 1500}]}], 'dv-cinder-813221-4-smb', False) {} {{(pid=102626) wrapper /usr/local/lib/python3.8/dist-packages/oslo_log/helpers.py:65}}
Dec 15 11:35:30.328753 dv-cinder-813221-4-smb neutron-server[102625]: DEBUG neutron_lib.callbacks.manager [req-1b48c33a-fc97-4489-b657-bf505ddc3800 req-f1087a3c-57a0-4efe-8c6d-aac6562f2354 tempest-AttachVolumeNegativeTest-15896205 tempest-AttachVolumeNegativeTest-15896205-project] Publish callbacks ['neutron.plugins.ml2.plugin.SecurityGroupServerNotifierRpcMixin._notify_sg_on_port_change-33141433', 'neutron.plugins.ml2.ovo_rpc._ObjectChangeHandler.handle_event-243522', 'neutron.api.rpc.agentnotifiers.dhcp_rpc_agent_api.DhcpAgentNotifyAPI._native_event_send_dhcp_notification-627319', 'neutron.db.l3_dvrscheduler_db._notify_l3_agent_new_port-8773157795503'] for port, after_create {{(pid=102625) _notify_loop /usr/local/lib/python3.8/dist-packages/neutron_lib/callbacks/manager.py:175}}
