Dec 15 11:35:55.828118 dv-cinder-813221-4-smb devstack@c-api.service[109443]: DEBUG cinder.api.openstack.wsgi [None req-96338711-e7c3-40e9-91e6-2abdb614d3e4 tempest-GroupSnapshotsTest-770050937 tempest-GroupSnapshotsTest-770050937-project] Calling method 'detail' {{(pid=109443) _process_stack /opt/stack/cinder/cinder/api/openstack/wsgi.py:856}}
Dec 15 11:35:55.829610 dv-cinder-813221-4-smb devstack@c-api.service[109443]: DEBUG cinder.api.api_utils [None req-96338711-e7c3-40e9-91e6-2abdb614d3e4 tempest-GroupSnapshotsTest-770050937 tempest-GroupSnapshotsTest-770050937-project] Removing options '' from query. {{(pid=109443) remove_invalid_filter_options /opt/stack/cinder/cinder/api/api_utils.py:73}}
Dec 15 11:35:55.830344 dv-cinder-813221-4-smb devstack@c-api.service[109443]: /usr/local/lib/python3.8/dist-packages/oslo_context/context.py:105: DeprecationWarning: Policy enforcement is depending on the value of is_admin. This key is deprecated. Please update your policy file to use the standard policy values.
Dec 15 11:35:55.830344 dv-cinder-813221-4-smb devstack@c-api.service[109443]: warnings.warn('Policy enforcement is depending on the value of '
Dec 15 11:35:55.831848 dv-cinder-813221-4-smb devstack@c-api.service[109443]: DEBUG cinder.db.sqlalchemy.api [None req-96338711-e7c3-40e9-91e6-2abdb614d3e4 tempest-GroupSnapshotsTest-770050937 tempest-GroupSnapshotsTest-770050937-project] Building query based on filter {{(pid=109443) _process_snaps_filters /opt/stack/cinder/cinder/db/sqlalchemy/api.py:3156}}
Dec 15 11:35:55.840005 dv-cinder-813221-4-smb devstack@c-api.service[109443]: INFO cinder.volume.api [None req-96338711-e7c3-40e9-91e6-2abdb614d3e4 tempest-GroupSnapshotsTest-770050937 tempest-GroupSnapshotsTest-770050937-project] Get all snapshots completed successfully.
Dec 15 11:35:55.841134 dv-cinder-813221-4-smb devstack@c-api.service[109443]: /usr/local/lib/python3.8/dist-packages/oslo_context/context.py:105: DeprecationWarning: Policy enforcement is depending on the value of is_admin. This key is deprecated. Please update your policy file to use the standard policy values.
Dec 15 11:35:55.841134 dv-cinder-813221-4-smb devstack@c-api.service[109443]: warnings.warn('Policy enforcement is depending on the value of '
Dec 15 11:35:55.842527 dv-cinder-813221-4-smb devstack@c-api.service[109443]: INFO cinder.api.openstack.wsgi [None req-96338711-e7c3-40e9-91e6-2abdb614d3e4 tempest-GroupSnapshotsTest-770050937 tempest-GroupSnapshotsTest-770050937-project] http://10.222.0.60/volume/v3/7fafe4e18d2a4910ac98abebe777e663/snapshots/detail returned with HTTP 200
Dec 15 11:35:55.843359 dv-cinder-813221-4-smb devstack@c-api.service[109443]: [pid: 109443|app: 0|req: 121/223] 10.222.0.60 () {58 vars in 1240 bytes} [Wed Dec 15 11:35:55 2021] GET /volume/v3/7fafe4e18d2a4910ac98abebe777e663/snapshots/detail => generated 1061 bytes in 22 msecs (HTTP/1.1 200) 7 headers in 286 bytes (1 switches on core 0)
Dec 15 11:35:55.854885 dv-cinder-813221-4-smb devstack@c-api.service[109442]: INFO cinder.api.openstack.wsgi [None req-96b80fed-bd5a-4f29-b51f-f51f8c4a160a tempest-GroupSnapshotsTest-770050937 tempest-GroupSnapshotsTest-770050937-project] GET http://10.222.0.60/volume/v3/7fafe4e18d2a4910ac98abebe777e663/snapshots/0ceebb0a-4a94-4a83-b821-1d4156f45f8f
Dec 15 11:35:55.855431 dv-cinder-813221-4-smb devstack@c-api.service[109442]: DEBUG cinder.api.openstack.wsgi [None req-96b80fed-bd5a-4f29-b51f-f51f8c4a160a tempest-GroupSnapshotsTest-770050937 tempest-GroupSnapshotsTest-770050937-project] Empty body provided in request {{(pid=109442) get_body /opt/stack/cinder/cinder/api/openstack/wsgi.py:703}}
Dec 15 11:35:55.855629 dv-cinder-813221-4-smb devstack@c-api.service[109442]: /usr/local/lib/python3.8/dist-packages/webob/acceptparse.py:1047: DeprecationWarning: The behavior of AcceptValidHeader.best_match is currently being maintained for backward compatibility, but it will be deprecated in the future, as it does not conform to the RFC.
Dec 15 11:35:55.855629 dv-cinder-813221-4-smb devstack@c-api.service[109442]: warnings.warn(
Dec 15 11:35:55.856288 dv-cinder-813221-4-smb devstack@c-api.service[109442]: DEBUG cinder.api.openstack.wsgi [None req-96b80fed-bd5a-4f29-b51f-f51f8c4a160a tempest-GroupSnapshotsTest-770050937 tempest-GroupSnapshotsTest-770050937-project] Calling method 'show' {{(pid=109442) _process_stack /opt/stack/cinder/cinder/api/openstack/wsgi.py:856}}
Dec 15 11:35:55.866970 dv-cinder-813221-4-smb devstack@c-api.service[109442]: /usr/local/lib/python3.8/dist-packages/oslo_context/context.py:105: DeprecationWarning: Policy enforcement is depending on the value of is_admin. This key is deprecated. Please update your policy file to use the standard policy values.
Dec 15 11:35:55.866970 dv-cinder-813221-4-smb devstack@c-api.service[109442]: warnings.warn('Policy enforcement is depending on the value of '
Dec 15 11:35:55.868965 dv-cinder-813221-4-smb devstack@c-api.service[109442]: INFO cinder.volume.api [None req-96b80fed-bd5a-4f29-b51f-f51f8c4a160a tempest-GroupSnapshotsTest-770050937 tempest-GroupSnapshotsTest-770050937-project] Snapshot retrieved successfully.
Dec 15 11:35:55.871653 dv-cinder-813221-4-smb devstack@c-api.service[109442]: INFO cinder.api.openstack.wsgi [None req-96b80fed-bd5a-4f29-b51f-f51f8c4a160a tempest-GroupSnapshotsTest-770050937 tempest-GroupSnapshotsTest-770050937-project] http://10.222.0.60/volume/v3/7fafe4e18d2a4910ac98abebe777e663/snapshots/0ceebb0a-4a94-4a83-b821-1d4156f45f8f returned with HTTP 200
Dec 15 11:35:55.872578 dv-cinder-813221-4-smb devstack@c-api.service[109442]: [pid: 109442|app: 0|req: 103/224] 10.222.0.60 () {58 vars in 1330 bytes} [Wed Dec 15 11:35:55 2021] GET /volume/v3/7fafe4e18d2a4910ac98abebe777e663/snapshots/0ceebb0a-4a94-4a83-b821-1d4156f45f8f => generated 535 bytes in 22 msecs (HTTP/1.1 200) 7 headers in 285 bytes (1 switches on core 0)
Dec 15 11:35:56.546802 dv-cinder-813221-4-smb devstack@c-api.service[109443]: INFO cinder.api.openstack.wsgi [None req-e3edc8b5-3cfb-4046-9d4b-5ec1a576ed50 tempest-GroupsV314Test-1780198785 tempest-GroupsV314Test-1780198785-project] GET http://10.222.0.60/volume/v3/59a739ccfdb54159817f37aee3cc14c1/volumes/9699317b-2983-4034-9b5d-f21bd78fb5ed
Dec 15 11:35:56.549034 dv-cinder-813221-4-smb devstack@c-api.service[109443]: DEBUG cinder.api.openstack.wsgi [None req-e3edc8b5-3cfb-4046-9d4b-5ec1a576ed50 tempest-GroupsV314Test-1780198785 tempest-GroupsV314Test-1780198785-project] Empty body provided in request {{(pid=109443) get_body /opt/stack/cinder/cinder/api/openstack/wsgi.py:703}}
Dec 15 11:35:56.549392 dv-cinder-813221-4-smb devstack@c-api.service[109443]: /usr/local/lib/python3.8/dist-packages/webob/acceptparse.py:1047: DeprecationWarning: The behavior of AcceptValidHeader.best_match is currently being maintained for backward compatibility, but it will be deprecated in the future, as it does not conform to the RFC.
Dec 15 11:35:56.549392 dv-cinder-813221-4-smb devstack@c-api.service[109443]: warnings.warn(
Dec 15 11:35:56.549980 dv-cinder-813221-4-smb devstack@c-api.service[109443]: DEBUG cinder.api.openstack.wsgi [None req-e3edc8b5-3cfb-4046-9d4b-5ec1a576ed50 tempest-GroupsV314Test-1780198785 tempest-GroupsV314Test-1780198785-project] Calling method 'show' {{(pid=109443) _process_stack /opt/stack/cinder/cinder/api/openstack/wsgi.py:856}}
Dec 15 11:35:56.561415 dv-cinder-813221-4-smb devstack@c-api.service[109443]: INFO cinder.api.openstack.wsgi [None req-e3edc8b5-3cfb-4046-9d4b-5ec1a576ed50 tempest-GroupsV314Test-1780198785 tempest-GroupsV314Test-1780198785-project] http://10.222.0.60/volume/v3/59a739ccfdb54159817f37aee3cc14c1/volumes/9699317b-2983-4034-9b5d-f21bd78fb5ed returned with HTTP 404
Dec 15 11:35:56.562849 dv-cinder-813221-4-smb devstack@c-api.service[109443]: [pid: 109443|app: 0|req: 122/225] 10.222.0.60 () {60 vars in 1365 bytes} [Wed Dec 15 11:35:56 2021] GET /volume/v3/59a739ccfdb54159817f37aee3cc14c1/volumes/9699317b-2983-4034-9b5d-f21bd78fb5ed => generated 109 bytes in 20 msecs (HTTP/1.1 404) 7 headers in 293 bytes (1 switches on core 0)
Dec 15 11:35:56.572164 dv-cinder-813221-4-smb devstack@c-api.service[109442]: INFO cinder.api.openstack.wsgi [None req-5afd6d12-e3ef-4abe-90fc-da9382b08399 tempest-GroupsV314Test-1780198785 tempest-GroupsV314Test-1780198785-project] GET http://10.222.0.60/volume/v3/59a739ccfdb54159817f37aee3cc14c1/groups/8a9a68f9-bf8e-46c0-b7c6-add384b9d531
Dec 15 11:35:56.572981 dv-cinder-813221-4-smb devstack@c-api.service[109442]: DEBUG cinder.api.openstack.wsgi [None req-5afd6d12-e3ef-4abe-90fc-da9382b08399 tempest-GroupsV314Test-1780198785 tempest-GroupsV314Test-1780198785-project] Empty body provided in request {{(pid=109442) get_body /opt/stack/cinder/cinder/api/openstack/wsgi.py:703}}
Dec 15 11:35:56.573377 dv-cinder-813221-4-smb devstack@c-api.service[109442]: /usr/local/lib/python3.8/dist-packages/webob/acceptparse.py:1047: DeprecationWarning: The behavior of AcceptValidHeader.best_match is currently being maintained for backward compatibility, but it will be deprecated in the future, as it does not conform to the RFC.
Dec 15 11:35:56.573377 dv-cinder-813221-4-smb devstack@c-api.service[109442]: warnings.warn(
Dec 15 11:35:56.573695 dv-cinder-813221-4-smb devstack@c-api.service[109442]: DEBUG cinder.api.openstack.wsgi [None req-5afd6d12-e3ef-4abe-90fc-da9382b08399 tempest-GroupsV314Test-1780198785 tempest-GroupsV314Test-1780198785-project] Calling method 'version_select' {{(pid=109442) _process_stack /opt/stack/cinder/cinder/api/openstack/wsgi.py:856}}
Dec 15 11:35:56.574038 dv-cinder-813221-4-smb devstack@c-api.service[109442]: DEBUG cinder.api.v3.groups [None req-5afd6d12-e3ef-4abe-90fc-da9382b08399 tempest-GroupsV314Test-1780198785 tempest-GroupsV314Test-1780198785-project] show called for member 8a9a68f9-bf8e-46c0-b7c6-add384b9d531 {{(pid=109442) show /opt/stack/cinder/cinder/api/v3/groups.py:58}}
Dec 15 11:35:56.580524 dv-cinder-813221-4-smb devstack@c-api.service[109442]: INFO cinder.api.openstack.wsgi [None req-5afd6d12-e3ef-4abe-90fc-da9382b08399 tempest-GroupsV314Test-1780198785 tempest-GroupsV314Test-1780198785-project] http://10.222.0.60/volume/v3/59a739ccfdb54159817f37aee3cc14c1/groups/8a9a68f9-bf8e-46c0-b7c6-add384b9d531 returned with HTTP 404
Dec 15 11:35:56.581732 dv-cinder-813221-4-smb devstack@c-api.service[109442]: [pid: 109442|app: 0|req: 104/226] 10.222.0.60 () {60 vars in 1362 bytes} [Wed Dec 15 11:35:56 2021] GET /volume/v3/59a739ccfdb54159817f37aee3cc14c1/groups/8a9a68f9-bf8e-46c0-b7c6-add384b9d531 => generated 108 bytes in 14 msecs (HTTP/1.1 404) 7 headers in 293 bytes (1 switches on core 0)
Dec 15 11:35:56.607784 dv-cinder-813221-4-smb devstack@c-api.service[109443]: INFO cinder.api.openstack.wsgi [None req-7aaeb05a-6d7b-46f7-83c4-481b1e32e31f tempest-GroupsV314Test-1780198785 tempest-GroupsV314Test-1780198785-project] GET http://10.222.0.60/volume/v3/59a739ccfdb54159817f37aee3cc14c1/volumes/detail
Dec 15 11:35:56.608280 dv-cinder-813221-4-smb devstack@c-api.service[109443]: DEBUG cinder.api.openstack.wsgi [None req-7aaeb05a-6d7b-46f7-83c4-481b1e32e31f tempest-GroupsV314Test-1780198785 tempest-GroupsV314Test-1780198785-project] Empty body provided in request {{(pid=109443) get_body /opt/stack/cinder/cinder/api/openstack/wsgi.py:703}}
Dec 15 11:35:56.608695 dv-cinder-813221-4-smb devstack@c-api.service[109443]: DEBUG cinder.api.openstack.wsgi [None req-7aaeb05a-6d7b-46f7-83c4-481b1e32e31f tempest-GroupsV314Test-1780198785 tempest-GroupsV314Test-1780198785-project] Calling method 'detail' {{(pid=109443) _process_stack /opt/stack/cinder/cinder/api/openstack/wsgi.py:856}}
Dec 15 11:35:56.609324 dv-cinder-813221-4-smb devstack@c-api.service[109443]: DEBUG cinder.api.api_utils [None req-7aaeb05a-6d7b-46f7-83c4-481b1e32e31f tempest-GroupsV314Test-1780198785 tempest-GroupsV314Test-1780198785-project] Removing options '' from query. {{(pid=109443) remove_invalid_filter_options /opt/stack/cinder/cinder/api/api_utils.py:73}}
Dec 15 11:35:56.612016 dv-cinder-813221-4-smb devstack@c-api.service[109443]: DEBUG cinder.volume.api [None req-7aaeb05a-6d7b-46f7-83c4-481b1e32e31f tempest-GroupsV314Test-1780198785 tempest-GroupsV314Test-1780198785-project] Searching by: MultiDict([('no_migration_targets', True)]). {{(pid=109443) get_all /opt/stack/cinder/cinder/volume/api.py:662}}
Dec 15 11:35:56.670055 dv-cinder-813221-4-smb devstack@c-api.service[109442]: INFO cinder.api.openstack.wsgi [None req-64211e3d-67ab-4b2b-bac4-0c8c4d75cb6d tempest-VolumeManageAdminTest-196136236 tempest-VolumeManageAdminTest-196136236-project-admin] GET http://10.222.0.60/volume/v3/44a860053c7b4fb78f2651938108334a/volumes/5907e736-c587-46fb-a7ab-23e14c0368a2
Dec 15 11:35:56.670512 dv-cinder-813221-4-smb devstack@c-api.service[109442]: DEBUG cinder.api.openstack.wsgi [None req-64211e3d-67ab-4b2b-bac4-0c8c4d75cb6d tempest-VolumeManageAdminTest-196136236 tempest-VolumeManageAdminTest-196136236-project-admin] Empty body provided in request {{(pid=109442) get_body /opt/stack/cinder/cinder/api/openstack/wsgi.py:703}}
Dec 15 11:35:56.671172 dv-cinder-813221-4-smb devstack@c-api.service[109442]: DEBUG cinder.api.openstack.wsgi [None req-64211e3d-67ab-4b2b-bac4-0c8c4d75cb6d tempest-VolumeManageAdminTest-196136236 tempest-VolumeManageAdminTest-196136236-project-admin] Calling method 'show' {{(pid=109442) _process_stack /opt/stack/cinder/cinder/api/openstack/wsgi.py:856}}
Dec 15 11:35:56.691628 dv-cinder-813221-4-smb devstack@c-api.service[109442]: /usr/local/lib/python3.8/dist-packages/oslo_context/context.py:105: DeprecationWarning: Policy enforcement is depending on the value of is_admin. This key is deprecated. Please update your policy file to use the standard policy values.
Dec 15 11:35:56.691628 dv-cinder-813221-4-smb devstack@c-api.service[109442]: warnings.warn('Policy enforcement is depending on the value of '
Dec 15 11:35:56.698224 dv-cinder-813221-4-smb devstack@c-api.service[109443]: INFO cinder.volume.api [None req-7aaeb05a-6d7b-46f7-83c4-481b1e32e31f tempest-GroupsV314Test-1780198785 tempest-GroupsV314Test-1780198785-project] Get all volumes completed successfully.
Dec 15 11:35:56.699629 dv-cinder-813221-4-smb devstack@c-api.service[109443]: WARNING stevedore.named [None req-7aaeb05a-6d7b-46f7-83c4-481b1e32e31f tempest-GroupsV314Test-1780198785 tempest-GroupsV314Test-1780198785-project] Could not load cinder.keymgr.conf_key_mgr.ConfKeyManager
Dec 15 11:35:56.700198 dv-cinder-813221-4-smb devstack@c-api.service[109443]: WARNING castellan.key_manager [None req-7aaeb05a-6d7b-46f7-83c4-481b1e32e31f tempest-GroupsV314Test-1780198785 tempest-GroupsV314Test-1780198785-project] Deprecation Warning : cinder.keymgr.conf_key_mgr.ConfKeyManager is not a stevedore based driver, trying to load it as a class: stevedore.exception.NoMatches: No 'castellan.drivers' driver found, looking for 'cinder.keymgr.conf_key_mgr.ConfKeyManager'
Dec 15 11:35:56.701822 dv-cinder-813221-4-smb devstack@c-api.service[109442]: INFO cinder.volume.api [None req-64211e3d-67ab-4b2b-bac4-0c8c4d75cb6d tempest-VolumeManageAdminTest-196136236 tempest-VolumeManageAdminTest-196136236-project-admin] Volume info retrieved successfully.
Dec 15 11:35:56.714171 dv-cinder-813221-4-smb devstack@c-api.service[109443]: DEBUG oslo_db.sqlalchemy.engines [None req-7aaeb05a-6d7b-46f7-83c4-481b1e32e31f tempest-GroupsV314Test-1780198785 tempest-GroupsV314Test-1780198785-project] MySQL server mode set to STRICT_TRANS_TABLES,STRICT_ALL_TABLES,NO_ZERO_IN_DATE,NO_ZERO_DATE,ERROR_FOR_DIVISION_BY_ZERO,TRADITIONAL,NO_ENGINE_SUBSTITUTION {{(pid=109443) _check_effective_sql_mode /usr/local/lib/python3.8/dist-packages/oslo_db/sqlalchemy/engines.py:314}}
Dec 15 11:35:56.715825 dv-cinder-813221-4-smb devstack@c-api.service[109442]: INFO cinder.api.openstack.wsgi [None req-64211e3d-67ab-4b2b-bac4-0c8c4d75cb6d tempest-VolumeManageAdminTest-196136236 tempest-VolumeManageAdminTest-196136236-project-admin] http://10.222.0.60/volume/v3/44a860053c7b4fb78f2651938108334a/volumes/5907e736-c587-46fb-a7ab-23e14c0368a2 returned with HTTP 200
Dec 15 11:35:56.717330 dv-cinder-813221-4-smb devstack@c-api.service[109442]: [pid: 109442|app: 0|req: 105/227] 10.222.0.60 () {58 vars in 1324 bytes} [Wed Dec 15 11:35:56 2021] GET /volume/v3/44a860053c7b4fb78f2651938108334a/volumes/5907e736-c587-46fb-a7ab-23e14c0368a2 => generated 1079 bytes in 52 msecs (HTTP/1.1 200) 7 headers in 286 bytes (2 switches on core 0)
Dec 15 11:35:56.729289 dv-cinder-813221-4-smb devstack@c-api.service[109443]: /usr/local/lib/python3.8/dist-packages/oslo_context/context.py:105: DeprecationWarning: Policy enforcement is depending on the value of is_admin. This key is deprecated. Please update your policy file to use the standard policy values.
Dec 15 11:35:56.729289 dv-cinder-813221-4-smb devstack@c-api.service[109443]: warnings.warn('Policy enforcement is depending on the value of '
Dec 15 11:35:56.732114 dv-cinder-813221-4-smb devstack@c-api.service[109442]: INFO cinder.api.openstack.wsgi [None req-d94356f4-ad7e-483e-98ae-f18a3fee2ddb tempest-VolumeManageAdminTest-196136236 tempest-VolumeManageAdminTest-196136236-project-admin] GET http://10.222.0.60/volume/v3/44a860053c7b4fb78f2651938108334a/volumes/5907e736-c587-46fb-a7ab-23e14c0368a2
Dec 15 11:35:56.737541 dv-cinder-813221-4-smb devstack@c-api.service[109442]: DEBUG cinder.api.openstack.wsgi [None req-d94356f4-ad7e-483e-98ae-f18a3fee2ddb tempest-VolumeManageAdminTest-196136236 tempest-VolumeManageAdminTest-196136236-project-admin] Empty body provided in request {{(pid=109442) get_body /opt/stack/cinder/cinder/api/openstack/wsgi.py:703}}
Dec 15 11:35:56.737779 dv-cinder-813221-4-smb devstack@c-api.service[109442]: /usr/local/lib/python3.8/dist-packages/webob/acceptparse.py:1047: DeprecationWarning: The behavior of AcceptValidHeader.best_match is currently being maintained for backward compatibility, but it will be deprecated in the future, as it does not conform to the RFC.
Dec 15 11:35:56.737779 dv-cinder-813221-4-smb devstack@c-api.service[109442]: warnings.warn(
Dec 15 11:35:56.738073 dv-cinder-813221-4-smb devstack@c-api.service[109442]: DEBUG cinder.api.openstack.wsgi [None req-d94356f4-ad7e-483e-98ae-f18a3fee2ddb tempest-VolumeManageAdminTest-196136236 tempest-VolumeManageAdminTest-196136236-project-admin] Calling method 'show' {{(pid=109442) _process_stack /opt/stack/cinder/cinder/api/openstack/wsgi.py:856}}
Dec 15 11:35:56.757222 dv-cinder-813221-4-smb devstack@c-api.service[109443]: INFO cinder.api.openstack.wsgi [None req-7aaeb05a-6d7b-46f7-83c4-481b1e32e31f tempest-GroupsV314Test-1780198785 tempest-GroupsV314Test-1780198785-project] http://10.222.0.60/volume/v3/59a739ccfdb54159817f37aee3cc14c1/volumes/detail returned with HTTP 200
Dec 15 11:35:56.758013 dv-cinder-813221-4-smb devstack@c-api.service[109443]: [pid: 109443|app: 0|req: 123/228] 10.222.0.60 () {60 vars in 1275 bytes} [Wed Dec 15 11:35:56 2021] GET /volume/v3/59a739ccfdb54159817f37aee3cc14c1/volumes/detail => generated 996 bytes in 162 msecs (HTTP/1.1 200) 7 headers in 286 bytes (1 switches on core 0)
Dec 15 11:35:56.759914 dv-cinder-813221-4-smb devstack@c-api.service[109442]: /usr/local/lib/python3.8/dist-packages/oslo_context/context.py:105: DeprecationWarning: Policy enforcement is depending on the value of is_admin. This key is deprecated. Please update your policy file to use the standard policy values.
Dec 15 11:35:56.759914 dv-cinder-813221-4-smb devstack@c-api.service[109442]: warnings.warn('Policy enforcement is depending on the value of '
Dec 15 11:35:56.774638 dv-cinder-813221-4-smb devstack@c-api.service[109443]: INFO cinder.api.openstack.wsgi [None req-1ce455bf-7a6d-496f-9e08-62a99d5ed843 tempest-GroupsV314Test-1780198785 tempest-GroupsV314Test-1780198785-project] POST http://10.222.0.60/volume/v3/59a739ccfdb54159817f37aee3cc14c1/groups/40675393-f74d-406a-b95c-4df4c2f10d3f/action
Dec 15 11:35:56.776097 dv-cinder-813221-4-smb devstack@c-api.service[109443]: /usr/local/lib/python3.8/dist-packages/webob/acceptparse.py:1047: DeprecationWarning: The behavior of AcceptValidHeader.best_match is currently being maintained for backward compatibility, but it will be deprecated in the future, as it does not conform to the RFC.
Dec 15 11:35:56.776097 dv-cinder-813221-4-smb devstack@c-api.service[109443]: warnings.warn(
Dec 15 11:35:56.776723 dv-cinder-813221-4-smb devstack@c-api.service[109443]: DEBUG cinder.api.openstack.wsgi [None req-1ce455bf-7a6d-496f-9e08-62a99d5ed843 tempest-GroupsV314Test-1780198785 tempest-GroupsV314Test-1780198785-project] Action body: b'{"delete": {"delete-volumes": true}}' {{(pid=109443) get_method /opt/stack/cinder/cinder/api/openstack/wsgi.py:971}}
Dec 15 11:35:56.777213 dv-cinder-813221-4-smb devstack@c-api.service[109443]: DEBUG cinder.api.openstack.wsgi [None req-1ce455bf-7a6d-496f-9e08-62a99d5ed843 tempest-GroupsV314Test-1780198785 tempest-GroupsV314Test-1780198785-project] Action: 'action', calling method: delete_group, body: {"delete": {"delete-volumes": true}} {{(pid=109443) _process_stack /opt/stack/cinder/cinder/api/openstack/wsgi.py:854}}
Dec 15 11:35:56.778309 dv-cinder-813221-4-smb devstack@c-api.service[109443]: DEBUG cinder.api.v3.groups [None req-1ce455bf-7a6d-496f-9e08-62a99d5ed843 tempest-GroupsV314Test-1780198785 tempest-GroupsV314Test-1780198785-project] delete called for group 40675393-f74d-406a-b95c-4df4c2f10d3f {{(pid=109443) _delete /opt/stack/cinder/cinder/api/v3/groups.py:117}}
Dec 15 11:35:56.778740 dv-cinder-813221-4-smb devstack@c-api.service[109443]: INFO cinder.api.v3.groups [None req-1ce455bf-7a6d-496f-9e08-62a99d5ed843 tempest-GroupsV314Test-1780198785 tempest-GroupsV314Test-1780198785-project] Delete group with id: 40675393-f74d-406a-b95c-4df4c2f10d3f
Dec 15 11:35:56.781538 dv-cinder-813221-4-smb devstack@c-api.service[109442]: INFO cinder.volume.api [None req-d94356f4-ad7e-483e-98ae-f18a3fee2ddb tempest-VolumeManageAdminTest-196136236 tempest-VolumeManageAdminTest-196136236-project-admin] Volume info retrieved successfully.
Dec 15 11:35:56.792855 dv-cinder-813221-4-smb devstack@c-api.service[109443]: /usr/local/lib/python3.8/dist-packages/oslo_context/context.py:105: DeprecationWarning: Policy enforcement is depending on the value of is_admin. This key is deprecated. Please update your policy file to use the standard policy values.
Dec 15 11:35:56.792855 dv-cinder-813221-4-smb devstack@c-api.service[109443]: warnings.warn('Policy enforcement is depending on the value of '
Dec 15 11:35:56.797137 dv-cinder-813221-4-smb devstack@c-api.service[109442]: INFO cinder.api.openstack.wsgi [None req-d94356f4-ad7e-483e-98ae-f18a3fee2ddb tempest-VolumeManageAdminTest-196136236 tempest-VolumeManageAdminTest-196136236-project-admin] http://10.222.0.60/volume/v3/44a860053c7b4fb78f2651938108334a/volumes/5907e736-c587-46fb-a7ab-23e14c0368a2 returned with HTTP 200
Dec 15 11:35:56.800939 dv-cinder-813221-4-smb devstack@c-api.service[109442]: [pid: 109442|app: 0|req: 106/229] 10.222.0.60 () {58 vars in 1324 bytes} [Wed Dec 15 11:35:56 2021] GET /volume/v3/44a860053c7b4fb78f2651938108334a/volumes/5907e736-c587-46fb-a7ab-23e14c0368a2 => generated 1079 bytes in 73 msecs (HTTP/1.1 200) 7 headers in 286 bytes (1 switches on core 0)
Dec 15 11:35:56.822840 dv-cinder-813221-4-smb devstack@c-api.service[109442]: INFO cinder.api.openstack.wsgi [None req-b6ac8099-2a4b-4514-a3e8-144530e36aa9 tempest-VolumeManageAdminTest-196136236 tempest-VolumeManageAdminTest-196136236-project-admin] DELETE http://10.222.0.60/volume/v3/44a860053c7b4fb78f2651938108334a/volumes/5907e736-c587-46fb-a7ab-23e14c0368a2
Dec 15 11:35:56.823582 dv-cinder-813221-4-smb devstack@c-api.service[109442]: DEBUG cinder.api.openstack.wsgi [None req-b6ac8099-2a4b-4514-a3e8-144530e36aa9 tempest-VolumeManageAdminTest-196136236 tempest-VolumeManageAdminTest-196136236-project-admin] Empty body provided in request {{(pid=109442) get_body /opt/stack/cinder/cinder/api/openstack/wsgi.py:703}}
Dec 15 11:35:56.823892 dv-cinder-813221-4-smb devstack@c-api.service[109442]: /usr/local/lib/python3.8/dist-packages/webob/acceptparse.py:1047: DeprecationWarning: The behavior of AcceptValidHeader.best_match is currently being maintained for backward compatibility, but it will be deprecated in the future, as it does not conform to the RFC.
Dec 15 11:35:56.823892 dv-cinder-813221-4-smb devstack@c-api.service[109442]: warnings.warn(
Dec 15 11:35:56.824498 dv-cinder-813221-4-smb devstack@c-api.service[109442]: DEBUG cinder.api.openstack.wsgi [None req-b6ac8099-2a4b-4514-a3e8-144530e36aa9 tempest-VolumeManageAdminTest-196136236 tempest-VolumeManageAdminTest-196136236-project-admin] Calling method 'delete' {{(pid=109442) _process_stack /opt/stack/cinder/cinder/api/openstack/wsgi.py:856}}
Dec 15 11:35:56.825111 dv-cinder-813221-4-smb devstack@c-api.service[109442]: INFO cinder.api.v3.volumes [None req-b6ac8099-2a4b-4514-a3e8-144530e36aa9 tempest-VolumeManageAdminTest-196136236 tempest-VolumeManageAdminTest-196136236-project-admin] Delete volume with id: 5907e736-c587-46fb-a7ab-23e14c0368a2
Dec 15 11:35:56.849216 dv-cinder-813221-4-smb devstack@c-api.service[109442]: /usr/local/lib/python3.8/dist-packages/oslo_context/context.py:105: DeprecationWarning: Policy enforcement is depending on the value of is_admin. This key is deprecated. Please update your policy file to use the standard policy values.
Dec 15 11:35:56.849216 dv-cinder-813221-4-smb devstack@c-api.service[109442]: warnings.warn('Policy enforcement is depending on the value of '
Dec 15 11:35:56.850080 dv-cinder-813221-4-smb devstack@c-api.service[109442]: INFO cinder.volume.api [None req-b6ac8099-2a4b-4514-a3e8-144530e36aa9 tempest-VolumeManageAdminTest-196136236 tempest-VolumeManageAdminTest-196136236-project-admin] Volume info retrieved successfully.
Dec 15 11:35:56.901849 dv-cinder-813221-4-smb devstack@c-api.service[109442]: INFO cinder.volume.api [None req-b6ac8099-2a4b-4514-a3e8-144530e36aa9 tempest-VolumeManageAdminTest-196136236 tempest-VolumeManageAdminTest-196136236-project-admin] Delete volume request issued successfully.
Dec 15 11:35:56.902603 dv-cinder-813221-4-smb devstack@c-api.service[109442]: INFO cinder.api.openstack.wsgi [None req-b6ac8099-2a4b-4514-a3e8-144530e36aa9 tempest-VolumeManageAdminTest-196136236 tempest-VolumeManageAdminTest-196136236-project-admin] http://10.222.0.60/volume/v3/44a860053c7b4fb78f2651938108334a/volumes/5907e736-c587-46fb-a7ab-23e14c0368a2 returned with HTTP 202
Dec 15 11:35:56.904068 dv-cinder-813221-4-smb devstack@c-api.service[109442]: [pid: 109442|app: 0|req: 107/230] 10.222.0.60 () {58 vars in 1327 bytes} [Wed Dec 15 11:35:56 2021] DELETE /volume/v3/44a860053c7b4fb78f2651938108334a/volumes/5907e736-c587-46fb-a7ab-23e14c0368a2 => generated 0 bytes in 88 msecs (HTTP/1.1 202) 6 headers in 233 bytes (1 switches on core 0)
Dec 15 11:35:56.909983 dv-cinder-813221-4-smb devstack@c-api.service[109442]: INFO cinder.api.openstack.wsgi [None req-409d0c5a-c8a6-4a51-ad5b-1c3635dc26e3 tempest-GroupSnapshotsTest-770050937 tempest-GroupSnapshotsTest-770050937-project] GET http://10.222.0.60/volume/v3/7fafe4e18d2a4910ac98abebe777e663/snapshots/0ceebb0a-4a94-4a83-b821-1d4156f45f8f
Dec 15 11:35:56.910873 dv-cinder-813221-4-smb devstack@c-api.service[109442]: DEBUG cinder.api.openstack.wsgi [None req-409d0c5a-c8a6-4a51-ad5b-1c3635dc26e3 tempest-GroupSnapshotsTest-770050937 tempest-GroupSnapshotsTest-770050937-project] Empty body provided in request {{(pid=109442) get_body /opt/stack/cinder/cinder/api/openstack/wsgi.py:703}}
Dec 15 11:35:56.911407 dv-cinder-813221-4-smb devstack@c-api.service[109442]: /usr/local/lib/python3.8/dist-packages/webob/acceptparse.py:1047: DeprecationWarning: The behavior of AcceptValidHeader.best_match is currently being maintained for backward compatibility, but it will be deprecated in the future, as it does not conform to the RFC.
Dec 15 11:35:56.911407 dv-cinder-813221-4-smb devstack@c-api.service[109442]: warnings.warn(
Dec 15 11:35:56.912062 dv-cinder-813221-4-smb devstack@c-api.service[109442]: DEBUG cinder.api.openstack.wsgi [None req-409d0c5a-c8a6-4a51-ad5b-1c3635dc26e3 tempest-GroupSnapshotsTest-770050937 tempest-GroupSnapshotsTest-770050937-project] Calling method 'show' {{(pid=109442) _process_stack /opt/stack/cinder/cinder/api/openstack/wsgi.py:856}}
Dec 15 11:35:56.930525 dv-cinder-813221-4-smb devstack@c-api.service[109443]: INFO cinder.api.openstack.wsgi [None req-1ce455bf-7a6d-496f-9e08-62a99d5ed843 tempest-GroupsV314Test-1780198785 tempest-GroupsV314Test-1780198785-project] http://10.222.0.60/volume/v3/59a739ccfdb54159817f37aee3cc14c1/groups/40675393-f74d-406a-b95c-4df4c2f10d3f/action returned with HTTP 202
Dec 15 11:35:56.933267 dv-cinder-813221-4-smb devstack@c-api.service[109442]: INFO cinder.api.openstack.wsgi [None req-409d0c5a-c8a6-4a51-ad5b-1c3635dc26e3 tempest-GroupSnapshotsTest-770050937 tempest-GroupSnapshotsTest-770050937-project] http://10.222.0.60/volume/v3/7fafe4e18d2a4910ac98abebe777e663/snapshots/0ceebb0a-4a94-4a83-b821-1d4156f45f8f returned with HTTP 404
Dec 15 11:35:56.933955 dv-cinder-813221-4-smb devstack@c-api.service[109443]: [pid: 109443|app: 0|req: 124/231] 10.222.0.60 () {62 vars in 1404 bytes} [Wed Dec 15 11:35:56 2021] POST /volume/v3/59a739ccfdb54159817f37aee3cc14c1/groups/40675393-f74d-406a-b95c-4df4c2f10d3f/action => generated 0 bytes in 162 msecs (HTTP/1.1 202) 6 headers in 234 bytes (2 switches on core 0)
Dec 15 11:35:56.937342 dv-cinder-813221-4-smb devstack@c-api.service[109442]: [pid: 109442|app: 0|req: 108/232] 10.222.0.60 () {58 vars in 1330 bytes} [Wed Dec 15 11:35:56 2021] GET /volume/v3/7fafe4e18d2a4910ac98abebe777e663/snapshots/0ceebb0a-4a94-4a83-b821-1d4156f45f8f => generated 111 bytes in 32 msecs (HTTP/1.1 404) 7 headers in 292 bytes (1 switches on core 0)
Dec 15 11:35:56.947728 dv-cinder-813221-4-smb devstack@c-api.service[109443]: INFO cinder.api.openstack.wsgi [None req-45297e47-4502-44f1-b434-cf759e1f910d tempest-VolumeManageAdminTest-196136236 tempest-VolumeManageAdminTest-196136236-project-admin] GET http://10.222.0.60/volume/v3/44a860053c7b4fb78f2651938108334a/volumes/5907e736-c587-46fb-a7ab-23e14c0368a2
Dec 15 11:35:56.948847 dv-cinder-813221-4-smb devstack@c-api.service[109442]: INFO cinder.api.openstack.wsgi [None req-55f0ba07-dcfb-4498-8416-5184ab819d18 tempest-GroupsV314Test-1780198785 tempest-GroupsV314Test-1780198785-project] GET http://10.222.0.60/volume/v3/59a739ccfdb54159817f37aee3cc14c1/volumes/eab7c74a-2b16-4274-a47a-f1d8a6d8b6f0
Dec 15 11:35:56.949024 dv-cinder-813221-4-smb devstack@c-api.service[109443]: DEBUG cinder.api.openstack.wsgi [None req-45297e47-4502-44f1-b434-cf759e1f910d tempest-VolumeManageAdminTest-196136236 tempest-VolumeManageAdminTest-196136236-project-admin] Empty body provided in request {{(pid=109443) get_body /opt/stack/cinder/cinder/api/openstack/wsgi.py:703}}
Dec 15 11:35:56.949334 dv-cinder-813221-4-smb devstack@c-api.service[109443]: /usr/local/lib/python3.8/dist-packages/webob/acceptparse.py:1047: DeprecationWarning: The behavior of AcceptValidHeader.best_match is currently being maintained for backward compatibility, but it will be deprecated in the future, as it does not conform to the RFC.
Dec 15 11:35:56.949334 dv-cinder-813221-4-smb devstack@c-api.service[109443]: warnings.warn(
Dec 15 11:35:56.949799 dv-cinder-813221-4-smb devstack@c-api.service[109443]: DEBUG cinder.api.openstack.wsgi [None req-45297e47-4502-44f1-b434-cf759e1f910d tempest-VolumeManageAdminTest-196136236 tempest-VolumeManageAdminTest-196136236-project-admin] Calling method 'show' {{(pid=109443) _process_stack /opt/stack/cinder/cinder/api/openstack/wsgi.py:856}}
Dec 15 11:35:56.951446 dv-cinder-813221-4-smb devstack@c-api.service[109442]: DEBUG cinder.api.openstack.wsgi [None req-55f0ba07-dcfb-4498-8416-5184ab819d18 tempest-GroupsV314Test-1780198785 tempest-GroupsV314Test-1780198785-project] Empty body provided in request {{(pid=109442) get_body /opt/stack/cinder/cinder/api/openstack/wsgi.py:703}}
Dec 15 11:35:56.952116 dv-cinder-813221-4-smb devstack@c-api.service[109442]: DEBUG cinder.api.openstack.wsgi [None req-55f0ba07-dcfb-4498-8416-5184ab819d18 tempest-GroupsV314Test-1780198785 tempest-GroupsV314Test-1780198785-project] Calling method 'show' {{(pid=109442) _process_stack /opt/stack/cinder/cinder/api/openstack/wsgi.py:856}}
Dec 15 11:35:56.987251 dv-cinder-813221-4-smb devstack@c-api.service[109442]: /usr/local/lib/python3.8/dist-packages/oslo_context/context.py:105: DeprecationWarning: Policy enforcement is depending on the value of is_admin. This key is deprecated. Please update your policy file to use the standard policy values.
Dec 15 11:35:56.987251 dv-cinder-813221-4-smb devstack@c-api.service[109442]: warnings.warn('Policy enforcement is depending on the value of '
Dec 15 11:35:56.990561 dv-cinder-813221-4-smb devstack@c-api.service[109443]: /usr/local/lib/python3.8/dist-packages/oslo_context/context.py:105: DeprecationWarning: Policy enforcement is depending on the value of is_admin. This key is deprecated. Please update your policy file to use the standard policy values.
Dec 15 11:35:56.990561 dv-cinder-813221-4-smb devstack@c-api.service[109443]: warnings.warn('Policy enforcement is depending on the value of '
Dec 15 11:35:57.002040 dv-cinder-813221-4-smb devstack@c-api.service[109442]: INFO cinder.volume.api [None req-55f0ba07-dcfb-4498-8416-5184ab819d18 tempest-GroupsV314Test-1780198785 tempest-GroupsV314Test-1780198785-project] Volume info retrieved successfully.
Dec 15 11:35:57.003609 dv-cinder-813221-4-smb devstack@c-api.service[109442]: WARNING stevedore.named [None req-55f0ba07-dcfb-4498-8416-5184ab819d18 tempest-GroupsV314Test-1780198785 tempest-GroupsV314Test-1780198785-project] Could not load cinder.keymgr.conf_key_mgr.ConfKeyManager
Dec 15 11:35:57.004067 dv-cinder-813221-4-smb devstack@c-api.service[109442]: WARNING castellan.key_manager [None req-55f0ba07-dcfb-4498-8416-5184ab819d18 tempest-GroupsV314Test-1780198785 tempest-GroupsV314Test-1780198785-project] Deprecation Warning : cinder.keymgr.conf_key_mgr.ConfKeyManager is not a stevedore based driver, trying to load it as a class: stevedore.exception.NoMatches: No 'castellan.drivers' driver found, looking for 'cinder.keymgr.conf_key_mgr.ConfKeyManager'
Dec 15 11:35:57.008961 dv-cinder-813221-4-smb devstack@c-api.service[109443]: INFO cinder.volume.api [None req-45297e47-4502-44f1-b434-cf759e1f910d tempest-VolumeManageAdminTest-196136236 tempest-VolumeManageAdminTest-196136236-project-admin] Volume info retrieved successfully.
Dec 15 11:35:57.012822 dv-cinder-813221-4-smb devstack@c-api.service[109442]: DEBUG oslo_db.sqlalchemy.engines [None req-55f0ba07-dcfb-4498-8416-5184ab819d18 tempest-GroupsV314Test-1780198785 tempest-GroupsV314Test-1780198785-project] MySQL server mode set to STRICT_TRANS_TABLES,STRICT_ALL_TABLES,NO_ZERO_IN_DATE,NO_ZERO_DATE,ERROR_FOR_DIVISION_BY_ZERO,TRADITIONAL,NO_ENGINE_SUBSTITUTION {{(pid=109442) _check_effective_sql_mode /usr/local/lib/python3.8/dist-packages/oslo_db/sqlalchemy/engines.py:314}}
Dec 15 11:35:57.025255 dv-cinder-813221-4-smb devstack@c-api.service[109443]: INFO cinder.api.openstack.wsgi [None req-45297e47-4502-44f1-b434-cf759e1f910d tempest-VolumeManageAdminTest-196136236 tempest-VolumeManageAdminTest-196136236-project-admin] http://10.222.0.60/volume/v3/44a860053c7b4fb78f2651938108334a/volumes/5907e736-c587-46fb-a7ab-23e14c0368a2 returned with HTTP 200
Dec 15 11:35:57.026959 dv-cinder-813221-4-smb devstack@c-api.service[109443]: [pid: 109443|app: 0|req: 125/233] 10.222.0.60 () {58 vars in 1324 bytes} [Wed Dec 15 11:35:56 2021] GET /volume/v3/44a860053c7b4fb78f2651938108334a/volumes/5907e736-c587-46fb-a7ab-23e14c0368a2 => generated 1078 bytes in 92 msecs (HTTP/1.1 200) 7 headers in 286 bytes (1 switches on core 0)
Dec 15 11:35:57.030580 dv-cinder-813221-4-smb devstack@c-api.service[109442]: /usr/local/lib/python3.8/dist-packages/oslo_context/context.py:105: DeprecationWarning: Policy enforcement is depending on the value of is_admin. This key is deprecated. Please update your policy file to use the standard policy values.
Dec 15 11:35:57.030580 dv-cinder-813221-4-smb devstack@c-api.service[109442]: warnings.warn('Policy enforcement is depending on the value of '
Dec 15 11:35:57.031313 dv-cinder-813221-4-smb devstack@c-api.service[109443]: INFO cinder.api.openstack.wsgi [None req-effdb9a0-f881-4572-bbd8-5573cba50659 tempest-GroupSnapshotsTest-770050937 tempest-GroupSnapshotsTest-770050937-project] GET http://10.222.0.60/volume/v3/7fafe4e18d2a4910ac98abebe777e663/snapshots/4b4a2551-61ea-4a27-a937-f2af0775ff96
Dec 15 11:35:57.032044 dv-cinder-813221-4-smb devstack@c-api.service[109443]: DEBUG cinder.api.openstack.wsgi [None req-effdb9a0-f881-4572-bbd8-5573cba50659 tempest-GroupSnapshotsTest-770050937 tempest-GroupSnapshotsTest-770050937-project] Empty body provided in request {{(pid=109443) get_body /opt/stack/cinder/cinder/api/openstack/wsgi.py:703}}
Dec 15 11:35:57.032044 dv-cinder-813221-4-smb devstack@c-api.service[109443]: /usr/local/lib/python3.8/dist-packages/webob/acceptparse.py:1047: DeprecationWarning: The behavior of AcceptValidHeader.best_match is currently being maintained for backward compatibility, but it will be deprecated in the future, as it does not conform to the RFC.
Dec 15 11:35:57.032044 dv-cinder-813221-4-smb devstack@c-api.service[109443]: warnings.warn(
Dec 15 11:35:57.032505 dv-cinder-813221-4-smb devstack@c-api.service[109443]: DEBUG cinder.api.openstack.wsgi [None req-effdb9a0-f881-4572-bbd8-5573cba50659 tempest-GroupSnapshotsTest-770050937 tempest-GroupSnapshotsTest-770050937-project] Calling method 'show' {{(pid=109443) _process_stack /opt/stack/cinder/cinder/api/openstack/wsgi.py:856}}
Dec 15 11:35:57.041257 dv-cinder-813221-4-smb devstack@c-api.service[109443]: INFO cinder.api.openstack.wsgi [None req-effdb9a0-f881-4572-bbd8-5573cba50659 tempest-GroupSnapshotsTest-770050937 tempest-GroupSnapshotsTest-770050937-project] http://10.222.0.60/volume/v3/7fafe4e18d2a4910ac98abebe777e663/snapshots/4b4a2551-61ea-4a27-a937-f2af0775ff96 returned with HTTP 404
Dec 15 11:35:57.042449 dv-cinder-813221-4-smb devstack@c-api.service[109443]: [pid: 109443|app: 0|req: 126/234] 10.222.0.60 () {58 vars in 1330 bytes} [Wed Dec 15 11:35:57 2021] GET /volume/v3/7fafe4e18d2a4910ac98abebe777e663/snapshots/4b4a2551-61ea-4a27-a937-f2af0775ff96 => generated 111 bytes in 15 msecs (HTTP/1.1 404) 7 headers in 292 bytes (1 switches on core 0)
Dec 15 11:35:57.052523 dv-cinder-813221-4-smb devstack@c-api.service[109442]: INFO cinder.api.openstack.wsgi [None req-55f0ba07-dcfb-4498-8416-5184ab819d18 tempest-GroupsV314Test-1780198785 tempest-GroupsV314Test-1780198785-project] http://10.222.0.60/volume/v3/59a739ccfdb54159817f37aee3cc14c1/volumes/eab7c74a-2b16-4274-a47a-f1d8a6d8b6f0 returned with HTTP 200
Dec 15 11:35:57.052801 dv-cinder-813221-4-smb devstack@c-api.service[109443]: INFO cinder.api.openstack.wsgi [None req-ccc5271d-3e5f-43d6-abf7-baf7d4d9ae82 tempest-GroupSnapshotsTest-770050937 tempest-GroupSnapshotsTest-770050937-project] GET http://10.222.0.60/volume/v3/7fafe4e18d2a4910ac98abebe777e663/group_snapshots/4d2949eb-5ab6-474c-81ef-397db7b252a1
Dec 15 11:35:57.053353 dv-cinder-813221-4-smb devstack@c-api.service[109443]: DEBUG cinder.api.openstack.wsgi [None req-ccc5271d-3e5f-43d6-abf7-baf7d4d9ae82 tempest-GroupSnapshotsTest-770050937 tempest-GroupSnapshotsTest-770050937-project] Empty body provided in request {{(pid=109443) get_body /opt/stack/cinder/cinder/api/openstack/wsgi.py:703}}
Dec 15 11:35:57.053997 dv-cinder-813221-4-smb devstack@c-api.service[109443]: DEBUG cinder.api.openstack.wsgi [None req-ccc5271d-3e5f-43d6-abf7-baf7d4d9ae82 tempest-GroupSnapshotsTest-770050937 tempest-GroupSnapshotsTest-770050937-project] Calling method 'version_select' {{(pid=109443) _process_stack /opt/stack/cinder/cinder/api/openstack/wsgi.py:856}}
Dec 15 11:35:57.054543 dv-cinder-813221-4-smb devstack@c-api.service[109443]: DEBUG cinder.api.v3.group_snapshots [None req-ccc5271d-3e5f-43d6-abf7-baf7d4d9ae82 tempest-GroupSnapshotsTest-770050937 tempest-GroupSnapshotsTest-770050937-project] show called for member 4d2949eb-5ab6-474c-81ef-397db7b252a1 {{(pid=109443) show /opt/stack/cinder/cinder/api/v3/group_snapshots.py:58}}
Dec 15 11:35:57.054761 dv-cinder-813221-4-smb devstack@c-api.service[109442]: [pid: 109442|app: 0|req: 109/235] 10.222.0.60 () {60 vars in 1365 bytes} [Wed Dec 15 11:35:56 2021] GET /volume/v3/59a739ccfdb54159817f37aee3cc14c1/volumes/eab7c74a-2b16-4274-a47a-f1d8a6d8b6f0 => generated 992 bytes in 115 msecs (HTTP/1.1 200) 7 headers in 286 bytes (1 switches on core 0)
Dec 15 11:35:57.059678 dv-cinder-813221-4-smb devstack@c-api.service[109443]: INFO cinder.api.openstack.wsgi [None req-ccc5271d-3e5f-43d6-abf7-baf7d4d9ae82 tempest-GroupSnapshotsTest-770050937 tempest-GroupSnapshotsTest-770050937-project] http://10.222.0.60/volume/v3/7fafe4e18d2a4910ac98abebe777e663/group_snapshots/4d2949eb-5ab6-474c-81ef-397db7b252a1 returned with HTTP 404
Dec 15 11:35:57.064734 dv-cinder-813221-4-smb devstack@c-api.service[109443]: [pid: 109443|app: 0|req: 127/236] 10.222.0.60 () {60 vars in 1389 bytes} [Wed Dec 15 11:35:57 2021] GET /volume/v3/7fafe4e18d2a4910ac98abebe777e663/group_snapshots/4d2949eb-5ab6-474c-81ef-397db7b252a1 => generated 116 bytes in 18 msecs (HTTP/1.1 404) 7 headers in 293 bytes (1 switches on core 0)
Dec 15 11:35:57.069818 dv-cinder-813221-4-smb devstack@c-api.service[109442]: INFO cinder.api.openstack.wsgi [None req-c8883488-afae-4413-af72-2454c3fbcea0 tempest-GroupSnapshotsTest-770050937 tempest-GroupSnapshotsTest-770050937-project] DELETE http://10.222.0.60/volume/v3/7fafe4e18d2a4910ac98abebe777e663/group_snapshots/4d2949eb-5ab6-474c-81ef-397db7b252a1
Dec 15 11:35:57.070654 dv-cinder-813221-4-smb devstack@c-api.service[109442]: DEBUG cinder.api.openstack.wsgi [None req-c8883488-afae-4413-af72-2454c3fbcea0 tempest-GroupSnapshotsTest-770050937 tempest-GroupSnapshotsTest-770050937-project] Empty body provided in request {{(pid=109442) get_body /opt/stack/cinder/cinder/api/openstack/wsgi.py:703}}
Dec 15 11:35:57.070835 dv-cinder-813221-4-smb devstack@c-api.service[109442]: /usr/local/lib/python3.8/dist-packages/webob/acceptparse.py:1047: DeprecationWarning: The behavior of AcceptValidHeader.best_match is currently being maintained for backward compatibility, but it will be deprecated in the future, as it does not conform to the RFC.
Dec 15 11:35:57.070835 dv-cinder-813221-4-smb devstack@c-api.service[109442]: warnings.warn(
Dec 15 11:35:57.071136 dv-cinder-813221-4-smb devstack@c-api.service[109442]: DEBUG cinder.api.openstack.wsgi [None req-c8883488-afae-4413-af72-2454c3fbcea0 tempest-GroupSnapshotsTest-770050937 tempest-GroupSnapshotsTest-770050937-project] Calling method 'version_select' {{(pid=109442) _process_stack /opt/stack/cinder/cinder/api/openstack/wsgi.py:856}}
Dec 15 11:35:57.071533 dv-cinder-813221-4-smb devstack@c-api.service[109442]: DEBUG cinder.api.v3.group_snapshots [None req-c8883488-afae-4413-af72-2454c3fbcea0 tempest-GroupSnapshotsTest-770050937 tempest-GroupSnapshotsTest-770050937-project] delete called for member 4d2949eb-5ab6-474c-81ef-397db7b252a1 {{(pid=109442) delete /opt/stack/cinder/cinder/api/v3/group_snapshots.py:72}}
Dec 15 11:35:57.071825 dv-cinder-813221-4-smb devstack@c-api.service[109442]: INFO cinder.api.v3.group_snapshots [None req-c8883488-afae-4413-af72-2454c3fbcea0 tempest-GroupSnapshotsTest-770050937 tempest-GroupSnapshotsTest-770050937-project] Delete group_snapshot with id: 4d2949eb-5ab6-474c-81ef-397db7b252a1
Dec 15 11:35:57.076338 dv-cinder-813221-4-smb devstack@c-api.service[109442]: INFO cinder.api.openstack.wsgi [None req-c8883488-afae-4413-af72-2454c3fbcea0 tempest-GroupSnapshotsTest-770050937 tempest-GroupSnapshotsTest-770050937-project] http://10.222.0.60/volume/v3/7fafe4e18d2a4910ac98abebe777e663/group_snapshots/4d2949eb-5ab6-474c-81ef-397db7b252a1 returned with HTTP 404
Dec 15 11:35:57.080690 dv-cinder-813221-4-smb devstack@c-api.service[109442]: [pid: 109442|app: 0|req: 110/237] 10.222.0.60 () {60 vars in 1392 bytes} [Wed Dec 15 11:35:57 2021] DELETE /volume/v3/7fafe4e18d2a4910ac98abebe777e663/group_snapshots/4d2949eb-5ab6-474c-81ef-397db7b252a1 => generated 116 bytes in 13 msecs (HTTP/1.1 404) 7 headers in 293 bytes (2 switches on core 0)
Dec 15 11:35:57.086978 dv-cinder-813221-4-smb devstack@c-api.service[109443]: INFO cinder.api.openstack.wsgi [None req-f9ccad84-84ca-4311-9fe9-8e383c0ae6a6 tempest-GroupSnapshotsTest-770050937 tempest-GroupSnapshotsTest-770050937-project] GET http://10.222.0.60/volume/v3/7fafe4e18d2a4910ac98abebe777e663/volumes/detail
Dec 15 11:35:57.087501 dv-cinder-813221-4-smb devstack@c-api.service[109443]: DEBUG cinder.api.openstack.wsgi [None req-f9ccad84-84ca-4311-9fe9-8e383c0ae6a6 tempest-GroupSnapshotsTest-770050937 tempest-GroupSnapshotsTest-770050937-project] Empty body provided in request {{(pid=109443) get_body /opt/stack/cinder/cinder/api/openstack/wsgi.py:703}}
Dec 15 11:35:57.087915 dv-cinder-813221-4-smb devstack@c-api.service[109443]: DEBUG cinder.api.openstack.wsgi [None req-f9ccad84-84ca-4311-9fe9-8e383c0ae6a6 tempest-GroupSnapshotsTest-770050937 tempest-GroupSnapshotsTest-770050937-project] Calling method 'detail' {{(pid=109443) _process_stack /opt/stack/cinder/cinder/api/openstack/wsgi.py:856}}
Dec 15 11:35:57.088454 dv-cinder-813221-4-smb devstack@c-api.service[109443]: DEBUG cinder.api.api_utils [None req-f9ccad84-84ca-4311-9fe9-8e383c0ae6a6 tempest-GroupSnapshotsTest-770050937 tempest-GroupSnapshotsTest-770050937-project] Removing options '' from query. {{(pid=109443) remove_invalid_filter_options /opt/stack/cinder/cinder/api/api_utils.py:73}}
Dec 15 11:35:57.090123 dv-cinder-813221-4-smb devstack@c-api.service[109443]: DEBUG cinder.volume.api [None req-f9ccad84-84ca-4311-9fe9-8e383c0ae6a6 tempest-GroupSnapshotsTest-770050937 tempest-GroupSnapshotsTest-770050937-project] Searching by: MultiDict([('no_migration_targets', True)]). {{(pid=109443) get_all /opt/stack/cinder/cinder/volume/api.py:662}}
Dec 15 11:35:57.147866 dv-cinder-813221-4-smb devstack@c-api.service[109443]: INFO cinder.volume.api [None req-f9ccad84-84ca-4311-9fe9-8e383c0ae6a6 tempest-GroupSnapshotsTest-770050937 tempest-GroupSnapshotsTest-770050937-project] Get all volumes completed successfully.
Dec 15 11:35:57.149414 dv-cinder-813221-4-smb devstack@c-api.service[109443]: WARNING stevedore.named [None req-f9ccad84-84ca-4311-9fe9-8e383c0ae6a6 tempest-GroupSnapshotsTest-770050937 tempest-GroupSnapshotsTest-770050937-project] Could not load cinder.keymgr.conf_key_mgr.ConfKeyManager
Dec 15 11:35:57.149832 dv-cinder-813221-4-smb devstack@c-api.service[109443]: WARNING castellan.key_manager [None req-f9ccad84-84ca-4311-9fe9-8e383c0ae6a6 tempest-GroupSnapshotsTest-770050937 tempest-GroupSnapshotsTest-770050937-project] Deprecation Warning : cinder.keymgr.conf_key_mgr.ConfKeyManager is not a stevedore based driver, trying to load it as a class: stevedore.exception.NoMatches: No 'castellan.drivers' driver found, looking for 'cinder.keymgr.conf_key_mgr.ConfKeyManager'
Dec 15 11:35:57.158150 dv-cinder-813221-4-smb devstack@c-api.service[109443]: DEBUG oslo_db.sqlalchemy.engines [None req-f9ccad84-84ca-4311-9fe9-8e383c0ae6a6 tempest-GroupSnapshotsTest-770050937 tempest-GroupSnapshotsTest-770050937-project] MySQL server mode set to STRICT_TRANS_TABLES,STRICT_ALL_TABLES,NO_ZERO_IN_DATE,NO_ZERO_DATE,ERROR_FOR_DIVISION_BY_ZERO,TRADITIONAL,NO_ENGINE_SUBSTITUTION {{(pid=109443) _check_effective_sql_mode /usr/local/lib/python3.8/dist-packages/oslo_db/sqlalchemy/engines.py:314}}
Dec 15 11:35:57.167462 dv-cinder-813221-4-smb devstack@c-api.service[109443]: /usr/local/lib/python3.8/dist-packages/oslo_context/context.py:105: DeprecationWarning: Policy enforcement is depending on the value of is_admin. This key is deprecated. Please update your policy file to use the standard policy values.
Dec 15 11:35:57.167462 dv-cinder-813221-4-smb devstack@c-api.service[109443]: warnings.warn('Policy enforcement is depending on the value of '
Dec 15 11:35:57.176668 dv-cinder-813221-4-smb devstack@c-api.service[109443]: WARNING stevedore.named [None req-f9ccad84-84ca-4311-9fe9-8e383c0ae6a6 tempest-GroupSnapshotsTest-770050937 tempest-GroupSnapshotsTest-770050937-project] Could not load cinder.keymgr.conf_key_mgr.ConfKeyManager
Dec 15 11:35:57.177287 dv-cinder-813221-4-smb devstack@c-api.service[109443]: WARNING castellan.key_manager [None req-f9ccad84-84ca-4311-9fe9-8e383c0ae6a6 tempest-GroupSnapshotsTest-770050937 tempest-GroupSnapshotsTest-770050937-project] Deprecation Warning : cinder.keymgr.conf_key_mgr.ConfKeyManager is not a stevedore based driver, trying to load it as a class: stevedore.exception.NoMatches: No 'castellan.drivers' driver found, looking for 'cinder.keymgr.conf_key_mgr.ConfKeyManager'
Dec 15 11:35:57.185624 dv-cinder-813221-4-smb devstack@c-api.service[109443]: DEBUG oslo_db.sqlalchemy.engines [None req-f9ccad84-84ca-4311-9fe9-8e383c0ae6a6 tempest-GroupSnapshotsTest-770050937 tempest-GroupSnapshotsTest-770050937-project] MySQL server mode set to STRICT_TRANS_TABLES,STRICT_ALL_TABLES,NO_ZERO_IN_DATE,NO_ZERO_DATE,ERROR_FOR_DIVISION_BY_ZERO,TRADITIONAL,NO_ENGINE_SUBSTITUTION {{(pid=109443) _check_effective_sql_mode /usr/local/lib/python3.8/dist-packages/oslo_db/sqlalchemy/engines.py:314}}
Dec 15 11:35:57.193871 dv-cinder-813221-4-smb devstack@c-api.service[109443]: /usr/local/lib/python3.8/dist-packages/oslo_context/context.py:105: DeprecationWarning: Policy enforcement is depending on the value of is_admin. This key is deprecated. Please update your policy file to use the standard policy values.
Dec 15 11:35:57.193871 dv-cinder-813221-4-smb devstack@c-api.service[109443]: warnings.warn('Policy enforcement is depending on the value of '
