Oct 12 16:53:10.463595 dv-cinder-813221-2-smb devstack@n-api.service[108357]: DEBUG nova.api.openstack.wsgi_app [-] workarounds.reserve_disk_resource_for_image_cache = False {{(pid=108357) log_opt_values /usr/local/lib/python3.8/dist-packages/oslo_config/cfg.py:2609}}
Oct 12 16:53:10.463940 dv-cinder-813221-2-smb devstack@n-api.service[108357]: DEBUG nova.api.openstack.wsgi_app [-] wsgi.api_paste_config = /etc/nova/api-paste.ini {{(pid=108357) log_opt_values /usr/local/lib/python3.8/dist-packages/oslo_config/cfg.py:2609}}
Oct 12 16:53:10.464258 dv-cinder-813221-2-smb devstack@n-api.service[108357]: DEBUG nova.api.openstack.wsgi_app [-] wsgi.client_socket_timeout = 900 {{(pid=108357) log_opt_values /usr/local/lib/python3.8/dist-packages/oslo_config/cfg.py:2609}}
Oct 12 16:53:10.464570 dv-cinder-813221-2-smb devstack@n-api.service[108357]: DEBUG nova.api.openstack.wsgi_app [-] wsgi.default_pool_size = 1000 {{(pid=108357) log_opt_values /usr/local/lib/python3.8/dist-packages/oslo_config/cfg.py:2609}}
Oct 12 16:53:10.464883 dv-cinder-813221-2-smb devstack@n-api.service[108357]: DEBUG nova.api.openstack.wsgi_app [-] wsgi.keep_alive = True {{(pid=108357) log_opt_values /usr/local/lib/python3.8/dist-packages/oslo_config/cfg.py:2609}}
Oct 12 16:53:10.465207 dv-cinder-813221-2-smb devstack@n-api.service[108357]: DEBUG nova.api.openstack.wsgi_app [-] wsgi.max_header_line = 16384 {{(pid=108357) log_opt_values /usr/local/lib/python3.8/dist-packages/oslo_config/cfg.py:2609}}
Oct 12 16:53:10.465517 dv-cinder-813221-2-smb devstack@n-api.service[108357]: DEBUG nova.api.openstack.wsgi_app [-] wsgi.secure_proxy_ssl_header = None {{(pid=108357) log_opt_values /usr/local/lib/python3.8/dist-packages/oslo_config/cfg.py:2609}}
Oct 12 16:53:10.465828 dv-cinder-813221-2-smb devstack@n-api.service[108357]: DEBUG nova.api.openstack.wsgi_app [-] wsgi.ssl_ca_file = None {{(pid=108357) log_opt_values /usr/local/lib/python3.8/dist-packages/oslo_config/cfg.py:2609}}
Oct 12 16:53:10.466130 dv-cinder-813221-2-smb devstack@n-api.service[108357]: DEBUG nova.api.openstack.wsgi_app [-] wsgi.ssl_cert_file = None {{(pid=108357) log_opt_values /usr/local/lib/python3.8/dist-packages/oslo_config/cfg.py:2609}}
Oct 12 16:53:10.466480 dv-cinder-813221-2-smb devstack@n-api.service[108357]: DEBUG nova.api.openstack.wsgi_app [-] wsgi.ssl_key_file = None {{(pid=108357) log_opt_values /usr/local/lib/python3.8/dist-packages/oslo_config/cfg.py:2609}}
Oct 12 16:53:10.466762 dv-cinder-813221-2-smb devstack@n-api.service[108357]: DEBUG nova.api.openstack.wsgi_app [-] wsgi.tcp_keepidle = 600 {{(pid=108357) log_opt_values /usr/local/lib/python3.8/dist-packages/oslo_config/cfg.py:2609}}
Oct 12 16:53:10.467082 dv-cinder-813221-2-smb devstack@n-api.service[108357]: DEBUG nova.api.openstack.wsgi_app [-] wsgi.wsgi_log_format = %(client_ip)s "%(request_line)s" status: %(status_code)s len: %(body_length)s time: %(wall_seconds).7f {{(pid=108357) log_opt_values /usr/local/lib/python3.8/dist-packages/oslo_config/cfg.py:2609}}
Oct 12 16:53:10.467412 dv-cinder-813221-2-smb devstack@n-api.service[108357]: DEBUG nova.api.openstack.wsgi_app [-] zvm.ca_file = None {{(pid=108357) log_opt_values /usr/local/lib/python3.8/dist-packages/oslo_config/cfg.py:2609}}
Oct 12 16:53:10.467993 dv-cinder-813221-2-smb devstack@n-api.service[108356]: DEBUG oslo_db.sqlalchemy.engines [None req-4cd4831a-7b48-432c-817c-4d55f4e7e879 None None] MySQL server mode set to STRICT_TRANS_TABLES,STRICT_ALL_TABLES,NO_ZERO_IN_DATE,NO_ZERO_DATE,ERROR_FOR_DIVISION_BY_ZERO,TRADITIONAL,NO_ENGINE_SUBSTITUTION {{(pid=108356) _check_effective_sql_mode /usr/local/lib/python3.8/dist-packages/oslo_db/sqlalchemy/engines.py:314}}
Oct 12 16:53:10.468170 dv-cinder-813221-2-smb devstack@n-api.service[108357]: DEBUG nova.api.openstack.wsgi_app [-] zvm.cloud_connector_url = None {{(pid=108357) log_opt_values /usr/local/lib/python3.8/dist-packages/oslo_config/cfg.py:2609}}
Oct 12 16:53:10.468170 dv-cinder-813221-2-smb devstack@n-api.service[108357]: DEBUG nova.api.openstack.wsgi_app [-] zvm.image_tmp_path = /opt/stack/data/nova/images {{(pid=108357) log_opt_values /usr/local/lib/python3.8/dist-packages/oslo_config/cfg.py:2609}}
Oct 12 16:53:10.468411 dv-cinder-813221-2-smb devstack@n-api.service[108357]: DEBUG nova.api.openstack.wsgi_app [-] zvm.reachable_timeout = 300 {{(pid=108357) log_opt_values /usr/local/lib/python3.8/dist-packages/oslo_config/cfg.py:2609}}
Oct 12 16:53:10.468737 dv-cinder-813221-2-smb devstack@n-api.service[108357]: DEBUG nova.api.openstack.wsgi_app [-] oslo_versionedobjects.fatal_exception_format_errors = False {{(pid=108357) log_opt_values /usr/local/lib/python3.8/dist-packages/oslo_config/cfg.py:2609}}
Oct 12 16:53:10.469084 dv-cinder-813221-2-smb devstack@n-api.service[108357]: DEBUG nova.api.openstack.wsgi_app [-] oslo_messaging_metrics.metrics_buffer_size = 1000 {{(pid=108357) log_opt_values /usr/local/lib/python3.8/dist-packages/oslo_config/cfg.py:2609}}
Oct 12 16:53:10.469349 dv-cinder-813221-2-smb devstack@n-api.service[108357]: DEBUG nova.api.openstack.wsgi_app [-] oslo_messaging_metrics.metrics_enabled = False {{(pid=108357) log_opt_values /usr/local/lib/python3.8/dist-packages/oslo_config/cfg.py:2609}}
Oct 12 16:53:10.469655 dv-cinder-813221-2-smb devstack@n-api.service[108357]: DEBUG nova.api.openstack.wsgi_app [-] oslo_messaging_metrics.metrics_process_name = {{(pid=108357) log_opt_values /usr/local/lib/python3.8/dist-packages/oslo_config/cfg.py:2609}}
Oct 12 16:53:10.469969 dv-cinder-813221-2-smb devstack@n-api.service[108357]: DEBUG nova.api.openstack.wsgi_app [-] oslo_messaging_metrics.metrics_socket_file = /var/tmp/metrics_collector.sock {{(pid=108357) log_opt_values /usr/local/lib/python3.8/dist-packages/oslo_config/cfg.py:2609}}
Oct 12 16:53:10.470275 dv-cinder-813221-2-smb devstack@n-api.service[108357]: DEBUG nova.api.openstack.wsgi_app [-] oslo_messaging_metrics.metrics_thread_stop_timeout = 10 {{(pid=108357) log_opt_values /usr/local/lib/python3.8/dist-packages/oslo_config/cfg.py:2609}}
Oct 12 16:53:10.470638 dv-cinder-813221-2-smb devstack@n-api.service[108357]: DEBUG nova.api.openstack.wsgi_app [-] oslo_policy.enforce_new_defaults = False {{(pid=108357) log_opt_values /usr/local/lib/python3.8/dist-packages/oslo_config/cfg.py:2609}}
Oct 12 16:53:10.470927 dv-cinder-813221-2-smb devstack@n-api.service[108357]: DEBUG nova.api.openstack.wsgi_app [-] oslo_policy.enforce_scope = False {{(pid=108357) log_opt_values /usr/local/lib/python3.8/dist-packages/oslo_config/cfg.py:2609}}
Oct 12 16:53:10.471256 dv-cinder-813221-2-smb devstack@n-api.service[108357]: DEBUG nova.api.openstack.wsgi_app [-] oslo_policy.policy_default_rule = default {{(pid=108357) log_opt_values /usr/local/lib/python3.8/dist-packages/oslo_config/cfg.py:2609}}
Oct 12 16:53:10.471590 dv-cinder-813221-2-smb devstack@n-api.service[108357]: DEBUG nova.api.openstack.wsgi_app [-] oslo_policy.policy_dirs = ['policy.d'] {{(pid=108357) log_opt_values /usr/local/lib/python3.8/dist-packages/oslo_config/cfg.py:2609}}
Oct 12 16:53:10.471914 dv-cinder-813221-2-smb devstack@n-api.service[108357]: DEBUG nova.api.openstack.wsgi_app [-] oslo_policy.policy_file = policy.yaml {{(pid=108357) log_opt_values /usr/local/lib/python3.8/dist-packages/oslo_config/cfg.py:2609}}
Oct 12 16:53:10.472227 dv-cinder-813221-2-smb devstack@n-api.service[108357]: DEBUG nova.api.openstack.wsgi_app [-] oslo_policy.remote_content_type = application/x-www-form-urlencoded {{(pid=108357) log_opt_values /usr/local/lib/python3.8/dist-packages/oslo_config/cfg.py:2609}}
Oct 12 16:53:10.472526 dv-cinder-813221-2-smb devstack@n-api.service[108357]: DEBUG nova.api.openstack.wsgi_app [-] oslo_policy.remote_ssl_ca_crt_file = None {{(pid=108357) log_opt_values /usr/local/lib/python3.8/dist-packages/oslo_config/cfg.py:2609}}
Oct 12 16:53:10.472826 dv-cinder-813221-2-smb devstack@n-api.service[108357]: DEBUG nova.api.openstack.wsgi_app [-] oslo_policy.remote_ssl_client_crt_file = None {{(pid=108357) log_opt_values /usr/local/lib/python3.8/dist-packages/oslo_config/cfg.py:2609}}
Oct 12 16:53:10.473122 dv-cinder-813221-2-smb devstack@n-api.service[108357]: DEBUG nova.api.openstack.wsgi_app [-] oslo_policy.remote_ssl_client_key_file = None {{(pid=108357) log_opt_values /usr/local/lib/python3.8/dist-packages/oslo_config/cfg.py:2609}}
Oct 12 16:53:10.473593 dv-cinder-813221-2-smb devstack@n-api.service[108357]: DEBUG nova.api.openstack.wsgi_app [-] oslo_policy.remote_ssl_verify_server_crt = False {{(pid=108357) log_opt_values /usr/local/lib/python3.8/dist-packages/oslo_config/cfg.py:2609}}
Oct 12 16:53:10.474002 dv-cinder-813221-2-smb devstack@n-api.service[108357]: DEBUG nova.api.openstack.wsgi_app [-] profiler.connection_string = messaging:// {{(pid=108357) log_opt_values /usr/local/lib/python3.8/dist-packages/oslo_config/cfg.py:2609}}
Oct 12 16:53:10.474313 dv-cinder-813221-2-smb devstack@n-api.service[108357]: DEBUG nova.api.openstack.wsgi_app [-] profiler.enabled = False {{(pid=108357) log_opt_values /usr/local/lib/python3.8/dist-packages/oslo_config/cfg.py:2609}}
Oct 12 16:53:10.474655 dv-cinder-813221-2-smb devstack@n-api.service[108357]: DEBUG nova.api.openstack.wsgi_app [-] profiler.es_doc_type = notification {{(pid=108357) log_opt_values /usr/local/lib/python3.8/dist-packages/oslo_config/cfg.py:2609}}
Oct 12 16:53:10.474966 dv-cinder-813221-2-smb devstack@n-api.service[108357]: DEBUG nova.api.openstack.wsgi_app [-] profiler.es_scroll_size = 10000 {{(pid=108357) log_opt_values /usr/local/lib/python3.8/dist-packages/oslo_config/cfg.py:2609}}
Oct 12 16:53:10.475282 dv-cinder-813221-2-smb devstack@n-api.service[108357]: DEBUG nova.api.openstack.wsgi_app [-] profiler.es_scroll_time = 2m {{(pid=108357) log_opt_values /usr/local/lib/python3.8/dist-packages/oslo_config/cfg.py:2609}}
Oct 12 16:53:10.475587 dv-cinder-813221-2-smb devstack@n-api.service[108357]: DEBUG nova.api.openstack.wsgi_app [-] profiler.filter_error_trace = False {{(pid=108357) log_opt_values /usr/local/lib/python3.8/dist-packages/oslo_config/cfg.py:2609}}
Oct 12 16:53:10.475906 dv-cinder-813221-2-smb devstack@n-api.service[108357]: DEBUG nova.api.openstack.wsgi_app [-] profiler.hmac_keys = SECRET_KEY {{(pid=108357) log_opt_values /usr/local/lib/python3.8/dist-packages/oslo_config/cfg.py:2609}}
Oct 12 16:53:10.476223 dv-cinder-813221-2-smb devstack@n-api.service[108357]: DEBUG nova.api.openstack.wsgi_app [-] profiler.sentinel_service_name = mymaster {{(pid=108357) log_opt_values /usr/local/lib/python3.8/dist-packages/oslo_config/cfg.py:2609}}
Oct 12 16:53:10.476540 dv-cinder-813221-2-smb devstack@n-api.service[108357]: DEBUG nova.api.openstack.wsgi_app [-] profiler.socket_timeout = 0.1 {{(pid=108357) log_opt_values /usr/local/lib/python3.8/dist-packages/oslo_config/cfg.py:2609}}
Oct 12 16:53:10.476843 dv-cinder-813221-2-smb devstack@n-api.service[108357]: DEBUG nova.api.openstack.wsgi_app [-] profiler.trace_sqlalchemy = False {{(pid=108357) log_opt_values /usr/local/lib/python3.8/dist-packages/oslo_config/cfg.py:2609}}
Oct 12 16:53:10.477165 dv-cinder-813221-2-smb devstack@n-api.service[108357]: DEBUG nova.api.openstack.wsgi_app [-] oslo_messaging_rabbit.amqp_auto_delete = False {{(pid=108357) log_opt_values /usr/local/lib/python3.8/dist-packages/oslo_config/cfg.py:2609}}
Oct 12 16:53:10.477469 dv-cinder-813221-2-smb devstack@n-api.service[108357]: DEBUG nova.api.openstack.wsgi_app [-] oslo_messaging_rabbit.amqp_durable_queues = False {{(pid=108357) log_opt_values /usr/local/lib/python3.8/dist-packages/oslo_config/cfg.py:2609}}
Oct 12 16:53:10.477869 dv-cinder-813221-2-smb devstack@n-api.service[108357]: DEBUG nova.api.openstack.wsgi_app [-] oslo_messaging_rabbit.conn_pool_min_size = 2 {{(pid=108357) log_opt_values /usr/local/lib/python3.8/dist-packages/oslo_config/cfg.py:2609}}
Oct 12 16:53:10.478155 dv-cinder-813221-2-smb devstack@n-api.service[108357]: DEBUG nova.api.openstack.wsgi_app [-] oslo_messaging_rabbit.conn_pool_ttl = 1200 {{(pid=108357) log_opt_values /usr/local/lib/python3.8/dist-packages/oslo_config/cfg.py:2609}}
Oct 12 16:53:10.478396 dv-cinder-813221-2-smb devstack@n-api.service[108357]: DEBUG nova.api.openstack.wsgi_app [-] oslo_messaging_rabbit.direct_mandatory_flag = True {{(pid=108357) log_opt_values /usr/local/lib/python3.8/dist-packages/oslo_config/cfg.py:2609}}
Oct 12 16:53:10.478702 dv-cinder-813221-2-smb devstack@n-api.service[108357]: DEBUG nova.api.openstack.wsgi_app [-] oslo_messaging_rabbit.enable_cancel_on_failover = False {{(pid=108357) log_opt_values /usr/local/lib/python3.8/dist-packages/oslo_config/cfg.py:2609}}
Oct 12 16:53:10.479005 dv-cinder-813221-2-smb devstack@n-api.service[108357]: DEBUG nova.api.openstack.wsgi_app [-] oslo_messaging_rabbit.heartbeat_in_pthread = True {{(pid=108357) log_opt_values /usr/local/lib/python3.8/dist-packages/oslo_config/cfg.py:2609}}
Oct 12 16:53:10.479326 dv-cinder-813221-2-smb devstack@n-api.service[108357]: DEBUG nova.api.openstack.wsgi_app [-] oslo_messaging_rabbit.heartbeat_rate = 3 {{(pid=108357) log_opt_values /usr/local/lib/python3.8/dist-packages/oslo_config/cfg.py:2609}}
Oct 12 16:53:10.479644 dv-cinder-813221-2-smb devstack@n-api.service[108357]: DEBUG nova.api.openstack.wsgi_app [-] oslo_messaging_rabbit.heartbeat_timeout_threshold = 600 {{(pid=108357) log_opt_values /usr/local/lib/python3.8/dist-packages/oslo_config/cfg.py:2609}}
Oct 12 16:53:10.479945 dv-cinder-813221-2-smb devstack@n-api.service[108357]: DEBUG nova.api.openstack.wsgi_app [-] oslo_messaging_rabbit.kombu_compression = None {{(pid=108357) log_opt_values /usr/local/lib/python3.8/dist-packages/oslo_config/cfg.py:2609}}
Oct 12 16:53:10.480262 dv-cinder-813221-2-smb devstack@n-api.service[108357]: DEBUG nova.api.openstack.wsgi_app [-] oslo_messaging_rabbit.kombu_failover_strategy = round-robin {{(pid=108357) log_opt_values /usr/local/lib/python3.8/dist-packages/oslo_config/cfg.py:2609}}
Oct 12 16:53:10.480577 dv-cinder-813221-2-smb devstack@n-api.service[108357]: DEBUG nova.api.openstack.wsgi_app [-] oslo_messaging_rabbit.kombu_missing_consumer_retry_timeout = 60 {{(pid=108357) log_opt_values /usr/local/lib/python3.8/dist-packages/oslo_config/cfg.py:2609}}
Oct 12 16:53:10.480951 dv-cinder-813221-2-smb devstack@n-api.service[108357]: DEBUG nova.api.openstack.wsgi_app [-] oslo_messaging_rabbit.kombu_reconnect_delay = 1.0 {{(pid=108357) log_opt_values /usr/local/lib/python3.8/dist-packages/oslo_config/cfg.py:2609}}
Oct 12 16:53:10.481204 dv-cinder-813221-2-smb devstack@n-api.service[108357]: DEBUG nova.api.openstack.wsgi_app [-] oslo_messaging_rabbit.rabbit_ha_queues = False {{(pid=108357) log_opt_values /usr/local/lib/python3.8/dist-packages/oslo_config/cfg.py:2609}}
Oct 12 16:53:10.481518 dv-cinder-813221-2-smb devstack@n-api.service[108357]: DEBUG nova.api.openstack.wsgi_app [-] oslo_messaging_rabbit.rabbit_interval_max = 30 {{(pid=108357) log_opt_values /usr/local/lib/python3.8/dist-packages/oslo_config/cfg.py:2609}}
Oct 12 16:53:10.481835 dv-cinder-813221-2-smb devstack@n-api.service[108357]: DEBUG nova.api.openstack.wsgi_app [-] oslo_messaging_rabbit.rabbit_login_method = AMQPLAIN {{(pid=108357) log_opt_values /usr/local/lib/python3.8/dist-packages/oslo_config/cfg.py:2609}}
Oct 12 16:53:10.482142 dv-cinder-813221-2-smb devstack@n-api.service[108357]: DEBUG nova.api.openstack.wsgi_app [-] oslo_messaging_rabbit.rabbit_qos_prefetch_count = 0 {{(pid=108357) log_opt_values /usr/local/lib/python3.8/dist-packages/oslo_config/cfg.py:2609}}
Oct 12 16:53:10.482498 dv-cinder-813221-2-smb devstack@n-api.service[108357]: DEBUG nova.api.openstack.wsgi_app [-] oslo_messaging_rabbit.rabbit_retry_backoff = 2 {{(pid=108357) log_opt_values /usr/local/lib/python3.8/dist-packages/oslo_config/cfg.py:2609}}
Oct 12 16:53:10.482807 dv-cinder-813221-2-smb devstack@n-api.service[108357]: DEBUG nova.api.openstack.wsgi_app [-] oslo_messaging_rabbit.rabbit_retry_interval = 1 {{(pid=108357) log_opt_values /usr/local/lib/python3.8/dist-packages/oslo_config/cfg.py:2609}}
Oct 12 16:53:10.483119 dv-cinder-813221-2-smb devstack@n-api.service[108357]: DEBUG nova.api.openstack.wsgi_app [-] oslo_messaging_rabbit.rabbit_transient_queues_ttl = 1800 {{(pid=108357) log_opt_values /usr/local/lib/python3.8/dist-packages/oslo_config/cfg.py:2609}}
Oct 12 16:53:10.483777 dv-cinder-813221-2-smb devstack@n-api.service[108357]: DEBUG nova.api.openstack.wsgi_app [-] oslo_messaging_rabbit.rpc_conn_pool_size = 30 {{(pid=108357) log_opt_values /usr/local/lib/python3.8/dist-packages/oslo_config/cfg.py:2609}}
Oct 12 16:53:10.484047 dv-cinder-813221-2-smb devstack@n-api.service[108357]: DEBUG nova.api.openstack.wsgi_app [-] oslo_messaging_rabbit.ssl = False {{(pid=108357) log_opt_values /usr/local/lib/python3.8/dist-packages/oslo_config/cfg.py:2609}}
Oct 12 16:53:10.484382 dv-cinder-813221-2-smb devstack@n-api.service[108357]: DEBUG nova.api.openstack.wsgi_app [-] oslo_messaging_rabbit.ssl_ca_file = {{(pid=108357) log_opt_values /usr/local/lib/python3.8/dist-packages/oslo_config/cfg.py:2609}}
Oct 12 16:53:10.484703 dv-cinder-813221-2-smb devstack@n-api.service[108357]: DEBUG nova.api.openstack.wsgi_app [-] oslo_messaging_rabbit.ssl_cert_file = {{(pid=108357) log_opt_values /usr/local/lib/python3.8/dist-packages/oslo_config/cfg.py:2609}}
Oct 12 16:53:10.485023 dv-cinder-813221-2-smb devstack@n-api.service[108357]: DEBUG nova.api.openstack.wsgi_app [-] oslo_messaging_rabbit.ssl_key_file = {{(pid=108357) log_opt_values /usr/local/lib/python3.8/dist-packages/oslo_config/cfg.py:2609}}
Oct 12 16:53:10.485345 dv-cinder-813221-2-smb devstack@n-api.service[108357]: DEBUG nova.api.openstack.wsgi_app [-] oslo_messaging_rabbit.ssl_version = {{(pid=108357) log_opt_values /usr/local/lib/python3.8/dist-packages/oslo_config/cfg.py:2609}}
Oct 12 16:53:10.485703 dv-cinder-813221-2-smb devstack@n-api.service[108357]: DEBUG nova.api.openstack.wsgi_app [-] oslo_messaging_notifications.driver = ['messagingv2'] {{(pid=108357) log_opt_values /usr/local/lib/python3.8/dist-packages/oslo_config/cfg.py:2609}}
Oct 12 16:53:10.486013 dv-cinder-813221-2-smb devstack@n-api.service[108357]: DEBUG nova.api.openstack.wsgi_app [-] oslo_messaging_notifications.retry = -1 {{(pid=108357) log_opt_values /usr/local/lib/python3.8/dist-packages/oslo_config/cfg.py:2609}}
Oct 12 16:53:10.486673 dv-cinder-813221-2-smb devstack@n-api.service[108357]: DEBUG nova.api.openstack.wsgi_app [-] oslo_messaging_notifications.topics = ['notifications'] {{(pid=108357) log_opt_values /usr/local/lib/python3.8/dist-packages/oslo_config/cfg.py:2609}}
Oct 12 16:53:10.486780 dv-cinder-813221-2-smb devstack@n-api.service[108357]: DEBUG nova.api.openstack.wsgi_app [-] oslo_messaging_notifications.transport_url = **** {{(pid=108357) log_opt_values /usr/local/lib/python3.8/dist-packages/oslo_config/cfg.py:2609}}
Oct 12 16:53:10.487042 dv-cinder-813221-2-smb devstack@n-api.service[108357]: DEBUG nova.api.openstack.wsgi_app [-] ******************************************************************************** {{(pid=108357) log_opt_values /usr/local/lib/python3.8/dist-packages/oslo_config/cfg.py:2613}}
Oct 12 16:53:10.510035 dv-cinder-813221-2-smb devstack@n-api.service[108357]: DEBUG oslo_db.sqlalchemy.engines [None req-767ac73d-0765-4a09-bdfb-551bc145b81e None None] MySQL server mode set to STRICT_TRANS_TABLES,STRICT_ALL_TABLES,NO_ZERO_IN_DATE,NO_ZERO_DATE,ERROR_FOR_DIVISION_BY_ZERO,TRADITIONAL,NO_ENGINE_SUBSTITUTION {{(pid=108357) _check_effective_sql_mode /usr/local/lib/python3.8/dist-packages/oslo_db/sqlalchemy/engines.py:314}}
Oct 12 16:53:10.546790 dv-cinder-813221-2-smb devstack@n-api.service[108356]: DEBUG nova.context [None req-4cd4831a-7b48-432c-817c-4d55f4e7e879 None None] Found 2 cells: 00000000-0000-0000-0000-000000000000(cell0),87b4507c-c52e-4303-a23f-cf8cc3dfa9b8(cell1) {{(pid=108356) load_cells /opt/stack/nova/nova/context.py:464}}
Oct 12 16:53:10.551258 dv-cinder-813221-2-smb devstack@n-api.service[108356]: DEBUG oslo_concurrency.lockutils [None req-4cd4831a-7b48-432c-817c-4d55f4e7e879 None None] Lock "00000000-0000-0000-0000-000000000000" acquired by "nova.context.set_target_cell..get_or_set_cached_cell_and_set_connections" :: waited 0.000s {{(pid=108356) inner /usr/local/lib/python3.8/dist-packages/oslo_concurrency/lockutils.py:355}}
Oct 12 16:53:10.553058 dv-cinder-813221-2-smb devstack@n-api.service[108356]: DEBUG oslo_concurrency.lockutils [None req-4cd4831a-7b48-432c-817c-4d55f4e7e879 None None] Lock "00000000-0000-0000-0000-000000000000" released by "nova.context.set_target_cell..get_or_set_cached_cell_and_set_connections" :: held 0.002s {{(pid=108356) inner /usr/local/lib/python3.8/dist-packages/oslo_concurrency/lockutils.py:367}}
Oct 12 16:53:10.553862 dv-cinder-813221-2-smb devstack@n-api.service[108356]: DEBUG oslo_concurrency.lockutils [None req-4cd4831a-7b48-432c-817c-4d55f4e7e879 None None] Lock "87b4507c-c52e-4303-a23f-cf8cc3dfa9b8" acquired by "nova.context.set_target_cell..get_or_set_cached_cell_and_set_connections" :: waited 0.000s {{(pid=108356) inner /usr/local/lib/python3.8/dist-packages/oslo_concurrency/lockutils.py:355}}
Oct 12 16:53:10.555865 dv-cinder-813221-2-smb devstack@n-api.service[108356]: DEBUG oslo_concurrency.lockutils [None req-4cd4831a-7b48-432c-817c-4d55f4e7e879 None None] Lock "87b4507c-c52e-4303-a23f-cf8cc3dfa9b8" released by "nova.context.set_target_cell..get_or_set_cached_cell_and_set_connections" :: held 0.002s {{(pid=108356) inner /usr/local/lib/python3.8/dist-packages/oslo_concurrency/lockutils.py:367}}
Oct 12 16:53:10.567183 dv-cinder-813221-2-smb devstack@n-api.service[108356]: DEBUG oslo_db.sqlalchemy.engines [None req-4cd4831a-7b48-432c-817c-4d55f4e7e879 None None] MySQL server mode set to STRICT_TRANS_TABLES,STRICT_ALL_TABLES,NO_ZERO_IN_DATE,NO_ZERO_DATE,ERROR_FOR_DIVISION_BY_ZERO,TRADITIONAL,NO_ENGINE_SUBSTITUTION {{(pid=108356) _check_effective_sql_mode /usr/local/lib/python3.8/dist-packages/oslo_db/sqlalchemy/engines.py:314}}
Oct 12 16:53:10.568644 dv-cinder-813221-2-smb devstack@n-api.service[108356]: DEBUG oslo_db.sqlalchemy.engines [None req-4cd4831a-7b48-432c-817c-4d55f4e7e879 None None] MySQL server mode set to STRICT_TRANS_TABLES,STRICT_ALL_TABLES,NO_ZERO_IN_DATE,NO_ZERO_DATE,ERROR_FOR_DIVISION_BY_ZERO,TRADITIONAL,NO_ENGINE_SUBSTITUTION {{(pid=108356) _check_effective_sql_mode /usr/local/lib/python3.8/dist-packages/oslo_db/sqlalchemy/engines.py:314}}
Oct 12 16:53:10.589083 dv-cinder-813221-2-smb devstack@n-api.service[108357]: DEBUG nova.context [None req-767ac73d-0765-4a09-bdfb-551bc145b81e None None] Found 2 cells: 00000000-0000-0000-0000-000000000000(cell0),87b4507c-c52e-4303-a23f-cf8cc3dfa9b8(cell1) {{(pid=108357) load_cells /opt/stack/nova/nova/context.py:464}}
Oct 12 16:53:10.593663 dv-cinder-813221-2-smb devstack@n-api.service[108357]: DEBUG oslo_concurrency.lockutils [None req-767ac73d-0765-4a09-bdfb-551bc145b81e None None] Lock "00000000-0000-0000-0000-000000000000" acquired by "nova.context.set_target_cell..get_or_set_cached_cell_and_set_connections" :: waited 0.000s {{(pid=108357) inner /usr/local/lib/python3.8/dist-packages/oslo_concurrency/lockutils.py:355}}
Oct 12 16:53:10.595359 dv-cinder-813221-2-smb devstack@n-api.service[108357]: DEBUG oslo_concurrency.lockutils [None req-767ac73d-0765-4a09-bdfb-551bc145b81e None None] Lock "00000000-0000-0000-0000-000000000000" released by "nova.context.set_target_cell..get_or_set_cached_cell_and_set_connections" :: held 0.002s {{(pid=108357) inner /usr/local/lib/python3.8/dist-packages/oslo_concurrency/lockutils.py:367}}
Oct 12 16:53:10.596141 dv-cinder-813221-2-smb devstack@n-api.service[108357]: DEBUG oslo_concurrency.lockutils [None req-767ac73d-0765-4a09-bdfb-551bc145b81e None None] Lock "87b4507c-c52e-4303-a23f-cf8cc3dfa9b8" acquired by "nova.context.set_target_cell..get_or_set_cached_cell_and_set_connections" :: waited 0.000s {{(pid=108357) inner /usr/local/lib/python3.8/dist-packages/oslo_concurrency/lockutils.py:355}}
Oct 12 16:53:10.598096 dv-cinder-813221-2-smb devstack@n-api.service[108357]: DEBUG oslo_concurrency.lockutils [None req-767ac73d-0765-4a09-bdfb-551bc145b81e None None] Lock "87b4507c-c52e-4303-a23f-cf8cc3dfa9b8" released by "nova.context.set_target_cell..get_or_set_cached_cell_and_set_connections" :: held 0.002s {{(pid=108357) inner /usr/local/lib/python3.8/dist-packages/oslo_concurrency/lockutils.py:367}}
Oct 12 16:53:10.608916 dv-cinder-813221-2-smb devstack@n-api.service[108357]: DEBUG oslo_db.sqlalchemy.engines [None req-767ac73d-0765-4a09-bdfb-551bc145b81e None None] MySQL server mode set to STRICT_TRANS_TABLES,STRICT_ALL_TABLES,NO_ZERO_IN_DATE,NO_ZERO_DATE,ERROR_FOR_DIVISION_BY_ZERO,TRADITIONAL,NO_ENGINE_SUBSTITUTION {{(pid=108357) _check_effective_sql_mode /usr/local/lib/python3.8/dist-packages/oslo_db/sqlalchemy/engines.py:314}}
Oct 12 16:53:10.610274 dv-cinder-813221-2-smb devstack@n-api.service[108357]: DEBUG oslo_db.sqlalchemy.engines [None req-767ac73d-0765-4a09-bdfb-551bc145b81e None None] MySQL server mode set to STRICT_TRANS_TABLES,STRICT_ALL_TABLES,NO_ZERO_IN_DATE,NO_ZERO_DATE,ERROR_FOR_DIVISION_BY_ZERO,TRADITIONAL,NO_ENGINE_SUBSTITUTION {{(pid=108357) _check_effective_sql_mode /usr/local/lib/python3.8/dist-packages/oslo_db/sqlalchemy/engines.py:314}}
Oct 12 16:53:10.828926 dv-cinder-813221-2-smb devstack@n-api.service[108356]: DEBUG oslo_db.sqlalchemy.engines [None req-4cd4831a-7b48-432c-817c-4d55f4e7e879 None None] MySQL server mode set to STRICT_TRANS_TABLES,STRICT_ALL_TABLES,NO_ZERO_IN_DATE,NO_ZERO_DATE,ERROR_FOR_DIVISION_BY_ZERO,TRADITIONAL,NO_ENGINE_SUBSTITUTION {{(pid=108356) _check_effective_sql_mode /usr/local/lib/python3.8/dist-packages/oslo_db/sqlalchemy/engines.py:314}}
Oct 12 16:53:10.866281 dv-cinder-813221-2-smb devstack@n-api.service[108357]: DEBUG oslo_db.sqlalchemy.engines [None req-767ac73d-0765-4a09-bdfb-551bc145b81e None None] MySQL server mode set to STRICT_TRANS_TABLES,STRICT_ALL_TABLES,NO_ZERO_IN_DATE,NO_ZERO_DATE,ERROR_FOR_DIVISION_BY_ZERO,TRADITIONAL,NO_ENGINE_SUBSTITUTION {{(pid=108357) _check_effective_sql_mode /usr/local/lib/python3.8/dist-packages/oslo_db/sqlalchemy/engines.py:314}}
Oct 12 16:53:11.154508 dv-cinder-813221-2-smb devstack@n-api.service[108356]: WARNING keystonemiddleware.auth_token [None req-4cd4831a-7b48-432c-817c-4d55f4e7e879 None None] AuthToken middleware is set with keystone_authtoken.service_token_roles_required set to False. This is backwards compatible but deprecated behaviour. Please set this to True.
Oct 12 16:53:11.161290 dv-cinder-813221-2-smb devstack@n-api.service[108356]: WARNING keystonemiddleware.auth_token [None req-4cd4831a-7b48-432c-817c-4d55f4e7e879 None None] Configuring www_authenticate_uri to point to the public identity endpoint is required; clients may not be able to authenticate against an admin endpoint
Oct 12 16:53:11.184349 dv-cinder-813221-2-smb devstack@n-api.service[108357]: WARNING keystonemiddleware.auth_token [None req-767ac73d-0765-4a09-bdfb-551bc145b81e None None] AuthToken middleware is set with keystone_authtoken.service_token_roles_required set to False. This is backwards compatible but deprecated behaviour. Please set this to True.
Oct 12 16:53:11.191048 dv-cinder-813221-2-smb devstack@n-api.service[108357]: WARNING keystonemiddleware.auth_token [None req-767ac73d-0765-4a09-bdfb-551bc145b81e None None] Configuring www_authenticate_uri to point to the public identity endpoint is required; clients may not be able to authenticate against an admin endpoint
Oct 12 16:53:11.519712 dv-cinder-813221-2-smb devstack@n-api.service[108356]: WARNING keystonemiddleware.auth_token [None req-4cd4831a-7b48-432c-817c-4d55f4e7e879 None None] AuthToken middleware is set with keystone_authtoken.service_token_roles_required set to False. This is backwards compatible but deprecated behaviour. Please set this to True.
Oct 12 16:53:11.525721 dv-cinder-813221-2-smb devstack@n-api.service[108356]: WARNING keystonemiddleware.auth_token [None req-4cd4831a-7b48-432c-817c-4d55f4e7e879 None None] Configuring www_authenticate_uri to point to the public identity endpoint is required; clients may not be able to authenticate against an admin endpoint
Oct 12 16:53:11.530942 dv-cinder-813221-2-smb devstack@n-api.service[108356]: WSGI app 0 (mountpoint='') ready in 6 seconds on interpreter 0x5587543de9c0 pid: 108356 (default app)
Oct 12 16:53:11.545708 dv-cinder-813221-2-smb devstack@n-api.service[108357]: WARNING keystonemiddleware.auth_token [None req-767ac73d-0765-4a09-bdfb-551bc145b81e None None] AuthToken middleware is set with keystone_authtoken.service_token_roles_required set to False. This is backwards compatible but deprecated behaviour. Please set this to True.
Oct 12 16:53:11.551085 dv-cinder-813221-2-smb devstack@n-api.service[108357]: WARNING keystonemiddleware.auth_token [None req-767ac73d-0765-4a09-bdfb-551bc145b81e None None] Configuring www_authenticate_uri to point to the public identity endpoint is required; clients may not be able to authenticate against an admin endpoint
Oct 12 16:53:11.556666 dv-cinder-813221-2-smb devstack@n-api.service[108357]: WSGI app 0 (mountpoint='') ready in 6 seconds on interpreter 0x5587543de9c0 pid: 108357 (default app)
Oct 12 16:53:45.635382 dv-cinder-813221-2-smb devstack@n-api.service[108356]: DEBUG nova.api.openstack.wsgi [None req-39b07a12-8970-44b9-b8e8-37fb5d964d8b tempest-VolumesGetTestJSON-299514192 tempest-VolumesGetTestJSON-299514192-project] Action: 'create', calling method: .version_select at 0x7fc959086940>, body: {"volume": {"size": 1, "display_name": "tempest-VolumesGetTestJSON-Volume-1583637756", "metadata": {"Type": "work"}}} {{(pid=108356) _process_stack /opt/stack/nova/nova/api/openstack/wsgi.py:511}}
Oct 12 16:53:47.815363 dv-cinder-813221-2-smb devstack@n-api.service[108356]: INFO nova.api.openstack.requestlog [None req-39b07a12-8970-44b9-b8e8-37fb5d964d8b tempest-VolumesGetTestJSON-299514192 tempest-VolumesGetTestJSON-299514192-project] 10.222.0.60 "POST /compute/v2.1/os-volumes" status: 200 len: 353 microversion: 2.1 time: 3.441185
Oct 12 16:53:47.818709 dv-cinder-813221-2-smb devstack@n-api.service[108356]: [pid: 108356|app: 0|req: 1/1] 10.222.0.60 () {60 vars in 1155 bytes} [Tue Oct 12 16:53:44 2021] POST /compute/v2.1/os-volumes => generated 353 bytes in 3446 msecs (HTTP/1.1 200) 10 headers in 448 bytes (1 switches on core 0)
Oct 12 16:53:48.404532 dv-cinder-813221-2-smb devstack@n-api.service[108357]: DEBUG nova.api.openstack.wsgi [None req-3225df80-712d-4eb1-9c8c-f619ee7f1922 tempest-VolumesGetTestJSON-299514192 tempest-VolumesGetTestJSON-299514192-project] Calling method '.version_select at 0x7fc959002c10>' {{(pid=108357) _process_stack /opt/stack/nova/nova/api/openstack/wsgi.py:513}}
Oct 12 16:53:48.878014 dv-cinder-813221-2-smb devstack@n-api.service[108356]: DEBUG nova.api.openstack.wsgi [None req-dd6929e0-b244-4486-bc72-a79c52200605 tempest-DeleteServersTestJSON-1431904109 tempest-DeleteServersTestJSON-1431904109-project] Action: 'create', calling method: >, body: {"server": {"name": "tempest-DeleteServersTestJSON-server-1294686642", "imageRef": "6941f081-5c87-410b-a558-b9801f5e08b9", "flavorRef": "452", "networks": [{"uuid": "73fb1c72-dbfe-4a4e-abc8-7f5a8561ff15"}]}} {{(pid=108356) _process_stack /opt/stack/nova/nova/api/openstack/wsgi.py:511}}
Oct 12 16:53:49.177778 dv-cinder-813221-2-smb devstack@n-api.service[108356]: DEBUG nova.network.neutron [None req-dd6929e0-b244-4486-bc72-a79c52200605 tempest-DeleteServersTestJSON-1431904109 tempest-DeleteServersTestJSON-1431904109-project] validate_networks() for [('73fb1c72-dbfe-4a4e-abc8-7f5a8561ff15', None, None, None, None, None)] {{(pid=108356) validate_networks /opt/stack/nova/nova/network/neutron.py:2475}}
Oct 12 16:53:49.234660 dv-cinder-813221-2-smb devstack@n-api.service[108357]: INFO nova.api.openstack.requestlog [None req-3225df80-712d-4eb1-9c8c-f619ee7f1922 tempest-VolumesGetTestJSON-299514192 tempest-VolumesGetTestJSON-299514192-project] 10.222.0.60 "GET /compute/v2.1/os-volumes/56044c95-ddcf-4980-8a67-a77189c91c88" status: 200 len: 354 microversion: 2.1 time: 1.385965
Oct 12 16:53:49.235747 dv-cinder-813221-2-smb devstack@n-api.service[108357]: [pid: 108357|app: 0|req: 1/2] 10.222.0.60 () {58 vars in 1244 bytes} [Tue Oct 12 16:53:47 2021] GET /compute/v2.1/os-volumes/56044c95-ddcf-4980-8a67-a77189c91c88 => generated 354 bytes in 1389 msecs (HTTP/1.1 200) 9 headers in 357 bytes (1 switches on core 0)
Oct 12 16:53:49.392987 dv-cinder-813221-2-smb devstack@n-api.service[108357]: DEBUG nova.api.openstack.wsgi [None req-25a46eb8-be30-48b4-9c3b-e391860508af tempest-AttachVolumeNegativeTest-1401672608 tempest-AttachVolumeNegativeTest-1401672608-project] Action: 'create', calling method: >, body: {"server": {"name": "tempest-AttachVolumeNegativeTest-server-1968429466", "imageRef": "6941f081-5c87-410b-a558-b9801f5e08b9", "flavorRef": "452", "networks": [{"uuid": "5b1c66fa-b20f-454c-8b8f-ec9092d0d818"}]}} {{(pid=108357) _process_stack /opt/stack/nova/nova/api/openstack/wsgi.py:511}}
Oct 12 16:53:49.555493 dv-cinder-813221-2-smb devstack@n-api.service[108357]: DEBUG nova.network.neutron [None req-25a46eb8-be30-48b4-9c3b-e391860508af tempest-AttachVolumeNegativeTest-1401672608 tempest-AttachVolumeNegativeTest-1401672608-project] validate_networks() for [('5b1c66fa-b20f-454c-8b8f-ec9092d0d818', None, None, None, None, None)] {{(pid=108357) validate_networks /opt/stack/nova/nova/network/neutron.py:2475}}
Oct 12 16:53:50.614182 dv-cinder-813221-2-smb devstack@n-api.service[108356]: DEBUG nova.virt.hardware [None req-dd6929e0-b244-4486-bc72-a79c52200605 tempest-DeleteServersTestJSON-1431904109 tempest-DeleteServersTestJSON-1431904109-project] Flavor limits 0:0:0 {{(pid=108356) get_cpu_topology_constraints /opt/stack/nova/nova/virt/hardware.py:343}}
Oct 12 16:53:50.615300 dv-cinder-813221-2-smb devstack@n-api.service[108356]: DEBUG nova.virt.hardware [None req-dd6929e0-b244-4486-bc72-a79c52200605 tempest-DeleteServersTestJSON-1431904109 tempest-DeleteServersTestJSON-1431904109-project] Image limits 0:0:0 {{(pid=108356) get_cpu_topology_constraints /opt/stack/nova/nova/virt/hardware.py:347}}
Oct 12 16:53:50.616029 dv-cinder-813221-2-smb devstack@n-api.service[108356]: DEBUG nova.virt.hardware [None req-dd6929e0-b244-4486-bc72-a79c52200605 tempest-DeleteServersTestJSON-1431904109 tempest-DeleteServersTestJSON-1431904109-project] Flavor pref 0:0:0 {{(pid=108356) get_cpu_topology_constraints /opt/stack/nova/nova/virt/hardware.py:383}}
Oct 12 16:53:50.616585 dv-cinder-813221-2-smb devstack@n-api.service[108356]: DEBUG nova.virt.hardware [None req-dd6929e0-b244-4486-bc72-a79c52200605 tempest-DeleteServersTestJSON-1431904109 tempest-DeleteServersTestJSON-1431904109-project] Image pref 0:0:0 {{(pid=108356) get_cpu_topology_constraints /opt/stack/nova/nova/virt/hardware.py:387}}
Oct 12 16:53:50.617154 dv-cinder-813221-2-smb devstack@n-api.service[108356]: DEBUG nova.virt.hardware [None req-dd6929e0-b244-4486-bc72-a79c52200605 tempest-DeleteServersTestJSON-1431904109 tempest-DeleteServersTestJSON-1431904109-project] Chose sockets=0, cores=0, threads=0; limits were sockets=65536, cores=65536, threads=65536 {{(pid=108356) get_cpu_topology_constraints /opt/stack/nova/nova/virt/hardware.py:425}}
Oct 12 16:53:50.630976 dv-cinder-813221-2-smb devstack@n-api.service[108357]: DEBUG nova.virt.hardware [None req-25a46eb8-be30-48b4-9c3b-e391860508af tempest-AttachVolumeNegativeTest-1401672608 tempest-AttachVolumeNegativeTest-1401672608-project] Flavor limits 0:0:0 {{(pid=108357) get_cpu_topology_constraints /opt/stack/nova/nova/virt/hardware.py:343}}
Oct 12 16:53:50.632049 dv-cinder-813221-2-smb devstack@n-api.service[108357]: DEBUG nova.virt.hardware [None req-25a46eb8-be30-48b4-9c3b-e391860508af tempest-AttachVolumeNegativeTest-1401672608 tempest-AttachVolumeNegativeTest-1401672608-project] Image limits 0:0:0 {{(pid=108357) get_cpu_topology_constraints /opt/stack/nova/nova/virt/hardware.py:347}}
Oct 12 16:53:50.632645 dv-cinder-813221-2-smb devstack@n-api.service[108357]: DEBUG nova.virt.hardware [None req-25a46eb8-be30-48b4-9c3b-e391860508af tempest-AttachVolumeNegativeTest-1401672608 tempest-AttachVolumeNegativeTest-1401672608-project] Flavor pref 0:0:0 {{(pid=108357) get_cpu_topology_constraints /opt/stack/nova/nova/virt/hardware.py:383}}
Oct 12 16:53:50.633166 dv-cinder-813221-2-smb devstack@n-api.service[108357]: DEBUG nova.virt.hardware [None req-25a46eb8-be30-48b4-9c3b-e391860508af tempest-AttachVolumeNegativeTest-1401672608 tempest-AttachVolumeNegativeTest-1401672608-project] Image pref 0:0:0 {{(pid=108357) get_cpu_topology_constraints /opt/stack/nova/nova/virt/hardware.py:387}}
Oct 12 16:53:50.633572 dv-cinder-813221-2-smb devstack@n-api.service[108357]: DEBUG nova.virt.hardware [None req-25a46eb8-be30-48b4-9c3b-e391860508af tempest-AttachVolumeNegativeTest-1401672608 tempest-AttachVolumeNegativeTest-1401672608-project] Chose sockets=0, cores=0, threads=0; limits were sockets=65536, cores=65536, threads=65536 {{(pid=108357) get_cpu_topology_constraints /opt/stack/nova/nova/virt/hardware.py:425}}
Oct 12 16:53:50.654744 dv-cinder-813221-2-smb devstack@n-api.service[108357]: DEBUG oslo_concurrency.lockutils [None req-25a46eb8-be30-48b4-9c3b-e391860508af tempest-AttachVolumeNegativeTest-1401672608 tempest-AttachVolumeNegativeTest-1401672608-project] Lock "00000000-0000-0000-0000-000000000000" acquired by "nova.context.set_target_cell..get_or_set_cached_cell_and_set_connections" :: waited 0.000s {{(pid=108357) inner /usr/local/lib/python3.8/dist-packages/oslo_concurrency/lockutils.py:355}}
Oct 12 16:53:50.655140 dv-cinder-813221-2-smb devstack@n-api.service[108357]: DEBUG oslo_concurrency.lockutils [None req-25a46eb8-be30-48b4-9c3b-e391860508af tempest-AttachVolumeNegativeTest-1401672608 tempest-AttachVolumeNegativeTest-1401672608-project] Lock "00000000-0000-0000-0000-000000000000" released by "nova.context.set_target_cell..get_or_set_cached_cell_and_set_connections" :: held 0.001s {{(pid=108357) inner /usr/local/lib/python3.8/dist-packages/oslo_concurrency/lockutils.py:367}}
Oct 12 16:53:50.657102 dv-cinder-813221-2-smb devstack@n-api.service[108357]: DEBUG oslo_concurrency.lockutils [None req-25a46eb8-be30-48b4-9c3b-e391860508af tempest-AttachVolumeNegativeTest-1401672608 tempest-AttachVolumeNegativeTest-1401672608-project] Lock "87b4507c-c52e-4303-a23f-cf8cc3dfa9b8" acquired by "nova.context.set_target_cell..get_or_set_cached_cell_and_set_connections" :: waited 0.000s {{(pid=108357) inner /usr/local/lib/python3.8/dist-packages/oslo_concurrency/lockutils.py:355}}
Oct 12 16:53:50.658665 dv-cinder-813221-2-smb devstack@n-api.service[108357]: DEBUG oslo_concurrency.lockutils [None req-25a46eb8-be30-48b4-9c3b-e391860508af tempest-AttachVolumeNegativeTest-1401672608 tempest-AttachVolumeNegativeTest-1401672608-project] Lock "87b4507c-c52e-4303-a23f-cf8cc3dfa9b8" released by "nova.context.set_target_cell..get_or_set_cached_cell_and_set_connections" :: held 0.000s {{(pid=108357) inner /usr/local/lib/python3.8/dist-packages/oslo_concurrency/lockutils.py:367}}
Oct 12 16:53:50.666361 dv-cinder-813221-2-smb devstack@n-api.service[108356]: DEBUG oslo_concurrency.lockutils [None req-dd6929e0-b244-4486-bc72-a79c52200605 tempest-DeleteServersTestJSON-1431904109 tempest-DeleteServersTestJSON-1431904109-project] Lock "00000000-0000-0000-0000-000000000000" acquired by "nova.context.set_target_cell..get_or_set_cached_cell_and_set_connections" :: waited 0.000s {{(pid=108356) inner /usr/local/lib/python3.8/dist-packages/oslo_concurrency/lockutils.py:355}}
Oct 12 16:53:50.667133 dv-cinder-813221-2-smb devstack@n-api.service[108356]: DEBUG oslo_concurrency.lockutils [None req-dd6929e0-b244-4486-bc72-a79c52200605 tempest-DeleteServersTestJSON-1431904109 tempest-DeleteServersTestJSON-1431904109-project] Lock "00000000-0000-0000-0000-000000000000" released by "nova.context.set_target_cell..get_or_set_cached_cell_and_set_connections" :: held 0.002s {{(pid=108356) inner /usr/local/lib/python3.8/dist-packages/oslo_concurrency/lockutils.py:367}}
Oct 12 16:53:50.668721 dv-cinder-813221-2-smb devstack@n-api.service[108356]: DEBUG oslo_concurrency.lockutils [None req-dd6929e0-b244-4486-bc72-a79c52200605 tempest-DeleteServersTestJSON-1431904109 tempest-DeleteServersTestJSON-1431904109-project] Lock "87b4507c-c52e-4303-a23f-cf8cc3dfa9b8" acquired by "nova.context.set_target_cell..get_or_set_cached_cell_and_set_connections" :: waited 0.000s {{(pid=108356) inner /usr/local/lib/python3.8/dist-packages/oslo_concurrency/lockutils.py:355}}
Oct 12 16:53:50.671416 dv-cinder-813221-2-smb devstack@n-api.service[108356]: DEBUG oslo_concurrency.lockutils [None req-dd6929e0-b244-4486-bc72-a79c52200605 tempest-DeleteServersTestJSON-1431904109 tempest-DeleteServersTestJSON-1431904109-project] Lock "87b4507c-c52e-4303-a23f-cf8cc3dfa9b8" released by "nova.context.set_target_cell..get_or_set_cached_cell_and_set_connections" :: held 0.000s {{(pid=108356) inner /usr/local/lib/python3.8/dist-packages/oslo_concurrency/lockutils.py:367}}
Oct 12 16:53:50.740577 dv-cinder-813221-2-smb devstack@n-api.service[108357]: DEBUG nova.quota [None req-25a46eb8-be30-48b4-9c3b-e391860508af tempest-AttachVolumeNegativeTest-1401672608 tempest-AttachVolumeNegativeTest-1401672608-project] Getting quotas for project cc1036ac919b4987aad91993151b29f9. Resources: {'cores', 'instances', 'ram'} {{(pid=108357) _get_quotas /opt/stack/nova/nova/quota.py:387}}
Oct 12 16:53:50.752537 dv-cinder-813221-2-smb devstack@n-api.service[108356]: DEBUG nova.quota [None req-dd6929e0-b244-4486-bc72-a79c52200605 tempest-DeleteServersTestJSON-1431904109 tempest-DeleteServersTestJSON-1431904109-project] Getting quotas for project a96967167dcd4412a37e689844ce77a5. Resources: {'cores', 'instances', 'ram'} {{(pid=108356) _get_quotas /opt/stack/nova/nova/quota.py:387}}
Oct 12 16:53:50.759450 dv-cinder-813221-2-smb devstack@n-api.service[108357]: DEBUG nova.quota [None req-25a46eb8-be30-48b4-9c3b-e391860508af tempest-AttachVolumeNegativeTest-1401672608 tempest-AttachVolumeNegativeTest-1401672608-project] Getting quotas for user f9fc849402ce44f2b481b3aabe467ba3 and project cc1036ac919b4987aad91993151b29f9. Resources: {'cores', 'instances', 'ram'} {{(pid=108357) _get_quotas /opt/stack/nova/nova/quota.py:377}}
Oct 12 16:53:50.762303 dv-cinder-813221-2-smb devstack@n-api.service[108356]: DEBUG nova.quota [None req-dd6929e0-b244-4486-bc72-a79c52200605 tempest-DeleteServersTestJSON-1431904109 tempest-DeleteServersTestJSON-1431904109-project] Getting quotas for user bcf21a77a6174757aad02ab191ab8459 and project a96967167dcd4412a37e689844ce77a5. Resources: {'cores', 'instances', 'ram'} {{(pid=108356) _get_quotas /opt/stack/nova/nova/quota.py:377}}
Oct 12 16:53:50.776638 dv-cinder-813221-2-smb devstack@n-api.service[108356]: DEBUG nova.compute.api [None req-dd6929e0-b244-4486-bc72-a79c52200605 tempest-DeleteServersTestJSON-1431904109 tempest-DeleteServersTestJSON-1431904109-project] Going to run 1 instances... {{(pid=108356) _provision_instances /opt/stack/nova/nova/compute/api.py:1350}}
Oct 12 16:53:50.780644 dv-cinder-813221-2-smb devstack@n-api.service[108356]: DEBUG nova.compute.api [None req-dd6929e0-b244-4486-bc72-a79c52200605 tempest-DeleteServersTestJSON-1431904109 tempest-DeleteServersTestJSON-1431904109-project] [instance: 70933689-5c30-4a7d-b614-f3111e1a975a] block_device_mapping [BlockDeviceMapping(attachment_id=,boot_index=0,connection_info=None,created_at=,delete_on_termination=True,deleted=,deleted_at=,destination_type='local',device_name=None,device_type='disk',disk_bus=None,guest_format=None,id=,image_id='6941f081-5c87-410b-a558-b9801f5e08b9',instance=,instance_uuid=,no_device=False,snapshot_id=None,source_type='image',tag=None,updated_at=,uuid=,volume_id=None,volume_size=None,volume_type=None)] {{(pid=108356) _bdm_validate_set_size_and_instance /opt/stack/nova/nova/compute/api.py:1757}}
Oct 12 16:53:50.795374 dv-cinder-813221-2-smb devstack@n-api.service[108357]: DEBUG nova.compute.api [None req-25a46eb8-be30-48b4-9c3b-e391860508af tempest-AttachVolumeNegativeTest-1401672608 tempest-AttachVolumeNegativeTest-1401672608-project] Going to run 1 instances... {{(pid=108357) _provision_instances /opt/stack/nova/nova/compute/api.py:1350}}
Oct 12 16:53:50.798442 dv-cinder-813221-2-smb devstack@n-api.service[108357]: DEBUG nova.compute.api [None req-25a46eb8-be30-48b4-9c3b-e391860508af tempest-AttachVolumeNegativeTest-1401672608 tempest-AttachVolumeNegativeTest-1401672608-project] [instance: 3e016372-915e-4253-8524-ef685a7ab3af] block_device_mapping [BlockDeviceMapping(attachment_id=,boot_index=0,connection_info=None,created_at=,delete_on_termination=True,deleted=,deleted_at=,destination_type='local',device_name=None,device_type='disk',disk_bus=None,guest_format=None,id=,image_id='6941f081-5c87-410b-a558-b9801f5e08b9',instance=,instance_uuid=,no_device=False,snapshot_id=None,source_type='image',tag=None,updated_at=,uuid=,volume_id=None,volume_size=None,volume_type=None)] {{(pid=108357) _bdm_validate_set_size_and_instance /opt/stack/nova/nova/compute/api.py:1757}}
Oct 12 16:53:50.913207 dv-cinder-813221-2-smb devstack@n-api.service[108356]: INFO nova.api.openstack.requestlog [None req-dd6929e0-b244-4486-bc72-a79c52200605 tempest-DeleteServersTestJSON-1431904109 tempest-DeleteServersTestJSON-1431904109-project] 10.222.0.60 "POST /compute/v2.1/servers" status: 202 len: 380 microversion: 2.1 time: 2.390457
Oct 12 16:53:50.914376 dv-cinder-813221-2-smb devstack@n-api.service[108356]: [pid: 108356|app: 0|req: 2/3] 10.222.0.60 () {60 vars in 1146 bytes} [Tue Oct 12 16:53:48 2021] POST /compute/v2.1/servers => generated 380 bytes in 2393 msecs (HTTP/1.1 202) 10 headers in 451 bytes (1 switches on core 0)
Oct 12 16:53:50.925281 dv-cinder-813221-2-smb devstack@n-api.service[108356]: DEBUG nova.api.openstack.wsgi [None req-a522bf8c-c54e-48cc-abba-75ba7554d6a6 tempest-VolumesGetTestJSON-299514192 tempest-VolumesGetTestJSON-299514192-project] Calling method '.version_select at 0x7fc95851b310>' {{(pid=108356) _process_stack /opt/stack/nova/nova/api/openstack/wsgi.py:513}}
Oct 12 16:53:51.041335 dv-cinder-813221-2-smb devstack@n-api.service[108356]: INFO nova.api.openstack.requestlog [None req-a522bf8c-c54e-48cc-abba-75ba7554d6a6 tempest-VolumesGetTestJSON-299514192 tempest-VolumesGetTestJSON-299514192-project] 10.222.0.60 "GET /compute/v2.1/os-volumes/56044c95-ddcf-4980-8a67-a77189c91c88" status: 200 len: 354 microversion: 2.1 time: 0.125460
Oct 12 16:53:51.042037 dv-cinder-813221-2-smb devstack@n-api.service[108356]: [pid: 108356|app: 0|req: 3/4] 10.222.0.60 () {58 vars in 1244 bytes} [Tue Oct 12 16:53:50 2021] GET /compute/v2.1/os-volumes/56044c95-ddcf-4980-8a67-a77189c91c88 => generated 354 bytes in 127 msecs (HTTP/1.1 200) 9 headers in 357 bytes (1 switches on core 0)
Oct 12 16:53:51.043345 dv-cinder-813221-2-smb devstack@n-api.service[108357]: INFO nova.api.openstack.requestlog [None req-25a46eb8-be30-48b4-9c3b-e391860508af tempest-AttachVolumeNegativeTest-1401672608 tempest-AttachVolumeNegativeTest-1401672608-project] 10.222.0.60 "POST /compute/v2.1/servers" status: 202 len: 380 microversion: 2.1 time: 1.806219
Oct 12 16:53:51.044002 dv-cinder-813221-2-smb devstack@n-api.service[108357]: [pid: 108357|app: 0|req: 2/5] 10.222.0.60 () {60 vars in 1146 bytes} [Tue Oct 12 16:53:49 2021] POST /compute/v2.1/servers => generated 380 bytes in 1808 msecs (HTTP/1.1 202) 10 headers in 451 bytes (1 switches on core 0)
Oct 12 16:53:51.053872 dv-cinder-813221-2-smb devstack@n-api.service[108356]: DEBUG nova.api.openstack.wsgi [None req-c824e7aa-36d9-48bb-9869-1e652dfe2a22 tempest-DeleteServersTestJSON-1431904109 tempest-DeleteServersTestJSON-1431904109-project] Calling method '>' {{(pid=108356) _process_stack /opt/stack/nova/nova/api/openstack/wsgi.py:513}}
Oct 12 16:53:51.054931 dv-cinder-813221-2-smb devstack@n-api.service[108356]: DEBUG nova.compute.api [None req-c824e7aa-36d9-48bb-9869-1e652dfe2a22 tempest-DeleteServersTestJSON-1431904109 tempest-DeleteServersTestJSON-1431904109-project] [instance: 70933689-5c30-4a7d-b614-f3111e1a975a] Fetching instance by UUID {{(pid=108356) get /opt/stack/nova/nova/compute/api.py:2863}}
Oct 12 16:53:51.056768 dv-cinder-813221-2-smb devstack@n-api.service[108357]: DEBUG nova.api.openstack.wsgi [None req-5bd6d7d1-c128-4232-8e98-923d74aa85ad tempest-AttachVolumeNegativeTest-1401672608 tempest-AttachVolumeNegativeTest-1401672608-project] Calling method '>' {{(pid=108357) _process_stack /opt/stack/nova/nova/api/openstack/wsgi.py:513}}
Oct 12 16:53:51.057834 dv-cinder-813221-2-smb devstack@n-api.service[108357]: DEBUG nova.compute.api [None req-5bd6d7d1-c128-4232-8e98-923d74aa85ad tempest-AttachVolumeNegativeTest-1401672608 tempest-AttachVolumeNegativeTest-1401672608-project] [instance: 3e016372-915e-4253-8524-ef685a7ab3af] Fetching instance by UUID {{(pid=108357) get /opt/stack/nova/nova/compute/api.py:2863}}
Oct 12 16:53:51.259096 dv-cinder-813221-2-smb devstack@n-api.service[108357]: DEBUG nova.policy [None req-5bd6d7d1-c128-4232-8e98-923d74aa85ad tempest-AttachVolumeNegativeTest-1401672608 tempest-AttachVolumeNegativeTest-1401672608-project] Policy check for os_compute_api:os-extended-server-attributes failed with credentials {'is_admin': False, 'user_id': 'f9fc849402ce44f2b481b3aabe467ba3', 'user_domain_id': 'default', 'system_scope': None, 'domain_id': None, 'project_id': 'cc1036ac919b4987aad91993151b29f9', 'project_domain_id': 'default', 'roles': ['reader', 'member'], 'is_admin_project': True, 'service_user_id': None, 'service_user_domain_id': None, 'service_project_id': None, 'service_project_domain_id': None, 'service_roles': []} {{(pid=108357) authorize /opt/stack/nova/nova/policy.py:199}}
