Oct 12 16:48:06.254588 dv-cinder-813221-2-iscsi devstack@c-api.service[107396]: INFO cinder.api.openstack.wsgi [req-bd5513bb-84aa-4d4f-ac10-200184f2662f req-5ae57eca-966e-4e2f-b403-6011cbacc6ba tempest-VolumesTestJSON-1093712123 tempest-VolumesTestJSON-1093712123-project] http://10.222.0.48/volume/v3/86d9dfd66b6646c5b8245f4954896b15/volumes/12c637a3-7f95-4e56-8301-c28b29c472b9 returned with HTTP 200
Oct 12 16:48:06.259063 dv-cinder-813221-2-iscsi devstack@c-api.service[107396]: [pid: 107396|app: 0|req: 15/27] 10.222.0.48 () {60 vars in 1578 bytes} [Tue Oct 12 16:48:06 2021] GET /volume/v3/86d9dfd66b6646c5b8245f4954896b15/volumes/12c637a3-7f95-4e56-8301-c28b29c472b9 => generated 922 bytes in 101 msecs (HTTP/1.1 200) 7 headers in 285 bytes (1 switches on core 0)
Oct 12 16:48:06.275160 dv-cinder-813221-2-iscsi devstack@c-api.service[107396]: INFO cinder.api.openstack.wsgi [None req-9978c524-e83e-4178-9bc9-0c201f091504 tempest-VolumesTestJSON-1093712123 tempest-VolumesTestJSON-1093712123-project] POST http://10.222.0.48/volume/v3/86d9dfd66b6646c5b8245f4954896b15/volumes
Oct 12 16:48:06.275946 dv-cinder-813221-2-iscsi devstack@c-api.service[107396]: /usr/local/lib/python3.8/dist-packages/webob/acceptparse.py:1047: DeprecationWarning: The behavior of AcceptValidHeader.best_match is currently being maintained for backward compatibility, but it will be deprecated in the future, as it does not conform to the RFC.
Oct 12 16:48:06.275946 dv-cinder-813221-2-iscsi devstack@c-api.service[107396]: warnings.warn(
Oct 12 16:48:06.276337 dv-cinder-813221-2-iscsi devstack@c-api.service[107396]: DEBUG cinder.api.openstack.wsgi [None req-9978c524-e83e-4178-9bc9-0c201f091504 tempest-VolumesTestJSON-1093712123 tempest-VolumesTestJSON-1093712123-project] Action: 'create', calling method: create, body: {"volume": {"metadata": {"Type": "work"}, "size": 1, "display_name": "tempest-VolumesTestJSON-volume-97667898"}} {{(pid=107396) _process_stack /opt/stack/cinder/cinder/api/openstack/wsgi.py:854}}
Oct 12 16:48:06.277775 dv-cinder-813221-2-iscsi devstack@c-api.service[107396]: DEBUG cinder.api.v3.volumes [None req-9978c524-e83e-4178-9bc9-0c201f091504 tempest-VolumesTestJSON-1093712123 tempest-VolumesTestJSON-1093712123-project] Create volume request body: {'volume': {'metadata': {'Type': 'work'}, 'size': 1, 'display_name': 'tempest-VolumesTestJSON-volume-97667898'}} {{(pid=107396) create /opt/stack/cinder/cinder/api/v3/volumes.py:298}}
Oct 12 16:48:06.278088 dv-cinder-813221-2-iscsi devstack@c-api.service[107396]: INFO cinder.api.v3.volumes [None req-9978c524-e83e-4178-9bc9-0c201f091504 tempest-VolumesTestJSON-1093712123 tempest-VolumesTestJSON-1093712123-project] Create volume of 1 GB
Oct 12 16:48:06.279369 dv-cinder-813221-2-iscsi devstack@c-api.service[107395]: DEBUG cinder.quota [None req-8472935e-7329-4703-b8d1-7bd78f45c16f tempest-GroupsV314Test-306157967 tempest-GroupsV314Test-306157967-project] Created reservations ['7d78dbb0-e921-4a3a-9bf4-b50af61a2ef9', 'c3af70bb-6db8-460f-82ed-5931b4d0dad3', 'a4a320f3-7e91-449b-a991-7fb30cebd1bc', 'db9eed9a-9ef5-4b58-8595-6467d47920bf'] {{(pid=107395) reserve /opt/stack/cinder/cinder/quota.py:755}}
Oct 12 16:48:06.282536 dv-cinder-813221-2-iscsi devstack@c-api.service[107395]: DEBUG cinder.volume.api [None req-8472935e-7329-4703-b8d1-7bd78f45c16f tempest-GroupsV314Test-306157967 tempest-GroupsV314Test-306157967-project] Task 'cinder.volume.flows.api.create_volume.QuotaReserveTask;volume:create' (a71146e6-c49c-45c0-9bdf-8bf8836020d4) transitioned into state 'SUCCESS' from state 'RUNNING' with result '{'reservations': ['7d78dbb0-e921-4a3a-9bf4-b50af61a2ef9', 'c3af70bb-6db8-460f-82ed-5931b4d0dad3', 'a4a320f3-7e91-449b-a991-7fb30cebd1bc', 'db9eed9a-9ef5-4b58-8595-6467d47920bf']}' {{(pid=107395) _task_receiver /usr/local/lib/python3.8/dist-packages/taskflow/listeners/logging.py:178}}
Oct 12 16:48:06.285660 dv-cinder-813221-2-iscsi devstack@c-api.service[107395]: DEBUG cinder.volume.api [None req-8472935e-7329-4703-b8d1-7bd78f45c16f tempest-GroupsV314Test-306157967 tempest-GroupsV314Test-306157967-project] Task 'cinder.volume.flows.api.create_volume.EntryCreateTask;volume:create' (34f7c2fe-e4fb-4a8e-bf3a-e138a945b2bf) transitioned into state 'RUNNING' from state 'PENDING' {{(pid=107395) _task_receiver /usr/local/lib/python3.8/dist-packages/taskflow/listeners/logging.py:190}}
Oct 12 16:48:06.291851 dv-cinder-813221-2-iscsi devstack@c-api.service[107396]: INFO cinder.volume.api [None req-9978c524-e83e-4178-9bc9-0c201f091504 tempest-VolumesTestJSON-1093712123 tempest-VolumesTestJSON-1093712123-project] Availability Zones retrieved successfully.
Oct 12 16:48:06.329552 dv-cinder-813221-2-iscsi devstack@c-api.service[107396]: DEBUG cinder.volume.api [None req-9978c524-e83e-4178-9bc9-0c201f091504 tempest-VolumesTestJSON-1093712123 tempest-VolumesTestJSON-1093712123-project] Flow 'volume_create_api' (4c62f964-08a1-4690-b7ac-0d8c5b76fd33) transitioned into state 'RUNNING' from state 'PENDING' {{(pid=107396) _flow_receiver /usr/local/lib/python3.8/dist-packages/taskflow/listeners/logging.py:141}}
Oct 12 16:48:06.336287 dv-cinder-813221-2-iscsi devstack@c-api.service[107396]: DEBUG cinder.volume.api [None req-9978c524-e83e-4178-9bc9-0c201f091504 tempest-VolumesTestJSON-1093712123 tempest-VolumesTestJSON-1093712123-project] Task 'cinder.volume.flows.api.create_volume.ExtractVolumeRequestTask;volume:create' (2d12c257-cd58-411f-b5a8-3b507daca69e) transitioned into state 'RUNNING' from state 'PENDING' {{(pid=107396) _task_receiver /usr/local/lib/python3.8/dist-packages/taskflow/listeners/logging.py:190}}
Oct 12 16:48:06.338037 dv-cinder-813221-2-iscsi devstack@c-api.service[107395]: DEBUG cinder.volume.api [None req-8472935e-7329-4703-b8d1-7bd78f45c16f tempest-GroupsV314Test-306157967 tempest-GroupsV314Test-306157967-project] Task 'cinder.volume.flows.api.create_volume.EntryCreateTask;volume:create' (34f7c2fe-e4fb-4a8e-bf3a-e138a945b2bf) transitioned into state 'SUCCESS' from state 'RUNNING' with result '{'volume_id': '5006cb00-f5e2-4e08-8f5a-74d0e92a43e4', 'volume_properties': VolumeProperties(attach_status='detached',availability_zone='nova',cgsnapshot_id=None,consistencygroup_id=None,display_description=None,display_name='tempest-GroupsV314Test-Volume-1776347941',encryption_key_id=None,group_id=f6c7a5a7-a53c-4926-a037-1beea96ab718,group_type_id=,metadata={},multiattach=False,project_id='0d8108f782d14245807c45a1c81e025f',qos_specs=None,replication_status=,reservations=['7d78dbb0-e921-4a3a-9bf4-b50af61a2ef9','c3af70bb-6db8-460f-82ed-5931b4d0dad3','a4a320f3-7e91-449b-a991-7fb30cebd1bc','db9eed9a-9ef5-4b58-8595-6467d47920bf'],size=1,snapshot_id=None,source_replicaid=,source_volid=None,status='creating',user_id='b4699fa07892493c958be897f133f9e0',volume_type_id=c5a9aa7a-8252-4571-b4dd-67219ce25aa4), 'volume': Volume(_name_id=None,admin_metadata=,attach_status='detached',availability_zone='nova',bootable=False,cluster=,cluster_name=None,consistencygroup=,consistencygroup_id=None,created_at=2021-10-12T16:48:06Z,deleted=False,deleted_at=None,display_description=None,display_name='tempest-GroupsV314Test-Volume-1776347941',ec2_id=None,encryption_key_id=None,glance_metadata=,group=,group_id=f6c7a5a7-a53c-4926-a037-1beea96ab718,host=None,id=5006cb00-f5e2-4e08-8f5a-74d0e92a43e4,launched_at=None,metadata={},migration_status=None,multiattach=False,previous_status=None,project_id='0d8108f782d14245807c45a1c81e025f',provider_auth=None,provider_geometry=None,provider_id=None,provider_location=None,replication_driver_data=None,replication_extended_status=None,replication_status=None,scheduled_at=None,service_uuid=None,shared_targets=True,size=1,snapshot_id=None,snapshots=,source_volid=None,status='creating',terminated_at=None,updated_at=None,use_quota=True,user_id='b4699fa07892493c958be897f133f9e0',volume_attachment=VolumeAttachmentList,volume_type=VolumeType(c5a9aa7a-8252-4571-b4dd-67219ce25aa4),volume_type_id=c5a9aa7a-8252-4571-b4dd-67219ce25aa4)}' {{(pid=107395) _task_receiver /usr/local/lib/python3.8/dist-packages/taskflow/listeners/logging.py:178}}
Oct 12 16:48:06.340219 dv-cinder-813221-2-iscsi devstack@c-api.service[107396]: DEBUG cinder.volume.flows.api.create_volume [None req-9978c524-e83e-4178-9bc9-0c201f091504 tempest-VolumesTestJSON-1093712123 tempest-VolumesTestJSON-1093712123-project] Validating volume size '1' using validate_int {{(pid=107396) _extract_size /opt/stack/cinder/cinder/volume/flows/api/create_volume.py:225}}
Oct 12 16:48:06.341942 dv-cinder-813221-2-iscsi devstack@c-api.service[107395]: DEBUG cinder.volume.api [None req-8472935e-7329-4703-b8d1-7bd78f45c16f tempest-GroupsV314Test-306157967 tempest-GroupsV314Test-306157967-project] Task 'cinder.volume.flows.api.create_volume.QuotaCommitTask;volume:create' (9eabcdf3-f3d5-467f-af6b-3885f6f97c82) transitioned into state 'RUNNING' from state 'PENDING' {{(pid=107395) _task_receiver /usr/local/lib/python3.8/dist-packages/taskflow/listeners/logging.py:190}}
Oct 12 16:48:06.394031 dv-cinder-813221-2-iscsi devstack@c-api.service[107395]: DEBUG cinder.volume.api [None req-8472935e-7329-4703-b8d1-7bd78f45c16f tempest-GroupsV314Test-306157967 tempest-GroupsV314Test-306157967-project] Task 'cinder.volume.flows.api.create_volume.QuotaCommitTask;volume:create' (9eabcdf3-f3d5-467f-af6b-3885f6f97c82) transitioned into state 'SUCCESS' from state 'RUNNING' with result '{'volume_properties': VolumeProperties(attach_status='detached',availability_zone='nova',cgsnapshot_id=None,consistencygroup_id=None,display_description=None,display_name='tempest-GroupsV314Test-Volume-1776347941',encryption_key_id=None,group_id=f6c7a5a7-a53c-4926-a037-1beea96ab718,group_type_id=,metadata={},multiattach=False,project_id='0d8108f782d14245807c45a1c81e025f',qos_specs=None,replication_status=,reservations=['7d78dbb0-e921-4a3a-9bf4-b50af61a2ef9','c3af70bb-6db8-460f-82ed-5931b4d0dad3','a4a320f3-7e91-449b-a991-7fb30cebd1bc','db9eed9a-9ef5-4b58-8595-6467d47920bf'],size=1,snapshot_id=None,source_replicaid=,source_volid=None,status='creating',user_id='b4699fa07892493c958be897f133f9e0',volume_type_id=c5a9aa7a-8252-4571-b4dd-67219ce25aa4)}' {{(pid=107395) _task_receiver /usr/local/lib/python3.8/dist-packages/taskflow/listeners/logging.py:178}}
Oct 12 16:48:06.399244 dv-cinder-813221-2-iscsi devstack@c-api.service[107395]: DEBUG cinder.volume.api [None req-8472935e-7329-4703-b8d1-7bd78f45c16f tempest-GroupsV314Test-306157967 tempest-GroupsV314Test-306157967-project] Task 'cinder.volume.flows.api.create_volume.VolumeCastTask;volume:create' (025c14a4-a49d-49d9-aa0e-3770693f3963) transitioned into state 'RUNNING' from state 'PENDING' {{(pid=107395) _task_receiver /usr/local/lib/python3.8/dist-packages/taskflow/listeners/logging.py:190}}
Oct 12 16:48:06.425655 dv-cinder-813221-2-iscsi devstack@c-api.service[107395]: DEBUG cinder.volume.api [None req-8472935e-7329-4703-b8d1-7bd78f45c16f tempest-GroupsV314Test-306157967 tempest-GroupsV314Test-306157967-project] Task 'cinder.volume.flows.api.create_volume.VolumeCastTask;volume:create' (025c14a4-a49d-49d9-aa0e-3770693f3963) transitioned into state 'SUCCESS' from state 'RUNNING' with result 'None' {{(pid=107395) _task_receiver /usr/local/lib/python3.8/dist-packages/taskflow/listeners/logging.py:178}}
Oct 12 16:48:06.429135 dv-cinder-813221-2-iscsi devstack@c-api.service[107395]: DEBUG cinder.volume.api [None req-8472935e-7329-4703-b8d1-7bd78f45c16f tempest-GroupsV314Test-306157967 tempest-GroupsV314Test-306157967-project] Flow 'volume_create_api' (2cb39c4c-ecd2-437f-bad6-2d7b2c4e371c) transitioned into state 'SUCCESS' from state 'RUNNING' {{(pid=107395) _flow_receiver /usr/local/lib/python3.8/dist-packages/taskflow/listeners/logging.py:141}}
Oct 12 16:48:06.430100 dv-cinder-813221-2-iscsi devstack@c-api.service[107395]: INFO cinder.volume.api [None req-8472935e-7329-4703-b8d1-7bd78f45c16f tempest-GroupsV314Test-306157967 tempest-GroupsV314Test-306157967-project] Create volume request issued successfully.
Oct 12 16:48:06.431213 dv-cinder-813221-2-iscsi devstack@c-api.service[107396]: DEBUG cinder.volume.api [None req-9978c524-e83e-4178-9bc9-0c201f091504 tempest-VolumesTestJSON-1093712123 tempest-VolumesTestJSON-1093712123-project] Task 'cinder.volume.flows.api.create_volume.ExtractVolumeRequestTask;volume:create' (2d12c257-cd58-411f-b5a8-3b507daca69e) transitioned into state 'SUCCESS' from state 'RUNNING' with result '{'size': 1, 'snapshot_id': None, 'source_volid': None, 'volume_type': VolumeType(created_at=2021-10-12T16:38:27Z,deleted=False,deleted_at=None,description='Default Volume Type',extra_specs={},id=8a33474b-4564-4bc7-8843-635ceb12e24d,is_public=True,name='__DEFAULT__',projects=[],qos_specs=,qos_specs_id=None,updated_at=2021-10-12T16:38:27Z), 'volume_type_id': '8a33474b-4564-4bc7-8843-635ceb12e24d', 'encryption_key_id': None, 'qos_specs': None, 'consistencygroup_id': None, 'cgsnapshot_id': None, 'group_id': None, 'replication_status': 'disabled', 'refresh_az': False, 'backup_id': None, 'multiattach': False, 'availability_zones': ['nova']}' {{(pid=107396) _task_receiver /usr/local/lib/python3.8/dist-packages/taskflow/listeners/logging.py:178}}
Oct 12 16:48:06.431990 dv-cinder-813221-2-iscsi devstack@c-api.service[107395]: WARNING stevedore.named [None req-8472935e-7329-4703-b8d1-7bd78f45c16f tempest-GroupsV314Test-306157967 tempest-GroupsV314Test-306157967-project] Could not load cinder.keymgr.conf_key_mgr.ConfKeyManager
Oct 12 16:48:06.432547 dv-cinder-813221-2-iscsi devstack@c-api.service[107395]: WARNING castellan.key_manager [None req-8472935e-7329-4703-b8d1-7bd78f45c16f tempest-GroupsV314Test-306157967 tempest-GroupsV314Test-306157967-project] Deprecation Warning : cinder.keymgr.conf_key_mgr.ConfKeyManager is not a stevedore based driver, trying to load it as a class: stevedore.exception.NoMatches: No 'castellan.drivers' driver found, looking for 'cinder.keymgr.conf_key_mgr.ConfKeyManager'
Oct 12 16:48:06.433214 dv-cinder-813221-2-iscsi devstack@c-api.service[107396]: DEBUG cinder.volume.api [None req-9978c524-e83e-4178-9bc9-0c201f091504 tempest-VolumesTestJSON-1093712123 tempest-VolumesTestJSON-1093712123-project] Task 'cinder.volume.flows.api.create_volume.QuotaReserveTask;volume:create' (33ea365a-e012-42a4-9924-28ab3d7038b2) transitioned into state 'RUNNING' from state 'PENDING' {{(pid=107396) _task_receiver /usr/local/lib/python3.8/dist-packages/taskflow/listeners/logging.py:190}}
Oct 12 16:48:06.442371 dv-cinder-813221-2-iscsi devstack@c-api.service[107395]: DEBUG oslo_db.sqlalchemy.engines [None req-8472935e-7329-4703-b8d1-7bd78f45c16f tempest-GroupsV314Test-306157967 tempest-GroupsV314Test-306157967-project] MySQL server mode set to STRICT_TRANS_TABLES,STRICT_ALL_TABLES,NO_ZERO_IN_DATE,NO_ZERO_DATE,ERROR_FOR_DIVISION_BY_ZERO,TRADITIONAL,NO_ENGINE_SUBSTITUTION {{(pid=107395) _check_effective_sql_mode /usr/local/lib/python3.8/dist-packages/oslo_db/sqlalchemy/engines.py:314}}
Oct 12 16:48:06.451276 dv-cinder-813221-2-iscsi devstack@c-api.service[107395]: /usr/local/lib/python3.8/dist-packages/oslo_context/context.py:105: DeprecationWarning: Policy enforcement is depending on the value of is_admin. This key is deprecated. Please update your policy file to use the standard policy values.
Oct 12 16:48:06.451276 dv-cinder-813221-2-iscsi devstack@c-api.service[107395]: warnings.warn('Policy enforcement is depending on the value of '
Oct 12 16:48:06.462419 dv-cinder-813221-2-iscsi devstack@c-api.service[107395]: INFO cinder.api.openstack.wsgi [None req-8472935e-7329-4703-b8d1-7bd78f45c16f tempest-GroupsV314Test-306157967 tempest-GroupsV314Test-306157967-project] http://10.222.0.48/volume/v3/0d8108f782d14245807c45a1c81e025f/volumes returned with HTTP 202
Oct 12 16:48:06.476013 dv-cinder-813221-2-iscsi devstack@c-api.service[107395]: [pid: 107395|app: 0|req: 13/28] 10.222.0.48 () {62 vars in 1276 bytes} [Tue Oct 12 16:48:05 2021] POST /volume/v3/0d8108f782d14245807c45a1c81e025f/volumes => generated 900 bytes in 501 msecs (HTTP/1.1 202) 7 headers in 292 bytes (1 switches on core 0)
Oct 12 16:48:06.480655 dv-cinder-813221-2-iscsi devstack@c-api.service[107395]: INFO cinder.api.openstack.wsgi [None req-cdf38138-a9c3-4194-b0b1-ea800bd84f8c tempest-GroupsV314Test-306157967 tempest-GroupsV314Test-306157967-project] GET http://10.222.0.48/volume/v3/0d8108f782d14245807c45a1c81e025f/volumes/5006cb00-f5e2-4e08-8f5a-74d0e92a43e4
Oct 12 16:48:06.481150 dv-cinder-813221-2-iscsi devstack@c-api.service[107395]: DEBUG cinder.api.openstack.wsgi [None req-cdf38138-a9c3-4194-b0b1-ea800bd84f8c tempest-GroupsV314Test-306157967 tempest-GroupsV314Test-306157967-project] Empty body provided in request {{(pid=107395) get_body /opt/stack/cinder/cinder/api/openstack/wsgi.py:703}}
Oct 12 16:48:06.481321 dv-cinder-813221-2-iscsi devstack@c-api.service[107395]: /usr/local/lib/python3.8/dist-packages/webob/acceptparse.py:1047: DeprecationWarning: The behavior of AcceptValidHeader.best_match is currently being maintained for backward compatibility, but it will be deprecated in the future, as it does not conform to the RFC.
Oct 12 16:48:06.481321 dv-cinder-813221-2-iscsi devstack@c-api.service[107395]: warnings.warn(
Oct 12 16:48:06.481672 dv-cinder-813221-2-iscsi devstack@c-api.service[107395]: DEBUG cinder.api.openstack.wsgi [None req-cdf38138-a9c3-4194-b0b1-ea800bd84f8c tempest-GroupsV314Test-306157967 tempest-GroupsV314Test-306157967-project] Calling method 'show' {{(pid=107395) _process_stack /opt/stack/cinder/cinder/api/openstack/wsgi.py:856}}
Oct 12 16:48:06.508805 dv-cinder-813221-2-iscsi devstack@c-api.service[107395]: /usr/local/lib/python3.8/dist-packages/oslo_context/context.py:105: DeprecationWarning: Policy enforcement is depending on the value of is_admin. This key is deprecated. Please update your policy file to use the standard policy values.
Oct 12 16:48:06.508805 dv-cinder-813221-2-iscsi devstack@c-api.service[107395]: warnings.warn('Policy enforcement is depending on the value of '
Oct 12 16:48:06.524783 dv-cinder-813221-2-iscsi devstack@c-api.service[107396]: DEBUG cinder.quota [None req-9978c524-e83e-4178-9bc9-0c201f091504 tempest-VolumesTestJSON-1093712123 tempest-VolumesTestJSON-1093712123-project] Created reservations ['772b91b2-05cf-4884-bf79-e51cbb41886d', '4734e1c1-216c-4320-860f-5c9d22fb0777', 'f000c11a-e568-4be4-b90a-35968dcf4706', '31190691-f7fa-4db2-8df0-fed264e74b16'] {{(pid=107396) reserve /opt/stack/cinder/cinder/quota.py:755}}
Oct 12 16:48:06.527415 dv-cinder-813221-2-iscsi devstack@c-api.service[107395]: INFO cinder.volume.api [None req-cdf38138-a9c3-4194-b0b1-ea800bd84f8c tempest-GroupsV314Test-306157967 tempest-GroupsV314Test-306157967-project] Volume info retrieved successfully.
Oct 12 16:48:06.528064 dv-cinder-813221-2-iscsi devstack@c-api.service[107396]: DEBUG cinder.volume.api [None req-9978c524-e83e-4178-9bc9-0c201f091504 tempest-VolumesTestJSON-1093712123 tempest-VolumesTestJSON-1093712123-project] Task 'cinder.volume.flows.api.create_volume.QuotaReserveTask;volume:create' (33ea365a-e012-42a4-9924-28ab3d7038b2) transitioned into state 'SUCCESS' from state 'RUNNING' with result '{'reservations': ['772b91b2-05cf-4884-bf79-e51cbb41886d', '4734e1c1-216c-4320-860f-5c9d22fb0777', 'f000c11a-e568-4be4-b90a-35968dcf4706', '31190691-f7fa-4db2-8df0-fed264e74b16']}' {{(pid=107396) _task_receiver /usr/local/lib/python3.8/dist-packages/taskflow/listeners/logging.py:178}}
Oct 12 16:48:06.530600 dv-cinder-813221-2-iscsi devstack@c-api.service[107396]: DEBUG cinder.volume.api [None req-9978c524-e83e-4178-9bc9-0c201f091504 tempest-VolumesTestJSON-1093712123 tempest-VolumesTestJSON-1093712123-project] Task 'cinder.volume.flows.api.create_volume.EntryCreateTask;volume:create' (e915c871-ccbd-47db-a37f-0af3eb6e0c51) transitioned into state 'RUNNING' from state 'PENDING' {{(pid=107396) _task_receiver /usr/local/lib/python3.8/dist-packages/taskflow/listeners/logging.py:190}}
Oct 12 16:48:06.532454 dv-cinder-813221-2-iscsi devstack@c-api.service[107395]: WARNING stevedore.named [None req-cdf38138-a9c3-4194-b0b1-ea800bd84f8c tempest-GroupsV314Test-306157967 tempest-GroupsV314Test-306157967-project] Could not load cinder.keymgr.conf_key_mgr.ConfKeyManager
Oct 12 16:48:06.532866 dv-cinder-813221-2-iscsi devstack@c-api.service[107395]: WARNING castellan.key_manager [None req-cdf38138-a9c3-4194-b0b1-ea800bd84f8c tempest-GroupsV314Test-306157967 tempest-GroupsV314Test-306157967-project] Deprecation Warning : cinder.keymgr.conf_key_mgr.ConfKeyManager is not a stevedore based driver, trying to load it as a class: stevedore.exception.NoMatches: No 'castellan.drivers' driver found, looking for 'cinder.keymgr.conf_key_mgr.ConfKeyManager'
Oct 12 16:48:06.557008 dv-cinder-813221-2-iscsi devstack@c-api.service[107395]: DEBUG oslo_db.sqlalchemy.engines [None req-cdf38138-a9c3-4194-b0b1-ea800bd84f8c tempest-GroupsV314Test-306157967 tempest-GroupsV314Test-306157967-project] MySQL server mode set to STRICT_TRANS_TABLES,STRICT_ALL_TABLES,NO_ZERO_IN_DATE,NO_ZERO_DATE,ERROR_FOR_DIVISION_BY_ZERO,TRADITIONAL,NO_ENGINE_SUBSTITUTION {{(pid=107395) _check_effective_sql_mode /usr/local/lib/python3.8/dist-packages/oslo_db/sqlalchemy/engines.py:314}}
Oct 12 16:48:06.558846 dv-cinder-813221-2-iscsi devstack@c-api.service[107395]: /usr/local/lib/python3.8/dist-packages/oslo_context/context.py:105: DeprecationWarning: Policy enforcement is depending on the value of is_admin. This key is deprecated. Please update your policy file to use the standard policy values.
Oct 12 16:48:06.558846 dv-cinder-813221-2-iscsi devstack@c-api.service[107395]: warnings.warn('Policy enforcement is depending on the value of '
Oct 12 16:48:06.616440 dv-cinder-813221-2-iscsi devstack@c-api.service[107396]: DEBUG cinder.volume.api [None req-9978c524-e83e-4178-9bc9-0c201f091504 tempest-VolumesTestJSON-1093712123 tempest-VolumesTestJSON-1093712123-project] Task 'cinder.volume.flows.api.create_volume.EntryCreateTask;volume:create' (e915c871-ccbd-47db-a37f-0af3eb6e0c51) transitioned into state 'SUCCESS' from state 'RUNNING' with result '{'volume_id': '8e4ca15b-e6f8-4d89-9b12-4dbc7da9e14d', 'volume_properties': VolumeProperties(attach_status='detached',availability_zone='nova',cgsnapshot_id=None,consistencygroup_id=None,display_description=None,display_name='tempest-VolumesTestJSON-volume-97667898',encryption_key_id=None,group_id=None,group_type_id=,metadata={Type='work'},multiattach=False,project_id='86d9dfd66b6646c5b8245f4954896b15',qos_specs=None,replication_status=,reservations=['772b91b2-05cf-4884-bf79-e51cbb41886d','4734e1c1-216c-4320-860f-5c9d22fb0777','f000c11a-e568-4be4-b90a-35968dcf4706','31190691-f7fa-4db2-8df0-fed264e74b16'],size=1,snapshot_id=None,source_replicaid=,source_volid=None,status='creating',user_id='0a39650a52c4417bbe08ac06dc4219dd',volume_type_id=8a33474b-4564-4bc7-8843-635ceb12e24d), 'volume': Volume(_name_id=None,admin_metadata=,attach_status='detached',availability_zone='nova',bootable=False,cluster=,cluster_name=None,consistencygroup=,consistencygroup_id=None,created_at=2021-10-12T16:48:06Z,deleted=False,deleted_at=None,display_description=None,display_name='tempest-VolumesTestJSON-volume-97667898',ec2_id=None,encryption_key_id=None,glance_metadata=,group=,group_id=None,host=None,id=8e4ca15b-e6f8-4d89-9b12-4dbc7da9e14d,launched_at=None,metadata={Type='work'},migration_status=None,multiattach=False,previous_status=None,project_id='86d9dfd66b6646c5b8245f4954896b15',provider_auth=None,provider_geometry=None,provider_id=None,provider_location=None,replication_driver_data=None,replication_extended_status=None,replication_status=None,scheduled_at=None,service_uuid=None,shared_targets=True,size=1,snapshot_id=None,snapshots=,source_volid=None,status='creating',terminated_at=None,updated_at=None,use_quota=True,user_id='0a39650a52c4417bbe08ac06dc4219dd',volume_attachment=VolumeAttachmentList,volume_type=VolumeType(8a33474b-4564-4bc7-8843-635ceb12e24d),volume_type_id=8a33474b-4564-4bc7-8843-635ceb12e24d)}' {{(pid=107396) _task_receiver /usr/local/lib/python3.8/dist-packages/taskflow/listeners/logging.py:178}}
Oct 12 16:48:06.619998 dv-cinder-813221-2-iscsi devstack@c-api.service[107396]: DEBUG cinder.volume.api [None req-9978c524-e83e-4178-9bc9-0c201f091504 tempest-VolumesTestJSON-1093712123 tempest-VolumesTestJSON-1093712123-project] Task 'cinder.volume.flows.api.create_volume.QuotaCommitTask;volume:create' (c05cf000-2712-45c7-9333-51801370253e) transitioned into state 'RUNNING' from state 'PENDING' {{(pid=107396) _task_receiver /usr/local/lib/python3.8/dist-packages/taskflow/listeners/logging.py:190}}
Oct 12 16:48:06.639976 dv-cinder-813221-2-iscsi devstack@c-api.service[107395]: INFO cinder.api.openstack.wsgi [None req-cdf38138-a9c3-4194-b0b1-ea800bd84f8c tempest-GroupsV314Test-306157967 tempest-GroupsV314Test-306157967-project] http://10.222.0.48/volume/v3/0d8108f782d14245807c45a1c81e025f/volumes/5006cb00-f5e2-4e08-8f5a-74d0e92a43e4 returned with HTTP 200
Oct 12 16:48:06.651917 dv-cinder-813221-2-iscsi devstack@c-api.service[107395]: [pid: 107395|app: 0|req: 14/29] 10.222.0.48 () {60 vars in 1365 bytes} [Tue Oct 12 16:48:06 2021] GET /volume/v3/0d8108f782d14245807c45a1c81e025f/volumes/5006cb00-f5e2-4e08-8f5a-74d0e92a43e4 => generated 968 bytes in 167 msecs (HTTP/1.1 200) 7 headers in 286 bytes (1 switches on core 0)
Oct 12 16:48:06.678123 dv-cinder-813221-2-iscsi devstack@c-api.service[107396]: DEBUG cinder.volume.api [None req-9978c524-e83e-4178-9bc9-0c201f091504 tempest-VolumesTestJSON-1093712123 tempest-VolumesTestJSON-1093712123-project] Task 'cinder.volume.flows.api.create_volume.QuotaCommitTask;volume:create' (c05cf000-2712-45c7-9333-51801370253e) transitioned into state 'SUCCESS' from state 'RUNNING' with result '{'volume_properties': VolumeProperties(attach_status='detached',availability_zone='nova',cgsnapshot_id=None,consistencygroup_id=None,display_description=None,display_name='tempest-VolumesTestJSON-volume-97667898',encryption_key_id=None,group_id=None,group_type_id=,metadata={Type='work'},multiattach=False,project_id='86d9dfd66b6646c5b8245f4954896b15',qos_specs=None,replication_status=,reservations=['772b91b2-05cf-4884-bf79-e51cbb41886d','4734e1c1-216c-4320-860f-5c9d22fb0777','f000c11a-e568-4be4-b90a-35968dcf4706','31190691-f7fa-4db2-8df0-fed264e74b16'],size=1,snapshot_id=None,source_replicaid=,source_volid=None,status='creating',user_id='0a39650a52c4417bbe08ac06dc4219dd',volume_type_id=8a33474b-4564-4bc7-8843-635ceb12e24d)}' {{(pid=107396) _task_receiver /usr/local/lib/python3.8/dist-packages/taskflow/listeners/logging.py:178}}
Oct 12 16:48:06.680584 dv-cinder-813221-2-iscsi devstack@c-api.service[107396]: DEBUG cinder.volume.api [None req-9978c524-e83e-4178-9bc9-0c201f091504 tempest-VolumesTestJSON-1093712123 tempest-VolumesTestJSON-1093712123-project] Task 'cinder.volume.flows.api.create_volume.VolumeCastTask;volume:create' (a8c2b0cd-a9fd-45bf-bce8-71fe6f1fed3a) transitioned into state 'RUNNING' from state 'PENDING' {{(pid=107396) _task_receiver /usr/local/lib/python3.8/dist-packages/taskflow/listeners/logging.py:190}}
Oct 12 16:48:06.722047 dv-cinder-813221-2-iscsi devstack@c-api.service[107396]: DEBUG cinder.volume.api [None req-9978c524-e83e-4178-9bc9-0c201f091504 tempest-VolumesTestJSON-1093712123 tempest-VolumesTestJSON-1093712123-project] Task 'cinder.volume.flows.api.create_volume.VolumeCastTask;volume:create' (a8c2b0cd-a9fd-45bf-bce8-71fe6f1fed3a) transitioned into state 'SUCCESS' from state 'RUNNING' with result 'None' {{(pid=107396) _task_receiver /usr/local/lib/python3.8/dist-packages/taskflow/listeners/logging.py:178}}
Oct 12 16:48:06.727645 dv-cinder-813221-2-iscsi devstack@c-api.service[107396]: DEBUG cinder.volume.api [None req-9978c524-e83e-4178-9bc9-0c201f091504 tempest-VolumesTestJSON-1093712123 tempest-VolumesTestJSON-1093712123-project] Flow 'volume_create_api' (4c62f964-08a1-4690-b7ac-0d8c5b76fd33) transitioned into state 'SUCCESS' from state 'RUNNING' {{(pid=107396) _flow_receiver /usr/local/lib/python3.8/dist-packages/taskflow/listeners/logging.py:141}}
Oct 12 16:48:06.728358 dv-cinder-813221-2-iscsi devstack@c-api.service[107396]: INFO cinder.volume.api [None req-9978c524-e83e-4178-9bc9-0c201f091504 tempest-VolumesTestJSON-1093712123 tempest-VolumesTestJSON-1093712123-project] Create volume request issued successfully.
Oct 12 16:48:06.729563 dv-cinder-813221-2-iscsi devstack@c-api.service[107396]: INFO cinder.api.openstack.wsgi [None req-9978c524-e83e-4178-9bc9-0c201f091504 tempest-VolumesTestJSON-1093712123 tempest-VolumesTestJSON-1093712123-project] http://10.222.0.48/volume/v3/86d9dfd66b6646c5b8245f4954896b15/volumes returned with HTTP 202
Oct 12 16:48:06.739213 dv-cinder-813221-2-iscsi devstack@c-api.service[107396]: [pid: 107396|app: 0|req: 16/30] 10.222.0.48 () {60 vars in 1235 bytes} [Tue Oct 12 16:48:06 2021] POST /volume/v3/86d9dfd66b6646c5b8245f4954896b15/volumes => generated 827 bytes in 463 msecs (HTTP/1.1 202) 7 headers in 291 bytes (1 switches on core 0)
Oct 12 16:48:06.746621 dv-cinder-813221-2-iscsi devstack@c-api.service[107395]: INFO cinder.api.openstack.wsgi [None req-49616f5d-da81-4af8-a2c0-4f471e7227b9 tempest-VolumesTestJSON-1093712123 tempest-VolumesTestJSON-1093712123-project] GET http://10.222.0.48/volume/v3/86d9dfd66b6646c5b8245f4954896b15/volumes/8e4ca15b-e6f8-4d89-9b12-4dbc7da9e14d
Oct 12 16:48:06.747555 dv-cinder-813221-2-iscsi devstack@c-api.service[107395]: DEBUG cinder.api.openstack.wsgi [None req-49616f5d-da81-4af8-a2c0-4f471e7227b9 tempest-VolumesTestJSON-1093712123 tempest-VolumesTestJSON-1093712123-project] Empty body provided in request {{(pid=107395) get_body /opt/stack/cinder/cinder/api/openstack/wsgi.py:703}}
Oct 12 16:48:06.748207 dv-cinder-813221-2-iscsi devstack@c-api.service[107395]: /usr/local/lib/python3.8/dist-packages/webob/acceptparse.py:1047: DeprecationWarning: The behavior of AcceptValidHeader.best_match is currently being maintained for backward compatibility, but it will be deprecated in the future, as it does not conform to the RFC.
Oct 12 16:48:06.748207 dv-cinder-813221-2-iscsi devstack@c-api.service[107395]: warnings.warn(
Oct 12 16:48:06.748604 dv-cinder-813221-2-iscsi devstack@c-api.service[107395]: DEBUG cinder.api.openstack.wsgi [None req-49616f5d-da81-4af8-a2c0-4f471e7227b9 tempest-VolumesTestJSON-1093712123 tempest-VolumesTestJSON-1093712123-project] Calling method 'show' {{(pid=107395) _process_stack /opt/stack/cinder/cinder/api/openstack/wsgi.py:856}}
Oct 12 16:48:06.777442 dv-cinder-813221-2-iscsi devstack@c-api.service[107395]: /usr/local/lib/python3.8/dist-packages/oslo_context/context.py:105: DeprecationWarning: Policy enforcement is depending on the value of is_admin. This key is deprecated. Please update your policy file to use the standard policy values.
Oct 12 16:48:06.777442 dv-cinder-813221-2-iscsi devstack@c-api.service[107395]: warnings.warn('Policy enforcement is depending on the value of '
Oct 12 16:48:06.787334 dv-cinder-813221-2-iscsi devstack@c-api.service[107395]: INFO cinder.volume.api [None req-49616f5d-da81-4af8-a2c0-4f471e7227b9 tempest-VolumesTestJSON-1093712123 tempest-VolumesTestJSON-1093712123-project] Volume info retrieved successfully.
Oct 12 16:48:06.803830 dv-cinder-813221-2-iscsi devstack@c-api.service[107395]: INFO cinder.api.openstack.wsgi [None req-49616f5d-da81-4af8-a2c0-4f471e7227b9 tempest-VolumesTestJSON-1093712123 tempest-VolumesTestJSON-1093712123-project] http://10.222.0.48/volume/v3/86d9dfd66b6646c5b8245f4954896b15/volumes/8e4ca15b-e6f8-4d89-9b12-4dbc7da9e14d returned with HTTP 200
Oct 12 16:48:06.814674 dv-cinder-813221-2-iscsi devstack@c-api.service[107395]: [pid: 107395|app: 0|req: 15/31] 10.222.0.48 () {58 vars in 1324 bytes} [Tue Oct 12 16:48:06 2021] GET /volume/v3/86d9dfd66b6646c5b8245f4954896b15/volumes/8e4ca15b-e6f8-4d89-9b12-4dbc7da9e14d => generated 895 bytes in 65 msecs (HTTP/1.1 200) 7 headers in 285 bytes (1 switches on core 0)
Oct 12 16:48:06.822197 dv-cinder-813221-2-iscsi devstack@c-api.service[107396]: INFO cinder.api.openstack.wsgi [req-7714e32e-73eb-4ff6-95c2-9f65a2e0674e req-28f20bb2-dfbe-427d-9bb7-8a4bf3e68cc0 tempest-VolumesSnapshotsTestJSON-1503698115 tempest-VolumesSnapshotsTestJSON-1503698115-project] GET http://10.222.0.48/volume/v3/bcc9dc092411436db420dbd261c512fb/volumes/3375ab32-f0c3-48c5-adbb-40a8a3311141
Oct 12 16:48:06.822650 dv-cinder-813221-2-iscsi devstack@c-api.service[107396]: DEBUG cinder.api.openstack.wsgi [req-7714e32e-73eb-4ff6-95c2-9f65a2e0674e req-28f20bb2-dfbe-427d-9bb7-8a4bf3e68cc0 tempest-VolumesSnapshotsTestJSON-1503698115 tempest-VolumesSnapshotsTestJSON-1503698115-project] Empty body provided in request {{(pid=107396) get_body /opt/stack/cinder/cinder/api/openstack/wsgi.py:703}}
Oct 12 16:48:06.822808 dv-cinder-813221-2-iscsi devstack@c-api.service[107396]: /usr/local/lib/python3.8/dist-packages/webob/acceptparse.py:1047: DeprecationWarning: The behavior of AcceptValidHeader.best_match is currently being maintained for backward compatibility, but it will be deprecated in the future, as it does not conform to the RFC.
Oct 12 16:48:06.822808 dv-cinder-813221-2-iscsi devstack@c-api.service[107396]: warnings.warn(
Oct 12 16:48:06.823120 dv-cinder-813221-2-iscsi devstack@c-api.service[107396]: DEBUG cinder.api.openstack.wsgi [req-7714e32e-73eb-4ff6-95c2-9f65a2e0674e req-28f20bb2-dfbe-427d-9bb7-8a4bf3e68cc0 tempest-VolumesSnapshotsTestJSON-1503698115 tempest-VolumesSnapshotsTestJSON-1503698115-project] Calling method 'show' {{(pid=107396) _process_stack /opt/stack/cinder/cinder/api/openstack/wsgi.py:856}}
Oct 12 16:48:06.873887 dv-cinder-813221-2-iscsi devstack@c-api.service[107396]: /usr/local/lib/python3.8/dist-packages/oslo_context/context.py:105: DeprecationWarning: Policy enforcement is depending on the value of is_admin. This key is deprecated. Please update your policy file to use the standard policy values.
Oct 12 16:48:06.873887 dv-cinder-813221-2-iscsi devstack@c-api.service[107396]: warnings.warn('Policy enforcement is depending on the value of '
Oct 12 16:48:06.885744 dv-cinder-813221-2-iscsi devstack@c-api.service[107396]: INFO cinder.volume.api [req-7714e32e-73eb-4ff6-95c2-9f65a2e0674e req-28f20bb2-dfbe-427d-9bb7-8a4bf3e68cc0 tempest-VolumesSnapshotsTestJSON-1503698115 tempest-VolumesSnapshotsTestJSON-1503698115-project] Volume info retrieved successfully.
Oct 12 16:48:06.959038 dv-cinder-813221-2-iscsi devstack@c-api.service[107396]: INFO cinder.api.openstack.wsgi [req-7714e32e-73eb-4ff6-95c2-9f65a2e0674e req-28f20bb2-dfbe-427d-9bb7-8a4bf3e68cc0 tempest-VolumesSnapshotsTestJSON-1503698115 tempest-VolumesSnapshotsTestJSON-1503698115-project] http://10.222.0.48/volume/v3/bcc9dc092411436db420dbd261c512fb/volumes/3375ab32-f0c3-48c5-adbb-40a8a3311141 returned with HTTP 200
Oct 12 16:48:06.963965 dv-cinder-813221-2-iscsi devstack@c-api.service[107396]: [pid: 107396|app: 0|req: 17/32] 10.222.0.48 () {60 vars in 1578 bytes} [Tue Oct 12 16:48:06 2021] GET /volume/v3/bcc9dc092411436db420dbd261c512fb/volumes/3375ab32-f0c3-48c5-adbb-40a8a3311141 => generated 917 bytes in 147 msecs (HTTP/1.1 200) 7 headers in 285 bytes (1 switches on core 0)
Oct 12 16:48:07.011737 dv-cinder-813221-2-iscsi devstack@c-api.service[107395]: INFO cinder.api.openstack.wsgi [req-49ab1091-84fa-42a3-9cf9-bba6829e6172 req-10eb58ad-3f8a-4868-bcc6-c944b0529e2b tempest-VolumesSnapshotsTestJSON-1503698115 tempest-VolumesSnapshotsTestJSON-1503698115-project] POST http://10.222.0.48/volume/v3/bcc9dc092411436db420dbd261c512fb/snapshots
Oct 12 16:48:07.012563 dv-cinder-813221-2-iscsi devstack@c-api.service[107395]: /usr/local/lib/python3.8/dist-packages/webob/acceptparse.py:1047: DeprecationWarning: The behavior of AcceptValidHeader.best_match is currently being maintained for backward compatibility, but it will be deprecated in the future, as it does not conform to the RFC.
Oct 12 16:48:07.012563 dv-cinder-813221-2-iscsi devstack@c-api.service[107395]: warnings.warn(
Oct 12 16:48:07.013192 dv-cinder-813221-2-iscsi devstack@c-api.service[107395]: DEBUG cinder.api.openstack.wsgi [req-49ab1091-84fa-42a3-9cf9-bba6829e6172 req-10eb58ad-3f8a-4868-bcc6-c944b0529e2b tempest-VolumesSnapshotsTestJSON-1503698115 tempest-VolumesSnapshotsTestJSON-1503698115-project] Action: 'create', calling method: create, body: {"snapshot": {"volume_id": "3375ab32-f0c3-48c5-adbb-40a8a3311141", "force": false, "name": "tempest-VolumesSnapshotsTestJSON-Snapshot-1821333316", "description": null, "metadata": {}}} {{(pid=107395) _process_stack /opt/stack/cinder/cinder/api/openstack/wsgi.py:854}}
Oct 12 16:48:07.063603 dv-cinder-813221-2-iscsi devstack@c-api.service[107395]: /usr/local/lib/python3.8/dist-packages/oslo_context/context.py:105: DeprecationWarning: Policy enforcement is depending on the value of is_admin. This key is deprecated. Please update your policy file to use the standard policy values.
Oct 12 16:48:07.063603 dv-cinder-813221-2-iscsi devstack@c-api.service[107395]: warnings.warn('Policy enforcement is depending on the value of '
Oct 12 16:48:07.066663 dv-cinder-813221-2-iscsi devstack@c-api.service[107395]: INFO cinder.volume.api [req-49ab1091-84fa-42a3-9cf9-bba6829e6172 req-10eb58ad-3f8a-4868-bcc6-c944b0529e2b tempest-VolumesSnapshotsTestJSON-1503698115 tempest-VolumesSnapshotsTestJSON-1503698115-project] Volume info retrieved successfully.
Oct 12 16:48:07.067299 dv-cinder-813221-2-iscsi devstack@c-api.service[107395]: INFO cinder.api.v3.snapshots [req-49ab1091-84fa-42a3-9cf9-bba6829e6172 req-10eb58ad-3f8a-4868-bcc6-c944b0529e2b tempest-VolumesSnapshotsTestJSON-1503698115 tempest-VolumesSnapshotsTestJSON-1503698115-project] Create snapshot from volume 3375ab32-f0c3-48c5-adbb-40a8a3311141
Oct 12 16:48:07.129396 dv-cinder-813221-2-iscsi devstack@c-api.service[107395]: WARNING cinder.quota [req-49ab1091-84fa-42a3-9cf9-bba6829e6172 req-10eb58ad-3f8a-4868-bcc6-c944b0529e2b tempest-VolumesSnapshotsTestJSON-1503698115 tempest-VolumesSnapshotsTestJSON-1503698115-project] Deprecated: Default quota for resource: snapshots___DEFAULT__ is set by the default quota flag: quota_snapshots___DEFAULT__, it is now deprecated. Please use the default quota class for default quota.
Oct 12 16:48:07.185215 dv-cinder-813221-2-iscsi devstack@c-api.service[107395]: DEBUG cinder.quota [req-49ab1091-84fa-42a3-9cf9-bba6829e6172 req-10eb58ad-3f8a-4868-bcc6-c944b0529e2b tempest-VolumesSnapshotsTestJSON-1503698115 tempest-VolumesSnapshotsTestJSON-1503698115-project] Created reservations ['aba2d762-f96e-4b5b-8dfa-80d378f8d1f8', '75ecfd46-2667-4dd8-8108-ad45a3808481', '41c14066-fa52-4b09-b990-cce096d76049', 'f6ebab5f-0326-4b59-ad41-0dd4da533e51'] {{(pid=107395) reserve /opt/stack/cinder/cinder/quota.py:755}}
Oct 12 16:48:07.420124 dv-cinder-813221-2-iscsi devstack@c-api.service[107395]: INFO cinder.volume.api [req-49ab1091-84fa-42a3-9cf9-bba6829e6172 req-10eb58ad-3f8a-4868-bcc6-c944b0529e2b tempest-VolumesSnapshotsTestJSON-1503698115 tempest-VolumesSnapshotsTestJSON-1503698115-project] Snapshot create request issued successfully.
Oct 12 16:48:07.421042 dv-cinder-813221-2-iscsi devstack@c-api.service[107395]: INFO cinder.api.openstack.wsgi [req-49ab1091-84fa-42a3-9cf9-bba6829e6172 req-10eb58ad-3f8a-4868-bcc6-c944b0529e2b tempest-VolumesSnapshotsTestJSON-1503698115 tempest-VolumesSnapshotsTestJSON-1503698115-project] http://10.222.0.48/volume/v3/bcc9dc092411436db420dbd261c512fb/snapshots returned with HTTP 202
Oct 12 16:48:07.422527 dv-cinder-813221-2-iscsi devstack@c-api.service[107395]: [pid: 107395|app: 0|req: 16/33] 10.222.0.48 () {64 vars in 1527 bytes} [Tue Oct 12 16:48:07 2021] POST /volume/v3/bcc9dc092411436db420dbd261c512fb/snapshots => generated 311 bytes in 418 msecs (HTTP/1.1 202) 7 headers in 291 bytes (2 switches on core 0)
Oct 12 16:48:07.468227 dv-cinder-813221-2-iscsi devstack@c-api.service[107396]: INFO cinder.api.openstack.wsgi [req-8bda2702-43d1-4119-93b5-1c5d05c8d145 req-568299c4-5177-4b14-95f7-487bde1daf73 tempest-VolumesSnapshotsTestJSON-1503698115 tempest-VolumesSnapshotsTestJSON-1503698115-project] GET http://10.222.0.48/volume/v3/bcc9dc092411436db420dbd261c512fb/snapshots/b04d17ea-0271-484a-8525-d3a94058ee1c
Oct 12 16:48:07.469179 dv-cinder-813221-2-iscsi devstack@c-api.service[107396]: DEBUG cinder.api.openstack.wsgi [req-8bda2702-43d1-4119-93b5-1c5d05c8d145 req-568299c4-5177-4b14-95f7-487bde1daf73 tempest-VolumesSnapshotsTestJSON-1503698115 tempest-VolumesSnapshotsTestJSON-1503698115-project] Empty body provided in request {{(pid=107396) get_body /opt/stack/cinder/cinder/api/openstack/wsgi.py:703}}
Oct 12 16:48:07.469357 dv-cinder-813221-2-iscsi devstack@c-api.service[107396]: /usr/local/lib/python3.8/dist-packages/webob/acceptparse.py:1047: DeprecationWarning: The behavior of AcceptValidHeader.best_match is currently being maintained for backward compatibility, but it will be deprecated in the future, as it does not conform to the RFC.
Oct 12 16:48:07.469357 dv-cinder-813221-2-iscsi devstack@c-api.service[107396]: warnings.warn(
Oct 12 16:48:07.470113 dv-cinder-813221-2-iscsi devstack@c-api.service[107396]: DEBUG cinder.api.openstack.wsgi [req-8bda2702-43d1-4119-93b5-1c5d05c8d145 req-568299c4-5177-4b14-95f7-487bde1daf73 tempest-VolumesSnapshotsTestJSON-1503698115 tempest-VolumesSnapshotsTestJSON-1503698115-project] Calling method 'show' {{(pid=107396) _process_stack /opt/stack/cinder/cinder/api/openstack/wsgi.py:856}}
Oct 12 16:48:07.640050 dv-cinder-813221-2-iscsi devstack@c-api.service[107396]: /usr/local/lib/python3.8/dist-packages/oslo_context/context.py:105: DeprecationWarning: Policy enforcement is depending on the value of is_admin. This key is deprecated. Please update your policy file to use the standard policy values.
Oct 12 16:48:07.640050 dv-cinder-813221-2-iscsi devstack@c-api.service[107396]: warnings.warn('Policy enforcement is depending on the value of '
Oct 12 16:48:07.641116 dv-cinder-813221-2-iscsi devstack@c-api.service[107396]: INFO cinder.volume.api [req-8bda2702-43d1-4119-93b5-1c5d05c8d145 req-568299c4-5177-4b14-95f7-487bde1daf73 tempest-VolumesSnapshotsTestJSON-1503698115 tempest-VolumesSnapshotsTestJSON-1503698115-project] Snapshot retrieved successfully.
Oct 12 16:48:07.644289 dv-cinder-813221-2-iscsi devstack@c-api.service[107396]: INFO cinder.api.openstack.wsgi [req-8bda2702-43d1-4119-93b5-1c5d05c8d145 req-568299c4-5177-4b14-95f7-487bde1daf73 tempest-VolumesSnapshotsTestJSON-1503698115 tempest-VolumesSnapshotsTestJSON-1503698115-project] http://10.222.0.48/volume/v3/bcc9dc092411436db420dbd261c512fb/snapshots/b04d17ea-0271-484a-8525-d3a94058ee1c returned with HTTP 200
Oct 12 16:48:07.645033 dv-cinder-813221-2-iscsi devstack@c-api.service[107396]: [pid: 107396|app: 0|req: 18/34] 10.222.0.48 () {60 vars in 1584 bytes} [Tue Oct 12 16:48:07 2021] GET /volume/v3/bcc9dc092411436db420dbd261c512fb/snapshots/b04d17ea-0271-484a-8525-d3a94058ee1c => generated 443 bytes in 192 msecs (HTTP/1.1 200) 7 headers in 285 bytes (1 switches on core 0)
Oct 12 16:48:07.663624 dv-cinder-813221-2-iscsi devstack@c-api.service[107395]: INFO cinder.api.openstack.wsgi [None req-131bac35-83b5-428b-905c-102194e2e5f3 tempest-GroupsV314Test-306157967 tempest-GroupsV314Test-306157967-project] GET http://10.222.0.48/volume/v3/0d8108f782d14245807c45a1c81e025f/volumes/5006cb00-f5e2-4e08-8f5a-74d0e92a43e4
Oct 12 16:48:07.664804 dv-cinder-813221-2-iscsi devstack@c-api.service[107395]: DEBUG cinder.api.openstack.wsgi [None req-131bac35-83b5-428b-905c-102194e2e5f3 tempest-GroupsV314Test-306157967 tempest-GroupsV314Test-306157967-project] Empty body provided in request {{(pid=107395) get_body /opt/stack/cinder/cinder/api/openstack/wsgi.py:703}}
Oct 12 16:48:07.665645 dv-cinder-813221-2-iscsi devstack@c-api.service[107395]: /usr/local/lib/python3.8/dist-packages/webob/acceptparse.py:1047: DeprecationWarning: The behavior of AcceptValidHeader.best_match is currently being maintained for backward compatibility, but it will be deprecated in the future, as it does not conform to the RFC.
Oct 12 16:48:07.665645 dv-cinder-813221-2-iscsi devstack@c-api.service[107395]: warnings.warn(
Oct 12 16:48:07.667105 dv-cinder-813221-2-iscsi devstack@c-api.service[107395]: DEBUG cinder.api.openstack.wsgi [None req-131bac35-83b5-428b-905c-102194e2e5f3 tempest-GroupsV314Test-306157967 tempest-GroupsV314Test-306157967-project] Calling method 'show' {{(pid=107395) _process_stack /opt/stack/cinder/cinder/api/openstack/wsgi.py:856}}
Oct 12 16:48:07.696682 dv-cinder-813221-2-iscsi devstack@c-api.service[107396]: INFO cinder.api.openstack.wsgi [req-f7adc66e-4fa0-40e7-b8e1-8c8a895f58af req-c85a212a-1bfb-46bb-a2cf-475ab4347a50 tempest-VolumesSnapshotsTestJSON-1503698115 tempest-VolumesSnapshotsTestJSON-1503698115-project] GET http://10.222.0.48/volume/v3/bcc9dc092411436db420dbd261c512fb/snapshots/detail
Oct 12 16:48:07.697132 dv-cinder-813221-2-iscsi devstack@c-api.service[107396]: DEBUG cinder.api.openstack.wsgi [req-f7adc66e-4fa0-40e7-b8e1-8c8a895f58af req-c85a212a-1bfb-46bb-a2cf-475ab4347a50 tempest-VolumesSnapshotsTestJSON-1503698115 tempest-VolumesSnapshotsTestJSON-1503698115-project] Empty body provided in request {{(pid=107396) get_body /opt/stack/cinder/cinder/api/openstack/wsgi.py:703}}
Oct 12 16:48:07.697513 dv-cinder-813221-2-iscsi devstack@c-api.service[107396]: /usr/local/lib/python3.8/dist-packages/webob/acceptparse.py:1047: DeprecationWarning: The behavior of AcceptValidHeader.best_match is currently being maintained for backward compatibility, but it will be deprecated in the future, as it does not conform to the RFC.
Oct 12 16:48:07.697513 dv-cinder-813221-2-iscsi devstack@c-api.service[107396]: warnings.warn(
Oct 12 16:48:07.698054 dv-cinder-813221-2-iscsi devstack@c-api.service[107396]: DEBUG cinder.api.openstack.wsgi [req-f7adc66e-4fa0-40e7-b8e1-8c8a895f58af req-c85a212a-1bfb-46bb-a2cf-475ab4347a50 tempest-VolumesSnapshotsTestJSON-1503698115 tempest-VolumesSnapshotsTestJSON-1503698115-project] Calling method 'detail' {{(pid=107396) _process_stack /opt/stack/cinder/cinder/api/openstack/wsgi.py:856}}
Oct 12 16:48:07.698839 dv-cinder-813221-2-iscsi devstack@c-api.service[107396]: DEBUG cinder.api.api_utils [req-f7adc66e-4fa0-40e7-b8e1-8c8a895f58af req-c85a212a-1bfb-46bb-a2cf-475ab4347a50 tempest-VolumesSnapshotsTestJSON-1503698115 tempest-VolumesSnapshotsTestJSON-1503698115-project] Removing options '' from query. {{(pid=107396) remove_invalid_filter_options /opt/stack/cinder/cinder/api/api_utils.py:73}}
Oct 12 16:48:07.701016 dv-cinder-813221-2-iscsi devstack@c-api.service[107395]: /usr/local/lib/python3.8/dist-packages/oslo_context/context.py:105: DeprecationWarning: Policy enforcement is depending on the value of is_admin. This key is deprecated. Please update your policy file to use the standard policy values.
Oct 12 16:48:07.701016 dv-cinder-813221-2-iscsi devstack@c-api.service[107395]: warnings.warn('Policy enforcement is depending on the value of '
Oct 12 16:48:07.701246 dv-cinder-813221-2-iscsi devstack@c-api.service[107396]: DEBUG cinder.db.sqlalchemy.api [req-f7adc66e-4fa0-40e7-b8e1-8c8a895f58af req-c85a212a-1bfb-46bb-a2cf-475ab4347a50 tempest-VolumesSnapshotsTestJSON-1503698115 tempest-VolumesSnapshotsTestJSON-1503698115-project] Building query based on filter {{(pid=107396) _process_snaps_filters /opt/stack/cinder/cinder/db/sqlalchemy/api.py:3141}}
Oct 12 16:48:07.720959 dv-cinder-813221-2-iscsi devstack@c-api.service[107395]: INFO cinder.volume.api [None req-131bac35-83b5-428b-905c-102194e2e5f3 tempest-GroupsV314Test-306157967 tempest-GroupsV314Test-306157967-project] Volume info retrieved successfully.
Oct 12 16:48:07.722775 dv-cinder-813221-2-iscsi devstack@c-api.service[107395]: WARNING stevedore.named [None req-131bac35-83b5-428b-905c-102194e2e5f3 tempest-GroupsV314Test-306157967 tempest-GroupsV314Test-306157967-project] Could not load cinder.keymgr.conf_key_mgr.ConfKeyManager
Oct 12 16:48:07.725669 dv-cinder-813221-2-iscsi devstack@c-api.service[107395]: WARNING castellan.key_manager [None req-131bac35-83b5-428b-905c-102194e2e5f3 tempest-GroupsV314Test-306157967 tempest-GroupsV314Test-306157967-project] Deprecation Warning : cinder.keymgr.conf_key_mgr.ConfKeyManager is not a stevedore based driver, trying to load it as a class: stevedore.exception.NoMatches: No 'castellan.drivers' driver found, looking for 'cinder.keymgr.conf_key_mgr.ConfKeyManager'
Oct 12 16:48:07.737996 dv-cinder-813221-2-iscsi devstack@c-api.service[107395]: DEBUG oslo_db.sqlalchemy.engines [None req-131bac35-83b5-428b-905c-102194e2e5f3 tempest-GroupsV314Test-306157967 tempest-GroupsV314Test-306157967-project] MySQL server mode set to STRICT_TRANS_TABLES,STRICT_ALL_TABLES,NO_ZERO_IN_DATE,NO_ZERO_DATE,ERROR_FOR_DIVISION_BY_ZERO,TRADITIONAL,NO_ENGINE_SUBSTITUTION {{(pid=107395) _check_effective_sql_mode /usr/local/lib/python3.8/dist-packages/oslo_db/sqlalchemy/engines.py:314}}
Oct 12 16:48:07.747268 dv-cinder-813221-2-iscsi devstack@c-api.service[107395]: /usr/local/lib/python3.8/dist-packages/oslo_context/context.py:105: DeprecationWarning: Policy enforcement is depending on the value of is_admin. This key is deprecated. Please update your policy file to use the standard policy values.
Oct 12 16:48:07.747268 dv-cinder-813221-2-iscsi devstack@c-api.service[107395]: warnings.warn('Policy enforcement is depending on the value of '
Oct 12 16:48:07.770188 dv-cinder-813221-2-iscsi devstack@c-api.service[107396]: INFO cinder.volume.api [req-f7adc66e-4fa0-40e7-b8e1-8c8a895f58af req-c85a212a-1bfb-46bb-a2cf-475ab4347a50 tempest-VolumesSnapshotsTestJSON-1503698115 tempest-VolumesSnapshotsTestJSON-1503698115-project] Get all snapshots completed successfully.
Oct 12 16:48:07.771289 dv-cinder-813221-2-iscsi devstack@c-api.service[107396]: /usr/local/lib/python3.8/dist-packages/oslo_context/context.py:105: DeprecationWarning: Policy enforcement is depending on the value of is_admin. This key is deprecated. Please update your policy file to use the standard policy values.
