Oct 18 14:16:23.637727 dv-cinder-813191-2-smb devstack@n-api.service[114294]: [pid: 114294|app: 0|req: 22/44] 10.222.0.25 () {58 vars in 1235 bytes} [Mon Oct 18 14:16:22 2021] GET /compute/v2.1/servers/163d7eba-7931-437c-8cab-f7dcffb869e5 => generated 1315 bytes in 667 msecs (HTTP/1.1 200) 9 headers in 358 bytes (1 switches on core 0)
Oct 18 14:16:23.643893 dv-cinder-813191-2-smb devstack@n-api.service[114294]: DEBUG nova.api.openstack.wsgi [None req-1c2d22e4-18ab-4281-a91f-a752556d684c tempest-AttachVolumeNegativeTest-1212485873 tempest-AttachVolumeNegativeTest-1212485873-project] Calling method '>' {{(pid=114294) _process_stack /opt/stack/nova/nova/api/openstack/wsgi.py:513}}
Oct 18 14:16:23.644709 dv-cinder-813191-2-smb devstack@n-api.service[114294]: DEBUG nova.compute.api [None req-1c2d22e4-18ab-4281-a91f-a752556d684c tempest-AttachVolumeNegativeTest-1212485873 tempest-AttachVolumeNegativeTest-1212485873-project] [instance: 27c2d49f-e077-4524-a718-745502f26423] Fetching instance by UUID {{(pid=114294) get /opt/stack/nova/nova/compute/api.py:2863}}
Oct 18 14:16:23.651474 dv-cinder-813191-2-smb devstack@n-api.service[114294]: DEBUG oslo_concurrency.lockutils [None req-1c2d22e4-18ab-4281-a91f-a752556d684c tempest-AttachVolumeNegativeTest-1212485873 tempest-AttachVolumeNegativeTest-1212485873-project] Lock "19d6f033-46ce-4a2f-ad78-2edd901f3c10" acquired by "nova.context.set_target_cell..get_or_set_cached_cell_and_set_connections" :: waited 0.000s {{(pid=114294) inner /usr/local/lib/python3.8/dist-packages/oslo_concurrency/lockutils.py:355}}
Oct 18 14:16:23.651929 dv-cinder-813191-2-smb devstack@n-api.service[114294]: DEBUG oslo_concurrency.lockutils [None req-1c2d22e4-18ab-4281-a91f-a752556d684c tempest-AttachVolumeNegativeTest-1212485873 tempest-AttachVolumeNegativeTest-1212485873-project] Lock "19d6f033-46ce-4a2f-ad78-2edd901f3c10" released by "nova.context.set_target_cell..get_or_set_cached_cell_and_set_connections" :: held 0.001s {{(pid=114294) inner /usr/local/lib/python3.8/dist-packages/oslo_concurrency/lockutils.py:367}}
Oct 18 14:16:23.652704 dv-cinder-813191-2-smb devstack@n-api.service[114294]: DEBUG oslo_concurrency.lockutils [None req-1c2d22e4-18ab-4281-a91f-a752556d684c tempest-AttachVolumeNegativeTest-1212485873 tempest-AttachVolumeNegativeTest-1212485873-project] Lock "19d6f033-46ce-4a2f-ad78-2edd901f3c10" acquired by "nova.context.set_target_cell..get_or_set_cached_cell_and_set_connections" :: waited 0.000s {{(pid=114294) inner /usr/local/lib/python3.8/dist-packages/oslo_concurrency/lockutils.py:355}}
Oct 18 14:16:23.653167 dv-cinder-813191-2-smb devstack@n-api.service[114294]: DEBUG oslo_concurrency.lockutils [None req-1c2d22e4-18ab-4281-a91f-a752556d684c tempest-AttachVolumeNegativeTest-1212485873 tempest-AttachVolumeNegativeTest-1212485873-project] Lock "19d6f033-46ce-4a2f-ad78-2edd901f3c10" released by "nova.context.set_target_cell..get_or_set_cached_cell_and_set_connections" :: held 0.000s {{(pid=114294) inner /usr/local/lib/python3.8/dist-packages/oslo_concurrency/lockutils.py:367}}
Oct 18 14:16:23.703634 dv-cinder-813191-2-smb devstack@n-api.service[114296]: DEBUG nova.virt.hardware [None req-fa8e5ecb-8190-48df-a9c0-744d5b53d6a7 tempest-AttachVolumeTestJSON-1003824933 tempest-AttachVolumeTestJSON-1003824933-project] Flavor limits 0:0:0 {{(pid=114296) get_cpu_topology_constraints /opt/stack/nova/nova/virt/hardware.py:343}}
Oct 18 14:16:23.704281 dv-cinder-813191-2-smb devstack@n-api.service[114296]: DEBUG nova.virt.hardware [None req-fa8e5ecb-8190-48df-a9c0-744d5b53d6a7 tempest-AttachVolumeTestJSON-1003824933 tempest-AttachVolumeTestJSON-1003824933-project] Image limits 0:0:0 {{(pid=114296) get_cpu_topology_constraints /opt/stack/nova/nova/virt/hardware.py:347}}
Oct 18 14:16:23.705122 dv-cinder-813191-2-smb devstack@n-api.service[114296]: DEBUG nova.virt.hardware [None req-fa8e5ecb-8190-48df-a9c0-744d5b53d6a7 tempest-AttachVolumeTestJSON-1003824933 tempest-AttachVolumeTestJSON-1003824933-project] Flavor pref 0:0:0 {{(pid=114296) get_cpu_topology_constraints /opt/stack/nova/nova/virt/hardware.py:383}}
Oct 18 14:16:23.705558 dv-cinder-813191-2-smb devstack@n-api.service[114296]: DEBUG nova.virt.hardware [None req-fa8e5ecb-8190-48df-a9c0-744d5b53d6a7 tempest-AttachVolumeTestJSON-1003824933 tempest-AttachVolumeTestJSON-1003824933-project] Image pref 0:0:0 {{(pid=114296) get_cpu_topology_constraints /opt/stack/nova/nova/virt/hardware.py:387}}
Oct 18 14:16:23.706803 dv-cinder-813191-2-smb devstack@n-api.service[114296]: DEBUG nova.virt.hardware [None req-fa8e5ecb-8190-48df-a9c0-744d5b53d6a7 tempest-AttachVolumeTestJSON-1003824933 tempest-AttachVolumeTestJSON-1003824933-project] Chose sockets=0, cores=0, threads=0; limits were sockets=65536, cores=65536, threads=65536 {{(pid=114296) get_cpu_topology_constraints /opt/stack/nova/nova/virt/hardware.py:425}}
Oct 18 14:16:23.716575 dv-cinder-813191-2-smb devstack@n-api.service[114296]: DEBUG oslo_concurrency.lockutils [None req-fa8e5ecb-8190-48df-a9c0-744d5b53d6a7 tempest-AttachVolumeTestJSON-1003824933 tempest-AttachVolumeTestJSON-1003824933-project] Lock "00000000-0000-0000-0000-000000000000" acquired by "nova.context.set_target_cell..get_or_set_cached_cell_and_set_connections" :: waited 0.000s {{(pid=114296) inner /usr/local/lib/python3.8/dist-packages/oslo_concurrency/lockutils.py:355}}
Oct 18 14:16:23.717288 dv-cinder-813191-2-smb devstack@n-api.service[114296]: DEBUG oslo_concurrency.lockutils [None req-fa8e5ecb-8190-48df-a9c0-744d5b53d6a7 tempest-AttachVolumeTestJSON-1003824933 tempest-AttachVolumeTestJSON-1003824933-project] Lock "00000000-0000-0000-0000-000000000000" released by "nova.context.set_target_cell..get_or_set_cached_cell_and_set_connections" :: held 0.001s {{(pid=114296) inner /usr/local/lib/python3.8/dist-packages/oslo_concurrency/lockutils.py:367}}
Oct 18 14:16:23.718130 dv-cinder-813191-2-smb devstack@n-api.service[114296]: DEBUG oslo_concurrency.lockutils [None req-fa8e5ecb-8190-48df-a9c0-744d5b53d6a7 tempest-AttachVolumeTestJSON-1003824933 tempest-AttachVolumeTestJSON-1003824933-project] Lock "19d6f033-46ce-4a2f-ad78-2edd901f3c10" acquired by "nova.context.set_target_cell..get_or_set_cached_cell_and_set_connections" :: waited 0.000s {{(pid=114296) inner /usr/local/lib/python3.8/dist-packages/oslo_concurrency/lockutils.py:355}}
Oct 18 14:16:23.718796 dv-cinder-813191-2-smb devstack@n-api.service[114296]: DEBUG oslo_concurrency.lockutils [None req-fa8e5ecb-8190-48df-a9c0-744d5b53d6a7 tempest-AttachVolumeTestJSON-1003824933 tempest-AttachVolumeTestJSON-1003824933-project] Lock "19d6f033-46ce-4a2f-ad78-2edd901f3c10" released by "nova.context.set_target_cell..get_or_set_cached_cell_and_set_connections" :: held 0.001s {{(pid=114296) inner /usr/local/lib/python3.8/dist-packages/oslo_concurrency/lockutils.py:367}}
Oct 18 14:16:23.738429 dv-cinder-813191-2-smb devstack@n-api.service[114296]: DEBUG nova.quota [None req-fa8e5ecb-8190-48df-a9c0-744d5b53d6a7 tempest-AttachVolumeTestJSON-1003824933 tempest-AttachVolumeTestJSON-1003824933-project] Getting quotas for project 3f9255bfaa2e4f329da71a4ac9779813. Resources: {'cores', 'ram', 'instances'} {{(pid=114296) _get_quotas /opt/stack/nova/nova/quota.py:387}}
Oct 18 14:16:23.742312 dv-cinder-813191-2-smb devstack@n-api.service[114296]: DEBUG nova.quota [None req-fa8e5ecb-8190-48df-a9c0-744d5b53d6a7 tempest-AttachVolumeTestJSON-1003824933 tempest-AttachVolumeTestJSON-1003824933-project] Getting quotas for user 34ce962e08ae4601a109ef3a6e0d69f7 and project 3f9255bfaa2e4f329da71a4ac9779813. Resources: {'cores', 'ram', 'instances'} {{(pid=114296) _get_quotas /opt/stack/nova/nova/quota.py:377}}
Oct 18 14:16:23.753963 dv-cinder-813191-2-smb devstack@n-api.service[114296]: DEBUG nova.compute.api [None req-fa8e5ecb-8190-48df-a9c0-744d5b53d6a7 tempest-AttachVolumeTestJSON-1003824933 tempest-AttachVolumeTestJSON-1003824933-project] Going to run 1 instances... {{(pid=114296) _provision_instances /opt/stack/nova/nova/compute/api.py:1350}}
Oct 18 14:16:23.756160 dv-cinder-813191-2-smb devstack@n-api.service[114296]: DEBUG nova.compute.api [None req-fa8e5ecb-8190-48df-a9c0-744d5b53d6a7 tempest-AttachVolumeTestJSON-1003824933 tempest-AttachVolumeTestJSON-1003824933-project] [instance: 313efc9a-491a-4986-a633-c782fc675da8] block_device_mapping [BlockDeviceMapping(attachment_id=,boot_index=0,connection_info=None,created_at=,delete_on_termination=True,deleted=,deleted_at=,destination_type='local',device_name=None,device_type='disk',disk_bus=None,guest_format=None,id=,image_id='fc3863ad-88c3-4493-b31b-e3a221b13700',instance=,instance_uuid=,no_device=False,snapshot_id=None,source_type='image',tag=None,updated_at=,uuid=,volume_id=None,volume_size=None,volume_type=None)] {{(pid=114296) _bdm_validate_set_size_and_instance /opt/stack/nova/nova/compute/api.py:1757}}
Oct 18 14:16:23.810670 dv-cinder-813191-2-smb devstack@n-api.service[114296]: INFO nova.api.openstack.requestlog [None req-fa8e5ecb-8190-48df-a9c0-744d5b53d6a7 tempest-AttachVolumeTestJSON-1003824933 tempest-AttachVolumeTestJSON-1003824933-project] 10.222.0.25 "POST /compute/v2.1/servers" status: 202 len: 401 microversion: 2.1 time: 2.293540
Oct 18 14:16:23.811301 dv-cinder-813191-2-smb devstack@n-api.service[114296]: [pid: 114296|app: 0|req: 23/45] 10.222.0.25 () {60 vars in 1146 bytes} [Mon Oct 18 14:16:21 2021] POST /compute/v2.1/servers => generated 401 bytes in 2297 msecs (HTTP/1.1 202) 10 headers in 451 bytes (1 switches on core 0)
Oct 18 14:16:23.842010 dv-cinder-813191-2-smb devstack@n-api.service[114296]: DEBUG nova.api.openstack.wsgi [None req-1f83e851-b82f-4ce3-88da-d2b34be62e9c tempest-ServerRescueNegativeTestJSON-97754294 tempest-ServerRescueNegativeTestJSON-97754294-project] Calling method '>' {{(pid=114296) _process_stack /opt/stack/nova/nova/api/openstack/wsgi.py:513}}
Oct 18 14:16:23.844620 dv-cinder-813191-2-smb devstack@n-api.service[114296]: DEBUG nova.compute.api [None req-1f83e851-b82f-4ce3-88da-d2b34be62e9c tempest-ServerRescueNegativeTestJSON-97754294 tempest-ServerRescueNegativeTestJSON-97754294-project] [instance: f9f0d691-7d61-414f-8bfd-0c98f0e59dc8] Fetching instance by UUID {{(pid=114296) get /opt/stack/nova/nova/compute/api.py:2863}}
Oct 18 14:16:23.854120 dv-cinder-813191-2-smb devstack@n-api.service[114296]: DEBUG oslo_concurrency.lockutils [None req-1f83e851-b82f-4ce3-88da-d2b34be62e9c tempest-ServerRescueNegativeTestJSON-97754294 tempest-ServerRescueNegativeTestJSON-97754294-project] Lock "19d6f033-46ce-4a2f-ad78-2edd901f3c10" acquired by "nova.context.set_target_cell..get_or_set_cached_cell_and_set_connections" :: waited 0.000s {{(pid=114296) inner /usr/local/lib/python3.8/dist-packages/oslo_concurrency/lockutils.py:355}}
Oct 18 14:16:23.854865 dv-cinder-813191-2-smb devstack@n-api.service[114296]: DEBUG oslo_concurrency.lockutils [None req-1f83e851-b82f-4ce3-88da-d2b34be62e9c tempest-ServerRescueNegativeTestJSON-97754294 tempest-ServerRescueNegativeTestJSON-97754294-project] Lock "19d6f033-46ce-4a2f-ad78-2edd901f3c10" released by "nova.context.set_target_cell..get_or_set_cached_cell_and_set_connections" :: held 0.001s {{(pid=114296) inner /usr/local/lib/python3.8/dist-packages/oslo_concurrency/lockutils.py:367}}
Oct 18 14:16:23.856027 dv-cinder-813191-2-smb devstack@n-api.service[114296]: DEBUG oslo_concurrency.lockutils [None req-1f83e851-b82f-4ce3-88da-d2b34be62e9c tempest-ServerRescueNegativeTestJSON-97754294 tempest-ServerRescueNegativeTestJSON-97754294-project] Lock "19d6f033-46ce-4a2f-ad78-2edd901f3c10" acquired by "nova.context.set_target_cell..get_or_set_cached_cell_and_set_connections" :: waited 0.000s {{(pid=114296) inner /usr/local/lib/python3.8/dist-packages/oslo_concurrency/lockutils.py:355}}
Oct 18 14:16:23.856949 dv-cinder-813191-2-smb devstack@n-api.service[114296]: DEBUG oslo_concurrency.lockutils [None req-1f83e851-b82f-4ce3-88da-d2b34be62e9c tempest-ServerRescueNegativeTestJSON-97754294 tempest-ServerRescueNegativeTestJSON-97754294-project] Lock "19d6f033-46ce-4a2f-ad78-2edd901f3c10" released by "nova.context.set_target_cell..get_or_set_cached_cell_and_set_connections" :: held 0.001s {{(pid=114296) inner /usr/local/lib/python3.8/dist-packages/oslo_concurrency/lockutils.py:367}}
Oct 18 14:16:24.070945 dv-cinder-813191-2-smb devstack@n-api.service[114296]: DEBUG nova.policy [None req-1f83e851-b82f-4ce3-88da-d2b34be62e9c tempest-ServerRescueNegativeTestJSON-97754294 tempest-ServerRescueNegativeTestJSON-97754294-project] Policy check for os_compute_api:os-extended-server-attributes failed with credentials {'is_admin': False, 'user_id': '02852885854a4006a25c439a37070592', 'user_domain_id': 'default', 'system_scope': None, 'domain_id': None, 'project_id': 'bee547e5367c42dcba53f28d48245821', 'project_domain_id': 'default', 'roles': ['reader', 'member'], 'is_admin_project': True, 'service_user_id': None, 'service_user_domain_id': None, 'service_project_id': None, 'service_project_domain_id': None, 'service_roles': []} {{(pid=114296) authorize /opt/stack/nova/nova/policy.py:199}}
Oct 18 14:16:24.079044 dv-cinder-813191-2-smb devstack@n-api.service[114296]: INFO nova.api.openstack.requestlog [None req-1f83e851-b82f-4ce3-88da-d2b34be62e9c tempest-ServerRescueNegativeTestJSON-97754294 tempest-ServerRescueNegativeTestJSON-97754294-project] 10.222.0.25 "GET /compute/v2.1/servers/f9f0d691-7d61-414f-8bfd-0c98f0e59dc8" status: 200 len: 1279 microversion: 2.1 time: 0.265258
Oct 18 14:16:24.082159 dv-cinder-813191-2-smb devstack@n-api.service[114296]: [pid: 114296|app: 0|req: 24/46] 10.222.0.25 () {58 vars in 1235 bytes} [Mon Oct 18 14:16:23 2021] GET /compute/v2.1/servers/f9f0d691-7d61-414f-8bfd-0c98f0e59dc8 => generated 1279 bytes in 270 msecs (HTTP/1.1 200) 9 headers in 358 bytes (1 switches on core 0)
Oct 18 14:16:24.093733 dv-cinder-813191-2-smb devstack@n-api.service[114296]: DEBUG nova.api.openstack.wsgi [req-fa69aa52-f1da-408f-8020-03250c02ad43 req-fdfe1765-91aa-487e-a776-081374d58c6a service nova] Action: 'create', calling method: >, body: {"events": [{"name": "network-changed", "server_uuid": "67c47489-acdc-4d73-9829-3ac9306b3efe", "tag": "8994a82b-ea28-42a6-adc0-ca89edf62026"}]} {{(pid=114296) _process_stack /opt/stack/nova/nova/api/openstack/wsgi.py:511}}
Oct 18 14:16:24.095983 dv-cinder-813191-2-smb devstack@n-api.service[114296]: /usr/local/lib/python3.8/dist-packages/oslo_policy/policy.py:1064: UserWarning: Policy os_compute_api:os-server-external-events:create failed scope check. The token used to make the request was project scoped but the policy requires ['system'] scope. This behavior may change in the future where using the intended scope is required
Oct 18 14:16:24.095983 dv-cinder-813191-2-smb devstack@n-api.service[114296]: warnings.warn(msg)
Oct 18 14:16:24.119840 dv-cinder-813191-2-smb devstack@n-api.service[114294]: DEBUG nova.policy [None req-1c2d22e4-18ab-4281-a91f-a752556d684c tempest-AttachVolumeNegativeTest-1212485873 tempest-AttachVolumeNegativeTest-1212485873-project] Policy check for os_compute_api:os-extended-server-attributes failed with credentials {'is_admin': False, 'user_id': '393460fdc78c45578f79c4e2a0da2a71', 'user_domain_id': 'default', 'system_scope': None, 'domain_id': None, 'project_id': 'b7425dcc4f54486c9ba7b48a1d5b409f', 'project_domain_id': 'default', 'roles': ['reader', 'member'], 'is_admin_project': True, 'service_user_id': None, 'service_user_domain_id': None, 'service_project_id': None, 'service_project_domain_id': None, 'service_roles': []} {{(pid=114294) authorize /opt/stack/nova/nova/policy.py:199}}
Oct 18 14:16:24.127677 dv-cinder-813191-2-smb devstack@n-api.service[114296]: DEBUG oslo_concurrency.lockutils [req-fa69aa52-f1da-408f-8020-03250c02ad43 req-fdfe1765-91aa-487e-a776-081374d58c6a service nova] Lock "19d6f033-46ce-4a2f-ad78-2edd901f3c10" acquired by "nova.context.set_target_cell..get_or_set_cached_cell_and_set_connections" :: waited 0.000s {{(pid=114296) inner /usr/local/lib/python3.8/dist-packages/oslo_concurrency/lockutils.py:355}}
Oct 18 14:16:24.128672 dv-cinder-813191-2-smb devstack@n-api.service[114296]: DEBUG oslo_concurrency.lockutils [req-fa69aa52-f1da-408f-8020-03250c02ad43 req-fdfe1765-91aa-487e-a776-081374d58c6a service nova] Lock "19d6f033-46ce-4a2f-ad78-2edd901f3c10" released by "nova.context.set_target_cell..get_or_set_cached_cell_and_set_connections" :: held 0.001s {{(pid=114296) inner /usr/local/lib/python3.8/dist-packages/oslo_concurrency/lockutils.py:367}}
Oct 18 14:16:24.131542 dv-cinder-813191-2-smb devstack@n-api.service[114294]: INFO nova.api.openstack.requestlog [None req-1c2d22e4-18ab-4281-a91f-a752556d684c tempest-AttachVolumeNegativeTest-1212485873 tempest-AttachVolumeNegativeTest-1212485873-project] 10.222.0.25 "GET /compute/v2.1/servers/27c2d49f-e077-4524-a718-745502f26423" status: 200 len: 1317 microversion: 2.1 time: 0.492631
Oct 18 14:16:24.132179 dv-cinder-813191-2-smb devstack@n-api.service[114294]: [pid: 114294|app: 0|req: 23/47] 10.222.0.25 () {58 vars in 1235 bytes} [Mon Oct 18 14:16:23 2021] GET /compute/v2.1/servers/27c2d49f-e077-4524-a718-745502f26423 => generated 1317 bytes in 494 msecs (HTTP/1.1 200) 9 headers in 358 bytes (1 switches on core 0)
Oct 18 14:16:24.153781 dv-cinder-813191-2-smb devstack@n-api.service[114294]: DEBUG nova.api.openstack.wsgi [None req-d14df148-0b86-4fd4-81ac-68ab1c4075d4 tempest-AttachVolumeTestJSON-1003824933 tempest-AttachVolumeTestJSON-1003824933-project] Calling method '>' {{(pid=114294) _process_stack /opt/stack/nova/nova/api/openstack/wsgi.py:513}}
Oct 18 14:16:24.163645 dv-cinder-813191-2-smb devstack@n-api.service[114294]: DEBUG nova.compute.api [None req-d14df148-0b86-4fd4-81ac-68ab1c4075d4 tempest-AttachVolumeTestJSON-1003824933 tempest-AttachVolumeTestJSON-1003824933-project] [instance: 313efc9a-491a-4986-a633-c782fc675da8] Fetching instance by UUID {{(pid=114294) get /opt/stack/nova/nova/compute/api.py:2863}}
Oct 18 14:16:24.172153 dv-cinder-813191-2-smb devstack@n-api.service[114296]: INFO nova.api.openstack.compute.server_external_events [req-fa69aa52-f1da-408f-8020-03250c02ad43 req-fdfe1765-91aa-487e-a776-081374d58c6a service nova] Creating event network-changed:8994a82b-ea28-42a6-adc0-ca89edf62026 for instance 67c47489-acdc-4d73-9829-3ac9306b3efe on hv-cinder-81319
Oct 18 14:16:24.172664 dv-cinder-813191-2-smb devstack@n-api.service[114296]: DEBUG oslo_concurrency.lockutils [req-fa69aa52-f1da-408f-8020-03250c02ad43 req-fdfe1765-91aa-487e-a776-081374d58c6a service nova] Acquired lock "compute-rpcapi-router" {{(pid=114296) lock /usr/local/lib/python3.8/dist-packages/oslo_concurrency/lockutils.py:266}}
Oct 18 14:16:24.183859 dv-cinder-813191-2-smb devstack@n-api.service[114296]: DEBUG oslo_concurrency.lockutils [None req-b3016c85-2ac2-4fc3-9dc9-a64f46322aaf None None] Lock "00000000-0000-0000-0000-000000000000" acquired by "nova.context.set_target_cell..get_or_set_cached_cell_and_set_connections" :: waited 0.000s {{(pid=114296) inner /usr/local/lib/python3.8/dist-packages/oslo_concurrency/lockutils.py:355}}
Oct 18 14:16:24.184518 dv-cinder-813191-2-smb devstack@n-api.service[114296]: DEBUG oslo_concurrency.lockutils [None req-b3016c85-2ac2-4fc3-9dc9-a64f46322aaf None None] Lock "00000000-0000-0000-0000-000000000000" released by "nova.context.set_target_cell..get_or_set_cached_cell_and_set_connections" :: held 0.011s {{(pid=114296) inner /usr/local/lib/python3.8/dist-packages/oslo_concurrency/lockutils.py:367}}
Oct 18 14:16:24.185573 dv-cinder-813191-2-smb devstack@n-api.service[114296]: DEBUG oslo_concurrency.lockutils [None req-b3016c85-2ac2-4fc3-9dc9-a64f46322aaf None None] Lock "19d6f033-46ce-4a2f-ad78-2edd901f3c10" acquired by "nova.context.set_target_cell..get_or_set_cached_cell_and_set_connections" :: waited 0.000s {{(pid=114296) inner /usr/local/lib/python3.8/dist-packages/oslo_concurrency/lockutils.py:355}}
Oct 18 14:16:24.186156 dv-cinder-813191-2-smb devstack@n-api.service[114296]: DEBUG oslo_concurrency.lockutils [None req-b3016c85-2ac2-4fc3-9dc9-a64f46322aaf None None] Lock "19d6f033-46ce-4a2f-ad78-2edd901f3c10" released by "nova.context.set_target_cell..get_or_set_cached_cell_and_set_connections" :: held 0.001s {{(pid=114296) inner /usr/local/lib/python3.8/dist-packages/oslo_concurrency/lockutils.py:367}}
Oct 18 14:16:24.202059 dv-cinder-813191-2-smb devstack@n-api.service[114296]: INFO nova.compute.rpcapi [None req-b3016c85-2ac2-4fc3-9dc9-a64f46322aaf None None] Automatically selected compute RPC version 6.0 from minimum service version 60
Oct 18 14:16:24.203291 dv-cinder-813191-2-smb devstack@n-api.service[114296]: DEBUG oslo_concurrency.lockutils [None req-b3016c85-2ac2-4fc3-9dc9-a64f46322aaf None None] Releasing lock "compute-rpcapi-router" {{(pid=114296) lock /usr/local/lib/python3.8/dist-packages/oslo_concurrency/lockutils.py:282}}
Oct 18 14:16:24.315245 dv-cinder-813191-2-smb devstack@n-api.service[114296]: INFO nova.api.openstack.requestlog [None req-b3016c85-2ac2-4fc3-9dc9-a64f46322aaf None None] 10.222.0.25 "POST /compute/v2.1/os-server-external-events" status: 200 len: 179 microversion: 2.1 time: 0.230074
Oct 18 14:16:24.316836 dv-cinder-813191-2-smb devstack@n-api.service[114296]: [pid: 114296|app: 0|req: 25/48] 10.222.0.25 () {64 vars in 1317 bytes} [Mon Oct 18 14:16:24 2021] POST /compute/v2.1/os-server-external-events => generated 179 bytes in 234 msecs (HTTP/1.1 200) 9 headers in 357 bytes (1 switches on core 0)
Oct 18 14:16:24.323227 dv-cinder-813191-2-smb devstack@n-api.service[114296]: DEBUG nova.api.openstack.wsgi [None req-305ab726-2204-4a42-b14c-ef6c9526e824 tempest-AttachVolumeShelveTestJSON-158257976 tempest-AttachVolumeShelveTestJSON-158257976-project] Calling method '>' {{(pid=114296) _process_stack /opt/stack/nova/nova/api/openstack/wsgi.py:513}}
Oct 18 14:16:24.324222 dv-cinder-813191-2-smb devstack@n-api.service[114296]: DEBUG nova.compute.api [None req-305ab726-2204-4a42-b14c-ef6c9526e824 tempest-AttachVolumeShelveTestJSON-158257976 tempest-AttachVolumeShelveTestJSON-158257976-project] [instance: d8b3a8bf-fb6b-479e-a509-05a0a295caae] Fetching instance by UUID {{(pid=114296) get /opt/stack/nova/nova/compute/api.py:2863}}
Oct 18 14:16:24.335072 dv-cinder-813191-2-smb devstack@n-api.service[114296]: DEBUG oslo_concurrency.lockutils [None req-305ab726-2204-4a42-b14c-ef6c9526e824 tempest-AttachVolumeShelveTestJSON-158257976 tempest-AttachVolumeShelveTestJSON-158257976-project] Lock "19d6f033-46ce-4a2f-ad78-2edd901f3c10" acquired by "nova.context.set_target_cell..get_or_set_cached_cell_and_set_connections" :: waited 0.000s {{(pid=114296) inner /usr/local/lib/python3.8/dist-packages/oslo_concurrency/lockutils.py:355}}
Oct 18 14:16:24.335522 dv-cinder-813191-2-smb devstack@n-api.service[114296]: DEBUG oslo_concurrency.lockutils [None req-305ab726-2204-4a42-b14c-ef6c9526e824 tempest-AttachVolumeShelveTestJSON-158257976 tempest-AttachVolumeShelveTestJSON-158257976-project] Lock "19d6f033-46ce-4a2f-ad78-2edd901f3c10" released by "nova.context.set_target_cell..get_or_set_cached_cell_and_set_connections" :: held 0.001s {{(pid=114296) inner /usr/local/lib/python3.8/dist-packages/oslo_concurrency/lockutils.py:367}}
Oct 18 14:16:24.336565 dv-cinder-813191-2-smb devstack@n-api.service[114296]: DEBUG oslo_concurrency.lockutils [None req-305ab726-2204-4a42-b14c-ef6c9526e824 tempest-AttachVolumeShelveTestJSON-158257976 tempest-AttachVolumeShelveTestJSON-158257976-project] Lock "19d6f033-46ce-4a2f-ad78-2edd901f3c10" acquired by "nova.context.set_target_cell..get_or_set_cached_cell_and_set_connections" :: waited 0.000s {{(pid=114296) inner /usr/local/lib/python3.8/dist-packages/oslo_concurrency/lockutils.py:355}}
Oct 18 14:16:24.337058 dv-cinder-813191-2-smb devstack@n-api.service[114296]: DEBUG oslo_concurrency.lockutils [None req-305ab726-2204-4a42-b14c-ef6c9526e824 tempest-AttachVolumeShelveTestJSON-158257976 tempest-AttachVolumeShelveTestJSON-158257976-project] Lock "19d6f033-46ce-4a2f-ad78-2edd901f3c10" released by "nova.context.set_target_cell..get_or_set_cached_cell_and_set_connections" :: held 0.000s {{(pid=114296) inner /usr/local/lib/python3.8/dist-packages/oslo_concurrency/lockutils.py:367}}
Oct 18 14:16:24.403484 dv-cinder-813191-2-smb devstack@n-api.service[114294]: DEBUG nova.policy [None req-d14df148-0b86-4fd4-81ac-68ab1c4075d4 tempest-AttachVolumeTestJSON-1003824933 tempest-AttachVolumeTestJSON-1003824933-project] Policy check for os_compute_api:os-extended-server-attributes failed with credentials {'is_admin': False, 'user_id': '34ce962e08ae4601a109ef3a6e0d69f7', 'user_domain_id': 'default', 'system_scope': None, 'domain_id': None, 'project_id': '3f9255bfaa2e4f329da71a4ac9779813', 'project_domain_id': 'default', 'roles': ['reader', 'member'], 'is_admin_project': True, 'service_user_id': None, 'service_user_domain_id': None, 'service_project_id': None, 'service_project_domain_id': None, 'service_roles': []} {{(pid=114294) authorize /opt/stack/nova/nova/policy.py:199}}
Oct 18 14:16:24.417148 dv-cinder-813191-2-smb devstack@n-api.service[114294]: INFO nova.api.openstack.requestlog [None req-d14df148-0b86-4fd4-81ac-68ab1c4075d4 tempest-AttachVolumeTestJSON-1003824933 tempest-AttachVolumeTestJSON-1003824933-project] 10.222.0.25 "GET /compute/v2.1/servers/313efc9a-491a-4986-a633-c782fc675da8" status: 200 len: 1237 microversion: 2.1 time: 0.278308
Oct 18 14:16:24.417797 dv-cinder-813191-2-smb devstack@n-api.service[114294]: [pid: 114294|app: 0|req: 24/49] 10.222.0.25 () {58 vars in 1235 bytes} [Mon Oct 18 14:16:24 2021] GET /compute/v2.1/servers/313efc9a-491a-4986-a633-c782fc675da8 => generated 1237 bytes in 285 msecs (HTTP/1.1 200) 9 headers in 358 bytes (1 switches on core 0)
Oct 18 14:16:24.658285 dv-cinder-813191-2-smb devstack@n-api.service[114294]: DEBUG nova.api.openstack.wsgi [None req-1cd03a28-3f62-4000-aea2-f79aea0005e0 tempest-DeleteServersTestJSON-1212959707 tempest-DeleteServersTestJSON-1212959707-project] Calling method '>' {{(pid=114294) _process_stack /opt/stack/nova/nova/api/openstack/wsgi.py:513}}
Oct 18 14:16:24.659774 dv-cinder-813191-2-smb devstack@n-api.service[114294]: DEBUG nova.compute.api [None req-1cd03a28-3f62-4000-aea2-f79aea0005e0 tempest-DeleteServersTestJSON-1212959707 tempest-DeleteServersTestJSON-1212959707-project] [instance: 163d7eba-7931-437c-8cab-f7dcffb869e5] Fetching instance by UUID {{(pid=114294) get /opt/stack/nova/nova/compute/api.py:2863}}
Oct 18 14:16:24.669462 dv-cinder-813191-2-smb devstack@n-api.service[114294]: DEBUG oslo_concurrency.lockutils [None req-1cd03a28-3f62-4000-aea2-f79aea0005e0 tempest-DeleteServersTestJSON-1212959707 tempest-DeleteServersTestJSON-1212959707-project] Lock "19d6f033-46ce-4a2f-ad78-2edd901f3c10" acquired by "nova.context.set_target_cell..get_or_set_cached_cell_and_set_connections" :: waited 0.000s {{(pid=114294) inner /usr/local/lib/python3.8/dist-packages/oslo_concurrency/lockutils.py:355}}
Oct 18 14:16:24.670189 dv-cinder-813191-2-smb devstack@n-api.service[114294]: DEBUG oslo_concurrency.lockutils [None req-1cd03a28-3f62-4000-aea2-f79aea0005e0 tempest-DeleteServersTestJSON-1212959707 tempest-DeleteServersTestJSON-1212959707-project] Lock "19d6f033-46ce-4a2f-ad78-2edd901f3c10" released by "nova.context.set_target_cell..get_or_set_cached_cell_and_set_connections" :: held 0.001s {{(pid=114294) inner /usr/local/lib/python3.8/dist-packages/oslo_concurrency/lockutils.py:367}}
Oct 18 14:16:24.672628 dv-cinder-813191-2-smb devstack@n-api.service[114294]: DEBUG oslo_concurrency.lockutils [None req-1cd03a28-3f62-4000-aea2-f79aea0005e0 tempest-DeleteServersTestJSON-1212959707 tempest-DeleteServersTestJSON-1212959707-project] Lock "19d6f033-46ce-4a2f-ad78-2edd901f3c10" acquired by "nova.context.set_target_cell..get_or_set_cached_cell_and_set_connections" :: waited 0.000s {{(pid=114294) inner /usr/local/lib/python3.8/dist-packages/oslo_concurrency/lockutils.py:355}}
Oct 18 14:16:24.673229 dv-cinder-813191-2-smb devstack@n-api.service[114294]: DEBUG oslo_concurrency.lockutils [None req-1cd03a28-3f62-4000-aea2-f79aea0005e0 tempest-DeleteServersTestJSON-1212959707 tempest-DeleteServersTestJSON-1212959707-project] Lock "19d6f033-46ce-4a2f-ad78-2edd901f3c10" released by "nova.context.set_target_cell..get_or_set_cached_cell_and_set_connections" :: held 0.001s {{(pid=114294) inner /usr/local/lib/python3.8/dist-packages/oslo_concurrency/lockutils.py:367}}
Oct 18 14:16:24.691692 dv-cinder-813191-2-smb devstack@n-api.service[114296]: DEBUG nova.policy [None req-305ab726-2204-4a42-b14c-ef6c9526e824 tempest-AttachVolumeShelveTestJSON-158257976 tempest-AttachVolumeShelveTestJSON-158257976-project] Policy check for os_compute_api:os-extended-server-attributes failed with credentials {'is_admin': False, 'user_id': 'd0da4eeaf1f541a491df33cb76534cbd', 'user_domain_id': 'default', 'system_scope': None, 'domain_id': None, 'project_id': 'ff6bf0a2eee04ad4882895410f9fbaf8', 'project_domain_id': 'default', 'roles': ['reader', 'member'], 'is_admin_project': True, 'service_user_id': None, 'service_user_domain_id': None, 'service_project_id': None, 'service_project_domain_id': None, 'service_roles': []} {{(pid=114296) authorize /opt/stack/nova/nova/policy.py:199}}
Oct 18 14:16:24.711614 dv-cinder-813191-2-smb devstack@n-api.service[114296]: DEBUG nova.policy [None req-305ab726-2204-4a42-b14c-ef6c9526e824 tempest-AttachVolumeShelveTestJSON-158257976 tempest-AttachVolumeShelveTestJSON-158257976-project] Policy check for os_compute_api:servers:show:host_status failed with credentials {'is_admin': False, 'user_id': 'd0da4eeaf1f541a491df33cb76534cbd', 'user_domain_id': 'default', 'system_scope': None, 'domain_id': None, 'project_id': 'ff6bf0a2eee04ad4882895410f9fbaf8', 'project_domain_id': 'default', 'roles': ['reader', 'member'], 'is_admin_project': True, 'service_user_id': None, 'service_user_domain_id': None, 'service_project_id': None, 'service_project_domain_id': None, 'service_roles': []} {{(pid=114296) authorize /opt/stack/nova/nova/policy.py:199}}
Oct 18 14:16:24.713945 dv-cinder-813191-2-smb devstack@n-api.service[114296]: DEBUG nova.policy [None req-305ab726-2204-4a42-b14c-ef6c9526e824 tempest-AttachVolumeShelveTestJSON-158257976 tempest-AttachVolumeShelveTestJSON-158257976-project] Policy check for os_compute_api:servers:show:host_status:unknown-only failed with credentials {'is_admin': False, 'user_id': 'd0da4eeaf1f541a491df33cb76534cbd', 'user_domain_id': 'default', 'system_scope': None, 'domain_id': None, 'project_id': 'ff6bf0a2eee04ad4882895410f9fbaf8', 'project_domain_id': 'default', 'roles': ['reader', 'member'], 'is_admin_project': True, 'service_user_id': None, 'service_user_domain_id': None, 'service_project_id': None, 'service_project_domain_id': None, 'service_roles': []} {{(pid=114296) authorize /opt/stack/nova/nova/policy.py:199}}
Oct 18 14:16:24.715334 dv-cinder-813191-2-smb devstack@n-api.service[114296]: INFO nova.api.openstack.requestlog [None req-305ab726-2204-4a42-b14c-ef6c9526e824 tempest-AttachVolumeShelveTestJSON-158257976 tempest-AttachVolumeShelveTestJSON-158257976-project] 10.222.0.25 "GET /compute/v2.1/servers/d8b3a8bf-fb6b-479e-a509-05a0a295caae" status: 200 len: 1406 microversion: 2.20 time: 0.397220
Oct 18 14:16:24.716390 dv-cinder-813191-2-smb devstack@n-api.service[114296]: [pid: 114296|app: 0|req: 26/50] 10.222.0.25 () {60 vars in 1276 bytes} [Mon Oct 18 14:16:24 2021] GET /compute/v2.1/servers/d8b3a8bf-fb6b-479e-a509-05a0a295caae => generated 1406 bytes in 399 msecs (HTTP/1.1 200) 9 headers in 360 bytes (1 switches on core 0)
Oct 18 14:16:25.037420 dv-cinder-813191-2-smb devstack@n-api.service[114294]: DEBUG nova.policy [None req-1cd03a28-3f62-4000-aea2-f79aea0005e0 tempest-DeleteServersTestJSON-1212959707 tempest-DeleteServersTestJSON-1212959707-project] Policy check for os_compute_api:os-extended-server-attributes failed with credentials {'is_admin': False, 'user_id': '3d6541d785e9491eac54410f7d0fa758', 'user_domain_id': 'default', 'system_scope': None, 'domain_id': None, 'project_id': '788b32c19a3149e389cbde0a5e3fa0c8', 'project_domain_id': 'default', 'roles': ['reader', 'member'], 'is_admin_project': True, 'service_user_id': None, 'service_user_domain_id': None, 'service_project_id': None, 'service_project_domain_id': None, 'service_roles': []} {{(pid=114294) authorize /opt/stack/nova/nova/policy.py:199}}
Oct 18 14:16:25.046805 dv-cinder-813191-2-smb devstack@n-api.service[114294]: INFO nova.api.openstack.requestlog [None req-1cd03a28-3f62-4000-aea2-f79aea0005e0 tempest-DeleteServersTestJSON-1212959707 tempest-DeleteServersTestJSON-1212959707-project] 10.222.0.25 "GET /compute/v2.1/servers/163d7eba-7931-437c-8cab-f7dcffb869e5" status: 200 len: 1315 microversion: 2.1 time: 0.395761
Oct 18 14:16:25.048098 dv-cinder-813191-2-smb devstack@n-api.service[114294]: [pid: 114294|app: 0|req: 25/51] 10.222.0.25 () {58 vars in 1235 bytes} [Mon Oct 18 14:16:24 2021] GET /compute/v2.1/servers/163d7eba-7931-437c-8cab-f7dcffb869e5 => generated 1315 bytes in 398 msecs (HTTP/1.1 200) 9 headers in 358 bytes (2 switches on core 0)
Oct 18 14:16:25.097895 dv-cinder-813191-2-smb devstack@n-api.service[114296]: DEBUG nova.api.openstack.wsgi [None req-97eda378-fd06-4245-93eb-b51b8e602063 tempest-ServerRescueNegativeTestJSON-97754294 tempest-ServerRescueNegativeTestJSON-97754294-project] Calling method '>' {{(pid=114296) _process_stack /opt/stack/nova/nova/api/openstack/wsgi.py:513}}
Oct 18 14:16:25.098996 dv-cinder-813191-2-smb devstack@n-api.service[114296]: DEBUG nova.compute.api [None req-97eda378-fd06-4245-93eb-b51b8e602063 tempest-ServerRescueNegativeTestJSON-97754294 tempest-ServerRescueNegativeTestJSON-97754294-project] [instance: f9f0d691-7d61-414f-8bfd-0c98f0e59dc8] Fetching instance by UUID {{(pid=114296) get /opt/stack/nova/nova/compute/api.py:2863}}
Oct 18 14:16:25.106216 dv-cinder-813191-2-smb devstack@n-api.service[114296]: DEBUG oslo_concurrency.lockutils [None req-97eda378-fd06-4245-93eb-b51b8e602063 tempest-ServerRescueNegativeTestJSON-97754294 tempest-ServerRescueNegativeTestJSON-97754294-project] Lock "19d6f033-46ce-4a2f-ad78-2edd901f3c10" acquired by "nova.context.set_target_cell..get_or_set_cached_cell_and_set_connections" :: waited 0.000s {{(pid=114296) inner /usr/local/lib/python3.8/dist-packages/oslo_concurrency/lockutils.py:355}}
Oct 18 14:16:25.108671 dv-cinder-813191-2-smb devstack@n-api.service[114296]: DEBUG oslo_concurrency.lockutils [None req-97eda378-fd06-4245-93eb-b51b8e602063 tempest-ServerRescueNegativeTestJSON-97754294 tempest-ServerRescueNegativeTestJSON-97754294-project] Lock "19d6f033-46ce-4a2f-ad78-2edd901f3c10" released by "nova.context.set_target_cell..get_or_set_cached_cell_and_set_connections" :: held 0.003s {{(pid=114296) inner /usr/local/lib/python3.8/dist-packages/oslo_concurrency/lockutils.py:367}}
Oct 18 14:16:25.111049 dv-cinder-813191-2-smb devstack@n-api.service[114296]: DEBUG oslo_concurrency.lockutils [None req-97eda378-fd06-4245-93eb-b51b8e602063 tempest-ServerRescueNegativeTestJSON-97754294 tempest-ServerRescueNegativeTestJSON-97754294-project] Lock "19d6f033-46ce-4a2f-ad78-2edd901f3c10" acquired by "nova.context.set_target_cell..get_or_set_cached_cell_and_set_connections" :: waited 0.000s {{(pid=114296) inner /usr/local/lib/python3.8/dist-packages/oslo_concurrency/lockutils.py:355}}
Oct 18 14:16:25.113456 dv-cinder-813191-2-smb devstack@n-api.service[114296]: DEBUG oslo_concurrency.lockutils [None req-97eda378-fd06-4245-93eb-b51b8e602063 tempest-ServerRescueNegativeTestJSON-97754294 tempest-ServerRescueNegativeTestJSON-97754294-project] Lock "19d6f033-46ce-4a2f-ad78-2edd901f3c10" released by "nova.context.set_target_cell..get_or_set_cached_cell_and_set_connections" :: held 0.001s {{(pid=114296) inner /usr/local/lib/python3.8/dist-packages/oslo_concurrency/lockutils.py:367}}
Oct 18 14:16:25.149580 dv-cinder-813191-2-smb devstack@n-api.service[114294]: DEBUG nova.api.openstack.wsgi [None req-d2fea653-aed7-4805-8a8a-fa2e0c43d047 tempest-AttachVolumeNegativeTest-1212485873 tempest-AttachVolumeNegativeTest-1212485873-project] Calling method '>' {{(pid=114294) _process_stack /opt/stack/nova/nova/api/openstack/wsgi.py:513}}
Oct 18 14:16:25.150256 dv-cinder-813191-2-smb devstack@n-api.service[114294]: DEBUG nova.compute.api [None req-d2fea653-aed7-4805-8a8a-fa2e0c43d047 tempest-AttachVolumeNegativeTest-1212485873 tempest-AttachVolumeNegativeTest-1212485873-project] [instance: 27c2d49f-e077-4524-a718-745502f26423] Fetching instance by UUID {{(pid=114294) get /opt/stack/nova/nova/compute/api.py:2863}}
Oct 18 14:16:25.161119 dv-cinder-813191-2-smb devstack@n-api.service[114294]: DEBUG oslo_concurrency.lockutils [None req-d2fea653-aed7-4805-8a8a-fa2e0c43d047 tempest-AttachVolumeNegativeTest-1212485873 tempest-AttachVolumeNegativeTest-1212485873-project] Lock "19d6f033-46ce-4a2f-ad78-2edd901f3c10" acquired by "nova.context.set_target_cell..get_or_set_cached_cell_and_set_connections" :: waited 0.000s {{(pid=114294) inner /usr/local/lib/python3.8/dist-packages/oslo_concurrency/lockutils.py:355}}
Oct 18 14:16:25.161802 dv-cinder-813191-2-smb devstack@n-api.service[114294]: DEBUG oslo_concurrency.lockutils [None req-d2fea653-aed7-4805-8a8a-fa2e0c43d047 tempest-AttachVolumeNegativeTest-1212485873 tempest-AttachVolumeNegativeTest-1212485873-project] Lock "19d6f033-46ce-4a2f-ad78-2edd901f3c10" released by "nova.context.set_target_cell..get_or_set_cached_cell_and_set_connections" :: held 0.004s {{(pid=114294) inner /usr/local/lib/python3.8/dist-packages/oslo_concurrency/lockutils.py:367}}
Oct 18 14:16:25.166659 dv-cinder-813191-2-smb devstack@n-api.service[114294]: DEBUG oslo_concurrency.lockutils [None req-d2fea653-aed7-4805-8a8a-fa2e0c43d047 tempest-AttachVolumeNegativeTest-1212485873 tempest-AttachVolumeNegativeTest-1212485873-project] Lock "19d6f033-46ce-4a2f-ad78-2edd901f3c10" acquired by "nova.context.set_target_cell..get_or_set_cached_cell_and_set_connections" :: waited 0.000s {{(pid=114294) inner /usr/local/lib/python3.8/dist-packages/oslo_concurrency/lockutils.py:355}}
Oct 18 14:16:25.168730 dv-cinder-813191-2-smb devstack@n-api.service[114294]: DEBUG oslo_concurrency.lockutils [None req-d2fea653-aed7-4805-8a8a-fa2e0c43d047 tempest-AttachVolumeNegativeTest-1212485873 tempest-AttachVolumeNegativeTest-1212485873-project] Lock "19d6f033-46ce-4a2f-ad78-2edd901f3c10" released by "nova.context.set_target_cell..get_or_set_cached_cell_and_set_connections" :: held 0.005s {{(pid=114294) inner /usr/local/lib/python3.8/dist-packages/oslo_concurrency/lockutils.py:367}}
Oct 18 14:16:26.478511 dv-cinder-813191-2-smb devstack@n-api.service[114296]: DEBUG nova.policy [None req-97eda378-fd06-4245-93eb-b51b8e602063 tempest-ServerRescueNegativeTestJSON-97754294 tempest-ServerRescueNegativeTestJSON-97754294-project] Policy check for os_compute_api:os-extended-server-attributes failed with credentials {'is_admin': False, 'user_id': '02852885854a4006a25c439a37070592', 'user_domain_id': 'default', 'system_scope': None, 'domain_id': None, 'project_id': 'bee547e5367c42dcba53f28d48245821', 'project_domain_id': 'default', 'roles': ['reader', 'member'], 'is_admin_project': True, 'service_user_id': None, 'service_user_domain_id': None, 'service_project_id': None, 'service_project_domain_id': None, 'service_roles': []} {{(pid=114296) authorize /opt/stack/nova/nova/policy.py:199}}
Oct 18 14:16:26.495351 dv-cinder-813191-2-smb devstack@n-api.service[114296]: INFO nova.api.openstack.requestlog [None req-97eda378-fd06-4245-93eb-b51b8e602063 tempest-ServerRescueNegativeTestJSON-97754294 tempest-ServerRescueNegativeTestJSON-97754294-project] 10.222.0.25 "GET /compute/v2.1/servers/f9f0d691-7d61-414f-8bfd-0c98f0e59dc8" status: 200 len: 1321 microversion: 2.1 time: 1.401353
Oct 18 14:16:26.507964 dv-cinder-813191-2-smb devstack@n-api.service[114294]: DEBUG nova.policy [None req-d2fea653-aed7-4805-8a8a-fa2e0c43d047 tempest-AttachVolumeNegativeTest-1212485873 tempest-AttachVolumeNegativeTest-1212485873-project] Policy check for os_compute_api:os-extended-server-attributes failed with credentials {'is_admin': False, 'user_id': '393460fdc78c45578f79c4e2a0da2a71', 'user_domain_id': 'default', 'system_scope': None, 'domain_id': None, 'project_id': 'b7425dcc4f54486c9ba7b48a1d5b409f', 'project_domain_id': 'default', 'roles': ['reader', 'member'], 'is_admin_project': True, 'service_user_id': None, 'service_user_domain_id': None, 'service_project_id': None, 'service_project_domain_id': None, 'service_roles': []} {{(pid=114294) authorize /opt/stack/nova/nova/policy.py:199}}
Oct 18 14:16:26.509561 dv-cinder-813191-2-smb devstack@n-api.service[114296]: [pid: 114296|app: 0|req: 27/52] 10.222.0.25 () {58 vars in 1235 bytes} [Mon Oct 18 14:16:25 2021] GET /compute/v2.1/servers/f9f0d691-7d61-414f-8bfd-0c98f0e59dc8 => generated 1321 bytes in 1417 msecs (HTTP/1.1 200) 9 headers in 358 bytes (1 switches on core 0)
Oct 18 14:16:26.516531 dv-cinder-813191-2-smb devstack@n-api.service[114294]: INFO nova.api.openstack.requestlog [None req-d2fea653-aed7-4805-8a8a-fa2e0c43d047 tempest-AttachVolumeNegativeTest-1212485873 tempest-AttachVolumeNegativeTest-1212485873-project] 10.222.0.25 "GET /compute/v2.1/servers/27c2d49f-e077-4524-a718-745502f26423" status: 200 len: 1317 microversion: 2.1 time: 1.370977
Oct 18 14:16:26.517111 dv-cinder-813191-2-smb devstack@n-api.service[114294]: [pid: 114294|app: 0|req: 26/53] 10.222.0.25 () {58 vars in 1235 bytes} [Mon Oct 18 14:16:25 2021] GET /compute/v2.1/servers/27c2d49f-e077-4524-a718-745502f26423 => generated 1317 bytes in 1372 msecs (HTTP/1.1 200) 9 headers in 358 bytes (1 switches on core 0)
Oct 18 14:16:26.519336 dv-cinder-813191-2-smb devstack@n-api.service[114296]: DEBUG nova.api.openstack.wsgi [None req-5a9e8ded-9af2-4f48-aa59-a2f483d08560 tempest-AttachVolumeTestJSON-1003824933 tempest-AttachVolumeTestJSON-1003824933-project] Calling method '>' {{(pid=114296) _process_stack /opt/stack/nova/nova/api/openstack/wsgi.py:513}}
Oct 18 14:16:26.520999 dv-cinder-813191-2-smb devstack@n-api.service[114296]: DEBUG nova.compute.api [None req-5a9e8ded-9af2-4f48-aa59-a2f483d08560 tempest-AttachVolumeTestJSON-1003824933 tempest-AttachVolumeTestJSON-1003824933-project] [instance: 313efc9a-491a-4986-a633-c782fc675da8] Fetching instance by UUID {{(pid=114296) get /opt/stack/nova/nova/compute/api.py:2863}}
Oct 18 14:16:26.531103 dv-cinder-813191-2-smb devstack@n-api.service[114294]: DEBUG nova.api.openstack.wsgi [None req-d944cd98-ed6c-40b0-8505-5d751ae53ed4 tempest-AttachVolumeShelveTestJSON-158257976 tempest-AttachVolumeShelveTestJSON-158257976-project] Calling method '>' {{(pid=114294) _process_stack /opt/stack/nova/nova/api/openstack/wsgi.py:513}}
Oct 18 14:16:26.531719 dv-cinder-813191-2-smb devstack@n-api.service[114294]: DEBUG nova.compute.api [None req-d944cd98-ed6c-40b0-8505-5d751ae53ed4 tempest-AttachVolumeShelveTestJSON-158257976 tempest-AttachVolumeShelveTestJSON-158257976-project] [instance: d8b3a8bf-fb6b-479e-a509-05a0a295caae] Fetching instance by UUID {{(pid=114294) get /opt/stack/nova/nova/compute/api.py:2863}}
Oct 18 14:16:26.535601 dv-cinder-813191-2-smb devstack@n-api.service[114296]: DEBUG oslo_concurrency.lockutils [None req-5a9e8ded-9af2-4f48-aa59-a2f483d08560 tempest-AttachVolumeTestJSON-1003824933 tempest-AttachVolumeTestJSON-1003824933-project] Lock "19d6f033-46ce-4a2f-ad78-2edd901f3c10" acquired by "nova.context.set_target_cell..get_or_set_cached_cell_and_set_connections" :: waited 0.000s {{(pid=114296) inner /usr/local/lib/python3.8/dist-packages/oslo_concurrency/lockutils.py:355}}
Oct 18 14:16:26.536363 dv-cinder-813191-2-smb devstack@n-api.service[114296]: DEBUG oslo_concurrency.lockutils [None req-5a9e8ded-9af2-4f48-aa59-a2f483d08560 tempest-AttachVolumeTestJSON-1003824933 tempest-AttachVolumeTestJSON-1003824933-project] Lock "19d6f033-46ce-4a2f-ad78-2edd901f3c10" released by "nova.context.set_target_cell..get_or_set_cached_cell_and_set_connections" :: held 0.001s {{(pid=114296) inner /usr/local/lib/python3.8/dist-packages/oslo_concurrency/lockutils.py:367}}
Oct 18 14:16:26.537410 dv-cinder-813191-2-smb devstack@n-api.service[114296]: DEBUG oslo_concurrency.lockutils [None req-5a9e8ded-9af2-4f48-aa59-a2f483d08560 tempest-AttachVolumeTestJSON-1003824933 tempest-AttachVolumeTestJSON-1003824933-project] Lock "19d6f033-46ce-4a2f-ad78-2edd901f3c10" acquired by "nova.context.set_target_cell..get_or_set_cached_cell_and_set_connections" :: waited 0.000s {{(pid=114296) inner /usr/local/lib/python3.8/dist-packages/oslo_concurrency/lockutils.py:355}}
Oct 18 14:16:26.538128 dv-cinder-813191-2-smb devstack@n-api.service[114296]: DEBUG oslo_concurrency.lockutils [None req-5a9e8ded-9af2-4f48-aa59-a2f483d08560 tempest-AttachVolumeTestJSON-1003824933 tempest-AttachVolumeTestJSON-1003824933-project] Lock "19d6f033-46ce-4a2f-ad78-2edd901f3c10" released by "nova.context.set_target_cell..get_or_set_cached_cell_and_set_connections" :: held 0.001s {{(pid=114296) inner /usr/local/lib/python3.8/dist-packages/oslo_concurrency/lockutils.py:367}}
Oct 18 14:16:26.544035 dv-cinder-813191-2-smb devstack@n-api.service[114294]: DEBUG oslo_concurrency.lockutils [None req-d944cd98-ed6c-40b0-8505-5d751ae53ed4 tempest-AttachVolumeShelveTestJSON-158257976 tempest-AttachVolumeShelveTestJSON-158257976-project] Lock "19d6f033-46ce-4a2f-ad78-2edd901f3c10" acquired by "nova.context.set_target_cell..get_or_set_cached_cell_and_set_connections" :: waited 0.000s {{(pid=114294) inner /usr/local/lib/python3.8/dist-packages/oslo_concurrency/lockutils.py:355}}
Oct 18 14:16:26.544259 dv-cinder-813191-2-smb devstack@n-api.service[114294]: DEBUG oslo_concurrency.lockutils [None req-d944cd98-ed6c-40b0-8505-5d751ae53ed4 tempest-AttachVolumeShelveTestJSON-158257976 tempest-AttachVolumeShelveTestJSON-158257976-project] Lock "19d6f033-46ce-4a2f-ad78-2edd901f3c10" released by "nova.context.set_target_cell..get_or_set_cached_cell_and_set_connections" :: held 0.001s {{(pid=114294) inner /usr/local/lib/python3.8/dist-packages/oslo_concurrency/lockutils.py:367}}
Oct 18 14:16:26.546745 dv-cinder-813191-2-smb devstack@n-api.service[114294]: DEBUG oslo_concurrency.lockutils [None req-d944cd98-ed6c-40b0-8505-5d751ae53ed4 tempest-AttachVolumeShelveTestJSON-158257976 tempest-AttachVolumeShelveTestJSON-158257976-project] Lock "19d6f033-46ce-4a2f-ad78-2edd901f3c10" acquired by "nova.context.set_target_cell..get_or_set_cached_cell_and_set_connections" :: waited 0.000s {{(pid=114294) inner /usr/local/lib/python3.8/dist-packages/oslo_concurrency/lockutils.py:355}}
Oct 18 14:16:26.551316 dv-cinder-813191-2-smb devstack@n-api.service[114294]: DEBUG oslo_concurrency.lockutils [None req-d944cd98-ed6c-40b0-8505-5d751ae53ed4 tempest-AttachVolumeShelveTestJSON-158257976 tempest-AttachVolumeShelveTestJSON-158257976-project] Lock "19d6f033-46ce-4a2f-ad78-2edd901f3c10" released by "nova.context.set_target_cell..get_or_set_cached_cell_and_set_connections" :: held 0.004s {{(pid=114294) inner /usr/local/lib/python3.8/dist-packages/oslo_concurrency/lockutils.py:367}}
Oct 18 14:16:26.707260 dv-cinder-813191-2-smb devstack@n-api.service[114296]: DEBUG nova.policy [None req-5a9e8ded-9af2-4f48-aa59-a2f483d08560 tempest-AttachVolumeTestJSON-1003824933 tempest-AttachVolumeTestJSON-1003824933-project] Policy check for os_compute_api:os-extended-server-attributes failed with credentials {'is_admin': False, 'user_id': '34ce962e08ae4601a109ef3a6e0d69f7', 'user_domain_id': 'default', 'system_scope': None, 'domain_id': None, 'project_id': '3f9255bfaa2e4f329da71a4ac9779813', 'project_domain_id': 'default', 'roles': ['reader', 'member'], 'is_admin_project': True, 'service_user_id': None, 'service_user_domain_id': None, 'service_project_id': None, 'service_project_domain_id': None, 'service_roles': []} {{(pid=114296) authorize /opt/stack/nova/nova/policy.py:199}}
Oct 18 14:16:26.715979 dv-cinder-813191-2-smb devstack@n-api.service[114296]: INFO nova.api.openstack.requestlog [None req-5a9e8ded-9af2-4f48-aa59-a2f483d08560 tempest-AttachVolumeTestJSON-1003824933 tempest-AttachVolumeTestJSON-1003824933-project] 10.222.0.25 "GET /compute/v2.1/servers/313efc9a-491a-4986-a633-c782fc675da8" status: 200 len: 1295 microversion: 2.1 time: 0.203983
Oct 18 14:16:26.717820 dv-cinder-813191-2-smb devstack@n-api.service[114296]: [pid: 114296|app: 0|req: 28/54] 10.222.0.25 () {58 vars in 1235 bytes} [Mon Oct 18 14:16:26 2021] GET /compute/v2.1/servers/313efc9a-491a-4986-a633-c782fc675da8 => generated 1295 bytes in 207 msecs (HTTP/1.1 200) 9 headers in 358 bytes (1 switches on core 0)
Oct 18 14:16:26.735138 dv-cinder-813191-2-smb devstack@n-api.service[114296]: DEBUG nova.api.openstack.wsgi [req-7fa7fe42-2f5a-4cd8-9ac1-46329f080503 req-ae41ffb0-a02d-4c85-acda-c610d2b95e59 service nova] Action: 'create', calling method: >, body: {"events": [{"name": "network-changed", "server_uuid": "d8b3a8bf-fb6b-479e-a509-05a0a295caae", "tag": "f0d9e713-e113-45fe-a598-51276090e15e"}]} {{(pid=114296) _process_stack /opt/stack/nova/nova/api/openstack/wsgi.py:511}}
Oct 18 14:16:26.738026 dv-cinder-813191-2-smb devstack@n-api.service[114296]: /usr/local/lib/python3.8/dist-packages/oslo_policy/policy.py:1064: UserWarning: Policy os_compute_api:os-server-external-events:create failed scope check. The token used to make the request was project scoped but the policy requires ['system'] scope. This behavior may change in the future where using the intended scope is required
Oct 18 14:16:26.738026 dv-cinder-813191-2-smb devstack@n-api.service[114296]: warnings.warn(msg)
Oct 18 14:16:26.746986 dv-cinder-813191-2-smb devstack@n-api.service[114296]: DEBUG oslo_concurrency.lockutils [req-7fa7fe42-2f5a-4cd8-9ac1-46329f080503 req-ae41ffb0-a02d-4c85-acda-c610d2b95e59 service nova] Lock "19d6f033-46ce-4a2f-ad78-2edd901f3c10" acquired by "nova.context.set_target_cell..get_or_set_cached_cell_and_set_connections" :: waited 0.000s {{(pid=114296) inner /usr/local/lib/python3.8/dist-packages/oslo_concurrency/lockutils.py:355}}
