Jun 03 09:04:33.713208 dv-cinder-812685-8-smb devstack@n-api.service[117812]: DEBUG oslo_concurrency.lockutils [None req-4ab59f3b-fcfa-4d3b-8f04-279750e8830b tempest-DeleteServersTestJSON-1884644839 tempest-DeleteServersTestJSON-1884644839-project] Lock "e7cdfd51-cf67-44e1-aba2-2633adb7073d" acquired by "nova.context.set_target_cell.<locals>.get_or_set_cached_cell_and_set_connections" :: waited 0.000s {{(pid=117812) inner /usr/local/lib/python3.8/dist-packages/oslo_concurrency/lockutils.py:386}}
Jun 03 09:04:33.713653 dv-cinder-812685-8-smb devstack@n-api.service[117812]: DEBUG oslo_concurrency.lockutils [None req-4ab59f3b-fcfa-4d3b-8f04-279750e8830b tempest-DeleteServersTestJSON-1884644839 tempest-DeleteServersTestJSON-1884644839-project] Lock "e7cdfd51-cf67-44e1-aba2-2633adb7073d" "released" by "nova.context.set_target_cell.<locals>.get_or_set_cached_cell_and_set_connections" :: held 0.001s {{(pid=117812) inner /usr/local/lib/python3.8/dist-packages/oslo_concurrency/lockutils.py:400}}
Jun 03 09:04:33.775026 dv-cinder-812685-8-smb devstack@n-api.service[117811]: DEBUG nova.api.openstack.wsgi [None req-df5a5eba-7e7b-416f-b73a-e29958b35671 tempest-AttachVolumeShelveTestJSON-1800667594 tempest-AttachVolumeShelveTestJSON-1800667594-project] Calling method '<bound method ServersController.show of <nova.api.openstack.compute.servers.ServersController object at 0x7f7029c09be0>>' {{(pid=117811) _process_stack /opt/stack/nova/nova/api/openstack/wsgi.py:513}}
Jun 03 09:04:33.777005 dv-cinder-812685-8-smb devstack@n-api.service[117811]: DEBUG nova.compute.api [None req-df5a5eba-7e7b-416f-b73a-e29958b35671 tempest-AttachVolumeShelveTestJSON-1800667594 tempest-AttachVolumeShelveTestJSON-1800667594-project] [instance: 31fb0436-af0d-43f3-8c2e-8792208bf320] Fetching instance by UUID {{(pid=117811) get /opt/stack/nova/nova/compute/api.py:2920}}
Jun 03 09:04:33.795006 dv-cinder-812685-8-smb devstack@n-api.service[117811]: DEBUG oslo_concurrency.lockutils [None req-df5a5eba-7e7b-416f-b73a-e29958b35671 tempest-AttachVolumeShelveTestJSON-1800667594 tempest-AttachVolumeShelveTestJSON-1800667594-project] Lock "e7cdfd51-cf67-44e1-aba2-2633adb7073d" acquired by "nova.context.set_target_cell.<locals>.get_or_set_cached_cell_and_set_connections" :: waited 0.001s {{(pid=117811) inner /usr/local/lib/python3.8/dist-packages/oslo_concurrency/lockutils.py:386}}
Jun 03 09:04:33.797020 dv-cinder-812685-8-smb devstack@n-api.service[117811]: DEBUG oslo_concurrency.lockutils [None req-df5a5eba-7e7b-416f-b73a-e29958b35671 tempest-AttachVolumeShelveTestJSON-1800667594 tempest-AttachVolumeShelveTestJSON-1800667594-project] Lock "e7cdfd51-cf67-44e1-aba2-2633adb7073d" "released" by "nova.context.set_target_cell.<locals>.get_or_set_cached_cell_and_set_connections" :: held 0.002s {{(pid=117811) inner /usr/local/lib/python3.8/dist-packages/oslo_concurrency/lockutils.py:400}}
Jun 03 09:04:33.809247 dv-cinder-812685-8-smb devstack@n-api.service[117811]: DEBUG oslo_concurrency.lockutils [None req-df5a5eba-7e7b-416f-b73a-e29958b35671 tempest-AttachVolumeShelveTestJSON-1800667594 tempest-AttachVolumeShelveTestJSON-1800667594-project] Lock "e7cdfd51-cf67-44e1-aba2-2633adb7073d" acquired by "nova.context.set_target_cell.<locals>.get_or_set_cached_cell_and_set_connections" :: waited 0.000s {{(pid=117811) inner /usr/local/lib/python3.8/dist-packages/oslo_concurrency/lockutils.py:386}}
Jun 03 09:04:33.810363 dv-cinder-812685-8-smb devstack@n-api.service[117811]: DEBUG oslo_concurrency.lockutils [None req-df5a5eba-7e7b-416f-b73a-e29958b35671 tempest-AttachVolumeShelveTestJSON-1800667594 tempest-AttachVolumeShelveTestJSON-1800667594-project] Lock "e7cdfd51-cf67-44e1-aba2-2633adb7073d" "released" by "nova.context.set_target_cell.<locals>.get_or_set_cached_cell_and_set_connections" :: held 0.001s {{(pid=117811) inner /usr/local/lib/python3.8/dist-packages/oslo_concurrency/lockutils.py:400}}
Jun 03 09:04:33.980533 dv-cinder-812685-8-smb devstack@n-api.service[117812]: DEBUG nova.policy [None req-4ab59f3b-fcfa-4d3b-8f04-279750e8830b tempest-DeleteServersTestJSON-1884644839 tempest-DeleteServersTestJSON-1884644839-project] Policy check for os_compute_api:os-extended-server-attributes failed with credentials {'is_admin': False, 'user_id': '990e1e438c4d4b9ea72bad7f9e629148', 'user_domain_id': 'default', 'system_scope': None, 'domain_id': None, 'project_id': '7c9c443b728d4d87978a732e61ea106c', 'project_domain_id': 'default', 'roles': ['reader', 'member'], 'is_admin_project': True, 'service_user_id': None, 'service_user_domain_id': None, 'service_project_id': None, 'service_project_domain_id': None, 'service_roles': []} {{(pid=117812) authorize /opt/stack/nova/nova/policy.py:199}}
Jun 03 09:04:33.995912 dv-cinder-812685-8-smb devstack@n-api.service[117812]: INFO nova.api.openstack.requestlog [None req-4ab59f3b-fcfa-4d3b-8f04-279750e8830b tempest-DeleteServersTestJSON-1884644839 tempest-DeleteServersTestJSON-1884644839-project] 10.222.0.39 "GET /compute/v2.1/servers/154709c7-b53e-45e1-8bd2-dc99344c93e0" status: 200 len: 1315 microversion: 2.1 time: 0.300661
Jun 03 09:04:33.996607 dv-cinder-812685-8-smb devstack@n-api.service[117812]: [pid: 117812|app: 0|req: 35/61] 10.222.0.39 () {58 vars in 1235 bytes} [Fri Jun  3 09:04:33 2022] GET /compute/v2.1/servers/154709c7-b53e-45e1-8bd2-dc99344c93e0 => generated 1315 bytes in 303 msecs (HTTP/1.1 200) 9 headers in 358 bytes (1 switches on core 0)
Jun 03 09:04:34.084318 dv-cinder-812685-8-smb devstack@n-api.service[117811]: DEBUG nova.policy [None req-df5a5eba-7e7b-416f-b73a-e29958b35671 tempest-AttachVolumeShelveTestJSON-1800667594 tempest-AttachVolumeShelveTestJSON-1800667594-project] Policy check for os_compute_api:os-extended-server-attributes failed with credentials {'is_admin': False, 'user_id': '21007c49a294421db9d805709f46f856', 'user_domain_id': 'default', 'system_scope': None, 'domain_id': None, 'project_id': '612bf3f1d57044c9ba3e088c43750e02', 'project_domain_id': 'default', 'roles': ['reader', 'member'], 'is_admin_project': True, 'service_user_id': None, 'service_user_domain_id': None, 'service_project_id': None, 'service_project_domain_id': None, 'service_roles': []} {{(pid=117811) authorize /opt/stack/nova/nova/policy.py:199}}
Jun 03 09:04:34.093554 dv-cinder-812685-8-smb devstack@n-api.service[117811]: DEBUG nova.policy [None req-df5a5eba-7e7b-416f-b73a-e29958b35671 tempest-AttachVolumeShelveTestJSON-1800667594 tempest-AttachVolumeShelveTestJSON-1800667594-project] Policy check for os_compute_api:servers:show:host_status failed with credentials {'is_admin': False, 'user_id': '21007c49a294421db9d805709f46f856', 'user_domain_id': 'default', 'system_scope': None, 'domain_id': None, 'project_id': '612bf3f1d57044c9ba3e088c43750e02', 'project_domain_id': 'default', 'roles': ['reader', 'member'], 'is_admin_project': True, 'service_user_id': None, 'service_user_domain_id': None, 'service_project_id': None, 'service_project_domain_id': None, 'service_roles': []} {{(pid=117811) authorize /opt/stack/nova/nova/policy.py:199}}
Jun 03 09:04:34.099192 dv-cinder-812685-8-smb devstack@n-api.service[117811]: DEBUG nova.policy [None req-df5a5eba-7e7b-416f-b73a-e29958b35671 tempest-AttachVolumeShelveTestJSON-1800667594 tempest-AttachVolumeShelveTestJSON-1800667594-project] Policy check for os_compute_api:servers:show:host_status:unknown-only failed with credentials {'is_admin': False, 'user_id': '21007c49a294421db9d805709f46f856', 'user_domain_id': 'default', 'system_scope': None, 'domain_id': None, 'project_id': '612bf3f1d57044c9ba3e088c43750e02', 'project_domain_id': 'default', 'roles': ['reader', 'member'], 'is_admin_project': True, 'service_user_id': None, 'service_user_domain_id': None, 'service_project_id': None, 'service_project_domain_id': None, 'service_roles': []} {{(pid=117811) authorize /opt/stack/nova/nova/policy.py:199}}
Jun 03 09:04:34.105935 dv-cinder-812685-8-smb devstack@n-api.service[117811]: INFO nova.api.openstack.requestlog [None req-df5a5eba-7e7b-416f-b73a-e29958b35671 tempest-AttachVolumeShelveTestJSON-1800667594 tempest-AttachVolumeShelveTestJSON-1800667594-project] 10.222.0.39 "GET /compute/v2.1/servers/31fb0436-af0d-43f3-8c2e-8792208bf320" status: 200 len: 1405 microversion: 2.20 time: 0.337466
Jun 03 09:04:34.106667 dv-cinder-812685-8-smb devstack@n-api.service[117811]: [pid: 117811|app: 0|req: 27/62] 10.222.0.39 () {60 vars in 1276 bytes} [Fri Jun  3 09:04:33 2022] GET /compute/v2.1/servers/31fb0436-af0d-43f3-8c2e-8792208bf320 => generated 1405 bytes in 340 msecs (HTTP/1.1 200) 9 headers in 360 bytes (1 switches on core 0)
Jun 03 09:04:34.513245 dv-cinder-812685-8-smb devstack@n-api.service[117812]: DEBUG nova.api.openstack.wsgi [None req-abf91a6f-32ce-4cee-8f5b-cf9e89940689 tempest-ServerRescueNegativeTestJSON-406009352 tempest-ServerRescueNegativeTestJSON-406009352-project] Calling method '<bound method ServersController.show of <nova.api.openstack.compute.servers.ServersController object at 0x7f7029c09c10>>' {{(pid=117812) _process_stack /opt/stack/nova/nova/api/openstack/wsgi.py:513}}
Jun 03 09:04:34.513979 dv-cinder-812685-8-smb devstack@n-api.service[117812]: DEBUG nova.compute.api [None req-abf91a6f-32ce-4cee-8f5b-cf9e89940689 tempest-ServerRescueNegativeTestJSON-406009352 tempest-ServerRescueNegativeTestJSON-406009352-project] [instance: 2da11f25-e6d6-4098-984d-6303807de242] Fetching instance by UUID {{(pid=117812) get /opt/stack/nova/nova/compute/api.py:2920}}
Jun 03 09:04:34.528360 dv-cinder-812685-8-smb devstack@n-api.service[117812]: DEBUG oslo_concurrency.lockutils [None req-abf91a6f-32ce-4cee-8f5b-cf9e89940689 tempest-ServerRescueNegativeTestJSON-406009352 tempest-ServerRescueNegativeTestJSON-406009352-project] Lock "e7cdfd51-cf67-44e1-aba2-2633adb7073d" acquired by "nova.context.set_target_cell.<locals>.get_or_set_cached_cell_and_set_connections" :: waited 0.000s {{(pid=117812) inner /usr/local/lib/python3.8/dist-packages/oslo_concurrency/lockutils.py:386}}
Jun 03 09:04:34.530701 dv-cinder-812685-8-smb devstack@n-api.service[117812]: DEBUG oslo_concurrency.lockutils [None req-abf91a6f-32ce-4cee-8f5b-cf9e89940689 tempest-ServerRescueNegativeTestJSON-406009352 tempest-ServerRescueNegativeTestJSON-406009352-project] Lock "e7cdfd51-cf67-44e1-aba2-2633adb7073d" "released" by "nova.context.set_target_cell.<locals>.get_or_set_cached_cell_and_set_connections" :: held 0.001s {{(pid=117812) inner /usr/local/lib/python3.8/dist-packages/oslo_concurrency/lockutils.py:400}}
Jun 03 09:04:34.534646 dv-cinder-812685-8-smb devstack@n-api.service[117812]: DEBUG oslo_concurrency.lockutils [None req-abf91a6f-32ce-4cee-8f5b-cf9e89940689 tempest-ServerRescueNegativeTestJSON-406009352 tempest-ServerRescueNegativeTestJSON-406009352-project] Lock "e7cdfd51-cf67-44e1-aba2-2633adb7073d" acquired by "nova.context.set_target_cell.<locals>.get_or_set_cached_cell_and_set_connections" :: waited 0.000s {{(pid=117812) inner /usr/local/lib/python3.8/dist-packages/oslo_concurrency/lockutils.py:386}}
Jun 03 09:04:34.535837 dv-cinder-812685-8-smb devstack@n-api.service[117812]: DEBUG oslo_concurrency.lockutils [None req-abf91a6f-32ce-4cee-8f5b-cf9e89940689 tempest-ServerRescueNegativeTestJSON-406009352 tempest-ServerRescueNegativeTestJSON-406009352-project] Lock "e7cdfd51-cf67-44e1-aba2-2633adb7073d" "released" by "nova.context.set_target_cell.<locals>.get_or_set_cached_cell_and_set_connections" :: held 0.003s {{(pid=117812) inner /usr/local/lib/python3.8/dist-packages/oslo_concurrency/lockutils.py:400}}
Jun 03 09:04:34.628283 dv-cinder-812685-8-smb devstack@n-api.service[117812]: DEBUG dbcounter [-] [117812] Writing DB stats nova_cell0:SELECT=2 {{(pid=117812) stat_writer /usr/local/lib/python3.8/dist-packages/dbcounter.py:114}}
Jun 03 09:04:34.838493 dv-cinder-812685-8-smb devstack@n-api.service[117811]: DEBUG dbcounter [-] [117811] Writing DB stats nova_cell0:SELECT=6 {{(pid=117811) stat_writer /usr/local/lib/python3.8/dist-packages/dbcounter.py:114}}
Jun 03 09:04:35.101870 dv-cinder-812685-8-smb devstack@n-api.service[117812]: DEBUG nova.policy [None req-abf91a6f-32ce-4cee-8f5b-cf9e89940689 tempest-ServerRescueNegativeTestJSON-406009352 tempest-ServerRescueNegativeTestJSON-406009352-project] Policy check for os_compute_api:os-extended-server-attributes failed with credentials {'is_admin': False, 'user_id': 'edaa47fa754147f78b59c5e8f5685411', 'user_domain_id': 'default', 'system_scope': None, 'domain_id': None, 'project_id': 'bbea44fbcbfa4f508faf4cad8af3822c', 'project_domain_id': 'default', 'roles': ['reader', 'member'], 'is_admin_project': True, 'service_user_id': None, 'service_user_domain_id': None, 'service_project_id': None, 'service_project_domain_id': None, 'service_roles': []} {{(pid=117812) authorize /opt/stack/nova/nova/policy.py:199}}
Jun 03 09:04:35.115317 dv-cinder-812685-8-smb devstack@n-api.service[117812]: INFO nova.api.openstack.requestlog [None req-abf91a6f-32ce-4cee-8f5b-cf9e89940689 tempest-ServerRescueNegativeTestJSON-406009352 tempest-ServerRescueNegativeTestJSON-406009352-project] 10.222.0.39 "GET /compute/v2.1/servers/2da11f25-e6d6-4098-984d-6303807de242" status: 200 len: 1321 microversion: 2.1 time: 0.607813
Jun 03 09:04:35.118841 dv-cinder-812685-8-smb devstack@n-api.service[117812]: [pid: 117812|app: 0|req: 36/63] 10.222.0.39 () {58 vars in 1235 bytes} [Fri Jun  3 09:04:34 2022] GET /compute/v2.1/servers/2da11f25-e6d6-4098-984d-6303807de242 => generated 1321 bytes in 613 msecs (HTTP/1.1 200) 9 headers in 358 bytes (1 switches on core 0)
Jun 03 09:04:35.130615 dv-cinder-812685-8-smb devstack@n-api.service[117811]: DEBUG nova.api.openstack.wsgi [req-983ed640-208a-47c8-afe9-f169bb1c214a req-3587d38b-f6dd-47c3-b89d-2755918633fd service nova] Action: 'create', calling method: <bound method ServerExternalEventsController.create of <nova.api.openstack.compute.server_external_events.ServerExternalEventsController object at 0x7f7029d0d2b0>>, body: {"events": [{"server_uuid": "154709c7-b53e-45e1-8bd2-dc99344c93e0", "name": "network-vif-plugged", "status": "completed", "tag": "e2d3bbf6-f63c-43f2-86ec-50eb13379b7e"}]} {{(pid=117811) _process_stack /opt/stack/nova/nova/api/openstack/wsgi.py:511}}
Jun 03 09:04:35.166850 dv-cinder-812685-8-smb devstack@n-api.service[117812]: DEBUG nova.api.openstack.wsgi [None req-bb33e827-7faf-4375-8597-558b7da3501f tempest-DeleteServersTestJSON-1884644839 tempest-DeleteServersTestJSON-1884644839-project] Calling method '<bound method ServersController.show of <nova.api.openstack.compute.servers.ServersController object at 0x7f7029c09c10>>' {{(pid=117812) _process_stack /opt/stack/nova/nova/api/openstack/wsgi.py:513}}
Jun 03 09:04:35.170290 dv-cinder-812685-8-smb devstack@n-api.service[117812]: DEBUG nova.compute.api [None req-bb33e827-7faf-4375-8597-558b7da3501f tempest-DeleteServersTestJSON-1884644839 tempest-DeleteServersTestJSON-1884644839-project] [instance: 154709c7-b53e-45e1-8bd2-dc99344c93e0] Fetching instance by UUID {{(pid=117812) get /opt/stack/nova/nova/compute/api.py:2920}}
Jun 03 09:04:35.194377 dv-cinder-812685-8-smb devstack@n-api.service[117811]: DEBUG oslo_concurrency.lockutils [req-983ed640-208a-47c8-afe9-f169bb1c214a req-3587d38b-f6dd-47c3-b89d-2755918633fd service nova] Lock "e7cdfd51-cf67-44e1-aba2-2633adb7073d" acquired by "nova.context.set_target_cell.<locals>.get_or_set_cached_cell_and_set_connections" :: waited 0.000s {{(pid=117811) inner /usr/local/lib/python3.8/dist-packages/oslo_concurrency/lockutils.py:386}}
Jun 03 09:04:35.195371 dv-cinder-812685-8-smb devstack@n-api.service[117811]: DEBUG oslo_concurrency.lockutils [req-983ed640-208a-47c8-afe9-f169bb1c214a req-3587d38b-f6dd-47c3-b89d-2755918633fd service nova] Lock "e7cdfd51-cf67-44e1-aba2-2633adb7073d" "released" by "nova.context.set_target_cell.<locals>.get_or_set_cached_cell_and_set_connections" :: held 0.001s {{(pid=117811) inner /usr/local/lib/python3.8/dist-packages/oslo_concurrency/lockutils.py:400}}
Jun 03 09:04:35.207351 dv-cinder-812685-8-smb devstack@n-api.service[117812]: DEBUG oslo_concurrency.lockutils [None req-bb33e827-7faf-4375-8597-558b7da3501f tempest-DeleteServersTestJSON-1884644839 tempest-DeleteServersTestJSON-1884644839-project] Lock "e7cdfd51-cf67-44e1-aba2-2633adb7073d" acquired by "nova.context.set_target_cell.<locals>.get_or_set_cached_cell_and_set_connections" :: waited 0.000s {{(pid=117812) inner /usr/local/lib/python3.8/dist-packages/oslo_concurrency/lockutils.py:386}}
Jun 03 09:04:35.207777 dv-cinder-812685-8-smb devstack@n-api.service[117812]: DEBUG oslo_concurrency.lockutils [None req-bb33e827-7faf-4375-8597-558b7da3501f tempest-DeleteServersTestJSON-1884644839 tempest-DeleteServersTestJSON-1884644839-project] Lock "e7cdfd51-cf67-44e1-aba2-2633adb7073d" "released" by "nova.context.set_target_cell.<locals>.get_or_set_cached_cell_and_set_connections" :: held 0.001s {{(pid=117812) inner /usr/local/lib/python3.8/dist-packages/oslo_concurrency/lockutils.py:400}}
Jun 03 09:04:35.208534 dv-cinder-812685-8-smb devstack@n-api.service[117812]: DEBUG oslo_concurrency.lockutils [None req-bb33e827-7faf-4375-8597-558b7da3501f tempest-DeleteServersTestJSON-1884644839 tempest-DeleteServersTestJSON-1884644839-project] Lock "e7cdfd51-cf67-44e1-aba2-2633adb7073d" acquired by "nova.context.set_target_cell.<locals>.get_or_set_cached_cell_and_set_connections" :: waited 0.000s {{(pid=117812) inner /usr/local/lib/python3.8/dist-packages/oslo_concurrency/lockutils.py:386}}
Jun 03 09:04:35.217133 dv-cinder-812685-8-smb devstack@n-api.service[117812]: DEBUG oslo_concurrency.lockutils [None req-bb33e827-7faf-4375-8597-558b7da3501f tempest-DeleteServersTestJSON-1884644839 tempest-DeleteServersTestJSON-1884644839-project] Lock "e7cdfd51-cf67-44e1-aba2-2633adb7073d" "released" by "nova.context.set_target_cell.<locals>.get_or_set_cached_cell_and_set_connections" :: held 0.008s {{(pid=117812) inner /usr/local/lib/python3.8/dist-packages/oslo_concurrency/lockutils.py:400}}
Jun 03 09:04:35.223428 dv-cinder-812685-8-smb devstack@n-api.service[117811]: INFO nova.api.openstack.compute.server_external_events [req-983ed640-208a-47c8-afe9-f169bb1c214a req-3587d38b-f6dd-47c3-b89d-2755918633fd service nova] Creating event network-vif-plugged:e2d3bbf6-f63c-43f2-86ec-50eb13379b7e for instance 154709c7-b53e-45e1-8bd2-dc99344c93e0 on hv-cinder-81268
Jun 03 09:04:35.237118 dv-cinder-812685-8-smb devstack@n-api.service[117811]: INFO nova.api.openstack.requestlog [req-983ed640-208a-47c8-afe9-f169bb1c214a req-3587d38b-f6dd-47c3-b89d-2755918633fd service nova] 10.222.0.39 "POST /compute/v2.1/os-server-external-events" status: 200 len: 183 microversion: 2.1 time: 0.402860
Jun 03 09:04:35.247246 dv-cinder-812685-8-smb devstack@n-api.service[117811]: [pid: 117811|app: 0|req: 28/64] 10.222.0.39 () {64 vars in 1317 bytes} [Fri Jun  3 09:04:34 2022] POST /compute/v2.1/os-server-external-events => generated 183 bytes in 415 msecs (HTTP/1.1 200) 9 headers in 357 bytes (2 switches on core 0)
Jun 03 09:04:35.254984 dv-cinder-812685-8-smb devstack@n-api.service[117811]: DEBUG nova.api.openstack.wsgi [None req-62cd9319-16f1-402a-9cc5-aaf95106a00c tempest-AttachVolumeShelveTestJSON-1800667594 tempest-AttachVolumeShelveTestJSON-1800667594-project] Calling method '<bound method ServersController.show of <nova.api.openstack.compute.servers.ServersController object at 0x7f7029c09be0>>' {{(pid=117811) _process_stack /opt/stack/nova/nova/api/openstack/wsgi.py:513}}
Jun 03 09:04:35.256020 dv-cinder-812685-8-smb devstack@n-api.service[117811]: DEBUG nova.compute.api [None req-62cd9319-16f1-402a-9cc5-aaf95106a00c tempest-AttachVolumeShelveTestJSON-1800667594 tempest-AttachVolumeShelveTestJSON-1800667594-project] [instance: 31fb0436-af0d-43f3-8c2e-8792208bf320] Fetching instance by UUID {{(pid=117811) get /opt/stack/nova/nova/compute/api.py:2920}}
Jun 03 09:04:35.265184 dv-cinder-812685-8-smb devstack@n-api.service[117811]: DEBUG oslo_concurrency.lockutils [None req-62cd9319-16f1-402a-9cc5-aaf95106a00c tempest-AttachVolumeShelveTestJSON-1800667594 tempest-AttachVolumeShelveTestJSON-1800667594-project] Lock "e7cdfd51-cf67-44e1-aba2-2633adb7073d" acquired by "nova.context.set_target_cell.<locals>.get_or_set_cached_cell_and_set_connections" :: waited 0.000s {{(pid=117811) inner /usr/local/lib/python3.8/dist-packages/oslo_concurrency/lockutils.py:386}}
Jun 03 09:04:35.267863 dv-cinder-812685-8-smb devstack@n-api.service[117811]: DEBUG oslo_concurrency.lockutils [None req-62cd9319-16f1-402a-9cc5-aaf95106a00c tempest-AttachVolumeShelveTestJSON-1800667594 tempest-AttachVolumeShelveTestJSON-1800667594-project] Lock "e7cdfd51-cf67-44e1-aba2-2633adb7073d" "released" by "nova.context.set_target_cell.<locals>.get_or_set_cached_cell_and_set_connections" :: held 0.003s {{(pid=117811) inner /usr/local/lib/python3.8/dist-packages/oslo_concurrency/lockutils.py:400}}
Jun 03 09:04:35.273217 dv-cinder-812685-8-smb devstack@n-api.service[117811]: DEBUG oslo_concurrency.lockutils [None req-62cd9319-16f1-402a-9cc5-aaf95106a00c tempest-AttachVolumeShelveTestJSON-1800667594 tempest-AttachVolumeShelveTestJSON-1800667594-project] Lock "e7cdfd51-cf67-44e1-aba2-2633adb7073d" acquired by "nova.context.set_target_cell.<locals>.get_or_set_cached_cell_and_set_connections" :: waited 0.000s {{(pid=117811) inner /usr/local/lib/python3.8/dist-packages/oslo_concurrency/lockutils.py:386}}
Jun 03 09:04:35.275244 dv-cinder-812685-8-smb devstack@n-api.service[117811]: DEBUG oslo_concurrency.lockutils [None req-62cd9319-16f1-402a-9cc5-aaf95106a00c tempest-AttachVolumeShelveTestJSON-1800667594 tempest-AttachVolumeShelveTestJSON-1800667594-project] Lock "e7cdfd51-cf67-44e1-aba2-2633adb7073d" "released" by "nova.context.set_target_cell.<locals>.get_or_set_cached_cell_and_set_connections" :: held 0.005s {{(pid=117811) inner /usr/local/lib/python3.8/dist-packages/oslo_concurrency/lockutils.py:400}}
Jun 03 09:04:35.489631 dv-cinder-812685-8-smb devstack@n-api.service[117812]: DEBUG dbcounter [-] [117812] Writing DB stats nova_cell0:SELECT=14 {{(pid=117812) stat_writer /usr/local/lib/python3.8/dist-packages/dbcounter.py:114}}
Jun 03 09:04:35.497792 dv-cinder-812685-8-smb devstack@n-api.service[117811]: DEBUG nova.policy [None req-62cd9319-16f1-402a-9cc5-aaf95106a00c tempest-AttachVolumeShelveTestJSON-1800667594 tempest-AttachVolumeShelveTestJSON-1800667594-project] Policy check for os_compute_api:os-extended-server-attributes failed with credentials {'is_admin': False, 'user_id': '21007c49a294421db9d805709f46f856', 'user_domain_id': 'default', 'system_scope': None, 'domain_id': None, 'project_id': '612bf3f1d57044c9ba3e088c43750e02', 'project_domain_id': 'default', 'roles': ['reader', 'member'], 'is_admin_project': True, 'service_user_id': None, 'service_user_domain_id': None, 'service_project_id': None, 'service_project_domain_id': None, 'service_roles': []} {{(pid=117811) authorize /opt/stack/nova/nova/policy.py:199}}
Jun 03 09:04:35.508984 dv-cinder-812685-8-smb devstack@n-api.service[117811]: DEBUG nova.policy [None req-62cd9319-16f1-402a-9cc5-aaf95106a00c tempest-AttachVolumeShelveTestJSON-1800667594 tempest-AttachVolumeShelveTestJSON-1800667594-project] Policy check for os_compute_api:servers:show:host_status failed with credentials {'is_admin': False, 'user_id': '21007c49a294421db9d805709f46f856', 'user_domain_id': 'default', 'system_scope': None, 'domain_id': None, 'project_id': '612bf3f1d57044c9ba3e088c43750e02', 'project_domain_id': 'default', 'roles': ['reader', 'member'], 'is_admin_project': True, 'service_user_id': None, 'service_user_domain_id': None, 'service_project_id': None, 'service_project_domain_id': None, 'service_roles': []} {{(pid=117811) authorize /opt/stack/nova/nova/policy.py:199}}
Jun 03 09:04:35.511225 dv-cinder-812685-8-smb devstack@n-api.service[117811]: DEBUG nova.policy [None req-62cd9319-16f1-402a-9cc5-aaf95106a00c tempest-AttachVolumeShelveTestJSON-1800667594 tempest-AttachVolumeShelveTestJSON-1800667594-project] Policy check for os_compute_api:servers:show:host_status:unknown-only failed with credentials {'is_admin': False, 'user_id': '21007c49a294421db9d805709f46f856', 'user_domain_id': 'default', 'system_scope': None, 'domain_id': None, 'project_id': '612bf3f1d57044c9ba3e088c43750e02', 'project_domain_id': 'default', 'roles': ['reader', 'member'], 'is_admin_project': True, 'service_user_id': None, 'service_user_domain_id': None, 'service_project_id': None, 'service_project_domain_id': None, 'service_roles': []} {{(pid=117811) authorize /opt/stack/nova/nova/policy.py:199}}
Jun 03 09:04:35.512386 dv-cinder-812685-8-smb devstack@n-api.service[117811]: INFO nova.api.openstack.requestlog [None req-62cd9319-16f1-402a-9cc5-aaf95106a00c tempest-AttachVolumeShelveTestJSON-1800667594 tempest-AttachVolumeShelveTestJSON-1800667594-project] 10.222.0.39 "GET /compute/v2.1/servers/31fb0436-af0d-43f3-8c2e-8792208bf320" status: 200 len: 1405 microversion: 2.20 time: 0.263748
Jun 03 09:04:35.513358 dv-cinder-812685-8-smb devstack@n-api.service[117811]: [pid: 117811|app: 0|req: 29/65] 10.222.0.39 () {60 vars in 1276 bytes} [Fri Jun  3 09:04:35 2022] GET /compute/v2.1/servers/31fb0436-af0d-43f3-8c2e-8792208bf320 => generated 1405 bytes in 265 msecs (HTTP/1.1 200) 9 headers in 360 bytes (1 switches on core 0)
Jun 03 09:04:35.550524 dv-cinder-812685-8-smb devstack@n-api.service[117812]: DEBUG nova.policy [None req-bb33e827-7faf-4375-8597-558b7da3501f tempest-DeleteServersTestJSON-1884644839 tempest-DeleteServersTestJSON-1884644839-project] Policy check for os_compute_api:os-extended-server-attributes failed with credentials {'is_admin': False, 'user_id': '990e1e438c4d4b9ea72bad7f9e629148', 'user_domain_id': 'default', 'system_scope': None, 'domain_id': None, 'project_id': '7c9c443b728d4d87978a732e61ea106c', 'project_domain_id': 'default', 'roles': ['reader', 'member'], 'is_admin_project': True, 'service_user_id': None, 'service_user_domain_id': None, 'service_project_id': None, 'service_project_domain_id': None, 'service_roles': []} {{(pid=117812) authorize /opt/stack/nova/nova/policy.py:199}}
Jun 03 09:04:35.561886 dv-cinder-812685-8-smb devstack@n-api.service[117812]: INFO nova.api.openstack.requestlog [None req-bb33e827-7faf-4375-8597-558b7da3501f tempest-DeleteServersTestJSON-1884644839 tempest-DeleteServersTestJSON-1884644839-project] 10.222.0.39 "GET /compute/v2.1/servers/154709c7-b53e-45e1-8bd2-dc99344c93e0" status: 200 len: 1315 microversion: 2.1 time: 0.426614
Jun 03 09:04:35.562798 dv-cinder-812685-8-smb devstack@n-api.service[117812]: [pid: 117812|app: 0|req: 37/66] 10.222.0.39 () {58 vars in 1235 bytes} [Fri Jun  3 09:04:35 2022] GET /compute/v2.1/servers/154709c7-b53e-45e1-8bd2-dc99344c93e0 => generated 1315 bytes in 430 msecs (HTTP/1.1 200) 9 headers in 358 bytes (1 switches on core 0)
Jun 03 09:04:36.138128 dv-cinder-812685-8-smb devstack@n-api.service[117811]: DEBUG nova.api.openstack.wsgi [None req-2239f763-06c3-497a-96f1-b070bc6422e6 tempest-ServerRescueNegativeTestJSON-406009352 tempest-ServerRescueNegativeTestJSON-406009352-project] Calling method '<bound method ServersController.show of <nova.api.openstack.compute.servers.ServersController object at 0x7f7029c09be0>>' {{(pid=117811) _process_stack /opt/stack/nova/nova/api/openstack/wsgi.py:513}}
Jun 03 09:04:36.138762 dv-cinder-812685-8-smb devstack@n-api.service[117811]: DEBUG nova.compute.api [None req-2239f763-06c3-497a-96f1-b070bc6422e6 tempest-ServerRescueNegativeTestJSON-406009352 tempest-ServerRescueNegativeTestJSON-406009352-project] [instance: 2da11f25-e6d6-4098-984d-6303807de242] Fetching instance by UUID {{(pid=117811) get /opt/stack/nova/nova/compute/api.py:2920}}
Jun 03 09:04:36.153307 dv-cinder-812685-8-smb devstack@n-api.service[117811]: DEBUG oslo_concurrency.lockutils [None req-2239f763-06c3-497a-96f1-b070bc6422e6 tempest-ServerRescueNegativeTestJSON-406009352 tempest-ServerRescueNegativeTestJSON-406009352-project] Lock "e7cdfd51-cf67-44e1-aba2-2633adb7073d" acquired by "nova.context.set_target_cell.<locals>.get_or_set_cached_cell_and_set_connections" :: waited 0.000s {{(pid=117811) inner /usr/local/lib/python3.8/dist-packages/oslo_concurrency/lockutils.py:386}}
Jun 03 09:04:36.154010 dv-cinder-812685-8-smb devstack@n-api.service[117811]: DEBUG oslo_concurrency.lockutils [None req-2239f763-06c3-497a-96f1-b070bc6422e6 tempest-ServerRescueNegativeTestJSON-406009352 tempest-ServerRescueNegativeTestJSON-406009352-project] Lock "e7cdfd51-cf67-44e1-aba2-2633adb7073d" "released" by "nova.context.set_target_cell.<locals>.get_or_set_cached_cell_and_set_connections" :: held 0.001s {{(pid=117811) inner /usr/local/lib/python3.8/dist-packages/oslo_concurrency/lockutils.py:400}}
Jun 03 09:04:36.155014 dv-cinder-812685-8-smb devstack@n-api.service[117811]: DEBUG oslo_concurrency.lockutils [None req-2239f763-06c3-497a-96f1-b070bc6422e6 tempest-ServerRescueNegativeTestJSON-406009352 tempest-ServerRescueNegativeTestJSON-406009352-project] Lock "e7cdfd51-cf67-44e1-aba2-2633adb7073d" acquired by "nova.context.set_target_cell.<locals>.get_or_set_cached_cell_and_set_connections" :: waited 0.000s {{(pid=117811) inner /usr/local/lib/python3.8/dist-packages/oslo_concurrency/lockutils.py:386}}
Jun 03 09:04:36.155633 dv-cinder-812685-8-smb devstack@n-api.service[117811]: DEBUG oslo_concurrency.lockutils [None req-2239f763-06c3-497a-96f1-b070bc6422e6 tempest-ServerRescueNegativeTestJSON-406009352 tempest-ServerRescueNegativeTestJSON-406009352-project] Lock "e7cdfd51-cf67-44e1-aba2-2633adb7073d" "released" by "nova.context.set_target_cell.<locals>.get_or_set_cached_cell_and_set_connections" :: held 0.001s {{(pid=117811) inner /usr/local/lib/python3.8/dist-packages/oslo_concurrency/lockutils.py:400}}
Jun 03 09:04:36.418344 dv-cinder-812685-8-smb devstack@n-api.service[117811]: DEBUG nova.policy [None req-2239f763-06c3-497a-96f1-b070bc6422e6 tempest-ServerRescueNegativeTestJSON-406009352 tempest-ServerRescueNegativeTestJSON-406009352-project] Policy check for os_compute_api:os-extended-server-attributes failed with credentials {'is_admin': False, 'user_id': 'edaa47fa754147f78b59c5e8f5685411', 'user_domain_id': 'default', 'system_scope': None, 'domain_id': None, 'project_id': 'bbea44fbcbfa4f508faf4cad8af3822c', 'project_domain_id': 'default', 'roles': ['reader', 'member'], 'is_admin_project': True, 'service_user_id': None, 'service_user_domain_id': None, 'service_project_id': None, 'service_project_domain_id': None, 'service_roles': []} {{(pid=117811) authorize /opt/stack/nova/nova/policy.py:199}}
Jun 03 09:04:36.434262 dv-cinder-812685-8-smb devstack@n-api.service[117811]: INFO nova.api.openstack.requestlog [None req-2239f763-06c3-497a-96f1-b070bc6422e6 tempest-ServerRescueNegativeTestJSON-406009352 tempest-ServerRescueNegativeTestJSON-406009352-project] 10.222.0.39 "GET /compute/v2.1/servers/2da11f25-e6d6-4098-984d-6303807de242" status: 200 len: 1321 microversion: 2.1 time: 0.300273
Jun 03 09:04:36.435078 dv-cinder-812685-8-smb devstack@n-api.service[117811]: [pid: 117811|app: 0|req: 30/67] 10.222.0.39 () {58 vars in 1235 bytes} [Fri Jun  3 09:04:36 2022] GET /compute/v2.1/servers/2da11f25-e6d6-4098-984d-6303807de242 => generated 1321 bytes in 302 msecs (HTTP/1.1 200) 9 headers in 358 bytes (1 switches on core 0)
Jun 03 09:04:36.532185 dv-cinder-812685-8-smb devstack@n-api.service[117812]: DEBUG nova.api.openstack.wsgi [None req-78a6fdc9-f8c1-4e81-b652-6e3478e19889 tempest-AttachVolumeShelveTestJSON-1800667594 tempest-AttachVolumeShelveTestJSON-1800667594-project] Calling method '<bound method ServersController.show of <nova.api.openstack.compute.servers.ServersController object at 0x7f7029c09c10>>' {{(pid=117812) _process_stack /opt/stack/nova/nova/api/openstack/wsgi.py:513}}
Jun 03 09:04:36.532811 dv-cinder-812685-8-smb devstack@n-api.service[117812]: DEBUG nova.compute.api [None req-78a6fdc9-f8c1-4e81-b652-6e3478e19889 tempest-AttachVolumeShelveTestJSON-1800667594 tempest-AttachVolumeShelveTestJSON-1800667594-project] [instance: 31fb0436-af0d-43f3-8c2e-8792208bf320] Fetching instance by UUID {{(pid=117812) get /opt/stack/nova/nova/compute/api.py:2920}}
Jun 03 09:04:36.540865 dv-cinder-812685-8-smb devstack@n-api.service[117812]: DEBUG oslo_concurrency.lockutils [None req-78a6fdc9-f8c1-4e81-b652-6e3478e19889 tempest-AttachVolumeShelveTestJSON-1800667594 tempest-AttachVolumeShelveTestJSON-1800667594-project] Lock "e7cdfd51-cf67-44e1-aba2-2633adb7073d" acquired by "nova.context.set_target_cell.<locals>.get_or_set_cached_cell_and_set_connections" :: waited 0.000s {{(pid=117812) inner /usr/local/lib/python3.8/dist-packages/oslo_concurrency/lockutils.py:386}}
Jun 03 09:04:36.541623 dv-cinder-812685-8-smb devstack@n-api.service[117812]: DEBUG oslo_concurrency.lockutils [None req-78a6fdc9-f8c1-4e81-b652-6e3478e19889 tempest-AttachVolumeShelveTestJSON-1800667594 tempest-AttachVolumeShelveTestJSON-1800667594-project] Lock "e7cdfd51-cf67-44e1-aba2-2633adb7073d" "released" by "nova.context.set_target_cell.<locals>.get_or_set_cached_cell_and_set_connections" :: held 0.001s {{(pid=117812) inner /usr/local/lib/python3.8/dist-packages/oslo_concurrency/lockutils.py:400}}
Jun 03 09:04:36.542549 dv-cinder-812685-8-smb devstack@n-api.service[117812]: DEBUG oslo_concurrency.lockutils [None req-78a6fdc9-f8c1-4e81-b652-6e3478e19889 tempest-AttachVolumeShelveTestJSON-1800667594 tempest-AttachVolumeShelveTestJSON-1800667594-project] Lock "e7cdfd51-cf67-44e1-aba2-2633adb7073d" acquired by "nova.context.set_target_cell.<locals>.get_or_set_cached_cell_and_set_connections" :: waited 0.000s {{(pid=117812) inner /usr/local/lib/python3.8/dist-packages/oslo_concurrency/lockutils.py:386}}
Jun 03 09:04:36.543444 dv-cinder-812685-8-smb devstack@n-api.service[117812]: DEBUG oslo_concurrency.lockutils [None req-78a6fdc9-f8c1-4e81-b652-6e3478e19889 tempest-AttachVolumeShelveTestJSON-1800667594 tempest-AttachVolumeShelveTestJSON-1800667594-project] Lock "e7cdfd51-cf67-44e1-aba2-2633adb7073d" "released" by "nova.context.set_target_cell.<locals>.get_or_set_cached_cell_and_set_connections" :: held 0.001s {{(pid=117812) inner /usr/local/lib/python3.8/dist-packages/oslo_concurrency/lockutils.py:400}}
Jun 03 09:04:36.579942 dv-cinder-812685-8-smb devstack@n-api.service[117811]: DEBUG nova.api.openstack.wsgi [None req-c0623d76-dab3-462f-ab9c-595ba7c348db tempest-DeleteServersTestJSON-1884644839 tempest-DeleteServersTestJSON-1884644839-project] Calling method '<bound method ServersController.show of <nova.api.openstack.compute.servers.ServersController object at 0x7f7029c09be0>>' {{(pid=117811) _process_stack /opt/stack/nova/nova/api/openstack/wsgi.py:513}}
Jun 03 09:04:36.580612 dv-cinder-812685-8-smb devstack@n-api.service[117811]: DEBUG nova.compute.api [None req-c0623d76-dab3-462f-ab9c-595ba7c348db tempest-DeleteServersTestJSON-1884644839 tempest-DeleteServersTestJSON-1884644839-project] [instance: 154709c7-b53e-45e1-8bd2-dc99344c93e0] Fetching instance by UUID {{(pid=117811) get /opt/stack/nova/nova/compute/api.py:2920}}
Jun 03 09:04:36.605820 dv-cinder-812685-8-smb devstack@n-api.service[117811]: DEBUG oslo_concurrency.lockutils [None req-c0623d76-dab3-462f-ab9c-595ba7c348db tempest-DeleteServersTestJSON-1884644839 tempest-DeleteServersTestJSON-1884644839-project] Lock "e7cdfd51-cf67-44e1-aba2-2633adb7073d" acquired by "nova.context.set_target_cell.<locals>.get_or_set_cached_cell_and_set_connections" :: waited 0.000s {{(pid=117811) inner /usr/local/lib/python3.8/dist-packages/oslo_concurrency/lockutils.py:386}}
Jun 03 09:04:36.605820 dv-cinder-812685-8-smb devstack@n-api.service[117811]: DEBUG oslo_concurrency.lockutils [None req-c0623d76-dab3-462f-ab9c-595ba7c348db tempest-DeleteServersTestJSON-1884644839 tempest-DeleteServersTestJSON-1884644839-project] Lock "e7cdfd51-cf67-44e1-aba2-2633adb7073d" "released" by "nova.context.set_target_cell.<locals>.get_or_set_cached_cell_and_set_connections" :: held 0.001s {{(pid=117811) inner /usr/local/lib/python3.8/dist-packages/oslo_concurrency/lockutils.py:400}}
Jun 03 09:04:36.605820 dv-cinder-812685-8-smb devstack@n-api.service[117811]: DEBUG oslo_concurrency.lockutils [None req-c0623d76-dab3-462f-ab9c-595ba7c348db tempest-DeleteServersTestJSON-1884644839 tempest-DeleteServersTestJSON-1884644839-project] Lock "e7cdfd51-cf67-44e1-aba2-2633adb7073d" acquired by "nova.context.set_target_cell.<locals>.get_or_set_cached_cell_and_set_connections" :: waited 0.000s {{(pid=117811) inner /usr/local/lib/python3.8/dist-packages/oslo_concurrency/lockutils.py:386}}
Jun 03 09:04:36.605820 dv-cinder-812685-8-smb devstack@n-api.service[117811]: DEBUG oslo_concurrency.lockutils [None req-c0623d76-dab3-462f-ab9c-595ba7c348db tempest-DeleteServersTestJSON-1884644839 tempest-DeleteServersTestJSON-1884644839-project] Lock "e7cdfd51-cf67-44e1-aba2-2633adb7073d" "released" by "nova.context.set_target_cell.<locals>.get_or_set_cached_cell_and_set_connections" :: held 0.000s {{(pid=117811) inner /usr/local/lib/python3.8/dist-packages/oslo_concurrency/lockutils.py:400}}
Jun 03 09:04:36.706714 dv-cinder-812685-8-smb devstack@n-api.service[117812]: DEBUG nova.policy [None req-78a6fdc9-f8c1-4e81-b652-6e3478e19889 tempest-AttachVolumeShelveTestJSON-1800667594 tempest-AttachVolumeShelveTestJSON-1800667594-project] Policy check for os_compute_api:os-extended-server-attributes failed with credentials {'is_admin': False, 'user_id': '21007c49a294421db9d805709f46f856', 'user_domain_id': 'default', 'system_scope': None, 'domain_id': None, 'project_id': '612bf3f1d57044c9ba3e088c43750e02', 'project_domain_id': 'default', 'roles': ['reader', 'member'], 'is_admin_project': True, 'service_user_id': None, 'service_user_domain_id': None, 'service_project_id': None, 'service_project_domain_id': None, 'service_roles': []} {{(pid=117812) authorize /opt/stack/nova/nova/policy.py:199}}
Jun 03 09:04:36.715993 dv-cinder-812685-8-smb devstack@n-api.service[117812]: DEBUG nova.policy [None req-78a6fdc9-f8c1-4e81-b652-6e3478e19889 tempest-AttachVolumeShelveTestJSON-1800667594 tempest-AttachVolumeShelveTestJSON-1800667594-project] Policy check for os_compute_api:servers:show:host_status failed with credentials {'is_admin': False, 'user_id': '21007c49a294421db9d805709f46f856', 'user_domain_id': 'default', 'system_scope': None, 'domain_id': None, 'project_id': '612bf3f1d57044c9ba3e088c43750e02', 'project_domain_id': 'default', 'roles': ['reader', 'member'], 'is_admin_project': True, 'service_user_id': None, 'service_user_domain_id': None, 'service_project_id': None, 'service_project_domain_id': None, 'service_roles': []} {{(pid=117812) authorize /opt/stack/nova/nova/policy.py:199}}
Jun 03 09:04:36.717537 dv-cinder-812685-8-smb devstack@n-api.service[117812]: DEBUG nova.policy [None req-78a6fdc9-f8c1-4e81-b652-6e3478e19889 tempest-AttachVolumeShelveTestJSON-1800667594 tempest-AttachVolumeShelveTestJSON-1800667594-project] Policy check for os_compute_api:servers:show:host_status:unknown-only failed with credentials {'is_admin': False, 'user_id': '21007c49a294421db9d805709f46f856', 'user_domain_id': 'default', 'system_scope': None, 'domain_id': None, 'project_id': '612bf3f1d57044c9ba3e088c43750e02', 'project_domain_id': 'default', 'roles': ['reader', 'member'], 'is_admin_project': True, 'service_user_id': None, 'service_user_domain_id': None, 'service_project_id': None, 'service_project_domain_id': None, 'service_roles': []} {{(pid=117812) authorize /opt/stack/nova/nova/policy.py:199}}
Jun 03 09:04:36.718988 dv-cinder-812685-8-smb devstack@n-api.service[117812]: INFO nova.api.openstack.requestlog [None req-78a6fdc9-f8c1-4e81-b652-6e3478e19889 tempest-AttachVolumeShelveTestJSON-1800667594 tempest-AttachVolumeShelveTestJSON-1800667594-project] 10.222.0.39 "GET /compute/v2.1/servers/31fb0436-af0d-43f3-8c2e-8792208bf320" status: 200 len: 1405 microversion: 2.20 time: 0.190860
Jun 03 09:04:36.719962 dv-cinder-812685-8-smb devstack@n-api.service[117812]: [pid: 117812|app: 0|req: 38/68] 10.222.0.39 () {60 vars in 1276 bytes} [Fri Jun  3 09:04:36 2022] GET /compute/v2.1/servers/31fb0436-af0d-43f3-8c2e-8792208bf320 => generated 1405 bytes in 193 msecs (HTTP/1.1 200) 9 headers in 360 bytes (1 switches on core 0)
Jun 03 09:04:36.809505 dv-cinder-812685-8-smb devstack@n-api.service[117811]: DEBUG nova.policy [None req-c0623d76-dab3-462f-ab9c-595ba7c348db tempest-DeleteServersTestJSON-1884644839 tempest-DeleteServersTestJSON-1884644839-project] Policy check for os_compute_api:os-extended-server-attributes failed with credentials {'is_admin': False, 'user_id': '990e1e438c4d4b9ea72bad7f9e629148', 'user_domain_id': 'default', 'system_scope': None, 'domain_id': None, 'project_id': '7c9c443b728d4d87978a732e61ea106c', 'project_domain_id': 'default', 'roles': ['reader', 'member'], 'is_admin_project': True, 'service_user_id': None, 'service_user_domain_id': None, 'service_project_id': None, 'service_project_domain_id': None, 'service_roles': []} {{(pid=117811) authorize /opt/stack/nova/nova/policy.py:199}}
Jun 03 09:04:36.823962 dv-cinder-812685-8-smb devstack@n-api.service[117811]: INFO nova.api.openstack.requestlog [None req-c0623d76-dab3-462f-ab9c-595ba7c348db tempest-DeleteServersTestJSON-1884644839 tempest-DeleteServersTestJSON-1884644839-project] 10.222.0.39 "GET /compute/v2.1/servers/154709c7-b53e-45e1-8bd2-dc99344c93e0" status: 200 len: 1315 microversion: 2.1 time: 0.248176
Jun 03 09:04:36.824820 dv-cinder-812685-8-smb devstack@n-api.service[117811]: [pid: 117811|app: 0|req: 31/69] 10.222.0.39 () {58 vars in 1235 bytes} [Fri Jun  3 09:04:36 2022] GET /compute/v2.1/servers/154709c7-b53e-45e1-8bd2-dc99344c93e0 => generated 1315 bytes in 250 msecs (HTTP/1.1 200) 9 headers in 358 bytes (1 switches on core 0)
Jun 03 09:04:37.259836 dv-cinder-812685-8-smb devstack@n-api.service[117812]: DEBUG nova.api.openstack.wsgi [req-400e555c-dc25-413e-adc2-653d001367e5 req-6ef6b989-a691-43ee-ac63-6e9bbfe2dd88 service nova] Action: 'create', calling method: <bound method ServerExternalEventsController.create of <nova.api.openstack.compute.server_external_events.ServerExternalEventsController object at 0x7f7029d0d2e0>>, body: {"events": [{"server_uuid": "85bd71a4-34a3-47f4-9d59-2c04d40307d6", "name": "network-vif-plugged", "status": "completed", "tag": "9d41246b-15cf-4766-ba74-d722804c8353"}]} {{(pid=117812) _process_stack /opt/stack/nova/nova/api/openstack/wsgi.py:511}}
Jun 03 09:04:37.272415 dv-cinder-812685-8-smb devstack@n-api.service[117812]: DEBUG oslo_concurrency.lockutils [req-400e555c-dc25-413e-adc2-653d001367e5 req-6ef6b989-a691-43ee-ac63-6e9bbfe2dd88 service nova] Lock "e7cdfd51-cf67-44e1-aba2-2633adb7073d" acquired by "nova.context.set_target_cell.<locals>.get_or_set_cached_cell_and_set_connections" :: waited 0.000s {{(pid=117812) inner /usr/local/lib/python3.8/dist-packages/oslo_concurrency/lockutils.py:386}}
Jun 03 09:04:37.272888 dv-cinder-812685-8-smb devstack@n-api.service[117812]: DEBUG oslo_concurrency.lockutils [req-400e555c-dc25-413e-adc2-653d001367e5 req-6ef6b989-a691-43ee-ac63-6e9bbfe2dd88 service nova] Lock "e7cdfd51-cf67-44e1-aba2-2633adb7073d" "released" by "nova.context.set_target_cell.<locals>.get_or_set_cached_cell_and_set_connections" :: held 0.001s {{(pid=117812) inner /usr/local/lib/python3.8/dist-packages/oslo_concurrency/lockutils.py:400}}
Jun 03 09:04:37.293496 dv-cinder-812685-8-smb devstack@n-api.service[117812]: INFO nova.api.openstack.compute.server_external_events [req-400e555c-dc25-413e-adc2-653d001367e5 req-6ef6b989-a691-43ee-ac63-6e9bbfe2dd88 service nova] Creating event network-vif-plugged:9d41246b-15cf-4766-ba74-d722804c8353 for instance 85bd71a4-34a3-47f4-9d59-2c04d40307d6 on hv-cinder-81268
Jun 03 09:04:37.294016 dv-cinder-812685-8-smb devstack@n-api.service[117812]: DEBUG oslo_concurrency.lockutils [req-400e555c-dc25-413e-adc2-653d001367e5 req-6ef6b989-a691-43ee-ac63-6e9bbfe2dd88 service nova] Acquired lock "compute-rpcapi-router" {{(pid=117812) lock /usr/local/lib/python3.8/dist-packages/oslo_concurrency/lockutils.py:294}}
Jun 03 09:04:37.295114 dv-cinder-812685-8-smb devstack@n-api.service[117812]: DEBUG oslo_concurrency.lockutils [None req-37b4a725-d7a6-405d-aab1-4fcc2ff93251 None None] Lock "00000000-0000-0000-0000-000000000000" acquired by "nova.context.set_target_cell.<locals>.get_or_set_cached_cell_and_set_connections" :: waited 0.000s {{(pid=117812) inner /usr/local/lib/python3.8/dist-packages/oslo_concurrency/lockutils.py:386}}
Jun 03 09:04:37.295543 dv-cinder-812685-8-smb devstack@n-api.service[117812]: DEBUG oslo_concurrency.lockutils [None req-37b4a725-d7a6-405d-aab1-4fcc2ff93251 None None] Lock "00000000-0000-0000-0000-000000000000" "released" by "nova.context.set_target_cell.<locals>.get_or_set_cached_cell_and_set_connections" :: held 0.000s {{(pid=117812) inner /usr/local/lib/python3.8/dist-packages/oslo_concurrency/lockutils.py:400}}
Jun 03 09:04:37.296308 dv-cinder-812685-8-smb devstack@n-api.service[117812]: DEBUG oslo_concurrency.lockutils [None req-37b4a725-d7a6-405d-aab1-4fcc2ff93251 None None] Lock "e7cdfd51-cf67-44e1-aba2-2633adb7073d" acquired by "nova.context.set_target_cell.<locals>.get_or_set_cached_cell_and_set_connections" :: waited 0.000s {{(pid=117812) inner /usr/local/lib/python3.8/dist-packages/oslo_concurrency/lockutils.py:386}}
Jun 03 09:04:37.296730 dv-cinder-812685-8-smb devstack@n-api.service[117812]: DEBUG oslo_concurrency.lockutils [None req-37b4a725-d7a6-405d-aab1-4fcc2ff93251 None None] Lock "e7cdfd51-cf67-44e1-aba2-2633adb7073d" "released" by "nova.context.set_target_cell.<locals>.get_or_set_cached_cell_and_set_connections" :: held 0.000s {{(pid=117812) inner /usr/local/lib/python3.8/dist-packages/oslo_concurrency/lockutils.py:400}}
Jun 03 09:04:37.305933 dv-cinder-812685-8-smb devstack@n-api.service[117812]: INFO nova.compute.rpcapi [None req-37b4a725-d7a6-405d-aab1-4fcc2ff93251 None None] Automatically selected compute RPC version 6.0 from minimum service version 61
Jun 03 09:04:37.306796 dv-cinder-812685-8-smb devstack@n-api.service[117812]: DEBUG oslo_concurrency.lockutils [None req-37b4a725-d7a6-405d-aab1-4fcc2ff93251 None None] Releasing lock "compute-rpcapi-router" {{(pid=117812) lock /usr/local/lib/python3.8/dist-packages/oslo_concurrency/lockutils.py:312}}
Jun 03 09:04:37.332346 dv-cinder-812685-8-smb devstack@n-api.service[117812]: INFO nova.api.openstack.requestlog [None req-37b4a725-d7a6-405d-aab1-4fcc2ff93251 None None] 10.222.0.39 "POST /compute/v2.1/os-server-external-events" status: 200 len: 183 microversion: 2.1 time: 0.077744
Jun 03 09:04:37.336986 dv-cinder-812685-8-smb devstack@n-api.service[117812]: [pid: 117812|app: 0|req: 39/70] 10.222.0.39 () {64 vars in 1317 bytes} [Fri Jun  3 09:04:37 2022] POST /compute/v2.1/os-server-external-events => generated 183 bytes in 83 msecs (HTTP/1.1 200) 9 headers in 357 bytes (1 switches on core 0)
Jun 03 09:04:37.452015 dv-cinder-812685-8-smb devstack@n-api.service[117811]: DEBUG nova.api.openstack.wsgi [None req-3ac91a44-22e6-41f3-a4ed-f99451113755 tempest-ServerRescueNegativeTestJSON-406009352 tempest-ServerRescueNegativeTestJSON-406009352-project] Calling method '<bound method ServersController.show of <nova.api.openstack.compute.servers.ServersController object at 0x7f7029c09be0>>' {{(pid=117811) _process_stack /opt/stack/nova/nova/api/openstack/wsgi.py:513}}
Jun 03 09:04:37.452804 dv-cinder-812685-8-smb devstack@n-api.service[117811]: DEBUG nova.compute.api [None req-3ac91a44-22e6-41f3-a4ed-f99451113755 tempest-ServerRescueNegativeTestJSON-406009352 tempest-ServerRescueNegativeTestJSON-406009352-project] [instance: 2da11f25-e6d6-4098-984d-6303807de242] Fetching instance by UUID {{(pid=117811) get /opt/stack/nova/nova/compute/api.py:2920}}
Jun 03 09:04:37.466181 dv-cinder-812685-8-smb devstack@n-api.service[117811]: DEBUG oslo_concurrency.lockutils [None req-3ac91a44-22e6-41f3-a4ed-f99451113755 tempest-ServerRescueNegativeTestJSON-406009352 tempest-ServerRescueNegativeTestJSON-406009352-project] Lock "e7cdfd51-cf67-44e1-aba2-2633adb7073d" acquired by "nova.context.set_target_cell.<locals>.get_or_set_cached_cell_and_set_connections" :: waited 0.003s {{(pid=117811) inner /usr/local/lib/python3.8/dist-packages/oslo_concurrency/lockutils.py:386}}
Jun 03 09:04:37.466904 dv-cinder-812685-8-smb devstack@n-api.service[117811]: DEBUG oslo_concurrency.lockutils [None req-3ac91a44-22e6-41f3-a4ed-f99451113755 tempest-ServerRescueNegativeTestJSON-406009352 tempest-ServerRescueNegativeTestJSON-406009352-project] Lock "e7cdfd51-cf67-44e1-aba2-2633adb7073d" "released" by "nova.context.set_target_cell.<locals>.get_or_set_cached_cell_and_set_connections" :: held 0.001s {{(pid=117811) inner /usr/local/lib/python3.8/dist-packages/oslo_concurrency/lockutils.py:400}}
Jun 03 09:04:37.467695 dv-cinder-812685-8-smb devstack@n-api.service[117811]: DEBUG oslo_concurrency.lockutils [None req-3ac91a44-22e6-41f3-a4ed-f99451113755 tempest-ServerRescueNegativeTestJSON-406009352 tempest-ServerRescueNegativeTestJSON-406009352-project] Lock "e7cdfd51-cf67-44e1-aba2-2633adb7073d" acquired by "nova.context.set_target_cell.<locals>.get_or_set_cached_cell_and_set_connections" :: waited 0.000s {{(pid=117811) inner /usr/local/lib/python3.8/dist-packages/oslo_concurrency/lockutils.py:386}}
Jun 03 09:04:37.469092 dv-cinder-812685-8-smb devstack@n-api.service[117811]: DEBUG oslo_concurrency.lockutils [None req-3ac91a44-22e6-41f3-a4ed-f99451113755 tempest-ServerRescueNegativeTestJSON-406009352 tempest-ServerRescueNegativeTestJSON-406009352-project] Lock "e7cdfd51-cf67-44e1-aba2-2633adb7073d" "released" by "nova.context.set_target_cell.<locals>.get_or_set_cached_cell_and_set_connections" :: held 0.000s {{(pid=117811) inner /usr/local/lib/python3.8/dist-packages/oslo_concurrency/lockutils.py:400}}
