Jun 03 08:56:16.317458 dv-cinder-812685-8-smb devstack@c-api.service[110946]: DEBUG cinder.api.extensions [-] Ext alias: os-vol-image-meta {{(pid=110946) _check_extension /opt/stack/cinder/cinder/api/extensions.py:180}}
Jun 03 08:56:16.317728 dv-cinder-812685-8-smb devstack@c-api.service[110946]: DEBUG cinder.api.extensions [-] Ext description: Show image metadata associated with the volume. {{(pid=110946) _check_extension /opt/stack/cinder/cinder/api/extensions.py:181}}
Jun 03 08:56:16.317994 dv-cinder-812685-8-smb devstack@c-api.service[110946]: DEBUG cinder.api.extensions [-] Ext updated: 2012-12-07T00:00:00+00:00 {{(pid=110946) _check_extension /opt/stack/cinder/cinder/api/extensions.py:183}}
Jun 03 08:56:16.318261 dv-cinder-812685-8-smb devstack@c-api.service[110946]: DEBUG cinder.api.extensions [-] Loaded extension: os-vol-image-meta {{(pid=110946) register /opt/stack/cinder/cinder/api/extensions.py:140}}
Jun 03 08:56:16.318556 dv-cinder-812685-8-smb devstack@c-api.service[110946]: DEBUG cinder.api.extensions [-] Loading extension cinder.api.contrib.snapshot_actions.Snapshot_actions {{(pid=110946) load_extension /opt/stack/cinder/cinder/api/extensions.py:199}}
Jun 03 08:56:16.318831 dv-cinder-812685-8-smb devstack@c-api.service[110946]: DEBUG cinder.api.extensions [-] Calling extension factory cinder.api.contrib.snapshot_actions.Snapshot_actions {{(pid=110946) load_extension /opt/stack/cinder/cinder/api/extensions.py:205}}
Jun 03 08:56:16.319100 dv-cinder-812685-8-smb devstack@c-api.service[110946]: DEBUG cinder.api.extensions [-] Ext name: SnapshotActions {{(pid=110946) _check_extension /opt/stack/cinder/cinder/api/extensions.py:179}}
Jun 03 08:56:16.319363 dv-cinder-812685-8-smb devstack@c-api.service[110946]: DEBUG cinder.api.extensions [-] Ext alias: os-snapshot-actions {{(pid=110946) _check_extension /opt/stack/cinder/cinder/api/extensions.py:180}}
Jun 03 08:56:16.319628 dv-cinder-812685-8-smb devstack@c-api.service[110946]: DEBUG cinder.api.extensions [-] Ext description: Enable snapshot manager actions. {{(pid=110946) _check_extension /opt/stack/cinder/cinder/api/extensions.py:181}}
Jun 03 08:56:16.319893 dv-cinder-812685-8-smb devstack@c-api.service[110946]: DEBUG cinder.api.extensions [-] Ext updated: 2013-07-16T00:00:00+00:00 {{(pid=110946) _check_extension /opt/stack/cinder/cinder/api/extensions.py:183}}
Jun 03 08:56:16.320158 dv-cinder-812685-8-smb devstack@c-api.service[110946]: DEBUG cinder.api.extensions [-] Loaded extension: os-snapshot-actions {{(pid=110946) register /opt/stack/cinder/cinder/api/extensions.py:140}}
Jun 03 08:56:16.320438 dv-cinder-812685-8-smb devstack@c-api.service[110946]: DEBUG cinder.api.extensions [-] Loading extension cinder.api.contrib.extended_services.Extended_services {{(pid=110946) load_extension /opt/stack/cinder/cinder/api/extensions.py:199}}
Jun 03 08:56:16.320713 dv-cinder-812685-8-smb devstack@c-api.service[110946]: DEBUG cinder.api.extensions [-] Calling extension factory cinder.api.contrib.extended_services.Extended_services {{(pid=110946) load_extension /opt/stack/cinder/cinder/api/extensions.py:205}}
Jun 03 08:56:16.321591 dv-cinder-812685-8-smb devstack@c-api.service[110946]: DEBUG cinder.api.extensions [-] Ext name: ExtendedServices {{(pid=110946) _check_extension /opt/stack/cinder/cinder/api/extensions.py:179}}
Jun 03 08:56:16.321591 dv-cinder-812685-8-smb devstack@c-api.service[110946]: DEBUG cinder.api.extensions [-] Ext alias: os-extended-services {{(pid=110946) _check_extension /opt/stack/cinder/cinder/api/extensions.py:180}}
Jun 03 08:56:16.321591 dv-cinder-812685-8-smb devstack@c-api.service[110946]: DEBUG cinder.api.extensions [-] Ext description: Extended services support. {{(pid=110946) _check_extension /opt/stack/cinder/cinder/api/extensions.py:181}}
Jun 03 08:56:16.321591 dv-cinder-812685-8-smb devstack@c-api.service[110946]: DEBUG cinder.api.extensions [-] Ext updated: 2014-01-10T00:00:00-00:00 {{(pid=110946) _check_extension /opt/stack/cinder/cinder/api/extensions.py:183}}
Jun 03 08:56:16.321912 dv-cinder-812685-8-smb devstack@c-api.service[110946]: DEBUG cinder.api.extensions [-] Loaded extension: os-extended-services {{(pid=110946) register /opt/stack/cinder/cinder/api/extensions.py:140}}
Jun 03 08:56:16.322193 dv-cinder-812685-8-smb devstack@c-api.service[110946]: DEBUG cinder.api.extensions [-] Loading extension cinder.api.contrib.capabilities.Capabilities {{(pid=110946) load_extension /opt/stack/cinder/cinder/api/extensions.py:199}}
Jun 03 08:56:16.322466 dv-cinder-812685-8-smb devstack@c-api.service[110946]: DEBUG cinder.api.extensions [-] Calling extension factory cinder.api.contrib.capabilities.Capabilities {{(pid=110946) load_extension /opt/stack/cinder/cinder/api/extensions.py:205}}
Jun 03 08:56:16.322736 dv-cinder-812685-8-smb devstack@c-api.service[110946]: DEBUG cinder.api.extensions [-] Ext name: Capabilities {{(pid=110946) _check_extension /opt/stack/cinder/cinder/api/extensions.py:179}}
Jun 03 08:56:16.323002 dv-cinder-812685-8-smb devstack@c-api.service[110946]: DEBUG cinder.api.extensions [-] Ext alias: capabilities {{(pid=110946) _check_extension /opt/stack/cinder/cinder/api/extensions.py:180}}
Jun 03 08:56:16.323360 dv-cinder-812685-8-smb devstack@c-api.service[110946]: DEBUG cinder.api.extensions [-] Ext description: Capabilities support. {{(pid=110946) _check_extension /opt/stack/cinder/cinder/api/extensions.py:181}}
Jun 03 08:56:16.323521 dv-cinder-812685-8-smb devstack@c-api.service[110946]: DEBUG cinder.api.extensions [-] Ext updated: 2015-08-31T00:00:00+00:00 {{(pid=110946) _check_extension /opt/stack/cinder/cinder/api/extensions.py:183}}
Jun 03 08:56:16.323786 dv-cinder-812685-8-smb devstack@c-api.service[110946]: DEBUG cinder.api.extensions [-] Loaded extension: capabilities {{(pid=110946) register /opt/stack/cinder/cinder/api/extensions.py:140}}
Jun 03 08:56:16.324067 dv-cinder-812685-8-smb devstack@c-api.service[110946]: DEBUG cinder.api.extensions [-] Loading extension cinder.api.contrib.extended_snapshot_attributes.Extended_snapshot_attributes {{(pid=110946) load_extension /opt/stack/cinder/cinder/api/extensions.py:199}}
Jun 03 08:56:16.324344 dv-cinder-812685-8-smb devstack@c-api.service[110946]: DEBUG cinder.api.extensions [-] Calling extension factory cinder.api.contrib.extended_snapshot_attributes.Extended_snapshot_attributes {{(pid=110946) load_extension /opt/stack/cinder/cinder/api/extensions.py:205}}
Jun 03 08:56:16.324708 dv-cinder-812685-8-smb devstack@c-api.service[110946]: DEBUG cinder.api.extensions [-] Ext name: ExtendedSnapshotAttributes {{(pid=110946) _check_extension /opt/stack/cinder/cinder/api/extensions.py:179}}
Jun 03 08:56:16.325075 dv-cinder-812685-8-smb devstack@c-api.service[110946]: DEBUG cinder.api.extensions [-] Ext alias: os-extended-snapshot-attributes {{(pid=110946) _check_extension /opt/stack/cinder/cinder/api/extensions.py:180}}
Jun 03 08:56:16.325075 dv-cinder-812685-8-smb devstack@c-api.service[110946]: DEBUG cinder.api.extensions [-] Ext description: Extended SnapshotAttributes support. {{(pid=110946) _check_extension /opt/stack/cinder/cinder/api/extensions.py:181}}
Jun 03 08:56:16.325429 dv-cinder-812685-8-smb devstack@c-api.service[110946]: DEBUG cinder.api.extensions [-] Ext updated: 2012-06-19T00:00:00+00:00 {{(pid=110946) _check_extension /opt/stack/cinder/cinder/api/extensions.py:183}}
Jun 03 08:56:16.325629 dv-cinder-812685-8-smb devstack@c-api.service[110946]: DEBUG cinder.api.extensions [-] Loaded extension: os-extended-snapshot-attributes {{(pid=110946) register /opt/stack/cinder/cinder/api/extensions.py:140}}
Jun 03 08:56:16.325916 dv-cinder-812685-8-smb devstack@c-api.service[110946]: DEBUG cinder.api.extensions [-] Loading extension cinder.api.contrib.snapshot_unmanage.Snapshot_unmanage {{(pid=110946) load_extension /opt/stack/cinder/cinder/api/extensions.py:199}}
Jun 03 08:56:16.326188 dv-cinder-812685-8-smb devstack@c-api.service[110946]: DEBUG cinder.api.extensions [-] Calling extension factory cinder.api.contrib.snapshot_unmanage.Snapshot_unmanage {{(pid=110946) load_extension /opt/stack/cinder/cinder/api/extensions.py:205}}
Jun 03 08:56:16.326454 dv-cinder-812685-8-smb devstack@c-api.service[110946]: DEBUG cinder.api.extensions [-] Ext name: SnapshotUnmanage {{(pid=110946) _check_extension /opt/stack/cinder/cinder/api/extensions.py:179}}
Jun 03 08:56:16.326717 dv-cinder-812685-8-smb devstack@c-api.service[110946]: DEBUG cinder.api.extensions [-] Ext alias: os-snapshot-unmanage {{(pid=110946) _check_extension /opt/stack/cinder/cinder/api/extensions.py:180}}
Jun 03 08:56:16.326984 dv-cinder-812685-8-smb devstack@c-api.service[110946]: DEBUG cinder.api.extensions [-] Ext description: Enable volume unmanage operation. {{(pid=110946) _check_extension /opt/stack/cinder/cinder/api/extensions.py:181}}
Jun 03 08:56:16.327247 dv-cinder-812685-8-smb devstack@c-api.service[110946]: DEBUG cinder.api.extensions [-] Ext updated: 2014-12-31T00:00:00+00:00 {{(pid=110946) _check_extension /opt/stack/cinder/cinder/api/extensions.py:183}}
Jun 03 08:56:16.327569 dv-cinder-812685-8-smb devstack@c-api.service[110946]: DEBUG cinder.api.extensions [-] Loaded extension: os-snapshot-unmanage {{(pid=110946) register /opt/stack/cinder/cinder/api/extensions.py:140}}
Jun 03 08:56:16.328058 dv-cinder-812685-8-smb devstack@c-api.service[110946]: DEBUG cinder.api.extensions [-] Loading extension cinder.api.contrib.volume_type_access.Volume_type_access {{(pid=110946) load_extension /opt/stack/cinder/cinder/api/extensions.py:199}}
Jun 03 08:56:16.328058 dv-cinder-812685-8-smb devstack@c-api.service[110946]: DEBUG cinder.api.extensions [-] Calling extension factory cinder.api.contrib.volume_type_access.Volume_type_access {{(pid=110946) load_extension /opt/stack/cinder/cinder/api/extensions.py:205}}
Jun 03 08:56:16.328244 dv-cinder-812685-8-smb devstack@c-api.service[110946]: DEBUG cinder.api.extensions [-] Ext name: VolumeTypeAccess {{(pid=110946) _check_extension /opt/stack/cinder/cinder/api/extensions.py:179}}
Jun 03 08:56:16.328517 dv-cinder-812685-8-smb devstack@c-api.service[110946]: DEBUG cinder.api.extensions [-] Ext alias: os-volume-type-access {{(pid=110946) _check_extension /opt/stack/cinder/cinder/api/extensions.py:180}}
Jun 03 08:56:16.328798 dv-cinder-812685-8-smb devstack@c-api.service[110946]: DEBUG cinder.api.extensions [-] Ext description: Volume type access support. {{(pid=110946) _check_extension /opt/stack/cinder/cinder/api/extensions.py:181}}
Jun 03 08:56:16.329415 dv-cinder-812685-8-smb devstack@c-api.service[110946]: DEBUG cinder.api.extensions [-] Ext updated: 2014-06-26T00:00:00Z {{(pid=110946) _check_extension /opt/stack/cinder/cinder/api/extensions.py:183}}
Jun 03 08:56:16.329415 dv-cinder-812685-8-smb devstack@c-api.service[110946]: DEBUG cinder.api.extensions [-] Loaded extension: os-volume-type-access {{(pid=110946) register /opt/stack/cinder/cinder/api/extensions.py:140}}
Jun 03 08:56:16.329415 dv-cinder-812685-8-smb devstack@c-api.service[110946]: DEBUG cinder.api.extensions [-] Loading extension cinder.api.contrib.snapshot_manage.Snapshot_manage {{(pid=110946) load_extension /opt/stack/cinder/cinder/api/extensions.py:199}}
Jun 03 08:56:16.329821 dv-cinder-812685-8-smb devstack@c-api.service[110946]: DEBUG cinder.api.extensions [-] Calling extension factory cinder.api.contrib.snapshot_manage.Snapshot_manage {{(pid=110946) load_extension /opt/stack/cinder/cinder/api/extensions.py:205}}
Jun 03 08:56:16.330086 dv-cinder-812685-8-smb devstack@c-api.service[110946]: DEBUG cinder.api.extensions [-] Ext name: SnapshotManage {{(pid=110946) _check_extension /opt/stack/cinder/cinder/api/extensions.py:179}}
Jun 03 08:56:16.330349 dv-cinder-812685-8-smb devstack@c-api.service[110946]: DEBUG cinder.api.extensions [-] Ext alias: os-snapshot-manage {{(pid=110946) _check_extension /opt/stack/cinder/cinder/api/extensions.py:180}}
Jun 03 08:56:16.330618 dv-cinder-812685-8-smb devstack@c-api.service[110946]: DEBUG cinder.api.extensions [-] Ext description: Allows existing backend storage to be 'managed' by Cinder. {{(pid=110946) _check_extension /opt/stack/cinder/cinder/api/extensions.py:181}}
Jun 03 08:56:16.330884 dv-cinder-812685-8-smb devstack@c-api.service[110946]: DEBUG cinder.api.extensions [-] Ext updated: 2014-12-31T00:00:00+00:00 {{(pid=110946) _check_extension /opt/stack/cinder/cinder/api/extensions.py:183}}
Jun 03 08:56:16.331153 dv-cinder-812685-8-smb devstack@c-api.service[110946]: DEBUG cinder.api.extensions [-] Loaded extension: os-snapshot-manage {{(pid=110946) register /opt/stack/cinder/cinder/api/extensions.py:140}}
Jun 03 08:56:16.331432 dv-cinder-812685-8-smb devstack@c-api.service[110946]: DEBUG cinder.api.extensions [-] Loading extension cinder.api.contrib.used_limits.Used_limits {{(pid=110946) load_extension /opt/stack/cinder/cinder/api/extensions.py:199}}
Jun 03 08:56:16.331705 dv-cinder-812685-8-smb devstack@c-api.service[110946]: DEBUG cinder.api.extensions [-] Calling extension factory cinder.api.contrib.used_limits.Used_limits {{(pid=110946) load_extension /opt/stack/cinder/cinder/api/extensions.py:205}}
Jun 03 08:56:16.331975 dv-cinder-812685-8-smb devstack@c-api.service[110946]: DEBUG cinder.api.extensions [-] Ext name: UsedLimits {{(pid=110946) _check_extension /opt/stack/cinder/cinder/api/extensions.py:179}}
Jun 03 08:56:16.332521 dv-cinder-812685-8-smb devstack@c-api.service[110946]: DEBUG cinder.api.extensions [-] Ext alias: os-used-limits {{(pid=110946) _check_extension /opt/stack/cinder/cinder/api/extensions.py:180}}
Jun 03 08:56:16.332521 dv-cinder-812685-8-smb devstack@c-api.service[110946]: DEBUG cinder.api.extensions [-] Ext description: Provide data on limited resources that are being used. {{(pid=110946) _check_extension /opt/stack/cinder/cinder/api/extensions.py:181}}
Jun 03 08:56:16.332925 dv-cinder-812685-8-smb devstack@c-api.service[110946]: DEBUG cinder.api.extensions [-] Ext updated: 2013-10-03T00:00:00+00:00 {{(pid=110946) _check_extension /opt/stack/cinder/cinder/api/extensions.py:183}}
Jun 03 08:56:16.333195 dv-cinder-812685-8-smb devstack@c-api.service[110946]: DEBUG cinder.api.extensions [-] Loaded extension: os-used-limits {{(pid=110946) register /opt/stack/cinder/cinder/api/extensions.py:140}}
Jun 03 08:56:16.333563 dv-cinder-812685-8-smb devstack@c-api.service[110946]: DEBUG cinder.api.extensions [-] Loading extension cinder.api.contrib.availability_zones.Availability_zones {{(pid=110946) load_extension /opt/stack/cinder/cinder/api/extensions.py:199}}
Jun 03 08:56:16.333749 dv-cinder-812685-8-smb devstack@c-api.service[110946]: DEBUG cinder.api.extensions [-] Calling extension factory cinder.api.contrib.availability_zones.Availability_zones {{(pid=110946) load_extension /opt/stack/cinder/cinder/api/extensions.py:205}}
Jun 03 08:56:16.334017 dv-cinder-812685-8-smb devstack@c-api.service[110946]: DEBUG cinder.api.extensions [-] Ext name: AvailabilityZones {{(pid=110946) _check_extension /opt/stack/cinder/cinder/api/extensions.py:179}}
Jun 03 08:56:16.334283 dv-cinder-812685-8-smb devstack@c-api.service[110946]: DEBUG cinder.api.extensions [-] Ext alias: os-availability-zone {{(pid=110946) _check_extension /opt/stack/cinder/cinder/api/extensions.py:180}}
Jun 03 08:56:16.334555 dv-cinder-812685-8-smb devstack@c-api.service[110946]: DEBUG cinder.api.extensions [-] Ext description: Describe Availability Zones. {{(pid=110946) _check_extension /opt/stack/cinder/cinder/api/extensions.py:181}}
Jun 03 08:56:16.334821 dv-cinder-812685-8-smb devstack@c-api.service[110946]: DEBUG cinder.api.extensions [-] Ext updated: 2013-06-27T00:00:00+00:00 {{(pid=110946) _check_extension /opt/stack/cinder/cinder/api/extensions.py:183}}
Jun 03 08:56:16.335087 dv-cinder-812685-8-smb devstack@c-api.service[110946]: DEBUG cinder.api.extensions [-] Loaded extension: os-availability-zone {{(pid=110946) register /opt/stack/cinder/cinder/api/extensions.py:140}}
Jun 03 08:56:16.337727 dv-cinder-812685-8-smb devstack@c-api.service[110946]: DEBUG cinder.api.extensions [-] Loading extension cinder.api.contrib.cgsnapshots.Cgsnapshots {{(pid=110946) load_extension /opt/stack/cinder/cinder/api/extensions.py:199}}
Jun 03 08:56:16.337727 dv-cinder-812685-8-smb devstack@c-api.service[110946]: DEBUG cinder.api.extensions [-] Calling extension factory cinder.api.contrib.cgsnapshots.Cgsnapshots {{(pid=110946) load_extension /opt/stack/cinder/cinder/api/extensions.py:205}}
Jun 03 08:56:16.337727 dv-cinder-812685-8-smb devstack@c-api.service[110946]: DEBUG cinder.api.extensions [-] Ext name: Cgsnapshots {{(pid=110946) _check_extension /opt/stack/cinder/cinder/api/extensions.py:179}}
Jun 03 08:56:16.337727 dv-cinder-812685-8-smb devstack@c-api.service[110946]: DEBUG cinder.api.extensions [-] Ext alias: cgsnapshots {{(pid=110946) _check_extension /opt/stack/cinder/cinder/api/extensions.py:180}}
Jun 03 08:56:16.337727 dv-cinder-812685-8-smb devstack@c-api.service[110946]: DEBUG cinder.api.extensions [-] Ext description: cgsnapshots support. {{(pid=110946) _check_extension /opt/stack/cinder/cinder/api/extensions.py:181}}
Jun 03 08:56:16.337727 dv-cinder-812685-8-smb devstack@c-api.service[110946]: DEBUG cinder.api.extensions [-] Ext updated: 2014-08-18T00:00:00+00:00 {{(pid=110946) _check_extension /opt/stack/cinder/cinder/api/extensions.py:183}}
Jun 03 08:56:16.337727 dv-cinder-812685-8-smb devstack@c-api.service[110946]: DEBUG cinder.api.extensions [-] Loaded extension: cgsnapshots {{(pid=110946) register /opt/stack/cinder/cinder/api/extensions.py:140}}
Jun 03 08:56:16.337727 dv-cinder-812685-8-smb devstack@c-api.service[110946]: DEBUG cinder.api.extensions [-] Loading extension cinder.api.contrib.backups.Backups {{(pid=110946) load_extension /opt/stack/cinder/cinder/api/extensions.py:199}}
Jun 03 08:56:16.337727 dv-cinder-812685-8-smb devstack@c-api.service[110946]: DEBUG cinder.api.extensions [-] Calling extension factory cinder.api.contrib.backups.Backups {{(pid=110946) load_extension /opt/stack/cinder/cinder/api/extensions.py:205}}
Jun 03 08:56:16.339245 dv-cinder-812685-8-smb devstack@c-api.service[110946]: DEBUG cinder.api.extensions [-] Ext name: Backups {{(pid=110946) _check_extension /opt/stack/cinder/cinder/api/extensions.py:179}}
Jun 03 08:56:16.339245 dv-cinder-812685-8-smb devstack@c-api.service[110946]: DEBUG cinder.api.extensions [-] Ext alias: backups {{(pid=110946) _check_extension /opt/stack/cinder/cinder/api/extensions.py:180}}
Jun 03 08:56:16.339245 dv-cinder-812685-8-smb devstack@c-api.service[110946]: DEBUG cinder.api.extensions [-] Ext description: Backups support. {{(pid=110946) _check_extension /opt/stack/cinder/cinder/api/extensions.py:181}}
Jun 03 08:56:16.339245 dv-cinder-812685-8-smb devstack@c-api.service[110946]: DEBUG cinder.api.extensions [-] Ext updated: 2012-12-12T00:00:00+00:00 {{(pid=110946) _check_extension /opt/stack/cinder/cinder/api/extensions.py:183}}
Jun 03 08:56:16.339245 dv-cinder-812685-8-smb devstack@c-api.service[110946]: DEBUG cinder.api.extensions [-] Loaded extension: backups {{(pid=110946) register /opt/stack/cinder/cinder/api/extensions.py:140}}
Jun 03 08:56:16.339245 dv-cinder-812685-8-smb devstack@c-api.service[110946]: DEBUG cinder.api.extensions [-] Loading extension cinder.api.contrib.consistencygroups.Consistencygroups {{(pid=110946) load_extension /opt/stack/cinder/cinder/api/extensions.py:199}}
Jun 03 08:56:16.339245 dv-cinder-812685-8-smb devstack@c-api.service[110946]: DEBUG cinder.api.extensions [-] Calling extension factory cinder.api.contrib.consistencygroups.Consistencygroups {{(pid=110946) load_extension /opt/stack/cinder/cinder/api/extensions.py:205}}
Jun 03 08:56:16.339245 dv-cinder-812685-8-smb devstack@c-api.service[110946]: DEBUG cinder.api.extensions [-] Ext name: Consistencygroups {{(pid=110946) _check_extension /opt/stack/cinder/cinder/api/extensions.py:179}}
Jun 03 08:56:16.339245 dv-cinder-812685-8-smb devstack@c-api.service[110946]: DEBUG cinder.api.extensions [-] Ext alias: consistencygroups {{(pid=110946) _check_extension /opt/stack/cinder/cinder/api/extensions.py:180}}
Jun 03 08:56:16.340158 dv-cinder-812685-8-smb devstack@c-api.service[110946]: DEBUG cinder.api.extensions [-] Ext description: consistency groups support. {{(pid=110946) _check_extension /opt/stack/cinder/cinder/api/extensions.py:181}}
Jun 03 08:56:16.340158 dv-cinder-812685-8-smb devstack@c-api.service[110946]: DEBUG cinder.api.extensions [-] Ext updated: 2014-08-18T00:00:00+00:00 {{(pid=110946) _check_extension /opt/stack/cinder/cinder/api/extensions.py:183}}
Jun 03 08:56:16.340391 dv-cinder-812685-8-smb devstack@c-api.service[110946]: DEBUG cinder.api.extensions [-] Loaded extension: consistencygroups {{(pid=110946) register /opt/stack/cinder/cinder/api/extensions.py:140}}
Jun 03 08:56:16.340674 dv-cinder-812685-8-smb devstack@c-api.service[110946]: DEBUG cinder.api.extensions [-] Loading extension cinder.api.contrib.volume_host_attribute.Volume_host_attribute {{(pid=110946) load_extension /opt/stack/cinder/cinder/api/extensions.py:199}}
Jun 03 08:56:16.340965 dv-cinder-812685-8-smb devstack@c-api.service[110946]: DEBUG cinder.api.extensions [-] Calling extension factory cinder.api.contrib.volume_host_attribute.Volume_host_attribute {{(pid=110946) load_extension /opt/stack/cinder/cinder/api/extensions.py:205}}
Jun 03 08:56:16.341233 dv-cinder-812685-8-smb devstack@c-api.service[110946]: DEBUG cinder.api.extensions [-] Ext name: VolumeHostAttribute {{(pid=110946) _check_extension /opt/stack/cinder/cinder/api/extensions.py:179}}
Jun 03 08:56:16.341497 dv-cinder-812685-8-smb devstack@c-api.service[110946]: DEBUG cinder.api.extensions [-] Ext alias: os-vol-host-attr {{(pid=110946) _check_extension /opt/stack/cinder/cinder/api/extensions.py:180}}
Jun 03 08:56:16.341768 dv-cinder-812685-8-smb devstack@c-api.service[110946]: DEBUG cinder.api.extensions [-] Ext description: Expose host as an attribute of a volume. {{(pid=110946) _check_extension /opt/stack/cinder/cinder/api/extensions.py:181}}
Jun 03 08:56:16.342033 dv-cinder-812685-8-smb devstack@c-api.service[110946]: DEBUG cinder.api.extensions [-] Ext updated: 2011-11-03T00:00:00+00:00 {{(pid=110946) _check_extension /opt/stack/cinder/cinder/api/extensions.py:183}}
Jun 03 08:56:16.342299 dv-cinder-812685-8-smb devstack@c-api.service[110946]: DEBUG cinder.api.extensions [-] Loaded extension: os-vol-host-attr {{(pid=110946) register /opt/stack/cinder/cinder/api/extensions.py:140}}
Jun 03 08:56:16.342633 dv-cinder-812685-8-smb devstack@c-api.service[110946]: DEBUG cinder.api.extensions [-] Loading extension cinder.api.contrib.scheduler_stats.Scheduler_stats {{(pid=110946) load_extension /opt/stack/cinder/cinder/api/extensions.py:199}}
Jun 03 08:56:16.342847 dv-cinder-812685-8-smb devstack@c-api.service[110946]: DEBUG cinder.api.extensions [-] Calling extension factory cinder.api.contrib.scheduler_stats.Scheduler_stats {{(pid=110946) load_extension /opt/stack/cinder/cinder/api/extensions.py:205}}
Jun 03 08:56:16.343815 dv-cinder-812685-8-smb devstack@c-api.service[110946]: DEBUG cinder.api.extensions [-] Ext name: Scheduler_stats {{(pid=110946) _check_extension /opt/stack/cinder/cinder/api/extensions.py:179}}
Jun 03 08:56:16.343815 dv-cinder-812685-8-smb devstack@c-api.service[110946]: DEBUG cinder.api.extensions [-] Ext alias: scheduler-stats {{(pid=110946) _check_extension /opt/stack/cinder/cinder/api/extensions.py:180}}
Jun 03 08:56:16.343815 dv-cinder-812685-8-smb devstack@c-api.service[110946]: DEBUG cinder.api.extensions [-] Ext description: Scheduler stats support. {{(pid=110946) _check_extension /opt/stack/cinder/cinder/api/extensions.py:181}}
Jun 03 08:56:16.343815 dv-cinder-812685-8-smb devstack@c-api.service[110946]: DEBUG cinder.api.extensions [-] Ext updated: 2014-09-07T00:00:00+00:00 {{(pid=110946) _check_extension /opt/stack/cinder/cinder/api/extensions.py:183}}
Jun 03 08:56:16.343815 dv-cinder-812685-8-smb devstack@c-api.service[110946]: DEBUG cinder.api.extensions [-] Loaded extension: scheduler-stats {{(pid=110946) register /opt/stack/cinder/cinder/api/extensions.py:140}}
Jun 03 08:56:16.367578 dv-cinder-812685-8-smb devstack@c-api.service[110947]: INFO dbcounter [None req-f329a425-5e8a-47bd-8c44-5d3ee2b4f00b None None] Registered counter for database cinder
Jun 03 08:56:16.408190 dv-cinder-812685-8-smb devstack@c-api.service[110946]: INFO dbcounter [None req-805dd980-b9d1-4489-aa87-17b15b2e90d9 None None] Registered counter for database cinder
Jun 03 08:56:16.489175 dv-cinder-812685-8-smb devstack@c-api.service[110947]: DEBUG oslo_db.sqlalchemy.engines [None req-f329a425-5e8a-47bd-8c44-5d3ee2b4f00b None None] MySQL server mode set to STRICT_TRANS_TABLES,STRICT_ALL_TABLES,NO_ZERO_IN_DATE,NO_ZERO_DATE,ERROR_FOR_DIVISION_BY_ZERO,TRADITIONAL,NO_ENGINE_SUBSTITUTION {{(pid=110947) _check_effective_sql_mode /usr/local/lib/python3.8/dist-packages/oslo_db/sqlalchemy/engines.py:314}}
Jun 03 08:56:16.497230 dv-cinder-812685-8-smb devstack@c-api.service[110947]: DEBUG dbcounter [-] [110947] Writer thread running {{(pid=110947) stat_writer /usr/local/lib/python3.8/dist-packages/dbcounter.py:99}}
Jun 03 08:56:16.531115 dv-cinder-812685-8-smb devstack@c-api.service[110946]: DEBUG oslo_db.sqlalchemy.engines [None req-805dd980-b9d1-4489-aa87-17b15b2e90d9 None None] MySQL server mode set to STRICT_TRANS_TABLES,STRICT_ALL_TABLES,NO_ZERO_IN_DATE,NO_ZERO_DATE,ERROR_FOR_DIVISION_BY_ZERO,TRADITIONAL,NO_ENGINE_SUBSTITUTION {{(pid=110946) _check_effective_sql_mode /usr/local/lib/python3.8/dist-packages/oslo_db/sqlalchemy/engines.py:314}}
Jun 03 08:56:16.538840 dv-cinder-812685-8-smb devstack@c-api.service[110946]: DEBUG dbcounter [-] [110946] Writer thread running {{(pid=110946) stat_writer /usr/local/lib/python3.8/dist-packages/dbcounter.py:99}}
Jun 03 08:56:16.723460 dv-cinder-812685-8-smb devstack@c-api.service[110947]: INFO cinder.rpc [None req-f329a425-5e8a-47bd-8c44-5d3ee2b4f00b None None] Automatically selected cinder-scheduler objects version 1.39 as minimum service version.
Jun 03 08:56:16.728304 dv-cinder-812685-8-smb devstack@c-api.service[110947]: INFO cinder.rpc [None req-f329a425-5e8a-47bd-8c44-5d3ee2b4f00b None None] Automatically selected cinder-scheduler RPC version 3.12 as minimum service version.
Jun 03 08:56:16.732874 dv-cinder-812685-8-smb devstack@c-api.service[110947]: INFO cinder.rpc [None req-f329a425-5e8a-47bd-8c44-5d3ee2b4f00b None None] Automatically selected cinder-volume objects version 1.39 as minimum service version.
Jun 03 08:56:16.737285 dv-cinder-812685-8-smb devstack@c-api.service[110947]: INFO cinder.rpc [None req-f329a425-5e8a-47bd-8c44-5d3ee2b4f00b None None] Automatically selected cinder-volume RPC version 3.18 as minimum service version.
Jun 03 08:56:16.738109 dv-cinder-812685-8-smb devstack@c-api.service[110947]: WARNING stevedore.named [None req-f329a425-5e8a-47bd-8c44-5d3ee2b4f00b None None] Could not load cinder.keymgr.conf_key_mgr.ConfKeyManager
Jun 03 08:56:16.738564 dv-cinder-812685-8-smb devstack@c-api.service[110947]: WARNING castellan.key_manager [None req-f329a425-5e8a-47bd-8c44-5d3ee2b4f00b None None] Deprecation Warning : cinder.keymgr.conf_key_mgr.ConfKeyManager is not a stevedore based driver, trying to load it as a class: stevedore.exception.NoMatches: No 'castellan.drivers' driver found, looking for 'cinder.keymgr.conf_key_mgr.ConfKeyManager'
Jun 03 08:56:16.758725 dv-cinder-812685-8-smb devstack@c-api.service[110947]: WARNING cinder.keymgr.conf_key_mgr [None req-f329a425-5e8a-47bd-8c44-5d3ee2b4f00b None None] This key manager is insecure and is not recommended for production deployments: stevedore.exception.NoMatches: No 'castellan.drivers' driver found, looking for 'cinder.keymgr.conf_key_mgr.ConfKeyManager'
Jun 03 08:56:16.759620 dv-cinder-812685-8-smb devstack@c-api.service[110947]: /usr/local/lib/python3.8/dist-packages/oslo_db/sqlalchemy/enginefacade.py:355: OsloDBDeprecationWarning: EngineFacade is deprecated; please use oslo_db.sqlalchemy.enginefacade
Jun 03 08:56:16.759620 dv-cinder-812685-8-smb devstack@c-api.service[110947]: self._legacy_facade = LegacyEngineFacade(None, _factory=self)
Jun 03 08:56:16.767009 dv-cinder-812685-8-smb devstack@c-api.service[110947]: DEBUG oslo_db.sqlalchemy.engines [None req-f329a425-5e8a-47bd-8c44-5d3ee2b4f00b None None] MySQL server mode set to STRICT_TRANS_TABLES,STRICT_ALL_TABLES,NO_ZERO_IN_DATE,NO_ZERO_DATE,ERROR_FOR_DIVISION_BY_ZERO,TRADITIONAL,NO_ENGINE_SUBSTITUTION {{(pid=110947) _check_effective_sql_mode /usr/local/lib/python3.8/dist-packages/oslo_db/sqlalchemy/engines.py:314}}
Jun 03 08:56:16.772103 dv-cinder-812685-8-smb devstack@c-api.service[110946]: INFO cinder.rpc [None req-805dd980-b9d1-4489-aa87-17b15b2e90d9 None None] Automatically selected cinder-scheduler objects version 1.39 as minimum service version.
Jun 03 08:56:16.774029 dv-cinder-812685-8-smb devstack@c-api.service[110947]: INFO cinder.rpc [None req-f329a425-5e8a-47bd-8c44-5d3ee2b4f00b None None] Automatically selected cinder-backup objects version 1.39 as minimum service version.
Jun 03 08:56:16.777247 dv-cinder-812685-8-smb devstack@c-api.service[110946]: INFO cinder.rpc [None req-805dd980-b9d1-4489-aa87-17b15b2e90d9 None None] Automatically selected cinder-scheduler RPC version 3.12 as minimum service version.
Jun 03 08:56:16.779004 dv-cinder-812685-8-smb devstack@c-api.service[110947]: INFO cinder.rpc [None req-f329a425-5e8a-47bd-8c44-5d3ee2b4f00b None None] Automatically selected cinder-backup RPC version 2.3 as minimum service version.
Jun 03 08:56:16.780352 dv-cinder-812685-8-smb devstack@c-api.service[110947]: WARNING stevedore.named [None req-f329a425-5e8a-47bd-8c44-5d3ee2b4f00b None None] Could not load cinder.keymgr.conf_key_mgr.ConfKeyManager
Jun 03 08:56:16.780816 dv-cinder-812685-8-smb devstack@c-api.service[110947]: WARNING castellan.key_manager [None req-f329a425-5e8a-47bd-8c44-5d3ee2b4f00b None None] Deprecation Warning : cinder.keymgr.conf_key_mgr.ConfKeyManager is not a stevedore based driver, trying to load it as a class: stevedore.exception.NoMatches: No 'castellan.drivers' driver found, looking for 'cinder.keymgr.conf_key_mgr.ConfKeyManager'
Jun 03 08:56:16.782812 dv-cinder-812685-8-smb devstack@c-api.service[110946]: INFO cinder.rpc [None req-805dd980-b9d1-4489-aa87-17b15b2e90d9 None None] Automatically selected cinder-volume objects version 1.39 as minimum service version.
Jun 03 08:56:16.783431 dv-cinder-812685-8-smb devstack@c-api.service[110947]: WARNING stevedore.named [None req-f329a425-5e8a-47bd-8c44-5d3ee2b4f00b None None] Could not load cinder.keymgr.conf_key_mgr.ConfKeyManager
Jun 03 08:56:16.783850 dv-cinder-812685-8-smb devstack@c-api.service[110947]: WARNING castellan.key_manager [None req-f329a425-5e8a-47bd-8c44-5d3ee2b4f00b None None] Deprecation Warning : cinder.keymgr.conf_key_mgr.ConfKeyManager is not a stevedore based driver, trying to load it as a class: stevedore.exception.NoMatches: No 'castellan.drivers' driver found, looking for 'cinder.keymgr.conf_key_mgr.ConfKeyManager'
Jun 03 08:56:16.785732 dv-cinder-812685-8-smb devstack@c-api.service[110947]: WARNING stevedore.named [None req-f329a425-5e8a-47bd-8c44-5d3ee2b4f00b None None] Could not load cinder.keymgr.conf_key_mgr.ConfKeyManager
Jun 03 08:56:16.786042 dv-cinder-812685-8-smb devstack@c-api.service[110947]: WARNING castellan.key_manager [None req-f329a425-5e8a-47bd-8c44-5d3ee2b4f00b None None] Deprecation Warning : cinder.keymgr.conf_key_mgr.ConfKeyManager is not a stevedore based driver, trying to load it as a class: stevedore.exception.NoMatches: No 'castellan.drivers' driver found, looking for 'cinder.keymgr.conf_key_mgr.ConfKeyManager'
Jun 03 08:56:16.788080 dv-cinder-812685-8-smb devstack@c-api.service[110946]: INFO cinder.rpc [None req-805dd980-b9d1-4489-aa87-17b15b2e90d9 None None] Automatically selected cinder-volume RPC version 3.18 as minimum service version.
Jun 03 08:56:16.789151 dv-cinder-812685-8-smb devstack@c-api.service[110946]: WARNING stevedore.named [None req-805dd980-b9d1-4489-aa87-17b15b2e90d9 None None] Could not load cinder.keymgr.conf_key_mgr.ConfKeyManager
Jun 03 08:56:16.789641 dv-cinder-812685-8-smb devstack@c-api.service[110946]: WARNING castellan.key_manager [None req-805dd980-b9d1-4489-aa87-17b15b2e90d9 None None] Deprecation Warning : cinder.keymgr.conf_key_mgr.ConfKeyManager is not a stevedore based driver, trying to load it as a class: stevedore.exception.NoMatches: No 'castellan.drivers' driver found, looking for 'cinder.keymgr.conf_key_mgr.ConfKeyManager'
Jun 03 08:56:16.808106 dv-cinder-812685-8-smb devstack@c-api.service[110946]: WARNING cinder.keymgr.conf_key_mgr [None req-805dd980-b9d1-4489-aa87-17b15b2e90d9 None None] This key manager is insecure and is not recommended for production deployments: stevedore.exception.NoMatches: No 'castellan.drivers' driver found, looking for 'cinder.keymgr.conf_key_mgr.ConfKeyManager'
Jun 03 08:56:16.809095 dv-cinder-812685-8-smb devstack@c-api.service[110946]: /usr/local/lib/python3.8/dist-packages/oslo_db/sqlalchemy/enginefacade.py:355: OsloDBDeprecationWarning: EngineFacade is deprecated; please use oslo_db.sqlalchemy.enginefacade
Jun 03 08:56:16.809095 dv-cinder-812685-8-smb devstack@c-api.service[110946]: self._legacy_facade = LegacyEngineFacade(None, _factory=self)
Jun 03 08:56:16.812501 dv-cinder-812685-8-smb devstack@c-api.service[110947]: WARNING stevedore.named [None req-f329a425-5e8a-47bd-8c44-5d3ee2b4f00b None None] Could not load cinder.keymgr.conf_key_mgr.ConfKeyManager
Jun 03 08:56:16.812943 dv-cinder-812685-8-smb devstack@c-api.service[110947]: WARNING castellan.key_manager [None req-f329a425-5e8a-47bd-8c44-5d3ee2b4f00b None None] Deprecation Warning : cinder.keymgr.conf_key_mgr.ConfKeyManager is not a stevedore based driver, trying to load it as a class: stevedore.exception.NoMatches: No 'castellan.drivers' driver found, looking for 'cinder.keymgr.conf_key_mgr.ConfKeyManager'
Jun 03 08:56:16.817684 dv-cinder-812685-8-smb devstack@c-api.service[110946]: DEBUG oslo_db.sqlalchemy.engines [None req-805dd980-b9d1-4489-aa87-17b15b2e90d9 None None] MySQL server mode set to STRICT_TRANS_TABLES,STRICT_ALL_TABLES,NO_ZERO_IN_DATE,NO_ZERO_DATE,ERROR_FOR_DIVISION_BY_ZERO,TRADITIONAL,NO_ENGINE_SUBSTITUTION {{(pid=110946) _check_effective_sql_mode /usr/local/lib/python3.8/dist-packages/oslo_db/sqlalchemy/engines.py:314}}
Jun 03 08:56:16.818985 dv-cinder-812685-8-smb devstack@c-api.service[110947]: WARNING stevedore.named [None req-f329a425-5e8a-47bd-8c44-5d3ee2b4f00b None None] Could not load cinder.keymgr.conf_key_mgr.ConfKeyManager
Jun 03 08:56:16.819373 dv-cinder-812685-8-smb devstack@c-api.service[110947]: WARNING castellan.key_manager [None req-f329a425-5e8a-47bd-8c44-5d3ee2b4f00b None None] Deprecation Warning : cinder.keymgr.conf_key_mgr.ConfKeyManager is not a stevedore based driver, trying to load it as a class: stevedore.exception.NoMatches: No 'castellan.drivers' driver found, looking for 'cinder.keymgr.conf_key_mgr.ConfKeyManager'
Jun 03 08:56:16.823817 dv-cinder-812685-8-smb devstack@c-api.service[110946]: INFO cinder.rpc [None req-805dd980-b9d1-4489-aa87-17b15b2e90d9 None None] Automatically selected cinder-backup objects version 1.39 as minimum service version.
Jun 03 08:56:16.827489 dv-cinder-812685-8-smb devstack@c-api.service[110947]: WARNING stevedore.named [None req-f329a425-5e8a-47bd-8c44-5d3ee2b4f00b None None] Could not load cinder.keymgr.conf_key_mgr.ConfKeyManager
Jun 03 08:56:16.828072 dv-cinder-812685-8-smb devstack@c-api.service[110947]: WARNING castellan.key_manager [None req-f329a425-5e8a-47bd-8c44-5d3ee2b4f00b None None] Deprecation Warning : cinder.keymgr.conf_key_mgr.ConfKeyManager is not a stevedore based driver, trying to load it as a class: stevedore.exception.NoMatches: No 'castellan.drivers' driver found, looking for 'cinder.keymgr.conf_key_mgr.ConfKeyManager'
Jun 03 08:56:16.828531 dv-cinder-812685-8-smb devstack@c-api.service[110946]: INFO cinder.rpc [None req-805dd980-b9d1-4489-aa87-17b15b2e90d9 None None] Automatically selected cinder-backup RPC version 2.3 as minimum service version.
Jun 03 08:56:16.829577 dv-cinder-812685-8-smb devstack@c-api.service[110946]: WARNING stevedore.named [None req-805dd980-b9d1-4489-aa87-17b15b2e90d9 None None] Could not load cinder.keymgr.conf_key_mgr.ConfKeyManager
Jun 03 08:56:16.830030 dv-cinder-812685-8-smb devstack@c-api.service[110946]: WARNING castellan.key_manager [None req-805dd980-b9d1-4489-aa87-17b15b2e90d9 None None] Deprecation Warning : cinder.keymgr.conf_key_mgr.ConfKeyManager is not a stevedore based driver, trying to load it as a class: stevedore.exception.NoMatches: No 'castellan.drivers' driver found, looking for 'cinder.keymgr.conf_key_mgr.ConfKeyManager'
Jun 03 08:56:16.832233 dv-cinder-812685-8-smb devstack@c-api.service[110946]: WARNING stevedore.named [None req-805dd980-b9d1-4489-aa87-17b15b2e90d9 None None] Could not load cinder.keymgr.conf_key_mgr.ConfKeyManager
Jun 03 08:56:16.833346 dv-cinder-812685-8-smb devstack@c-api.service[110946]: WARNING castellan.key_manager [None req-805dd980-b9d1-4489-aa87-17b15b2e90d9 None None] Deprecation Warning : cinder.keymgr.conf_key_mgr.ConfKeyManager is not a stevedore based driver, trying to load it as a class: stevedore.exception.NoMatches: No 'castellan.drivers' driver found, looking for 'cinder.keymgr.conf_key_mgr.ConfKeyManager'
Jun 03 08:56:16.834966 dv-cinder-812685-8-smb devstack@c-api.service[110946]: WARNING stevedore.named [None req-805dd980-b9d1-4489-aa87-17b15b2e90d9 None None] Could not load cinder.keymgr.conf_key_mgr.ConfKeyManager
Jun 03 08:56:16.835390 dv-cinder-812685-8-smb devstack@c-api.service[110946]: WARNING castellan.key_manager [None req-805dd980-b9d1-4489-aa87-17b15b2e90d9 None None] Deprecation Warning : cinder.keymgr.conf_key_mgr.ConfKeyManager is not a stevedore based driver, trying to load it as a class: stevedore.exception.NoMatches: No 'castellan.drivers' driver found, looking for 'cinder.keymgr.conf_key_mgr.ConfKeyManager'
Jun 03 08:56:16.838837 dv-cinder-812685-8-smb devstack@c-api.service[110947]: WARNING stevedore.named [None req-f329a425-5e8a-47bd-8c44-5d3ee2b4f00b None None] Could not load cinder.keymgr.conf_key_mgr.ConfKeyManager
Jun 03 08:56:16.839202 dv-cinder-812685-8-smb devstack@c-api.service[110947]: WARNING castellan.key_manager [None req-f329a425-5e8a-47bd-8c44-5d3ee2b4f00b None None] Deprecation Warning : cinder.keymgr.conf_key_mgr.ConfKeyManager is not a stevedore based driver, trying to load it as a class: stevedore.exception.NoMatches: No 'castellan.drivers' driver found, looking for 'cinder.keymgr.conf_key_mgr.ConfKeyManager'
Jun 03 08:56:16.844592 dv-cinder-812685-8-smb devstack@c-api.service[110947]: WARNING stevedore.named [None req-f329a425-5e8a-47bd-8c44-5d3ee2b4f00b None None] Could not load cinder.keymgr.conf_key_mgr.ConfKeyManager
Jun 03 08:56:16.844998 dv-cinder-812685-8-smb devstack@c-api.service[110947]: WARNING castellan.key_manager [None req-f329a425-5e8a-47bd-8c44-5d3ee2b4f00b None None] Deprecation Warning : cinder.keymgr.conf_key_mgr.ConfKeyManager is not a stevedore based driver, trying to load it as a class: stevedore.exception.NoMatches: No 'castellan.drivers' driver found, looking for 'cinder.keymgr.conf_key_mgr.ConfKeyManager'
Jun 03 08:56:16.850360 dv-cinder-812685-8-smb devstack@c-api.service[110947]: WARNING stevedore.named [None req-f329a425-5e8a-47bd-8c44-5d3ee2b4f00b None None] Could not load cinder.keymgr.conf_key_mgr.ConfKeyManager
Jun 03 08:56:16.850736 dv-cinder-812685-8-smb devstack@c-api.service[110947]: WARNING castellan.key_manager [None req-f329a425-5e8a-47bd-8c44-5d3ee2b4f00b None None] Deprecation Warning : cinder.keymgr.conf_key_mgr.ConfKeyManager is not a stevedore based driver, trying to load it as a class: stevedore.exception.NoMatches: No 'castellan.drivers' driver found, looking for 'cinder.keymgr.conf_key_mgr.ConfKeyManager'
Jun 03 08:56:16.856420 dv-cinder-812685-8-smb devstack@c-api.service[110947]: WARNING stevedore.named [None req-f329a425-5e8a-47bd-8c44-5d3ee2b4f00b None None] Could not load cinder.keymgr.conf_key_mgr.ConfKeyManager
Jun 03 08:56:16.856796 dv-cinder-812685-8-smb devstack@c-api.service[110947]: WARNING castellan.key_manager [None req-f329a425-5e8a-47bd-8c44-5d3ee2b4f00b None None] Deprecation Warning : cinder.keymgr.conf_key_mgr.ConfKeyManager is not a stevedore based driver, trying to load it as a class: stevedore.exception.NoMatches: No 'castellan.drivers' driver found, looking for 'cinder.keymgr.conf_key_mgr.ConfKeyManager'
Jun 03 08:56:16.859754 dv-cinder-812685-8-smb devstack@c-api.service[110946]: WARNING stevedore.named [None req-805dd980-b9d1-4489-aa87-17b15b2e90d9 None None] Could not load cinder.keymgr.conf_key_mgr.ConfKeyManager
Jun 03 08:56:16.860213 dv-cinder-812685-8-smb devstack@c-api.service[110946]: WARNING castellan.key_manager [None req-805dd980-b9d1-4489-aa87-17b15b2e90d9 None None] Deprecation Warning : cinder.keymgr.conf_key_mgr.ConfKeyManager is not a stevedore based driver, trying to load it as a class: stevedore.exception.NoMatches: No 'castellan.drivers' driver found, looking for 'cinder.keymgr.conf_key_mgr.ConfKeyManager'
Jun 03 08:56:16.861821 dv-cinder-812685-8-smb devstack@c-api.service[110947]: WARNING stevedore.named [None req-f329a425-5e8a-47bd-8c44-5d3ee2b4f00b None None] Could not load cinder.keymgr.conf_key_mgr.ConfKeyManager
Jun 03 08:56:16.862179 dv-cinder-812685-8-smb devstack@c-api.service[110947]: WARNING castellan.key_manager [None req-f329a425-5e8a-47bd-8c44-5d3ee2b4f00b None None] Deprecation Warning : cinder.keymgr.conf_key_mgr.ConfKeyManager is not a stevedore based driver, trying to load it as a class: stevedore.exception.NoMatches: No 'castellan.drivers' driver found, looking for 'cinder.keymgr.conf_key_mgr.ConfKeyManager'
Jun 03 08:56:16.867189 dv-cinder-812685-8-smb devstack@c-api.service[110946]: WARNING stevedore.named [None req-805dd980-b9d1-4489-aa87-17b15b2e90d9 None None] Could not load cinder.keymgr.conf_key_mgr.ConfKeyManager
Jun 03 08:56:16.867611 dv-cinder-812685-8-smb devstack@c-api.service[110946]: WARNING castellan.key_manager [None req-805dd980-b9d1-4489-aa87-17b15b2e90d9 None None] Deprecation Warning : cinder.keymgr.conf_key_mgr.ConfKeyManager is not a stevedore based driver, trying to load it as a class: stevedore.exception.NoMatches: No 'castellan.drivers' driver found, looking for 'cinder.keymgr.conf_key_mgr.ConfKeyManager'
Jun 03 08:56:16.868292 dv-cinder-812685-8-smb devstack@c-api.service[110947]: WARNING stevedore.named [None req-f329a425-5e8a-47bd-8c44-5d3ee2b4f00b None None] Could not load cinder.keymgr.conf_key_mgr.ConfKeyManager
Jun 03 08:56:16.868673 dv-cinder-812685-8-smb devstack@c-api.service[110947]: WARNING castellan.key_manager [None req-f329a425-5e8a-47bd-8c44-5d3ee2b4f00b None None] Deprecation Warning : cinder.keymgr.conf_key_mgr.ConfKeyManager is not a stevedore based driver, trying to load it as a class: stevedore.exception.NoMatches: No 'castellan.drivers' driver found, looking for 'cinder.keymgr.conf_key_mgr.ConfKeyManager'
Jun 03 08:56:16.870497 dv-cinder-812685-8-smb devstack@c-api.service[110947]: WARNING stevedore.named [None req-f329a425-5e8a-47bd-8c44-5d3ee2b4f00b None None] Could not load cinder.keymgr.conf_key_mgr.ConfKeyManager
Jun 03 08:56:16.871224 dv-cinder-812685-8-smb devstack@c-api.service[110947]: WARNING castellan.key_manager [None req-f329a425-5e8a-47bd-8c44-5d3ee2b4f00b None None] Deprecation Warning : cinder.keymgr.conf_key_mgr.ConfKeyManager is not a stevedore based driver, trying to load it as a class: stevedore.exception.NoMatches: No 'castellan.drivers' driver found, looking for 'cinder.keymgr.conf_key_mgr.ConfKeyManager'
Jun 03 08:56:16.874313 dv-cinder-812685-8-smb devstack@c-api.service[110946]: WARNING stevedore.named [None req-805dd980-b9d1-4489-aa87-17b15b2e90d9 None None] Could not load cinder.keymgr.conf_key_mgr.ConfKeyManager
Jun 03 08:56:16.874758 dv-cinder-812685-8-smb devstack@c-api.service[110946]: WARNING castellan.key_manager [None req-805dd980-b9d1-4489-aa87-17b15b2e90d9 None None] Deprecation Warning : cinder.keymgr.conf_key_mgr.ConfKeyManager is not a stevedore based driver, trying to load it as a class: stevedore.exception.NoMatches: No 'castellan.drivers' driver found, looking for 'cinder.keymgr.conf_key_mgr.ConfKeyManager'
Jun 03 08:56:16.875990 dv-cinder-812685-8-smb devstack@c-api.service[110947]: WARNING stevedore.named [None req-f329a425-5e8a-47bd-8c44-5d3ee2b4f00b None None] Could not load cinder.keymgr.conf_key_mgr.ConfKeyManager
Jun 03 08:56:16.876364 dv-cinder-812685-8-smb devstack@c-api.service[110947]: WARNING castellan.key_manager [None req-f329a425-5e8a-47bd-8c44-5d3ee2b4f00b None None] Deprecation Warning : cinder.keymgr.conf_key_mgr.ConfKeyManager is not a stevedore based driver, trying to load it as a class: stevedore.exception.NoMatches: No 'castellan.drivers' driver found, looking for 'cinder.keymgr.conf_key_mgr.ConfKeyManager'
Jun 03 08:56:16.884891 dv-cinder-812685-8-smb devstack@c-api.service[110946]: WARNING stevedore.named [None req-805dd980-b9d1-4489-aa87-17b15b2e90d9 None None] Could not load cinder.keymgr.conf_key_mgr.ConfKeyManager
Jun 03 08:56:16.885348 dv-cinder-812685-8-smb devstack@c-api.service[110946]: WARNING castellan.key_manager [None req-805dd980-b9d1-4489-aa87-17b15b2e90d9 None None] Deprecation Warning : cinder.keymgr.conf_key_mgr.ConfKeyManager is not a stevedore based driver, trying to load it as a class: stevedore.exception.NoMatches: No 'castellan.drivers' driver found, looking for 'cinder.keymgr.conf_key_mgr.ConfKeyManager'
Jun 03 08:56:16.888024 dv-cinder-812685-8-smb devstack@c-api.service[110947]: WARNING stevedore.named [None req-f329a425-5e8a-47bd-8c44-5d3ee2b4f00b None None] Could not load cinder.keymgr.conf_key_mgr.ConfKeyManager
Jun 03 08:56:16.888371 dv-cinder-812685-8-smb devstack@c-api.service[110947]: WARNING castellan.key_manager [None req-f329a425-5e8a-47bd-8c44-5d3ee2b4f00b None None] Deprecation Warning : cinder.keymgr.conf_key_mgr.ConfKeyManager is not a stevedore based driver, trying to load it as a class: stevedore.exception.NoMatches: No 'castellan.drivers' driver found, looking for 'cinder.keymgr.conf_key_mgr.ConfKeyManager'
Jun 03 08:56:16.890929 dv-cinder-812685-8-smb devstack@c-api.service[110946]: WARNING stevedore.named [None req-805dd980-b9d1-4489-aa87-17b15b2e90d9 None None] Could not load cinder.keymgr.conf_key_mgr.ConfKeyManager
Jun 03 08:56:16.891332 dv-cinder-812685-8-smb devstack@c-api.service[110946]: WARNING castellan.key_manager [None req-805dd980-b9d1-4489-aa87-17b15b2e90d9 None None] Deprecation Warning : cinder.keymgr.conf_key_mgr.ConfKeyManager is not a stevedore based driver, trying to load it as a class: stevedore.exception.NoMatches: No 'castellan.drivers' driver found, looking for 'cinder.keymgr.conf_key_mgr.ConfKeyManager'
Jun 03 08:56:16.894492 dv-cinder-812685-8-smb devstack@c-api.service[110947]: WARNING stevedore.named [None req-f329a425-5e8a-47bd-8c44-5d3ee2b4f00b None None] Could not load cinder.keymgr.conf_key_mgr.ConfKeyManager
Jun 03 08:56:16.894896 dv-cinder-812685-8-smb devstack@c-api.service[110947]: WARNING castellan.key_manager [None req-f329a425-5e8a-47bd-8c44-5d3ee2b4f00b None None] Deprecation Warning : cinder.keymgr.conf_key_mgr.ConfKeyManager is not a stevedore based driver, trying to load it as a class: stevedore.exception.NoMatches: No 'castellan.drivers' driver found, looking for 'cinder.keymgr.conf_key_mgr.ConfKeyManager'
Jun 03 08:56:16.897041 dv-cinder-812685-8-smb devstack@c-api.service[110947]: WARNING cinder.api.contrib.hosts [None req-f329a425-5e8a-47bd-8c44-5d3ee2b4f00b None None] Deprecated: The Host API is deprecated and will be be removed in a future version.
Jun 03 08:56:16.897540 dv-cinder-812685-8-smb devstack@c-api.service[110946]: WARNING stevedore.named [None req-805dd980-b9d1-4489-aa87-17b15b2e90d9 None None] Could not load cinder.keymgr.conf_key_mgr.ConfKeyManager
Jun 03 08:56:16.897770 dv-cinder-812685-8-smb devstack@c-api.service[110947]: WARNING stevedore.named [None req-f329a425-5e8a-47bd-8c44-5d3ee2b4f00b None None] Could not load cinder.keymgr.conf_key_mgr.ConfKeyManager
Jun 03 08:56:16.898016 dv-cinder-812685-8-smb devstack@c-api.service[110946]: WARNING castellan.key_manager [None req-805dd980-b9d1-4489-aa87-17b15b2e90d9 None None] Deprecation Warning : cinder.keymgr.conf_key_mgr.ConfKeyManager is not a stevedore based driver, trying to load it as a class: stevedore.exception.NoMatches: No 'castellan.drivers' driver found, looking for 'cinder.keymgr.conf_key_mgr.ConfKeyManager'
Jun 03 08:56:16.898134 dv-cinder-812685-8-smb devstack@c-api.service[110947]: WARNING castellan.key_manager [None req-f329a425-5e8a-47bd-8c44-5d3ee2b4f00b None None] Deprecation Warning : cinder.keymgr.conf_key_mgr.ConfKeyManager is not a stevedore based driver, trying to load it as a class: stevedore.exception.NoMatches: No 'castellan.drivers' driver found, looking for 'cinder.keymgr.conf_key_mgr.ConfKeyManager'
Jun 03 08:56:16.899920 dv-cinder-812685-8-smb devstack@c-api.service[110947]: WARNING stevedore.named [None req-f329a425-5e8a-47bd-8c44-5d3ee2b4f00b None None] Could not load cinder.keymgr.conf_key_mgr.ConfKeyManager
Jun 03 08:56:16.900270 dv-cinder-812685-8-smb devstack@c-api.service[110947]: WARNING castellan.key_manager [None req-f329a425-5e8a-47bd-8c44-5d3ee2b4f00b None None] Deprecation Warning : cinder.keymgr.conf_key_mgr.ConfKeyManager is not a stevedore based driver, trying to load it as a class: stevedore.exception.NoMatches: No 'castellan.drivers' driver found, looking for 'cinder.keymgr.conf_key_mgr.ConfKeyManager'
Jun 03 08:56:16.901926 dv-cinder-812685-8-smb devstack@c-api.service[110947]: WARNING stevedore.named [None req-f329a425-5e8a-47bd-8c44-5d3ee2b4f00b None None] Could not load cinder.keymgr.conf_key_mgr.ConfKeyManager
