Mar 04 00:48:26.695681 dv-cinder-812685-7-iscsi neutron-server[109682]: DEBUG neutron.api.rpc.handlers.dhcp_rpc [None req-8de08f54-cb56-424f-8ef6-047529f66d61 None None] Create dhcp port {'port': {'name': '', 'admin_state_up': True, 'device_id': 'dhcp59fa2352-7d86-513e-a27a-471c348e81da-0f459d4b-89d4-473a-8642-eeac28fa1b34', 'network_id': '0f459d4b-89d4-473a-8642-eeac28fa1b34', 'project_id': '4f74a38a30364f84b464c10e694a223d', 'fixed_ips': [{'subnet_id': '3bd82242-2f06-4a28-9540-82b69b66357f'}]}} from dv-cinder-812685-7-iscsi. {{(pid=109682) create_dhcp_port /opt/stack/neutron/neutron/api/rpc/handlers/dhcp_rpc.py:268}}
Mar 04 00:48:26.696716 dv-cinder-812685-7-iscsi neutron-server[109682]: DEBUG neutron_lib.callbacks.manager [None req-8de08f54-cb56-424f-8ef6-047529f66d61 None None] Publish callbacks ['neutron.plugins.ml2.plugin.SecurityGroupDbMixin._ensure_default_security_group_handler-16742785'] for port (None), before_create {{(pid=109682) _notify_loop /usr/local/lib/python3.8/dist-packages/neutron_lib/callbacks/manager.py:176}}
Mar 04 00:48:26.714243 dv-cinder-812685-7-iscsi neutron-server[109682]: DEBUG neutron.scheduler.base_scheduler [None req-1d81d3aa-330b-4a70-9bbf-fcd9d578a53b None None] Resources bound (agent type, host, resource id): {{(pid=109682) schedule /opt/stack/neutron/neutron/scheduler/base_scheduler.py:57}}
Mar 04 00:48:26.723564 dv-cinder-812685-7-iscsi neutron-server[109682]: DEBUG neutron.db.l3_dvrscheduler_db [None req-1d81d3aa-330b-4a70-9bbf-fcd9d578a53b None None] Received port after_create {{(pid=109682) _notify_l3_agent_new_port /opt/stack/neutron/neutron/db/l3_dvrscheduler_db.py:536}}
Mar 04 00:48:26.815573 dv-cinder-812685-7-iscsi neutron-server[109680]: DEBUG neutron_lib.callbacks.manager [None req-c5ba43c2-655b-486a-ae49-cbba514e5878 admin admin] Publish callbacks ['neutron.plugins.ml2.plugin.SecurityGroupDbMixin._ensure_default_security_group_handler-16742785'] for port (001f8030-f278-4591-8bd6-15f6cb5ce39d), before_update {{(pid=109680) _notify_loop /usr/local/lib/python3.8/dist-packages/neutron_lib/callbacks/manager.py:176}}
Mar 04 00:48:26.829810 dv-cinder-812685-7-iscsi neutron-server[109683]: DEBUG neutron.db.l3_hamode_db [None req-ea19c1c7-be2c-437b-a670-e466cb665503 None None] neutron.services.l3_router.l3_router_plugin.L3RouterPlugin method _process_sync_ha_data called with arguments (, [{'id': '20ade95e-745d-49c8-80e0-5f8d9c5d954c', 'name': 'tempest-ServerRescueNegativeTestJSON-1636934493-router', 'tenant_id': '97777a0e50ee43a789483f661b2f59b5', 'admin_state_up': True, 'status': 'ACTIVE', 'external_gateway_info': {'network_id': 'ed31d37d-9dc0-409c-895e-5f92a61ae860', 'external_fixed_ips': [{'subnet_id': '611be500-c481-4e53-a01a-f852442ac10e', 'ip_address': '172.27.0.113'}], 'enable_snat': True}, 'gw_port_id': 'd1a5c806-76be-481e-b56f-a4f7cdce80b8', 'description': '', 'availability_zones': ['nova'], 'distributed': False, 'ha': False, 'ha_vr_id': 0, 'availability_zone_hints': [], 'routes': [], 'flavor_id': None, 'tags': [], 'created_at': '2022-03-04T00:48:22Z', 'updated_at': '2022-03-04T00:48:23Z', 'revision_number': 3, 'project_id': '97777a0e50ee43a789483f661b2f59b5', 'gw_port': {'id': 'd1a5c806-76be-481e-b56f-a4f7cdce80b8', 'name': '', 'network_id': 'ed31d37d-9dc0-409c-895e-5f92a61ae860', 'tenant_id': '', 'mac_address': 'fa:16:3e:03:9c:e3', 'admin_state_up': True, 'status': 'DOWN', 'device_id': '20ade95e-745d-49c8-80e0-5f8d9c5d954c', 'device_owner': 'network:router_gateway', 'standard_attr_id': 50, 'fixed_ips': [{'subnet_id': '611be500-c481-4e53-a01a-f852442ac10e', 'ip_address': '172.27.0.113', 'prefixlen': 24}], 'allowed_address_pairs': [], 'extra_dhcp_opts': [], 'security_groups': [], 'description': '', 'binding:vnic_type': 'normal', 'binding:profile': {}, 'binding:host_id': 'dv-cinder-812685-7-iscsi', 'binding:vif_type': 'ovs', 'binding:vif_details': {'connectivity': 'l2', 'port_filter': True, 'ovs_hybrid_plug': False, 'datapath_type': 'system', 'bridge_name': 'br-int', 'bound_drivers': {'0': 'openvswitch'}}, 'port_security_enabled': False, 'tags': [], 'created_at': '2022-03-04T00:48:23Z', 'updated_at': '2022-03-04T00:48:26Z', 'revision_number': 3, 'project_id': '', 'subnets': [{'id': '611be500-c481-4e53-a01a-f852442ac10e', 'cidr': '172.27.0.0/24', 'gateway_ip': '172.27.0.1', 'dns_nameservers': [], 'ipv6_ra_mode': None, 'subnetpool_id': None}], 'extra_subnets': [], 'address_scopes': {4: None, 6: None}, 'mtu': 1500}, 'enable_snat': True, 'gw_port_host': 'dv-cinder-812685-7-iscsi'}], 'dv-cinder-812685-7-iscsi', False) {} {{(pid=109683) wrapper /usr/local/lib/python3.8/dist-packages/oslo_log/helpers.py:65}}
Mar 04 00:48:26.890597 dv-cinder-812685-7-iscsi neutron-server[109681]: DEBUG neutron_lib.callbacks.manager [None req-6c8490c7-7bcb-4fd6-a3df-03ba0d22ef4c admin admin] Publish callbacks [] for security_group (98fad454-4072-4ee4-9eef-7800f40d9847), precommit_create {{(pid=109681) _notify_loop /usr/local/lib/python3.8/dist-packages/neutron_lib/callbacks/manager.py:176}}
Mar 04 00:48:26.909567 dv-cinder-812685-7-iscsi neutron-server[109681]: INFO neutron.wsgi [req-ccaad034-9305-4db6-a489-6aeefa82e64e req-5bf209ba-fc26-49b5-a156-dbed3e51b843 service neutron] 10.222.0.23 "GET /v2.0/networks/dd68cc87-4f02-474a-9b7d-c6b0f0d8f80a?fields=segments HTTP/1.1" status: 200 len: 212 time: 0.4328458
Mar 04 00:48:26.913119 dv-cinder-812685-7-iscsi neutron-server[109681]: DEBUG neutron_lib.callbacks.manager [None req-6c8490c7-7bcb-4fd6-a3df-03ba0d22ef4c admin admin] Publish callbacks ['neutron.plugins.ml2.ovo_rpc._ObjectChangeHandler.handle_event-638087'] for security_group (98fad454-4072-4ee4-9eef-7800f40d9847), after_create {{(pid=109681) _notify_loop /usr/local/lib/python3.8/dist-packages/neutron_lib/callbacks/manager.py:176}}
Mar 04 00:48:26.918030 dv-cinder-812685-7-iscsi neutron-server[109683]: DEBUG neutron.api.rpc.handlers.l3_rpc [None req-ea19c1c7-be2c-437b-a670-e466cb665503 None None] The sync data for ids ['20ade95e-745d-49c8-80e0-5f8d9c5d954c'] in dv-cinder-812685-7-iscsi is: [{'id': '20ade95e-745d-49c8-80e0-5f8d9c5d954c', 'name': 'tempest-ServerRescueNegativeTestJSON-1636934493-router', 'tenant_id': '97777a0e50ee43a789483f661b2f59b5', 'admin_state_up': True, 'status': 'ACTIVE', 'external_gateway_info': {'network_id': 'ed31d37d-9dc0-409c-895e-5f92a61ae860', 'external_fixed_ips': [{'subnet_id': '611be500-c481-4e53-a01a-f852442ac10e', 'ip_address': '172.27.0.113'}], 'enable_snat': True}, 'gw_port_id': 'd1a5c806-76be-481e-b56f-a4f7cdce80b8', 'description': '', 'availability_zones': ['nova'], 'distributed': False, 'ha': False, 'ha_vr_id': 0, 'availability_zone_hints': [], 'routes': [], 'flavor_id': None, 'tags': [], 'created_at': '2022-03-04T00:48:22Z', 'updated_at': '2022-03-04T00:48:23Z', 'revision_number': 3, 'project_id': '97777a0e50ee43a789483f661b2f59b5', 'gw_port': {'id': 'd1a5c806-76be-481e-b56f-a4f7cdce80b8', 'name': '', 'network_id': 'ed31d37d-9dc0-409c-895e-5f92a61ae860', 'tenant_id': '', 'mac_address': 'fa:16:3e:03:9c:e3', 'admin_state_up': True, 'status': 'DOWN', 'device_id': '20ade95e-745d-49c8-80e0-5f8d9c5d954c', 'device_owner': 'network:router_gateway', 'standard_attr_id': 50, 'fixed_ips': [{'subnet_id': '611be500-c481-4e53-a01a-f852442ac10e', 'ip_address': '172.27.0.113', 'prefixlen': 24}], 'allowed_address_pairs': [], 'extra_dhcp_opts': [], 'security_groups': [], 'description': '', 'binding:vnic_type': 'normal', 'binding:profile': {}, 'binding:host_id': 'dv-cinder-812685-7-iscsi', 'binding:vif_type': 'ovs', 'binding:vif_details': {'connectivity': 'l2', 'port_filter': True, 'ovs_hybrid_plug': False, 'datapath_type': 'system', 'bridge_name': 'br-int', 'bound_drivers': {'0': 'openvswitch'}}, 'port_security_enabled': False, 'tags': [], 'created_at': '2022-03-04T00:48:23Z', 'updated_at': '2022-03-04T00:48:26Z', 'revision_number': 3, 'project_id': '', 'subnets': [{'id': '611be500-c481-4e53-a01a-f852442ac10e', 'cidr': '172.27.0.0/24', 'gateway_ip': '172.27.0.1', 'dns_nameservers': [], 'ipv6_ra_mode': None, 'subnetpool_id': None}], 'extra_subnets': [], 'address_scopes': {4: None, 6: None}, 'mtu': 1500}, 'enable_snat': True, 'gw_port_host': 'dv-cinder-812685-7-iscsi'}] {{(pid=109683) sync_routers /opt/stack/neutron/neutron/api/rpc/handlers/l3_rpc.py:137}}
Mar 04 00:48:26.954285 dv-cinder-812685-7-iscsi neutron-server[109682]: DEBUG neutron.plugins.ml2.managers [None req-1d81d3aa-330b-4a70-9bbf-fcd9d578a53b None None] Attempting to bind port d525431a-8150-4b4c-8e06-7f0aa488d4cc on host dv-cinder-812685-7-iscsi for vnic_type normal with profile {{(pid=109682) bind_port /opt/stack/neutron/neutron/plugins/ml2/managers.py:795}}
Mar 04 00:48:26.954798 dv-cinder-812685-7-iscsi neutron-server[109682]: DEBUG neutron.plugins.ml2.managers [None req-1d81d3aa-330b-4a70-9bbf-fcd9d578a53b None None] Attempting to bind port d525431a-8150-4b4c-8e06-7f0aa488d4cc by drivers openvswitch,hyperv on host dv-cinder-812685-7-iscsi at level 0 using segments [{'id': 'a5e2cb8f-7f16-4558-b388-05a86a8019a2', 'network_type': 'vlan', 'physical_network': 'physnet1', 'segmentation_id': 100, 'network_id': '68cec896-b5ba-4d83-aa75-a90c9dc1a1d2'}] {{(pid=109682) _bind_port_level /opt/stack/neutron/neutron/plugins/ml2/managers.py:820}}
Mar 04 00:48:26.956077 dv-cinder-812685-7-iscsi neutron-server[109682]: DEBUG neutron.plugins.ml2.drivers.mech_agent [None req-1d81d3aa-330b-4a70-9bbf-fcd9d578a53b None None] Attempting to bind port d525431a-8150-4b4c-8e06-7f0aa488d4cc on network 68cec896-b5ba-4d83-aa75-a90c9dc1a1d2 {{(pid=109682) bind_port /opt/stack/neutron/neutron/plugins/ml2/drivers/mech_agent.py:91}}
Mar 04 00:48:26.972049 dv-cinder-812685-7-iscsi neutron-server[109681]: DEBUG neutron.pecan_wsgi.hooks.policy_enforcement [req-deb1f6a0-f979-47f2-93fd-6825afc2b9b3 req-422186da-b177-4ecc-b44e-33a5f79c3853 tempest-DeleteServersTestJSON-1359359135 tempest-DeleteServersTestJSON-1359359135-project] Attributes excluded by policy engine: ['standard_attr_id', 'vlan_transparent', 'provider:network_type', 'provider:physical_network', 'provider:segmentation_id'] {{(pid=109681) _exclude_attributes_by_policy /opt/stack/neutron/neutron/pecan_wsgi/hooks/policy_enforcement.py:255}}
Mar 04 00:48:26.975212 dv-cinder-812685-7-iscsi neutron-server[109681]: INFO neutron.wsgi [req-deb1f6a0-f979-47f2-93fd-6825afc2b9b3 req-422186da-b177-4ecc-b44e-33a5f79c3853 tempest-DeleteServersTestJSON-1359359135 tempest-DeleteServersTestJSON-1359359135-project] 10.222.0.23 "GET /v2.0/networks?id=c8cc62ee-8363-4f59-a50c-5454c3993046 HTTP/1.1" status: 200 len: 811 time: 0.3094599
Mar 04 00:48:26.992775 dv-cinder-812685-7-iscsi neutron-server[109680]: DEBUG neutron_lib.callbacks.manager [None req-cf67dba9-b371-49e2-8043-5d24bca74ea0 admin admin] Publish callbacks ['neutron.services.l3_router.l3_router_plugin.L3_HA_NAT_db_mixin._before_router_create_handler-545419', 'neutron.services.l3_router.service_providers.driver_controller.DriverController._check_router_request-3508'] for router (38443604-714f-4677-a150-fe847ec68ef5), before_create {{(pid=109680) _notify_loop /usr/local/lib/python3.8/dist-packages/neutron_lib/callbacks/manager.py:176}}
Mar 04 00:48:26.994371 dv-cinder-812685-7-iscsi neutron-server[109680]: DEBUG neutron_lib.callbacks.manager [None req-cf67dba9-b371-49e2-8043-5d24bca74ea0 admin admin] Publish callbacks ['neutron.services.l3_router.l3_router_plugin.L3_HA_NAT_db_mixin._precommit_router_create-545819', 'neutron.services.l3_router.l3_router_plugin.DVRResourceOperationHandler._set_distributed_flag-542404', 'neutron.services.l3_router.l3_router_plugin.RouterAvailabilityZoneMixin._process_az_request-636237', 'neutron.services.l3_router.service_providers.driver_controller.DriverController._set_router_provider-3519'] for router (38443604-714f-4677-a150-fe847ec68ef5), precommit_create {{(pid=109680) _notify_loop /usr/local/lib/python3.8/dist-packages/neutron_lib/callbacks/manager.py:176}}
Mar 04 00:48:27.012967 dv-cinder-812685-7-iscsi neutron-server[109682]: DEBUG neutron.plugins.ml2.drivers.mech_agent [None req-1d81d3aa-330b-4a70-9bbf-fcd9d578a53b None None] Checking agent: {'id': '448761a4-0f99-4930-b369-ef2c6377636e', 'agent_type': 'Open vSwitch agent', 'binary': 'neutron-openvswitch-agent', 'topic': 'N/A', 'host': 'dv-cinder-812685-7-iscsi', 'admin_state_up': True, 'created_at': datetime.datetime(2022, 3, 4, 0, 40, 26), 'started_at': datetime.datetime(2022, 3, 4, 0, 40, 56), 'heartbeat_timestamp': datetime.datetime(2022, 3, 4, 0, 48, 26), 'description': None, 'resources_synced': None, 'availability_zone': None, 'alive': True, 'configurations': {'arp_responder_enabled': False, 'baremetal_smartnic': False, 'bridge_mappings': {'physnet1': 'br-data'}, 'datapath_type': 'system', 'devices': 0, 'enable_distributed_routing': False, 'extensions': [], 'in_distributed_mode': False, 'integration_bridge': 'br-int', 'l2_population': False, 'log_agent_heartbeats': False, 'ovs_capabilities': {'datapath_types': ['netdev', 'system'], 'iface_types': ['erspan', 'geneve', 'gre', 'internal', 'ip6erspan', 'ip6gre', 'lisp', 'patch', 'stt', 'system', 'tap', 'vxlan']}, 'ovs_hybrid_plug': False, 'resource_provider_bandwidths': {}, 'resource_provider_hypervisors': {'br-data': 'dv-cinder-812685-7-iscsi'}, 'resource_provider_inventory_defaults': {'allocation_ratio': 1.0, 'min_unit': 1, 'step_size': 1, 'reserved': 0}, 'resource_provider_packet_processing_inventory_defaults': {'allocation_ratio': 1.0, 'min_unit': 1, 'step_size': 1, 'reserved': 0}, 'resource_provider_packet_processing_with_direction': {}, 'resource_provider_packet_processing_without_direction': {}, 'tunnel_types': [], 'tunneling_ip': None, 'vhostuser_socket_dir': '/var/run/openvswitch'}, 'resource_versions': {'AddressGroup': '1.2', 'ConntrackHelper': '1.0', 'LocalIPAssociation': '1.0', 'Log': '1.0', 'Network': '1.1', 'Port': '1.7', 'PortForwarding': '1.2', 'QosPolicy': '1.10', 'SecurityGroup': '1.5', 'SecurityGroupRule': '1.2', 'SubPort': '1.0', 'Subnet': '1.1', 'Trunk': '1.1'}} {{(pid=109682) bind_port /opt/stack/neutron/neutron/plugins/ml2/drivers/mech_agent.py:110}}
Mar 04 00:48:27.013438 dv-cinder-812685-7-iscsi neutron-server[109682]: DEBUG neutron.plugins.ml2.drivers.mech_agent [None req-1d81d3aa-330b-4a70-9bbf-fcd9d578a53b None None] Checking segment: {'id': 'a5e2cb8f-7f16-4558-b388-05a86a8019a2', 'network_type': 'vlan', 'physical_network': 'physnet1', 'segmentation_id': 100, 'network_id': '68cec896-b5ba-4d83-aa75-a90c9dc1a1d2'} for mappings: {'physnet1': 'br-data'} with network types: ['local', 'flat', 'vlan'] {{(pid=109682) check_segment_for_agent /opt/stack/neutron/neutron/plugins/ml2/drivers/mech_agent.py:373}}
Mar 04 00:48:27.013896 dv-cinder-812685-7-iscsi neutron-server[109682]: DEBUG neutron_lib.callbacks.manager [None req-1d81d3aa-330b-4a70-9bbf-fcd9d578a53b None None] Publish callbacks [] for ovs_bridge_name (None), before_read {{(pid=109682) _notify_loop /usr/local/lib/python3.8/dist-packages/neutron_lib/callbacks/manager.py:176}}
Mar 04 00:48:27.014466 dv-cinder-812685-7-iscsi neutron-server[109682]: DEBUG neutron.plugins.ml2.drivers.mech_agent [None req-1d81d3aa-330b-4a70-9bbf-fcd9d578a53b None None] Bound using segment: {'id': 'a5e2cb8f-7f16-4558-b388-05a86a8019a2', 'network_type': 'vlan', 'physical_network': 'physnet1', 'segmentation_id': 100, 'network_id': '68cec896-b5ba-4d83-aa75-a90c9dc1a1d2'} {{(pid=109682) bind_port /opt/stack/neutron/neutron/plugins/ml2/drivers/mech_agent.py:120}}
Mar 04 00:48:27.015039 dv-cinder-812685-7-iscsi neutron-server[109682]: DEBUG neutron.plugins.ml2.managers [None req-1d81d3aa-330b-4a70-9bbf-fcd9d578a53b None None] Bound port: d525431a-8150-4b4c-8e06-7f0aa488d4cc, host: dv-cinder-812685-7-iscsi, vif_type: ovs, vif_details: {"connectivity": "l2", "port_filter": true, "ovs_hybrid_plug": false, "datapath_type": "system", "bridge_name": "br-int"}, binding_levels: [{'bound_driver': 'openvswitch', 'bound_segment': {'id': 'a5e2cb8f-7f16-4558-b388-05a86a8019a2', 'network_type': 'vlan', 'physical_network': 'physnet1', 'segmentation_id': 100, 'network_id': '68cec896-b5ba-4d83-aa75-a90c9dc1a1d2'}}] {{(pid=109682) _bind_port_level /opt/stack/neutron/neutron/plugins/ml2/managers.py:932}}
Mar 04 00:48:27.015575 dv-cinder-812685-7-iscsi neutron-server[109682]: DEBUG neutron_lib.callbacks.manager [None req-1d81d3aa-330b-4a70-9bbf-fcd9d578a53b None None] Publish callbacks ['neutron.plugins.ml2.plugin.SecurityGroupDbMixin._ensure_default_security_group_handler-16742785'] for port (d525431a-8150-4b4c-8e06-7f0aa488d4cc), before_update {{(pid=109682) _notify_loop /usr/local/lib/python3.8/dist-packages/neutron_lib/callbacks/manager.py:176}}
Mar 04 00:48:27.023048 dv-cinder-812685-7-iscsi neutron-server[109681]: INFO neutron.wsgi [req-deb1f6a0-f979-47f2-93fd-6825afc2b9b3 req-67afa3c7-d443-4ed2-ab09-caf4dd65b0aa tempest-DeleteServersTestJSON-1359359135 tempest-DeleteServersTestJSON-1359359135-project] 10.222.0.23 "GET /v2.0/quotas/3a66e90163854e46ac800b6872431b74 HTTP/1.1" status: 200 len: 375 time: 0.0170608
Mar 04 00:48:27.101767 dv-cinder-812685-7-iscsi neutron-server[109682]: DEBUG neutron.db.db_base_plugin_common [None req-8de08f54-cb56-424f-8ef6-047529f66d61 None None] Allocated IP 172.20.0.2 (0f459d4b-89d4-473a-8642-eeac28fa1b34/3bd82242-2f06-4a28-9540-82b69b66357f/d09118a8-717b-4b12-baa6-79429afcf100) {{(pid=109682) _store_ip_allocation /opt/stack/neutron/neutron/db/db_base_plugin_common.py:131}}
Mar 04 00:48:27.120456 dv-cinder-812685-7-iscsi neutron-server[109681]: INFO neutron.wsgi [req-deb1f6a0-f979-47f2-93fd-6825afc2b9b3 req-c77d161d-c877-49ca-953e-fe740df9aa16 tempest-DeleteServersTestJSON-1359359135 tempest-DeleteServersTestJSON-1359359135-project] 10.222.0.23 "GET /v2.0/ports?tenant_id=3a66e90163854e46ac800b6872431b74&fields=id HTTP/1.1" status: 200 len: 210 time: 0.0408733
Mar 04 00:48:27.141070 dv-cinder-812685-7-iscsi neutron-server[109681]: DEBUG neutron.api.rpc.handlers.resources_rpc [None req-6c8490c7-7bcb-4fd6-a3df-03ba0d22ef4c admin admin] Pushing event updated for resources: {'SecurityGroup': ['ID=98fad454-4072-4ee4-9eef-7800f40d9847,revision_number=1']} {{(pid=109681) push /opt/stack/neutron/neutron/api/rpc/handlers/resources_rpc.py:237}}
Mar 04 00:48:27.161573 dv-cinder-812685-7-iscsi neutron-server[109680]: DEBUG neutron_lib.callbacks.manager [None req-cf67dba9-b371-49e2-8043-5d24bca74ea0 admin admin] Publish callbacks [] for router_controller (38443604-714f-4677-a150-fe847ec68ef5), precommit_add_association {{(pid=109680) _notify_loop /usr/local/lib/python3.8/dist-packages/neutron_lib/callbacks/manager.py:176}}
Mar 04 00:48:27.168101 dv-cinder-812685-7-iscsi neutron-server[109681]: INFO neutron.wsgi [None req-6c8490c7-7bcb-4fd6-a3df-03ba0d22ef4c admin admin] 10.222.0.23 "GET /v2.0/security-groups?tenant_id=19a8ffbd8d904da5a38fea6f591ac127&name=default HTTP/1.1" status: 200 len: 2992 time: 1.8079355
Mar 04 00:48:27.172635 dv-cinder-812685-7-iscsi neutron-server[109681]: DEBUG neutron.wsgi [-] (109681) accepted ('10.222.0.23', 41602) {{(pid=109681) server /usr/local/lib/python3.8/dist-packages/eventlet/wsgi.py:1004}}
Mar 04 00:48:27.234492 dv-cinder-812685-7-iscsi neutron-server[109682]: DEBUG neutron.plugins.ml2.db [None req-1d81d3aa-330b-4a70-9bbf-fcd9d578a53b None None] For port d525431a-8150-4b4c-8e06-7f0aa488d4cc, host dv-cinder-812685-7-iscsi, cleared binding levels {{(pid=109682) clear_binding_levels /opt/stack/neutron/neutron/plugins/ml2/db.py:87}}
Mar 04 00:48:27.237723 dv-cinder-812685-7-iscsi neutron-server[109682]: DEBUG neutron.plugins.ml2.db [None req-1d81d3aa-330b-4a70-9bbf-fcd9d578a53b None None] For port d525431a-8150-4b4c-8e06-7f0aa488d4cc, host dv-cinder-812685-7-iscsi, set binding levels [PortBindingLevel(driver='openvswitch',host='dv-cinder-812685-7-iscsi',level=0,port_id=d525431a-8150-4b4c-8e06-7f0aa488d4cc,segment=NetworkSegment(a5e2cb8f-7f16-4558-b388-05a86a8019a2),segment_id=a5e2cb8f-7f16-4558-b388-05a86a8019a2)] {{(pid=109682) set_binding_levels /opt/stack/neutron/neutron/plugins/ml2/db.py:59}}
Mar 04 00:48:27.251356 dv-cinder-812685-7-iscsi neutron-server[109682]: DEBUG neutron_lib.callbacks.manager [None req-1d81d3aa-330b-4a70-9bbf-fcd9d578a53b None None] Publish callbacks ['neutron.plugins.ml2.plugin.SecurityGroupServerNotifierRpcMixin._notify_sg_on_port_change-16742722', 'neutron.plugins.ml2.ovo_rpc._ObjectChangeHandler.handle_event-926306', 'neutron.api.rpc.agentnotifiers.dhcp_rpc_agent_api.DhcpAgentNotifyAPI._native_event_send_dhcp_notification-573423', 'neutron.db.l3_db.L3RpcNotifierMixin._notify_gateway_port_ip_changed-8742061551086', 'neutron.db.l3_dvrscheduler_db._notify_l3_agent_port_update-8742061012974', 'neutron.db.l3_hascheduler_db._notify_l3_agent_ha_port_update-8742061014020'] for port (d525431a-8150-4b4c-8e06-7f0aa488d4cc), after_update {{(pid=109682) _notify_loop /usr/local/lib/python3.8/dist-packages/neutron_lib/callbacks/manager.py:176}}
Mar 04 00:48:27.385054 dv-cinder-812685-7-iscsi neutron-server[109680]: DEBUG neutron_lib.callbacks.manager [None req-c5ba43c2-655b-486a-ae49-cbba514e5878 admin admin] Publish callbacks [] for port (001f8030-f278-4591-8bd6-15f6cb5ce39d), precommit_update {{(pid=109680) _notify_loop /usr/local/lib/python3.8/dist-packages/neutron_lib/callbacks/manager.py:176}}
Mar 04 00:48:27.439023 dv-cinder-812685-7-iscsi neutron-server[109681]: INFO neutron.wsgi [req-ccaad034-9305-4db6-a489-6aeefa82e64e req-d59dd791-d9e0-4f32-9010-5e35fe20befb service neutron] 10.222.0.23 "GET /v2.0/networks/dd68cc87-4f02-474a-9b7d-c6b0f0d8f80a?fields=provider%3Aphysical_network&fields=provider%3Anetwork_type HTTP/1.1" status: 200 len: 281 time: 0.5096934
Mar 04 00:48:27.439261 dv-cinder-812685-7-iscsi neutron-server[109680]: DEBUG neutron_lib.callbacks.manager [None req-c5ba43c2-655b-486a-ae49-cbba514e5878 admin admin] Publish callbacks ['neutron.plugins.ml2.plugin.SecurityGroupServerNotifierRpcMixin._notify_sg_on_port_change-16742722', 'neutron.plugins.ml2.ovo_rpc._ObjectChangeHandler.handle_event-926306', 'neutron.api.rpc.agentnotifiers.dhcp_rpc_agent_api.DhcpAgentNotifyAPI._native_event_send_dhcp_notification-573423', 'neutron.db.l3_db.L3RpcNotifierMixin._notify_gateway_port_ip_changed-8742061551086', 'neutron.db.l3_dvrscheduler_db._notify_l3_agent_port_update-8742061012974', 'neutron.db.l3_hascheduler_db._notify_l3_agent_ha_port_update-8742061014020'] for port (001f8030-f278-4591-8bd6-15f6cb5ce39d), after_update {{(pid=109680) _notify_loop /usr/local/lib/python3.8/dist-packages/neutron_lib/callbacks/manager.py:176}}
Mar 04 00:48:27.439980 dv-cinder-812685-7-iscsi neutron-server[109680]: DEBUG neutron_lib.callbacks.manager [None req-c5ba43c2-655b-486a-ae49-cbba514e5878 admin admin] Publish callbacks ['neutron.api.rpc.agentnotifiers.dhcp_rpc_agent_api.DhcpAgentNotifyAPI._after_router_interface_created-573213', 'neutron.services.l3_router.l3_router_plugin.DVRResourceOperationHandler._update_snat_v6_addrs_after_intf_update-548436'] for router_interface (20ade95e-745d-49c8-80e0-5f8d9c5d954c), after_create {{(pid=109680) _notify_loop /usr/local/lib/python3.8/dist-packages/neutron_lib/callbacks/manager.py:176}}
Mar 04 00:48:27.496979 dv-cinder-812685-7-iscsi neutron-server[109682]: DEBUG neutron.api.rpc.handlers.resources_rpc [None req-1d81d3aa-330b-4a70-9bbf-fcd9d578a53b None None] Pushing event updated for resources: {'Port': ['ID=d525431a-8150-4b4c-8e06-7f0aa488d4cc,revision_number=2']} {{(pid=109682) push /opt/stack/neutron/neutron/api/rpc/handlers/resources_rpc.py:237}}
Mar 04 00:48:27.512227 dv-cinder-812685-7-iscsi neutron-server[109680]: DEBUG neutron_lib.callbacks.manager [None req-cf67dba9-b371-49e2-8043-5d24bca74ea0 admin admin] Publish callbacks [] for router_gateway (38443604-714f-4677-a150-fe847ec68ef5), precommit_update {{(pid=109680) _notify_loop /usr/local/lib/python3.8/dist-packages/neutron_lib/callbacks/manager.py:176}}
Mar 04 00:48:27.563462 dv-cinder-812685-7-iscsi neutron-server[109681]: DEBUG neutron_lib.callbacks.manager [None req-5ffd7191-95bf-4fdf-8843-47d5402bfda0 admin admin] Publish callbacks [] for security_group (98fad454-4072-4ee4-9eef-7800f40d9847), before_delete {{(pid=109681) _notify_loop /usr/local/lib/python3.8/dist-packages/neutron_lib/callbacks/manager.py:176}}
Mar 04 00:48:27.632177 dv-cinder-812685-7-iscsi neutron-server[109681]: DEBUG neutron_lib.callbacks.manager [None req-5ffd7191-95bf-4fdf-8843-47d5402bfda0 admin admin] Publish callbacks [] for security_group (98fad454-4072-4ee4-9eef-7800f40d9847), precommit_delete {{(pid=109681) _notify_loop /usr/local/lib/python3.8/dist-packages/neutron_lib/callbacks/manager.py:176}}
Mar 04 00:48:27.779058 dv-cinder-812685-7-iscsi neutron-server[109682]: DEBUG neutron_lib.callbacks.manager [None req-8de08f54-cb56-424f-8ef6-047529f66d61 None None] Publish callbacks [] for port (d09118a8-717b-4b12-baa6-79429afcf100), precommit_create {{(pid=109682) _notify_loop /usr/local/lib/python3.8/dist-packages/neutron_lib/callbacks/manager.py:176}}
Mar 04 00:48:27.790624 dv-cinder-812685-7-iscsi neutron-server[109681]: DEBUG neutron.wsgi [req-deb1f6a0-f979-47f2-93fd-6825afc2b9b3 req-7341a84a-6b2b-47ad-ac83-a2a477d21030 service neutron] http://10.222.0.23:9696/v2.0/extensions returned with HTTP 200 {{(pid=109681) __call__ /opt/stack/neutron/neutron/wsgi.py:730}}
Mar 04 00:48:27.791776 dv-cinder-812685-7-iscsi neutron-server[109681]: INFO neutron.wsgi [req-deb1f6a0-f979-47f2-93fd-6825afc2b9b3 req-7341a84a-6b2b-47ad-ac83-a2a477d21030 service neutron] 10.222.0.23 "GET /v2.0/extensions HTTP/1.1" status: 200 len: 14082 time: 0.5745823
Mar 04 00:48:27.792022 dv-cinder-812685-7-iscsi neutron-server[109682]: DEBUG neutron_lib.callbacks.manager [None req-8de08f54-cb56-424f-8ef6-047529f66d61 None None] Publish callbacks ['neutron.plugins.ml2.plugin.SecurityGroupServerNotifierRpcMixin._notify_sg_on_port_change-16742722', 'neutron.plugins.ml2.ovo_rpc._ObjectChangeHandler.handle_event-926306', 'neutron.api.rpc.agentnotifiers.dhcp_rpc_agent_api.DhcpAgentNotifyAPI._native_event_send_dhcp_notification-573423', 'neutron.db.l3_dvrscheduler_db._notify_l3_agent_new_port-8742061012956'] for port (d09118a8-717b-4b12-baa6-79429afcf100), after_create {{(pid=109682) _notify_loop /usr/local/lib/python3.8/dist-packages/neutron_lib/callbacks/manager.py:176}}
Mar 04 00:48:27.876926 dv-cinder-812685-7-iscsi neutron-server[109680]: DEBUG neutron.api.rpc.handlers.resources_rpc [None req-c5ba43c2-655b-486a-ae49-cbba514e5878 admin admin] Pushing event updated for resources: {'Port': ['ID=001f8030-f278-4591-8bd6-15f6cb5ce39d,revision_number=2']} {{(pid=109680) push /opt/stack/neutron/neutron/api/rpc/handlers/resources_rpc.py:237}}
Mar 04 00:48:27.895069 dv-cinder-812685-7-iscsi neutron-server[109682]: DEBUG neutron.scheduler.dhcp_agent_scheduler [None req-8de08f54-cb56-424f-8ef6-047529f66d61 None None] Network 0f459d4b-89d4-473a-8642-eeac28fa1b34 is already hosted by enough agents. {{(pid=109682) _get_dhcp_agents_hosting_network /opt/stack/neutron/neutron/scheduler/dhcp_agent_scheduler.py:275}}
Mar 04 00:48:27.902420 dv-cinder-812685-7-iscsi neutron-server[109682]: DEBUG neutron.scheduler.base_scheduler [None req-8de08f54-cb56-424f-8ef6-047529f66d61 None None] Resources bound (agent type, host, resource id): {{(pid=109682) schedule /opt/stack/neutron/neutron/scheduler/base_scheduler.py:57}}
Mar 04 00:48:27.928815 dv-cinder-812685-7-iscsi neutron-server[109682]: DEBUG neutron.db.l3_dvrscheduler_db [None req-8de08f54-cb56-424f-8ef6-047529f66d61 None None] Received port after_create {{(pid=109682) _notify_l3_agent_new_port /opt/stack/neutron/neutron/db/l3_dvrscheduler_db.py:536}}
Mar 04 00:48:27.969576 dv-cinder-812685-7-iscsi neutron-server[109682]: DEBUG neutron.api.rpc.handlers.resources_rpc [None req-8de08f54-cb56-424f-8ef6-047529f66d61 None None] Pushing event updated for resources: {'Port': ['ID=d09118a8-717b-4b12-baa6-79429afcf100,revision_number=1']} {{(pid=109682) push /opt/stack/neutron/neutron/api/rpc/handlers/resources_rpc.py:237}}
Mar 04 00:48:28.002205 dv-cinder-812685-7-iscsi neutron-server[109680]: DEBUG neutron.scheduler.dhcp_agent_scheduler [None req-c5ba43c2-655b-486a-ae49-cbba514e5878 admin admin] Network a120380f-d8d5-4336-87ba-fbc40370628a is already hosted by enough agents. {{(pid=109680) _get_dhcp_agents_hosting_network /opt/stack/neutron/neutron/scheduler/dhcp_agent_scheduler.py:275}}
Mar 04 00:48:28.015772 dv-cinder-812685-7-iscsi neutron-server[109680]: DEBUG neutron.scheduler.base_scheduler [None req-c5ba43c2-655b-486a-ae49-cbba514e5878 admin admin] Resources bound (agent type, host, resource id): {{(pid=109680) schedule /opt/stack/neutron/neutron/scheduler/base_scheduler.py:57}}
Mar 04 00:48:28.041135 dv-cinder-812685-7-iscsi neutron-server[109682]: DEBUG neutron.plugins.ml2.managers [None req-8de08f54-cb56-424f-8ef6-047529f66d61 None None] Attempting to bind port d09118a8-717b-4b12-baa6-79429afcf100 on host dv-cinder-812685-7-iscsi for vnic_type normal with profile {{(pid=109682) bind_port /opt/stack/neutron/neutron/plugins/ml2/managers.py:795}}
Mar 04 00:48:28.041488 dv-cinder-812685-7-iscsi neutron-server[109682]: DEBUG neutron.plugins.ml2.managers [None req-8de08f54-cb56-424f-8ef6-047529f66d61 None None] Attempting to bind port d09118a8-717b-4b12-baa6-79429afcf100 by drivers openvswitch,hyperv on host dv-cinder-812685-7-iscsi at level 0 using segments [{'id': '03967297-d897-4af5-b75d-b697d29cd9d5', 'network_type': 'vlan', 'physical_network': 'physnet1', 'segmentation_id': 127, 'network_id': '0f459d4b-89d4-473a-8642-eeac28fa1b34'}] {{(pid=109682) _bind_port_level /opt/stack/neutron/neutron/plugins/ml2/managers.py:820}}
Mar 04 00:48:28.041890 dv-cinder-812685-7-iscsi neutron-server[109682]: DEBUG neutron.plugins.ml2.drivers.mech_agent [None req-8de08f54-cb56-424f-8ef6-047529f66d61 None None] Attempting to bind port d09118a8-717b-4b12-baa6-79429afcf100 on network 0f459d4b-89d4-473a-8642-eeac28fa1b34 {{(pid=109682) bind_port /opt/stack/neutron/neutron/plugins/ml2/drivers/mech_agent.py:91}}
Mar 04 00:48:28.052316 dv-cinder-812685-7-iscsi neutron-server[109682]: DEBUG neutron.plugins.ml2.drivers.mech_agent [None req-8de08f54-cb56-424f-8ef6-047529f66d61 None None] Checking agent: {'id': '448761a4-0f99-4930-b369-ef2c6377636e', 'agent_type': 'Open vSwitch agent', 'binary': 'neutron-openvswitch-agent', 'topic': 'N/A', 'host': 'dv-cinder-812685-7-iscsi', 'admin_state_up': True, 'created_at': datetime.datetime(2022, 3, 4, 0, 40, 26), 'started_at': datetime.datetime(2022, 3, 4, 0, 40, 56), 'heartbeat_timestamp': datetime.datetime(2022, 3, 4, 0, 48, 26), 'description': None, 'resources_synced': None, 'availability_zone': None, 'alive': True, 'configurations': {'arp_responder_enabled': False, 'baremetal_smartnic': False, 'bridge_mappings': {'physnet1': 'br-data'}, 'datapath_type': 'system', 'devices': 0, 'enable_distributed_routing': False, 'extensions': [], 'in_distributed_mode': False, 'integration_bridge': 'br-int', 'l2_population': False, 'log_agent_heartbeats': False, 'ovs_capabilities': {'datapath_types': ['netdev', 'system'], 'iface_types': ['erspan', 'geneve', 'gre', 'internal', 'ip6erspan', 'ip6gre', 'lisp', 'patch', 'stt', 'system', 'tap', 'vxlan']}, 'ovs_hybrid_plug': False, 'resource_provider_bandwidths': {}, 'resource_provider_hypervisors': {'br-data': 'dv-cinder-812685-7-iscsi'}, 'resource_provider_inventory_defaults': {'allocation_ratio': 1.0, 'min_unit': 1, 'step_size': 1, 'reserved': 0}, 'resource_provider_packet_processing_inventory_defaults': {'allocation_ratio': 1.0, 'min_unit': 1, 'step_size': 1, 'reserved': 0}, 'resource_provider_packet_processing_with_direction': {}, 'resource_provider_packet_processing_without_direction': {}, 'tunnel_types': [], 'tunneling_ip': None, 'vhostuser_socket_dir': '/var/run/openvswitch'}, 'resource_versions': {'AddressGroup': '1.2', 'ConntrackHelper': '1.0', 'LocalIPAssociation': '1.0', 'Log': '1.0', 'Network': '1.1', 'Port': '1.7', 'PortForwarding': '1.2', 'QosPolicy': '1.10', 'SecurityGroup': '1.5', 'SecurityGroupRule': '1.2', 'SubPort': '1.0', 'Subnet': '1.1', 'Trunk': '1.1'}} {{(pid=109682) bind_port /opt/stack/neutron/neutron/plugins/ml2/drivers/mech_agent.py:110}}
Mar 04 00:48:28.052699 dv-cinder-812685-7-iscsi neutron-server[109682]: DEBUG neutron.plugins.ml2.drivers.mech_agent [None req-8de08f54-cb56-424f-8ef6-047529f66d61 None None] Checking segment: {'id': '03967297-d897-4af5-b75d-b697d29cd9d5', 'network_type': 'vlan', 'physical_network': 'physnet1', 'segmentation_id': 127, 'network_id': '0f459d4b-89d4-473a-8642-eeac28fa1b34'} for mappings: {'physnet1': 'br-data'} with network types: ['local', 'flat', 'vlan'] {{(pid=109682) check_segment_for_agent /opt/stack/neutron/neutron/plugins/ml2/drivers/mech_agent.py:373}}
Mar 04 00:48:28.053144 dv-cinder-812685-7-iscsi neutron-server[109682]: DEBUG neutron_lib.callbacks.manager [None req-8de08f54-cb56-424f-8ef6-047529f66d61 None None] Publish callbacks [] for ovs_bridge_name (None), before_read {{(pid=109682) _notify_loop /usr/local/lib/python3.8/dist-packages/neutron_lib/callbacks/manager.py:176}}
Mar 04 00:48:28.053765 dv-cinder-812685-7-iscsi neutron-server[109682]: DEBUG neutron.plugins.ml2.drivers.mech_agent [None req-8de08f54-cb56-424f-8ef6-047529f66d61 None None] Bound using segment: {'id': '03967297-d897-4af5-b75d-b697d29cd9d5', 'network_type': 'vlan', 'physical_network': 'physnet1', 'segmentation_id': 127, 'network_id': '0f459d4b-89d4-473a-8642-eeac28fa1b34'} {{(pid=109682) bind_port /opt/stack/neutron/neutron/plugins/ml2/drivers/mech_agent.py:120}}
Mar 04 00:48:28.056721 dv-cinder-812685-7-iscsi neutron-server[109682]: DEBUG neutron.plugins.ml2.managers [None req-8de08f54-cb56-424f-8ef6-047529f66d61 None None] Bound port: d09118a8-717b-4b12-baa6-79429afcf100, host: dv-cinder-812685-7-iscsi, vif_type: ovs, vif_details: {"connectivity": "l2", "port_filter": true, "ovs_hybrid_plug": false, "datapath_type": "system", "bridge_name": "br-int"}, binding_levels: [{'bound_driver': 'openvswitch', 'bound_segment': {'id': '03967297-d897-4af5-b75d-b697d29cd9d5', 'network_type': 'vlan', 'physical_network': 'physnet1', 'segmentation_id': 127, 'network_id': '0f459d4b-89d4-473a-8642-eeac28fa1b34'}}] {{(pid=109682) _bind_port_level /opt/stack/neutron/neutron/plugins/ml2/managers.py:932}}
Mar 04 00:48:28.057695 dv-cinder-812685-7-iscsi neutron-server[109682]: DEBUG neutron_lib.callbacks.manager [None req-8de08f54-cb56-424f-8ef6-047529f66d61 None None] Publish callbacks ['neutron.plugins.ml2.plugin.SecurityGroupDbMixin._ensure_default_security_group_handler-16742785'] for port (d09118a8-717b-4b12-baa6-79429afcf100), before_update {{(pid=109682) _notify_loop /usr/local/lib/python3.8/dist-packages/neutron_lib/callbacks/manager.py:176}}
Mar 04 00:48:28.139522 dv-cinder-812685-7-iscsi neutron-server[109681]: DEBUG neutron_lib.callbacks.manager [None req-59041d5f-1e2a-431e-a7d9-c07a59944006 admin admin] Publish callbacks [] for router_gateway (de85fe9f-db05-412c-9543-13f31cdaa01b), before_create {{(pid=109681) _notify_loop /usr/local/lib/python3.8/dist-packages/neutron_lib/callbacks/manager.py:176}}
Mar 04 00:48:28.222116 dv-cinder-812685-7-iscsi neutron-server[109682]: DEBUG neutron.plugins.ml2.db [None req-8de08f54-cb56-424f-8ef6-047529f66d61 None None] For port d09118a8-717b-4b12-baa6-79429afcf100, host dv-cinder-812685-7-iscsi, cleared binding levels {{(pid=109682) clear_binding_levels /opt/stack/neutron/neutron/plugins/ml2/db.py:87}}
Mar 04 00:48:28.227570 dv-cinder-812685-7-iscsi neutron-server[109682]: DEBUG neutron.plugins.ml2.db [None req-8de08f54-cb56-424f-8ef6-047529f66d61 None None] For port d09118a8-717b-4b12-baa6-79429afcf100, host dv-cinder-812685-7-iscsi, set binding levels [PortBindingLevel(driver='openvswitch',host='dv-cinder-812685-7-iscsi',level=0,port_id=d09118a8-717b-4b12-baa6-79429afcf100,segment=NetworkSegment(03967297-d897-4af5-b75d-b697d29cd9d5),segment_id=03967297-d897-4af5-b75d-b697d29cd9d5)] {{(pid=109682) set_binding_levels /opt/stack/neutron/neutron/plugins/ml2/db.py:59}}
Mar 04 00:48:28.239783 dv-cinder-812685-7-iscsi neutron-server[109681]: DEBUG neutron_lib.callbacks.manager [None req-5ffd7191-95bf-4fdf-8843-47d5402bfda0 admin admin] Publish callbacks ['neutron.plugins.ml2.ovo_rpc._ObjectChangeHandler.handle_event-638087'] for security_group (98fad454-4072-4ee4-9eef-7800f40d9847), after_delete {{(pid=109681) _notify_loop /usr/local/lib/python3.8/dist-packages/neutron_lib/callbacks/manager.py:176}}
Mar 04 00:48:28.242585 dv-cinder-812685-7-iscsi neutron-server[109682]: DEBUG neutron_lib.callbacks.manager [None req-8de08f54-cb56-424f-8ef6-047529f66d61 None None] Publish callbacks ['neutron.plugins.ml2.plugin.SecurityGroupServerNotifierRpcMixin._notify_sg_on_port_change-16742722', 'neutron.plugins.ml2.ovo_rpc._ObjectChangeHandler.handle_event-926306', 'neutron.api.rpc.agentnotifiers.dhcp_rpc_agent_api.DhcpAgentNotifyAPI._native_event_send_dhcp_notification-573423', 'neutron.db.l3_db.L3RpcNotifierMixin._notify_gateway_port_ip_changed-8742061551086', 'neutron.db.l3_dvrscheduler_db._notify_l3_agent_port_update-8742061012974', 'neutron.db.l3_hascheduler_db._notify_l3_agent_ha_port_update-8742061014020'] for port (d09118a8-717b-4b12-baa6-79429afcf100), after_update {{(pid=109682) _notify_loop /usr/local/lib/python3.8/dist-packages/neutron_lib/callbacks/manager.py:176}}
Mar 04 00:48:28.243134 dv-cinder-812685-7-iscsi neutron-server[109681]: DEBUG neutron_lib.callbacks.manager [None req-5ffd7191-95bf-4fdf-8843-47d5402bfda0 admin admin] Publish callbacks [] for security_group (None), before_response {{(pid=109681) _notify_loop /usr/local/lib/python3.8/dist-packages/neutron_lib/callbacks/manager.py:176}}
Mar 04 00:48:28.244287 dv-cinder-812685-7-iscsi neutron-server[109681]: INFO neutron.wsgi [None req-5ffd7191-95bf-4fdf-8843-47d5402bfda0 admin admin] 10.222.0.23 "DELETE /v2.0/security-groups/98fad454-4072-4ee4-9eef-7800f40d9847 HTTP/1.1" status: 204 len: 168 time: 1.0676990
Mar 04 00:48:28.269747 dv-cinder-812685-7-iscsi neutron-server[109681]: DEBUG neutron_lib.callbacks.manager [None req-59041d5f-1e2a-431e-a7d9-c07a59944006 admin admin] Publish callbacks ['neutron.plugins.ml2.plugin.SecurityGroupDbMixin._ensure_default_security_group_handler-16742785'] for port (None), before_create {{(pid=109681) _notify_loop /usr/local/lib/python3.8/dist-packages/neutron_lib/callbacks/manager.py:176}}
Mar 04 00:48:28.360941 dv-cinder-812685-7-iscsi neutron-server[109682]: DEBUG neutron.api.rpc.handlers.resources_rpc [None req-8de08f54-cb56-424f-8ef6-047529f66d61 None None] Pushing event updated for resources: {'Port': ['ID=d09118a8-717b-4b12-baa6-79429afcf100,revision_number=2']} {{(pid=109682) push /opt/stack/neutron/neutron/api/rpc/handlers/resources_rpc.py:237}}
Mar 04 00:48:28.494236 dv-cinder-812685-7-iscsi neutron-server[109680]: DEBUG neutron.scheduler.l3_agent_scheduler [None req-c5ba43c2-655b-486a-ae49-cbba514e5878 admin admin] Router 20ade95e-745d-49c8-80e0-5f8d9c5d954c has already been hosted by L3 agent 78c89c0d-63a7-47d2-9cdd-4c12606c07d9 {{(pid=109680) _get_candidates /opt/stack/neutron/neutron/scheduler/l3_agent_scheduler.py:126}}
Mar 04 00:48:28.627167 dv-cinder-812685-7-iscsi neutron-server[109680]: DEBUG neutron_lib.callbacks.manager [None req-cf67dba9-b371-49e2-8043-5d24bca74ea0 admin admin] Publish callbacks [] for router_gateway (38443604-714f-4677-a150-fe847ec68ef5), before_create {{(pid=109680) _notify_loop /usr/local/lib/python3.8/dist-packages/neutron_lib/callbacks/manager.py:176}}
Mar 04 00:48:28.674629 dv-cinder-812685-7-iscsi neutron-server[109681]: DEBUG neutron.api.rpc.handlers.resources_rpc [None req-5ffd7191-95bf-4fdf-8843-47d5402bfda0 admin admin] Pushing event deleted for resources: {'SecurityGroup': ['ID=98fad454-4072-4ee4-9eef-7800f40d9847,revision_number=None']} {{(pid=109681) push /opt/stack/neutron/neutron/api/rpc/handlers/resources_rpc.py:237}}
Mar 04 00:48:28.696822 dv-cinder-812685-7-iscsi neutron-server[109681]: INFO neutron.wsgi [req-bcec05e6-18cd-4e00-a358-74c9b36bc125 req-63d70671-8809-4b35-8e7c-3c79e990ae3a tempest-AttachVolumeNegativeTest-109706032 tempest-AttachVolumeNegativeTest-109706032-project] 10.222.0.23 "GET /v2.0/ports?device_id=d4f728e6-9cb0-4206-ab36-780fdf420e4d HTTP/1.1" status: 200 len: 210 time: 0.5327022
Mar 04 00:48:28.911689 dv-cinder-812685-7-iscsi neutron-server[109681]: INFO neutron.wsgi [req-deb1f6a0-f979-47f2-93fd-6825afc2b9b3 req-3489f071-b426-463f-8497-f156ea635bfa service neutron] 10.222.0.23 "GET /v2.0/networks/c8cc62ee-8363-4f59-a50c-5454c3993046?fields=segments HTTP/1.1" status: 200 len: 212 time: 1.0474005
Mar 04 00:48:28.958231 dv-cinder-812685-7-iscsi neutron-server[109680]: DEBUG neutron_lib.callbacks.manager [None req-cf67dba9-b371-49e2-8043-5d24bca74ea0 admin admin] Publish callbacks ['neutron.plugins.ml2.plugin.SecurityGroupDbMixin._ensure_default_security_group_handler-16742785'] for port (None), before_create {{(pid=109680) _notify_loop /usr/local/lib/python3.8/dist-packages/neutron_lib/callbacks/manager.py:176}}
Mar 04 00:48:29.080105 dv-cinder-812685-7-iscsi neutron-server[109681]: DEBUG neutron.wsgi [-] (109681) accepted ('10.222.0.23', 41666) {{(pid=109681) server /usr/local/lib/python3.8/dist-packages/eventlet/wsgi.py:1004}}
Mar 04 00:48:29.159233 dv-cinder-812685-7-iscsi neutron-server[109681]: DEBUG neutron_lib.callbacks.manager [None req-ccc59497-72fc-4829-bf94-28e4eae91a62 admin admin] Publish callbacks [] for security_group (None), before_create {{(pid=109681) _notify_loop /usr/local/lib/python3.8/dist-packages/neutron_lib/callbacks/manager.py:176}}
Mar 04 00:48:29.183142 dv-cinder-812685-7-iscsi neutron-server[109680]: DEBUG neutron.api.rpc.agentnotifiers.l3_rpc_agent_api [None req-c5ba43c2-655b-486a-ae49-cbba514e5878 admin admin] Notify agent at l3_agent.dv-cinder-812685-7-iscsi the message routers_updated {{(pid=109680) _agent_notification /opt/stack/neutron/neutron/api/rpc/agentnotifiers/l3_rpc_agent_api.py:65}}
Mar 04 00:48:29.191953 dv-cinder-812685-7-iscsi neutron-server[109680]: INFO neutron.wsgi [None req-c5ba43c2-655b-486a-ae49-cbba514e5878 admin admin] 10.222.0.23 "PUT /v2.0/routers/20ade95e-745d-49c8-80e0-5f8d9c5d954c/add_router_interface HTTP/1.1" status: 200 len: 503 time: 4.6269386
Mar 04 00:48:29.233450 dv-cinder-812685-7-iscsi neutron-server[109681]: DEBUG neutron.db.db_base_plugin_common [None req-59041d5f-1e2a-431e-a7d9-c07a59944006 admin admin] Allocated IP 172.27.0.243 (ed31d37d-9dc0-409c-895e-5f92a61ae860/611be500-c481-4e53-a01a-f852442ac10e/46f9c51d-1297-4262-88ce-5fdba29809df) {{(pid=109681) _store_ip_allocation /opt/stack/neutron/neutron/db/db_base_plugin_common.py:131}}
Mar 04 00:48:29.319063 dv-cinder-812685-7-iscsi neutron-server[109682]: DEBUG neutron_lib.callbacks.manager [None req-da58f163-613d-4967-a56f-04bde7f83b7c None None] Publish callbacks ['neutron.services.segments.db._update_segment_host_mapping_for_agent-8742061486731', 'neutron.plugins.ml2.plugin.Ml2Plugin._retry_binding_revived_agents-16756592'] for agent (baa39789-0ca8-4fd4-ae1b-b38603434c00), after_update {{(pid=109682) _notify_loop /usr/local/lib/python3.8/dist-packages/neutron_lib/callbacks/manager.py:176}}
Mar 04 00:48:29.412310 dv-cinder-812685-7-iscsi neutron-server[109682]: DEBUG neutron.plugins.ml2.rpc [None req-3955c81e-c3c7-4dcb-9021-6f992c2f712b None None] Device d525431a-8150-4b4c-8e06-7f0aa488d4cc up at agent ovs-agent-dv-cinder-812685-7-iscsi {{(pid=109682) update_device_up /opt/stack/neutron/neutron/plugins/ml2/rpc.py:296}}
Mar 04 00:48:29.416018 dv-cinder-812685-7-iscsi neutron-server[109682]: DEBUG neutron.api.rpc.handlers.dhcp_rpc [None req-3fd68378-6ff2-4fa8-bdf5-d4adac42dc19 None None] Network 68cec896-b5ba-4d83-aa75-a90c9dc1a1d2 requested from dv-cinder-812685-7-iscsi {{(pid=109682) get_network_info /opt/stack/neutron/neutron/api/rpc/handlers/dhcp_rpc.py:191}}
Mar 04 00:48:29.438914 dv-cinder-812685-7-iscsi neutron-server[109681]: INFO neutron.wsgi [req-deb1f6a0-f979-47f2-93fd-6825afc2b9b3 req-2c911fcf-7b3c-4741-a5f9-9d7f27f3080f service neutron] 10.222.0.23 "GET /v2.0/networks/c8cc62ee-8363-4f59-a50c-5454c3993046?fields=provider%3Aphysical_network&fields=provider%3Anetwork_type HTTP/1.1" status: 200 len: 281 time: 0.5041888
Mar 04 00:48:29.520875 dv-cinder-812685-7-iscsi neutron-server[109681]: DEBUG neutron_lib.callbacks.manager [None req-ccc59497-72fc-4829-bf94-28e4eae91a62 admin admin] Publish callbacks [] for security_group (9e59d673-2641-4d4a-92a8-e8062a6b41cb), precommit_create {{(pid=109681) _notify_loop /usr/local/lib/python3.8/dist-packages/neutron_lib/callbacks/manager.py:176}}
Mar 04 00:48:29.588009 dv-cinder-812685-7-iscsi neutron-server[109681]: DEBUG neutron_lib.callbacks.manager [None req-59041d5f-1e2a-431e-a7d9-c07a59944006 admin admin] Publish callbacks [] for port (46f9c51d-1297-4262-88ce-5fdba29809df), precommit_create {{(pid=109681) _notify_loop /usr/local/lib/python3.8/dist-packages/neutron_lib/callbacks/manager.py:176}}
Mar 04 00:48:29.598454 dv-cinder-812685-7-iscsi neutron-server[109682]: DEBUG neutron.db.provisioning_blocks [None req-7ba23043-40df-48f7-a722-9e2aff8b0393 None None] Provisioning complete for port d525431a-8150-4b4c-8e06-7f0aa488d4cc triggered by entity DHCP. {{(pid=109682) provisioning_complete /opt/stack/neutron/neutron/db/provisioning_blocks.py:140}}
Mar 04 00:48:29.598985 dv-cinder-812685-7-iscsi neutron-server[109682]: DEBUG neutron_lib.callbacks.manager [None req-7ba23043-40df-48f7-a722-9e2aff8b0393 None None] Publish callbacks ['neutron.plugins.ml2.plugin.Ml2Plugin._port_provisioned-16756618'] for port (d525431a-8150-4b4c-8e06-7f0aa488d4cc), provisioning_complete {{(pid=109682) _notify_loop /usr/local/lib/python3.8/dist-packages/neutron_lib/callbacks/manager.py:176}}
Mar 04 00:48:29.688596 dv-cinder-812685-7-iscsi neutron-server[109681]: DEBUG neutron_lib.callbacks.manager [None req-ccc59497-72fc-4829-bf94-28e4eae91a62 admin admin] Publish callbacks ['neutron.plugins.ml2.ovo_rpc._ObjectChangeHandler.handle_event-638087'] for security_group (9e59d673-2641-4d4a-92a8-e8062a6b41cb), after_create {{(pid=109681) _notify_loop /usr/local/lib/python3.8/dist-packages/neutron_lib/callbacks/manager.py:176}}
Mar 04 00:48:29.705662 dv-cinder-812685-7-iscsi neutron-server[109681]: DEBUG neutron_lib.callbacks.manager [None req-59041d5f-1e2a-431e-a7d9-c07a59944006 admin admin] Publish callbacks ['neutron.plugins.ml2.plugin.SecurityGroupServerNotifierRpcMixin._notify_sg_on_port_change-16742722', 'neutron.plugins.ml2.ovo_rpc._ObjectChangeHandler.handle_event-926306', 'neutron.api.rpc.agentnotifiers.dhcp_rpc_agent_api.DhcpAgentNotifyAPI._native_event_send_dhcp_notification-573423', 'neutron.db.l3_dvrscheduler_db._notify_l3_agent_new_port-8742061012956'] for port (46f9c51d-1297-4262-88ce-5fdba29809df), after_create {{(pid=109681) _notify_loop /usr/local/lib/python3.8/dist-packages/neutron_lib/callbacks/manager.py:176}}
Mar 04 00:48:29.800590 dv-cinder-812685-7-iscsi neutron-server[109682]: DEBUG neutron.db.provisioning_blocks [None req-3955c81e-c3c7-4dcb-9021-6f992c2f712b None None] Provisioning complete for port d525431a-8150-4b4c-8e06-7f0aa488d4cc triggered by entity L2. {{(pid=109682) provisioning_complete /opt/stack/neutron/neutron/db/provisioning_blocks.py:140}}
Mar 04 00:48:29.800979 dv-cinder-812685-7-iscsi neutron-server[109682]: DEBUG neutron_lib.callbacks.manager [None req-3955c81e-c3c7-4dcb-9021-6f992c2f712b None None] Publish callbacks ['neutron.plugins.ml2.plugin.Ml2Plugin._port_provisioned-16756618'] for port (d525431a-8150-4b4c-8e06-7f0aa488d4cc), provisioning_complete {{(pid=109682) _notify_loop /usr/local/lib/python3.8/dist-packages/neutron_lib/callbacks/manager.py:176}}
Mar 04 00:48:29.930397 dv-cinder-812685-7-iscsi neutron-server[109680]: DEBUG neutron.db.db_base_plugin_common [None req-cf67dba9-b371-49e2-8043-5d24bca74ea0 admin admin] Allocated IP 172.27.0.129 (ed31d37d-9dc0-409c-895e-5f92a61ae860/611be500-c481-4e53-a01a-f852442ac10e/c29595ab-ff21-4118-97b1-ad5e7e5f1214) {{(pid=109680) _store_ip_allocation /opt/stack/neutron/neutron/db/db_base_plugin_common.py:131}}
Mar 04 00:48:30.006579 dv-cinder-812685-7-iscsi neutron-server[109681]: DEBUG neutron.scheduler.dhcp_agent_scheduler [None req-59041d5f-1e2a-431e-a7d9-c07a59944006 admin admin] Network ed31d37d-9dc0-409c-895e-5f92a61ae860 is already hosted by enough agents. {{(pid=109681) _get_dhcp_agents_hosting_network /opt/stack/neutron/neutron/scheduler/dhcp_agent_scheduler.py:275}}
Mar 04 00:48:30.011975 dv-cinder-812685-7-iscsi neutron-server[109682]: DEBUG neutron.plugins.ml2.plugin [None req-7ba23043-40df-48f7-a722-9e2aff8b0393 None None] Current status of the port d525431a-8150-4b4c-8e06-7f0aa488d4cc is: DOWN; New status is: ACTIVE {{(pid=109682) _update_individual_port_db_status /opt/stack/neutron/neutron/plugins/ml2/plugin.py:2232}}
Mar 04 00:48:30.012567 dv-cinder-812685-7-iscsi neutron-server[109682]: DEBUG neutron_lib.callbacks.manager [None req-7ba23043-40df-48f7-a722-9e2aff8b0393 None None] Publish callbacks ['neutron.plugins.ml2.plugin.SecurityGroupDbMixin._ensure_default_security_group_handler-16742785'] for port (d525431a-8150-4b4c-8e06-7f0aa488d4cc), before_update {{(pid=109682) _notify_loop /usr/local/lib/python3.8/dist-packages/neutron_lib/callbacks/manager.py:176}}
Mar 04 00:48:30.022969 dv-cinder-812685-7-iscsi neutron-server[109682]: DEBUG neutron.api.rpc.handlers.l3_rpc [None req-59a3fcf9-6298-40e0-8f5c-a86b05f729da None None] Sync routers for ids ['20ade95e-745d-49c8-80e0-5f8d9c5d954c'] in dv-cinder-812685-7-iscsi {{(pid=109682) sync_routers /opt/stack/neutron/neutron/api/rpc/handlers/l3_rpc.py:125}}
Mar 04 00:48:30.108390 dv-cinder-812685-7-iscsi neutron-server[109681]: DEBUG neutron.api.rpc.handlers.resources_rpc [None req-59041d5f-1e2a-431e-a7d9-c07a59944006 admin admin] Pushing event updated for resources: {'Port': ['ID=46f9c51d-1297-4262-88ce-5fdba29809df,revision_number=1']} {{(pid=109681) push /opt/stack/neutron/neutron/api/rpc/handlers/resources_rpc.py:237}}
