Jun 30 17:43:04.249158 dv-cinder-812685-15-smb neutron-server[110555]: DEBUG neutron.api.rpc.handlers.l3_rpc [None req-d089ac44-ad64-4529-beac-01ac448dda7b None None] The sync data for ids ['f77c80fc-f248-4802-983d-323b729caffa'] in dv-cinder-812685-15-smb is: [{'id': 'f77c80fc-f248-4802-983d-323b729caffa', 'name': 'tempest-AttachVolumeTestJSON-1651826246-router', 'tenant_id': 'a2de73d80ce646d9868eba3a1422a0ee', 'admin_state_up': True, 'status': 'ACTIVE', 'external_gateway_info': {'network_id': 'e01e2e10-1985-42bd-944b-146c7a5fe260', 'external_fixed_ips': [{'subnet_id': 'a4ea3542-cc0b-4d4c-a88a-a1cb653e76ea', 'ip_address': '172.28.3.128'}], 'enable_snat': True}, 'gw_port_id': 'ef6cd62e-9335-4004-83f8-98c0307454d4', 'description': '', 'availability_zones': ['nova'], 'distributed': False, 'ha': False, 'ha_vr_id': 0, 'availability_zone_hints': [], 'routes': [], 'flavor_id': None, 'tags': [], 'created_at': '2022-06-30T17:42:31Z', 'updated_at': '2022-06-30T17:42:48Z', 'revision_number': 4, 'project_id': 'a2de73d80ce646d9868eba3a1422a0ee', 'gw_port': {'id': 'ef6cd62e-9335-4004-83f8-98c0307454d4', 'name': '', 'network_id': 'e01e2e10-1985-42bd-944b-146c7a5fe260', 'tenant_id': '', 'mac_address': 'fa:16:3e:e8:de:c2', 'admin_state_up': True, 'status': 'ACTIVE', 'device_id': 'f77c80fc-f248-4802-983d-323b729caffa', 'device_owner': 'network:router_gateway', 'standard_attr_id': 75, 'fixed_ips': [{'subnet_id': 'a4ea3542-cc0b-4d4c-a88a-a1cb653e76ea', 'ip_address': '172.28.3.128', 'prefixlen': 24}], 'allowed_address_pairs': [], 'extra_dhcp_opts': [], 'security_groups': [], 'description': '', 'binding:vnic_type': 'normal', 'binding:profile': {}, 'binding:host_id': 'dv-cinder-812685-15-smb', 'binding:vif_type': 'ovs', 'binding:vif_details': {'connectivity': 'l2', 'port_filter': True, 'ovs_hybrid_plug': False, 'datapath_type': 'system', 'bridge_name': 'br-int', 'bound_drivers': {'0': 'openvswitch'}}, 'port_security_enabled': False, 'tags': [], 'created_at': '2022-06-30T17:42:34Z', 'updated_at': '2022-06-30T17:42:56Z', 'revision_number': 4, 'project_id': '', 'subnets': [{'id': 'a4ea3542-cc0b-4d4c-a88a-a1cb653e76ea', 'cidr': '172.28.3.0/24', 'gateway_ip': '172.28.3.1', 'dns_nameservers': [], 'ipv6_ra_mode': None, 'subnetpool_id': None}], 'extra_subnets': [], 'address_scopes': {4: None, 6: None}, 'mtu': 1500}, 'enable_snat': True, 'gw_port_host': 'dv-cinder-812685-15-smb', '_interfaces': [{'id': '6b93035b-f766-4984-a6bf-1a5694cd49d2', 'name': '', 'network_id': '4b7b0741-be27-4f4a-a421-83ea83a0ce95', 'tenant_id': 'a2de73d80ce646d9868eba3a1422a0ee', 'mac_address': 'fa:16:3e:16:12:b1', 'admin_state_up': True, 'status': 'DOWN', 'device_id': 'f77c80fc-f248-4802-983d-323b729caffa', 'device_owner': 'network:router_interface', 'standard_attr_id': 98, 'fixed_ips': [{'subnet_id': '2a30685b-bffd-462b-92ed-14746e83a9b6', 'ip_address': '172.20.0.1', 'prefixlen': 28}], 'allowed_address_pairs': [], 'extra_dhcp_opts': [], 'security_groups': [], 'description': '', 'binding:vnic_type': 'normal', 'binding:profile': {}, 'binding:host_id': 'dv-cinder-812685-15-smb', 'binding:vif_type': 'ovs', 'binding:vif_details': {'connectivity': 'l2', 'port_filter': True, 'ovs_hybrid_plug': False, 'datapath_type': 'system', 'bridge_name': 'br-int', 'bound_drivers': {'0': 'openvswitch'}}, 'port_security_enabled': False, 'tags': [], 'created_at': '2022-06-30T17:42:43Z', 'updated_at': '2022-06-30T17:43:00Z', 'revision_number': 4, 'project_id': 'a2de73d80ce646d9868eba3a1422a0ee', 'subnets': [{'id': '2a30685b-bffd-462b-92ed-14746e83a9b6', 'cidr': '172.20.0.0/28', 'gateway_ip': '172.20.0.1', 'dns_nameservers': [], 'ipv6_ra_mode': None, 'subnetpool_id': None}], 'extra_subnets': [], 'address_scopes': {4: None, 6: None}, 'mtu': 1500}]}] {{(pid=110555) sync_routers /opt/stack/neutron/neutron/api/rpc/handlers/l3_rpc.py:137}}
Jun 30 17:43:04.281280 dv-cinder-812685-15-smb neutron-server[110553]: DEBUG neutron.pecan_wsgi.hooks.policy_enforcement [req-b7b52100-a733-46bc-801d-47d45d7e1a41 req-8733f561-b4bc-423e-ab0d-b09192623ebf tempest-ServerRescueNegativeTestJSON-776185002 tempest-ServerRescueNegativeTestJSON-776185002-project] Attributes excluded by policy engine: ['standard_attr_id', 'binding:profile', 'binding:host_id', 'binding:vif_type', 'binding:vif_details'] {{(pid=110553) _exclude_attributes_by_policy /opt/stack/neutron/neutron/pecan_wsgi/hooks/policy_enforcement.py:259}}
Jun 30 17:43:04.284011 dv-cinder-812685-15-smb neutron-server[110553]: INFO neutron.wsgi [req-b7b52100-a733-46bc-801d-47d45d7e1a41 req-8733f561-b4bc-423e-ab0d-b09192623ebf tempest-ServerRescueNegativeTestJSON-776185002 tempest-ServerRescueNegativeTestJSON-776185002-project] 10.222.0.48 "GET /v2.0/ports?device_id=d87cdba0-7528-4ee4-bb30-1b21cc8827e1 HTTP/1.1" status: 200 len: 931 time: 0.1282399
Jun 30 17:43:04.446675 dv-cinder-812685-15-smb neutron-server[110553]: DEBUG neutron_lib.callbacks.manager [None req-85cf1059-e39e-46ec-b53f-c098ffd3fd6a admin admin] Publish callbacks [] for security_group (4b194d62-8b66-46a2-9e15-c18c8e46f457), precommit_create {{(pid=110553) _notify_loop /usr/local/lib/python3.8/dist-packages/neutron_lib/callbacks/manager.py:176}}
Jun 30 17:43:04.447861 dv-cinder-812685-15-smb neutron-server[110553]: DEBUG dbcounter [-] [110553] Writing DB stats neutron:SELECT=89,neutron:INSERT=10,neutron:UPDATE=1 {{(pid=110553) stat_writer /usr/local/lib/python3.8/dist-packages/dbcounter.py:114}}
Jun 30 17:43:04.448760 dv-cinder-812685-15-smb neutron-server[110553]: DEBUG dbcounter [-] [110553] Writing DB stats neutron:SELECT=92,neutron:UPDATE=2,neutron:INSERT=2,neutron:DELETE=4 {{(pid=110553) stat_writer /usr/local/lib/python3.8/dist-packages/dbcounter.py:114}}
Jun 30 17:43:04.479068 dv-cinder-812685-15-smb neutron-server[110555]: DEBUG neutron.plugins.ml2.plugin [None req-6d02b195-26a6-4682-8e21-2e81201c048f None None] Current status of the port 6b93035b-f766-4984-a6bf-1a5694cd49d2 is: ACTIVE; New status is: ACTIVE {{(pid=110555) _update_individual_port_db_status /opt/stack/neutron/neutron/plugins/ml2/plugin.py:2292}}
Jun 30 17:43:04.505116 dv-cinder-812685-15-smb neutron-server[110555]: DEBUG neutron.plugins.ml2.plugin [None req-891e254d-0a32-4fa4-ac6a-1443b1e201c0 None None] Current status of the port 9b0a4ff9-96da-4429-a5bb-9b236f999031 is: DOWN; New status is: ACTIVE {{(pid=110555) _update_individual_port_db_status /opt/stack/neutron/neutron/plugins/ml2/plugin.py:2292}}
Jun 30 17:43:04.507422 dv-cinder-812685-15-smb neutron-server[110553]: DEBUG neutron.pecan_wsgi.hooks.policy_enforcement [req-1c6ec97b-ec36-4fa5-be37-2a5df88f0dbc req-ce8675af-80f2-4b4b-89ee-dda1a6bbc6e8 tempest-DeleteServersTestJSON-907342185 tempest-DeleteServersTestJSON-907342185-project] Attributes excluded by policy engine: ['standard_attr_id', 'binding:profile', 'binding:host_id', 'binding:vif_type', 'binding:vif_details'] {{(pid=110553) _exclude_attributes_by_policy /opt/stack/neutron/neutron/pecan_wsgi/hooks/policy_enforcement.py:259}}
Jun 30 17:43:04.514394 dv-cinder-812685-15-smb neutron-server[110555]: DEBUG neutron_lib.callbacks.manager [None req-891e254d-0a32-4fa4-ac6a-1443b1e201c0 None None] Publish callbacks ['neutron.plugins.ml2.plugin.SecurityGroupDbMixin._ensure_default_security_group_handler-2032372'] for port (9b0a4ff9-96da-4429-a5bb-9b236f999031), before_update {{(pid=110555) _notify_loop /usr/local/lib/python3.8/dist-packages/neutron_lib/callbacks/manager.py:176}}
Jun 30 17:43:04.520414 dv-cinder-812685-15-smb neutron-server[110553]: INFO neutron.wsgi [req-1c6ec97b-ec36-4fa5-be37-2a5df88f0dbc req-ce8675af-80f2-4b4b-89ee-dda1a6bbc6e8 tempest-DeleteServersTestJSON-907342185 tempest-DeleteServersTestJSON-907342185-project] 10.222.0.48 "GET /v2.0/ports?device_id=7d4fbee8-a9ac-4568-b687-c95640680c3e HTTP/1.1" status: 200 len: 943 time: 0.6622870
Jun 30 17:43:04.582111 dv-cinder-812685-15-smb neutron-server[110553]: DEBUG neutron_lib.callbacks.manager [None req-85cf1059-e39e-46ec-b53f-c098ffd3fd6a admin admin] Publish callbacks ['neutron.plugins.ml2.ovo_rpc._ObjectChangeHandler.handle_event-568002'] for security_group (4b194d62-8b66-46a2-9e15-c18c8e46f457), after_create {{(pid=110553) _notify_loop /usr/local/lib/python3.8/dist-packages/neutron_lib/callbacks/manager.py:176}}
Jun 30 17:43:04.589135 dv-cinder-812685-15-smb neutron-server[110555]: DEBUG neutron.plugins.ml2.db [None req-891e254d-0a32-4fa4-ac6a-1443b1e201c0 None None] For port 9b0a4ff9-96da-4429-a5bb-9b236f999031, host dv-cinder-812685-15-smb, got binding levels [PortBindingLevel(driver='openvswitch',host='dv-cinder-812685-15-smb',level=0,port_id=9b0a4ff9-96da-4429-a5bb-9b236f999031,segment=NetworkSegment(4803a632-0ecd-4f26-91f8-a81484f11bca),segment_id=4803a632-0ecd-4f26-91f8-a81484f11bca)] {{(pid=110555) get_binding_level_objs /opt/stack/neutron/neutron/plugins/ml2/db.py:74}}
Jun 30 17:43:04.601392 dv-cinder-812685-15-smb neutron-server[110555]: DEBUG neutron_lib.callbacks.manager [None req-891e254d-0a32-4fa4-ac6a-1443b1e201c0 None None] Publish callbacks ['neutron.plugins.ml2.plugin.SecurityGroupServerNotifierRpcMixin._notify_sg_on_port_change-2032315', 'neutron.plugins.ml2.ovo_rpc._ObjectChangeHandler.handle_event-423249', 'neutron.api.rpc.agentnotifiers.dhcp_rpc_agent_api.DhcpAgentNotifyAPI._native_event_send_dhcp_notification-529449', 'neutron.db.l3_db.L3RpcNotifierMixin._notify_gateway_port_ip_changed-8762912535242', 'neutron.db.l3_dvrscheduler_db._notify_l3_agent_port_update-8762912172135', 'neutron.db.l3_hascheduler_db._notify_l3_agent_ha_port_update-8762912172153'] for port (9b0a4ff9-96da-4429-a5bb-9b236f999031), after_update {{(pid=110555) _notify_loop /usr/local/lib/python3.8/dist-packages/neutron_lib/callbacks/manager.py:176}}
Jun 30 17:43:04.602478 dv-cinder-812685-15-smb neutron-server[110555]: DEBUG neutron.plugins.ml2.rpc [None req-891e254d-0a32-4fa4-ac6a-1443b1e201c0 None None] Device 46a0ff75-d812-4468-8ff8-82afadc44e89 up at agent ovs-agent-dv-cinder-812685-15-smb {{(pid=110555) update_device_up /opt/stack/neutron/neutron/plugins/ml2/rpc.py:296}}
Jun 30 17:43:04.699823 dv-cinder-812685-15-smb neutron-server[110553]: INFO neutron.wsgi [None req-85cf1059-e39e-46ec-b53f-c098ffd3fd6a admin admin] 10.222.0.48 "GET /v2.0/security-groups?tenant_id=c3fc405f85554b5189400f72a1f72956&name=default HTTP/1.1" status: 200 len: 2996 time: 1.2087462
Jun 30 17:43:04.705358 dv-cinder-812685-15-smb neutron-server[110553]: DEBUG neutron.pecan_wsgi.hooks.policy_enforcement [req-5591667e-478e-47ff-9b5c-5645f4610a4f req-4aeb0e3b-5821-4bb4-8a85-1801a3159784 service neutron] Attributes excluded by policy engine: ['standard_attr_id'] {{(pid=110553) _exclude_attributes_by_policy /opt/stack/neutron/neutron/pecan_wsgi/hooks/policy_enforcement.py:259}}
Jun 30 17:43:04.710943 dv-cinder-812685-15-smb neutron-server[110553]: INFO neutron.wsgi [req-5591667e-478e-47ff-9b5c-5645f4610a4f req-4aeb0e3b-5821-4bb4-8a85-1801a3159784 service neutron] 10.222.0.60 "GET /v2.0/ports?tenant_id=b380c866a058421aada681ce7dbbe8da&device_id=7d4fbee8-a9ac-4568-b687-c95640680c3e HTTP/1.1" status: 200 len: 1127 time: 0.7299318
Jun 30 17:43:04.717257 dv-cinder-812685-15-smb neutron-server[110553]: DEBUG neutron.wsgi [-] (110553) accepted ('10.222.0.48', 49844) {{(pid=110553) server /usr/local/lib/python3.8/dist-packages/eventlet/wsgi.py:1004}}
Jun 30 17:43:04.746558 dv-cinder-812685-15-smb neutron-server[110555]: DEBUG dbcounter [-] [110555] Writing DB stats neutron:SELECT=99,neutron:UPDATE=1 {{(pid=110555) stat_writer /usr/local/lib/python3.8/dist-packages/dbcounter.py:114}}
Jun 30 17:43:04.881956 dv-cinder-812685-15-smb neutron-server[110555]: DEBUG neutron.api.rpc.handlers.resources_rpc [None req-891e254d-0a32-4fa4-ac6a-1443b1e201c0 None None] Pushing event updated for resources: {'Port': ['ID=9b0a4ff9-96da-4429-a5bb-9b236f999031,revision_number=4']} {{(pid=110555) push /opt/stack/neutron/neutron/api/rpc/handlers/resources_rpc.py:237}}
Jun 30 17:43:04.904557 dv-cinder-812685-15-smb neutron-server[110555]: DEBUG neutron.db.provisioning_blocks [None req-891e254d-0a32-4fa4-ac6a-1443b1e201c0 None None] Provisioning complete for port 46a0ff75-d812-4468-8ff8-82afadc44e89 triggered by entity L2. {{(pid=110555) provisioning_complete /opt/stack/neutron/neutron/db/provisioning_blocks.py:145}}
Jun 30 17:43:04.910351 dv-cinder-812685-15-smb neutron-server[110555]: DEBUG neutron_lib.callbacks.manager [None req-891e254d-0a32-4fa4-ac6a-1443b1e201c0 None None] Publish callbacks ['neutron.plugins.ml2.plugin.Ml2Plugin._port_provisioned-1926415'] for port (46a0ff75-d812-4468-8ff8-82afadc44e89), provisioning_complete {{(pid=110555) _notify_loop /usr/local/lib/python3.8/dist-packages/neutron_lib/callbacks/manager.py:176}}
Jun 30 17:43:04.996199 dv-cinder-812685-15-smb neutron-server[110553]: DEBUG neutron.api.rpc.handlers.resources_rpc [None req-85cf1059-e39e-46ec-b53f-c098ffd3fd6a admin admin] Pushing event updated for resources: {'SecurityGroup': ['ID=4b194d62-8b66-46a2-9e15-c18c8e46f457,revision_number=1']} {{(pid=110553) push /opt/stack/neutron/neutron/api/rpc/handlers/resources_rpc.py:237}}
Jun 30 17:43:05.037291 dv-cinder-812685-15-smb neutron-server[110553]: INFO neutron.wsgi [req-b7b52100-a733-46bc-801d-47d45d7e1a41 req-fe385bcf-b210-4055-a312-110fc5f8e808 tempest-ServerRescueNegativeTestJSON-776185002 tempest-ServerRescueNegativeTestJSON-776185002-project] 10.222.0.48 "GET /v2.0/security-groups?id=df8c1a49-c5e1-4086-9c2c-a2c156b32a9d&fields=id&fields=name HTTP/1.1" status: 200 len: 286 time: 0.5859587
Jun 30 17:43:05.089074 dv-cinder-812685-15-smb neutron-server[110555]: DEBUG dbcounter [-] [110555] Writing DB stats neutron:SELECT=97,neutron:UPDATE=3 {{(pid=110555) stat_writer /usr/local/lib/python3.8/dist-packages/dbcounter.py:114}}
Jun 30 17:43:05.111541 dv-cinder-812685-15-smb neutron-server[110554]: DEBUG neutron.notifiers.nova [req-3f20bd99-dbae-45cc-ad75-487b84f29141 req-fdbf42d5-84cf-4bc9-9b46-1b91de61398f service neutron] Ignoring state change previous_port_status: DOWN current_port_status: DOWN port_id 934f2246-93e5-4763-ad3b-25fd75bb5717 {{(pid=110554) record_port_status_changed /opt/stack/neutron/neutron/notifiers/nova.py:233}}
Jun 30 17:43:05.121469 dv-cinder-812685-15-smb neutron-server[110554]: DEBUG neutron_lib.callbacks.manager [req-3f20bd99-dbae-45cc-ad75-487b84f29141 req-fdbf42d5-84cf-4bc9-9b46-1b91de61398f service neutron] Publish callbacks [] for port (934f2246-93e5-4763-ad3b-25fd75bb5717), precommit_update {{(pid=110554) _notify_loop /usr/local/lib/python3.8/dist-packages/neutron_lib/callbacks/manager.py:176}}
Jun 30 17:43:05.138831 dv-cinder-812685-15-smb neutron-server[110554]: DEBUG neutron.db.provisioning_blocks [req-3f20bd99-dbae-45cc-ad75-487b84f29141 req-fdbf42d5-84cf-4bc9-9b46-1b91de61398f service neutron] Transition to ACTIVE for port object 934f2246-93e5-4763-ad3b-25fd75bb5717 will not be triggered until provisioned by entity L2. {{(pid=110554) add_provisioning_component /opt/stack/neutron/neutron/db/provisioning_blocks.py:75}}
Jun 30 17:43:05.153749 dv-cinder-812685-15-smb neutron-server[110553]: INFO neutron.wsgi [req-1c6ec97b-ec36-4fa5-be37-2a5df88f0dbc req-a9598de2-871f-4290-ab6d-60722b08cd47 tempest-DeleteServersTestJSON-907342185 tempest-DeleteServersTestJSON-907342185-project] 10.222.0.48 "GET /v2.0/security-groups?id=4bf8bdd7-1823-4fbc-b3b3-82f50d287c0c&fields=id&fields=name HTTP/1.1" status: 200 len: 286 time: 0.6315975
Jun 30 17:43:05.164250 dv-cinder-812685-15-smb neutron-server[110555]: DEBUG neutron.plugins.ml2.plugin [None req-891e254d-0a32-4fa4-ac6a-1443b1e201c0 None None] Current status of the port 46a0ff75-d812-4468-8ff8-82afadc44e89 is: ACTIVE; New status is: ACTIVE {{(pid=110555) _update_individual_port_db_status /opt/stack/neutron/neutron/plugins/ml2/plugin.py:2292}}
Jun 30 17:43:05.165449 dv-cinder-812685-15-smb neutron-server[110555]: DEBUG neutron.plugins.ml2.rpc [None req-891e254d-0a32-4fa4-ac6a-1443b1e201c0 None None] Device 50705e48-43c5-4247-a3ec-556ba87ccb36 up at agent ovs-agent-dv-cinder-812685-15-smb {{(pid=110555) update_device_up /opt/stack/neutron/neutron/plugins/ml2/rpc.py:296}}
Jun 30 17:43:05.228059 dv-cinder-812685-15-smb neutron-server[110554]: DEBUG neutron_lib.callbacks.manager [req-3f20bd99-dbae-45cc-ad75-487b84f29141 req-fdbf42d5-84cf-4bc9-9b46-1b91de61398f service neutron] Publish callbacks ['neutron.plugins.ml2.plugin.SecurityGroupServerNotifierRpcMixin._notify_sg_on_port_change-2032315', 'neutron.plugins.ml2.ovo_rpc._ObjectChangeHandler.handle_event-423249', 'neutron.api.rpc.agentnotifiers.dhcp_rpc_agent_api.DhcpAgentNotifyAPI._native_event_send_dhcp_notification-529449', 'neutron.db.l3_db.L3RpcNotifierMixin._notify_gateway_port_ip_changed-8762912535242', 'neutron.db.l3_dvrscheduler_db._notify_l3_agent_port_update-8762912172135', 'neutron.db.l3_hascheduler_db._notify_l3_agent_ha_port_update-8762912172153'] for port (934f2246-93e5-4763-ad3b-25fd75bb5717), after_update {{(pid=110554) _notify_loop /usr/local/lib/python3.8/dist-packages/neutron_lib/callbacks/manager.py:176}}
Jun 30 17:43:05.259747 dv-cinder-812685-15-smb neutron-server[110553]: DEBUG neutron_lib.callbacks.manager [None req-d12b9a25-c1a4-4381-b150-deaa8b1ce10e admin admin] Publish callbacks [] for security_group (4b194d62-8b66-46a2-9e15-c18c8e46f457), before_delete {{(pid=110553) _notify_loop /usr/local/lib/python3.8/dist-packages/neutron_lib/callbacks/manager.py:176}}
Jun 30 17:43:05.263867 dv-cinder-812685-15-smb neutron-server[110554]: DEBUG dbcounter [-] [110554] Writing DB stats neutron:SELECT=89,neutron:UPDATE=6,neutron:INSERT=4,neutron:DELETE=1 {{(pid=110554) stat_writer /usr/local/lib/python3.8/dist-packages/dbcounter.py:114}}
Jun 30 17:43:05.306116 dv-cinder-812685-15-smb neutron-server[110555]: DEBUG neutron.db.provisioning_blocks [None req-891e254d-0a32-4fa4-ac6a-1443b1e201c0 None None] Provisioning complete for port 50705e48-43c5-4247-a3ec-556ba87ccb36 triggered by entity L2. {{(pid=110555) provisioning_complete /opt/stack/neutron/neutron/db/provisioning_blocks.py:145}}
Jun 30 17:43:05.307167 dv-cinder-812685-15-smb neutron-server[110555]: DEBUG neutron_lib.callbacks.manager [None req-891e254d-0a32-4fa4-ac6a-1443b1e201c0 None None] Publish callbacks ['neutron.plugins.ml2.plugin.Ml2Plugin._port_provisioned-1926415'] for port (50705e48-43c5-4247-a3ec-556ba87ccb36), provisioning_complete {{(pid=110555) _notify_loop /usr/local/lib/python3.8/dist-packages/neutron_lib/callbacks/manager.py:176}}
Jun 30 17:43:05.379743 dv-cinder-812685-15-smb neutron-server[110553]: INFO neutron.wsgi [req-b05ac1c0-7ab7-4a54-a827-8ac2b226fd2c req-e5ef4e74-089b-4000-8f78-48f9f5c41714 tempest-AttachVolumeShelveTestJSON-598496221 tempest-AttachVolumeShelveTestJSON-598496221-project] 10.222.0.48 "GET /v2.0/security-groups?name=tempest-securitygroup--310760861&fields=id&tenant_id=f7af4f5a48ac442b84af48f077389ada HTTP/1.1" status: 200 len: 267 time: 0.1733794
Jun 30 17:43:05.405878 dv-cinder-812685-15-smb neutron-server[110553]: DEBUG neutron.pecan_wsgi.hooks.policy_enforcement [req-5591667e-478e-47ff-9b5c-5645f4610a4f req-c1d93e6c-53d9-4ece-b9cb-ddd2c499d79e service neutron] Attributes excluded by policy engine: ['standard_attr_id', 'vlan_transparent'] {{(pid=110553) _exclude_attributes_by_policy /opt/stack/neutron/neutron/pecan_wsgi/hooks/policy_enforcement.py:259}}
Jun 30 17:43:05.407613 dv-cinder-812685-15-smb neutron-server[110553]: INFO neutron.wsgi [req-5591667e-478e-47ff-9b5c-5645f4610a4f req-c1d93e6c-53d9-4ece-b9cb-ddd2c499d79e service neutron] 10.222.0.60 "GET /v2.0/networks?id=784eb745-f4db-4085-87ef-4a57ca364427 HTTP/1.1" status: 200 len: 913 time: 0.6338198
Jun 30 17:43:05.445742 dv-cinder-812685-15-smb neutron-server[110554]: DEBUG neutron_lib.callbacks.manager [None req-bddb930a-a55d-434a-9d0f-95551f4c0242 tempest-AttachVolumeTestJSON-429411334 tempest-AttachVolumeTestJSON-429411334-project] Publish callbacks [] for port (0bb8188a-efbe-463d-8b26-e0640469a37b), precommit_create {{(pid=110554) _notify_loop /usr/local/lib/python3.8/dist-packages/neutron_lib/callbacks/manager.py:176}}
Jun 30 17:43:05.543809 dv-cinder-812685-15-smb neutron-server[110554]: DEBUG neutron.pecan_wsgi.hooks.policy_enforcement [req-6f2ad2d2-6860-49b1-b49a-9f3db059dc4d req-7e86627d-dd3c-4b4c-bf7a-7e3c1da900c8 service neutron] Attributes excluded by policy engine: ['standard_attr_id', 'vlan_transparent'] {{(pid=110554) _exclude_attributes_by_policy /opt/stack/neutron/neutron/pecan_wsgi/hooks/policy_enforcement.py:259}}
Jun 30 17:43:05.543972 dv-cinder-812685-15-smb neutron-server[110555]: DEBUG neutron.plugins.ml2.plugin [None req-891e254d-0a32-4fa4-ac6a-1443b1e201c0 None None] Current status of the port 50705e48-43c5-4247-a3ec-556ba87ccb36 is: ACTIVE; New status is: ACTIVE {{(pid=110555) _update_individual_port_db_status /opt/stack/neutron/neutron/plugins/ml2/plugin.py:2292}}
Jun 30 17:43:05.545039 dv-cinder-812685-15-smb neutron-server[110555]: DEBUG neutron.plugins.ml2.rpc [None req-891e254d-0a32-4fa4-ac6a-1443b1e201c0 None None] Device 98c78fa7-066d-4d49-a1b3-fd940bf0d757 up at agent ovs-agent-dv-cinder-812685-15-smb {{(pid=110555) update_device_up /opt/stack/neutron/neutron/plugins/ml2/rpc.py:296}}
Jun 30 17:43:05.545586 dv-cinder-812685-15-smb neutron-server[110554]: INFO neutron.wsgi [req-6f2ad2d2-6860-49b1-b49a-9f3db059dc4d req-7e86627d-dd3c-4b4c-bf7a-7e3c1da900c8 service neutron] 10.222.0.60 "GET /v2.0/networks?id=5025de4c-6e4c-4e66-97aa-c8e518a392dd HTTP/1.1" status: 200 len: 920 time: 1.6317248
Jun 30 17:43:05.552936 dv-cinder-812685-15-smb neutron-server[110554]: DEBUG neutron_lib.callbacks.manager [None req-bddb930a-a55d-434a-9d0f-95551f4c0242 tempest-AttachVolumeTestJSON-429411334 tempest-AttachVolumeTestJSON-429411334-project] Publish callbacks ['neutron.plugins.ml2.plugin.SecurityGroupServerNotifierRpcMixin._notify_sg_on_port_change-2032315', 'neutron.plugins.ml2.ovo_rpc._ObjectChangeHandler.handle_event-423249', 'neutron.api.rpc.agentnotifiers.dhcp_rpc_agent_api.DhcpAgentNotifyAPI._native_event_send_dhcp_notification-529449', 'neutron.db.l3_dvrscheduler_db._notify_l3_agent_new_port-8762912172117'] for port (0bb8188a-efbe-463d-8b26-e0640469a37b), after_create {{(pid=110554) _notify_loop /usr/local/lib/python3.8/dist-packages/neutron_lib/callbacks/manager.py:176}}
Jun 30 17:43:05.671084 dv-cinder-812685-15-smb neutron-server[110553]: DEBUG neutron_lib.callbacks.manager [None req-d12b9a25-c1a4-4381-b150-deaa8b1ce10e admin admin] Publish callbacks [] for security_group (4b194d62-8b66-46a2-9e15-c18c8e46f457), precommit_delete {{(pid=110553) _notify_loop /usr/local/lib/python3.8/dist-packages/neutron_lib/callbacks/manager.py:176}}
Jun 30 17:43:05.684427 dv-cinder-812685-15-smb neutron-server[110555]: DEBUG neutron.db.provisioning_blocks [None req-891e254d-0a32-4fa4-ac6a-1443b1e201c0 None None] Provisioning complete for port 98c78fa7-066d-4d49-a1b3-fd940bf0d757 triggered by entity L2. {{(pid=110555) provisioning_complete /opt/stack/neutron/neutron/db/provisioning_blocks.py:145}}
Jun 30 17:43:05.688901 dv-cinder-812685-15-smb neutron-server[110555]: DEBUG neutron_lib.callbacks.manager [None req-891e254d-0a32-4fa4-ac6a-1443b1e201c0 None None] Publish callbacks ['neutron.plugins.ml2.plugin.Ml2Plugin._port_provisioned-1926415'] for port (98c78fa7-066d-4d49-a1b3-fd940bf0d757), provisioning_complete {{(pid=110555) _notify_loop /usr/local/lib/python3.8/dist-packages/neutron_lib/callbacks/manager.py:176}}
Jun 30 17:43:05.707188 dv-cinder-812685-15-smb neutron-server[110554]: DEBUG neutron.api.rpc.handlers.resources_rpc [None req-fdbf42d5-84cf-4bc9-9b46-1b91de61398f service neutron] Pushing event updated for resources: {'Port': ['ID=934f2246-93e5-4763-ad3b-25fd75bb5717,revision_number=2']} {{(pid=110554) push /opt/stack/neutron/neutron/api/rpc/handlers/resources_rpc.py:237}}
Jun 30 17:43:05.819000 dv-cinder-812685-15-smb neutron-server[110553]: INFO neutron.wsgi [req-5591667e-478e-47ff-9b5c-5645f4610a4f req-e0f0b8ff-fd34-4f9a-a26c-8fb528768b68 service neutron] 10.222.0.60 "GET /v2.0/floatingips?fixed_ip_address=172.20.0.9&port_id=17a9705b-e00a-4ea8-9ab3-95fd946d3330 HTTP/1.1" status: 200 len: 217 time: 0.3917823
Jun 30 17:43:05.822945 dv-cinder-812685-15-smb neutron-server[110555]: DEBUG neutron_lib.callbacks.manager [None req-12fcd867-fc3f-4d38-a089-4f01eea33c3a None None] Publish callbacks ['neutron.services.segments.db._update_segment_host_mapping_for_agent-8762912639052', 'neutron.plugins.ml2.plugin.Ml2Plugin._retry_binding_revived_agents-1926609'] for agent (864d4e0b-15ce-4b75-8e81-d1c262b0fc71), after_update {{(pid=110555) _notify_loop /usr/local/lib/python3.8/dist-packages/neutron_lib/callbacks/manager.py:176}}
Jun 30 17:43:05.906776 dv-cinder-812685-15-smb neutron-server[110553]: DEBUG neutron.pecan_wsgi.hooks.policy_enforcement [req-b05ac1c0-7ab7-4a54-a827-8ac2b226fd2c req-bafc3106-77a9-4ce4-b5b9-bb3b6d775b04 tempest-AttachVolumeShelveTestJSON-598496221 tempest-AttachVolumeShelveTestJSON-598496221-project] Attributes excluded by policy engine: ['standard_attr_id', 'vlan_transparent', 'provider:network_type', 'provider:physical_network', 'provider:segmentation_id'] {{(pid=110553) _exclude_attributes_by_policy /opt/stack/neutron/neutron/pecan_wsgi/hooks/policy_enforcement.py:259}}
Jun 30 17:43:05.922126 dv-cinder-812685-15-smb neutron-server[110553]: INFO neutron.wsgi [req-b05ac1c0-7ab7-4a54-a827-8ac2b226fd2c req-bafc3106-77a9-4ce4-b5b9-bb3b6d775b04 tempest-AttachVolumeShelveTestJSON-598496221 tempest-AttachVolumeShelveTestJSON-598496221-project] 10.222.0.48 "GET /v2.0/networks?id=0cc2cfab-90e8-4479-8713-990626124cc0 HTTP/1.1" status: 200 len: 817 time: 0.5127583
Jun 30 17:43:05.931898 dv-cinder-812685-15-smb neutron-server[110554]: DEBUG neutron.scheduler.dhcp_agent_scheduler [None req-bddb930a-a55d-434a-9d0f-95551f4c0242 tempest-AttachVolumeTestJSON-429411334 tempest-AttachVolumeTestJSON-429411334-project] Network e01e2e10-1985-42bd-944b-146c7a5fe260 is already hosted by enough agents. {{(pid=110554) _get_dhcp_agents_hosting_network /opt/stack/neutron/neutron/scheduler/dhcp_agent_scheduler.py:275}}
Jun 30 17:43:05.933265 dv-cinder-812685-15-smb neutron-server[110554]: DEBUG neutron.plugins.ml2.managers [req-3f20bd99-dbae-45cc-ad75-487b84f29141 req-fdbf42d5-84cf-4bc9-9b46-1b91de61398f service neutron] Attempting to bind port 934f2246-93e5-4763-ad3b-25fd75bb5717 on host hv-cinder-81268 for vnic_type normal with profile {{(pid=110554) bind_port /opt/stack/neutron/neutron/plugins/ml2/managers.py:811}}
Jun 30 17:43:05.933750 dv-cinder-812685-15-smb neutron-server[110554]: DEBUG neutron.plugins.ml2.managers [req-3f20bd99-dbae-45cc-ad75-487b84f29141 req-fdbf42d5-84cf-4bc9-9b46-1b91de61398f service neutron] Attempting to bind port 934f2246-93e5-4763-ad3b-25fd75bb5717 by drivers openvswitch,hyperv on host hv-cinder-81268 at level 0 using segments [{'id': '3dca18af-9e7a-4b79-b265-3f1301741915', 'network_type': 'vlan', 'physical_network': 'physnet1', 'segmentation_id': 389, 'network_id': '5025de4c-6e4c-4e66-97aa-c8e518a392dd'}] {{(pid=110554) _bind_port_level /opt/stack/neutron/neutron/plugins/ml2/managers.py:836}}
Jun 30 17:43:05.934230 dv-cinder-812685-15-smb neutron-server[110554]: DEBUG neutron.plugins.ml2.drivers.mech_agent [req-3f20bd99-dbae-45cc-ad75-487b84f29141 req-fdbf42d5-84cf-4bc9-9b46-1b91de61398f service neutron] Attempting to bind port 934f2246-93e5-4763-ad3b-25fd75bb5717 on network 5025de4c-6e4c-4e66-97aa-c8e518a392dd {{(pid=110554) bind_port /opt/stack/neutron/neutron/plugins/ml2/drivers/mech_agent.py:91}}
Jun 30 17:43:05.938996 dv-cinder-812685-15-smb neutron-server[110554]: INFO neutron.wsgi [req-6f2ad2d2-6860-49b1-b49a-9f3db059dc4d req-10d89866-9842-4af0-9bb3-78b4fb60c970 service neutron] 10.222.0.60 "GET /v2.0/floatingips?fixed_ip_address=172.20.0.6&port_id=946158a5-02c5-4cd6-8763-d80df07996c4 HTTP/1.1" status: 200 len: 217 time: 0.2330117
Jun 30 17:43:05.943269 dv-cinder-812685-15-smb neutron-server[110554]: DEBUG dbcounter [-] [110554] Writing DB stats neutron:SELECT=96,neutron:INSERT=2,neutron:UPDATE=2 {{(pid=110554) stat_writer /usr/local/lib/python3.8/dist-packages/dbcounter.py:114}}
Jun 30 17:43:05.951718 dv-cinder-812685-15-smb neutron-server[110554]: DEBUG neutron.scheduler.base_scheduler [None req-bddb930a-a55d-434a-9d0f-95551f4c0242 tempest-AttachVolumeTestJSON-429411334 tempest-AttachVolumeTestJSON-429411334-project] Resources bound (agent type, host, resource id): {{(pid=110554) schedule /opt/stack/neutron/neutron/scheduler/base_scheduler.py:57}}
Jun 30 17:43:05.954576 dv-cinder-812685-15-smb neutron-server[110554]: DEBUG neutron.db.l3_dvrscheduler_db [None req-bddb930a-a55d-434a-9d0f-95551f4c0242 tempest-AttachVolumeTestJSON-429411334 tempest-AttachVolumeTestJSON-429411334-project] Received port after_create {{(pid=110554) _notify_l3_agent_new_port /opt/stack/neutron/neutron/db/l3_dvrscheduler_db.py:542}}
Jun 30 17:43:05.967874 dv-cinder-812685-15-smb neutron-server[110553]: INFO neutron.wsgi [req-b05ac1c0-7ab7-4a54-a827-8ac2b226fd2c req-f0c42a1a-b0b8-4ec5-845a-d44bad804bff tempest-AttachVolumeShelveTestJSON-598496221 tempest-AttachVolumeShelveTestJSON-598496221-project] 10.222.0.48 "GET /v2.0/quotas/f7af4f5a48ac442b84af48f077389ada HTTP/1.1" status: 200 len: 375 time: 0.0426035
Jun 30 17:43:05.996296 dv-cinder-812685-15-smb neutron-server[110555]: DEBUG neutron.plugins.ml2.plugin [None req-891e254d-0a32-4fa4-ac6a-1443b1e201c0 None None] Current status of the port 98c78fa7-066d-4d49-a1b3-fd940bf0d757 is: ACTIVE; New status is: ACTIVE {{(pid=110555) _update_individual_port_db_status /opt/stack/neutron/neutron/plugins/ml2/plugin.py:2292}}
Jun 30 17:43:06.001148 dv-cinder-812685-15-smb neutron-server[110555]: DEBUG neutron.plugins.ml2.rpc [None req-891e254d-0a32-4fa4-ac6a-1443b1e201c0 None None] Device ef6cd62e-9335-4004-83f8-98c0307454d4 up at agent ovs-agent-dv-cinder-812685-15-smb {{(pid=110555) update_device_up /opt/stack/neutron/neutron/plugins/ml2/rpc.py:296}}
Jun 30 17:43:06.011630 dv-cinder-812685-15-smb neutron-server[110554]: DEBUG neutron.plugins.ml2.drivers.mech_agent [req-3f20bd99-dbae-45cc-ad75-487b84f29141 req-fdbf42d5-84cf-4bc9-9b46-1b91de61398f service neutron] Port 934f2246-93e5-4763-ad3b-25fd75bb5717 on network 5025de4c-6e4c-4e66-97aa-c8e518a392dd not bound, no agent of type Open vSwitch agent registered on host hv-cinder-81268 {{(pid=110554) bind_port /opt/stack/neutron/neutron/plugins/ml2/drivers/mech_agent.py:103}}
Jun 30 17:43:06.012246 dv-cinder-812685-15-smb neutron-server[110554]: DEBUG neutron.plugins.ml2.drivers.mech_agent [req-3f20bd99-dbae-45cc-ad75-487b84f29141 req-fdbf42d5-84cf-4bc9-9b46-1b91de61398f service neutron] Attempting to bind port 934f2246-93e5-4763-ad3b-25fd75bb5717 on network 5025de4c-6e4c-4e66-97aa-c8e518a392dd {{(pid=110554) bind_port /opt/stack/neutron/neutron/plugins/ml2/drivers/mech_agent.py:91}}
Jun 30 17:43:06.028704 dv-cinder-812685-15-smb neutron-server[110554]: DEBUG neutron.plugins.ml2.drivers.mech_agent [req-3f20bd99-dbae-45cc-ad75-487b84f29141 req-fdbf42d5-84cf-4bc9-9b46-1b91de61398f service neutron] Checking agent: {'id': '65401202-f810-45d4-b0d3-bbc0ca181f1b', 'agent_type': 'HyperV agent', 'binary': 'neutron-hyperv-agent', 'topic': 'N/A', 'host': 'hv-cinder-81268', 'admin_state_up': True, 'created_at': datetime.datetime(2022, 6, 30, 17, 40, 25), 'started_at': datetime.datetime(2022, 6, 30, 17, 40, 25), 'heartbeat_timestamp': datetime.datetime(2022, 6, 30, 17, 42, 55), 'description': None, 'resources_synced': None, 'availability_zone': None, 'alive': True, 'configurations': {'vswitch_mappings': {'physnet1$': 'br-data'}}, 'resource_versions': {}} {{(pid=110554) bind_port /opt/stack/neutron/neutron/plugins/ml2/drivers/mech_agent.py:110}}
Jun 30 17:43:06.029227 dv-cinder-812685-15-smb neutron-server[110554]: DEBUG neutron.plugins.ml2.drivers.mech_agent [req-3f20bd99-dbae-45cc-ad75-487b84f29141 req-fdbf42d5-84cf-4bc9-9b46-1b91de61398f service neutron] Checking segment: {'id': '3dca18af-9e7a-4b79-b265-3f1301741915', 'network_type': 'vlan', 'physical_network': 'physnet1', 'segmentation_id': 389, 'network_id': '5025de4c-6e4c-4e66-97aa-c8e518a392dd'} for mappings: {'physnet1$': 'br-data'} with network types: ['local', 'flat', 'vlan'] {{(pid=110554) check_segment_for_agent /opt/stack/neutron/neutron/plugins/ml2/drivers/mech_agent.py:373}}
Jun 30 17:43:06.029977 dv-cinder-812685-15-smb neutron-server[110554]: DEBUG neutron.plugins.ml2.drivers.mech_agent [req-3f20bd99-dbae-45cc-ad75-487b84f29141 req-fdbf42d5-84cf-4bc9-9b46-1b91de61398f service neutron] Bound using segment: {'id': '3dca18af-9e7a-4b79-b265-3f1301741915', 'network_type': 'vlan', 'physical_network': 'physnet1', 'segmentation_id': 389, 'network_id': '5025de4c-6e4c-4e66-97aa-c8e518a392dd'} {{(pid=110554) bind_port /opt/stack/neutron/neutron/plugins/ml2/drivers/mech_agent.py:120}}
Jun 30 17:43:06.031254 dv-cinder-812685-15-smb neutron-server[110554]: DEBUG neutron.plugins.ml2.managers [req-3f20bd99-dbae-45cc-ad75-487b84f29141 req-fdbf42d5-84cf-4bc9-9b46-1b91de61398f service neutron] Bound port: 934f2246-93e5-4763-ad3b-25fd75bb5717, host: hv-cinder-81268, vif_type: hyperv, vif_details: {"connectivity": "legacy", "port_filter": false}, binding_levels: [{'bound_driver': 'hyperv', 'bound_segment': {'id': '3dca18af-9e7a-4b79-b265-3f1301741915', 'network_type': 'vlan', 'physical_network': 'physnet1', 'segmentation_id': 389, 'network_id': '5025de4c-6e4c-4e66-97aa-c8e518a392dd'}}] {{(pid=110554) _bind_port_level /opt/stack/neutron/neutron/plugins/ml2/managers.py:948}}
Jun 30 17:43:06.032336 dv-cinder-812685-15-smb neutron-server[110554]: DEBUG neutron_lib.callbacks.manager [req-3f20bd99-dbae-45cc-ad75-487b84f29141 req-fdbf42d5-84cf-4bc9-9b46-1b91de61398f service neutron] Publish callbacks ['neutron.plugins.ml2.plugin.SecurityGroupDbMixin._ensure_default_security_group_handler-2032372'] for port (934f2246-93e5-4763-ad3b-25fd75bb5717), before_update {{(pid=110554) _notify_loop /usr/local/lib/python3.8/dist-packages/neutron_lib/callbacks/manager.py:176}}
Jun 30 17:43:06.091369 dv-cinder-812685-15-smb neutron-server[110555]: DEBUG neutron.db.provisioning_blocks [None req-891e254d-0a32-4fa4-ac6a-1443b1e201c0 None None] Provisioning complete for port ef6cd62e-9335-4004-83f8-98c0307454d4 triggered by entity L2. {{(pid=110555) provisioning_complete /opt/stack/neutron/neutron/db/provisioning_blocks.py:145}}
Jun 30 17:43:06.091501 dv-cinder-812685-15-smb neutron-server[110553]: DEBUG neutron_lib.callbacks.manager [None req-d12b9a25-c1a4-4381-b150-deaa8b1ce10e admin admin] Publish callbacks ['neutron.plugins.ml2.ovo_rpc._ObjectChangeHandler.handle_event-568002'] for security_group (4b194d62-8b66-46a2-9e15-c18c8e46f457), after_delete {{(pid=110553) _notify_loop /usr/local/lib/python3.8/dist-packages/neutron_lib/callbacks/manager.py:176}}
Jun 30 17:43:06.091758 dv-cinder-812685-15-smb neutron-server[110555]: DEBUG neutron_lib.callbacks.manager [None req-891e254d-0a32-4fa4-ac6a-1443b1e201c0 None None] Publish callbacks ['neutron.plugins.ml2.plugin.Ml2Plugin._port_provisioned-1926415'] for port (ef6cd62e-9335-4004-83f8-98c0307454d4), provisioning_complete {{(pid=110555) _notify_loop /usr/local/lib/python3.8/dist-packages/neutron_lib/callbacks/manager.py:176}}
Jun 30 17:43:06.103673 dv-cinder-812685-15-smb neutron-server[110553]: DEBUG neutron_lib.callbacks.manager [None req-d12b9a25-c1a4-4381-b150-deaa8b1ce10e admin admin] Publish callbacks [] for security_group (None), before_response {{(pid=110553) _notify_loop /usr/local/lib/python3.8/dist-packages/neutron_lib/callbacks/manager.py:176}}
Jun 30 17:43:06.121187 dv-cinder-812685-15-smb neutron-server[110553]: INFO neutron.wsgi [None req-d12b9a25-c1a4-4381-b150-deaa8b1ce10e admin admin] 10.222.0.48 "DELETE /v2.0/security-groups/4b194d62-8b66-46a2-9e15-c18c8e46f457 HTTP/1.1" status: 204 len: 168 time: 1.3829563
Jun 30 17:43:06.132349 dv-cinder-812685-15-smb neutron-server[110554]: DEBUG neutron.api.rpc.handlers.resources_rpc [None req-bddb930a-a55d-434a-9d0f-95551f4c0242 tempest-AttachVolumeTestJSON-429411334 tempest-AttachVolumeTestJSON-429411334-project] Pushing event updated for resources: {'Port': ['ID=0bb8188a-efbe-463d-8b26-e0640469a37b,revision_number=1']} {{(pid=110554) push /opt/stack/neutron/neutron/api/rpc/handlers/resources_rpc.py:237}}
Jun 30 17:43:06.146821 dv-cinder-812685-15-smb neutron-server[110554]: DEBUG neutron_lib.callbacks.manager [None req-bddb930a-a55d-434a-9d0f-95551f4c0242 tempest-AttachVolumeTestJSON-429411334 tempest-AttachVolumeTestJSON-429411334-project] Publish callbacks [] for floatingip (ad7ba0f3-0d2a-42d5-b880-173cf0bf5c2c), precommit_create {{(pid=110554) _notify_loop /usr/local/lib/python3.8/dist-packages/neutron_lib/callbacks/manager.py:176}}
Jun 30 17:43:06.174030 dv-cinder-812685-15-smb neutron-server[110553]: DEBUG neutron.api.rpc.handlers.resources_rpc [None req-d12b9a25-c1a4-4381-b150-deaa8b1ce10e admin admin] Pushing event deleted for resources: {'SecurityGroup': ['ID=4b194d62-8b66-46a2-9e15-c18c8e46f457,revision_number=None']} {{(pid=110553) push /opt/stack/neutron/neutron/api/rpc/handlers/resources_rpc.py:237}}
Jun 30 17:43:06.206986 dv-cinder-812685-15-smb neutron-server[110553]: INFO neutron.wsgi [req-b05ac1c0-7ab7-4a54-a827-8ac2b226fd2c req-d983697f-d5cc-47b9-9947-d903cf6465be tempest-AttachVolumeShelveTestJSON-598496221 tempest-AttachVolumeShelveTestJSON-598496221-project] 10.222.0.48 "GET /v2.0/ports?tenant_id=f7af4f5a48ac442b84af48f077389ada&fields=id HTTP/1.1" status: 200 len: 302 time: 0.2350657
Jun 30 17:43:06.231526 dv-cinder-812685-15-smb neutron-server[110555]: DEBUG neutron.plugins.ml2.plugin [None req-891e254d-0a32-4fa4-ac6a-1443b1e201c0 None None] Current status of the port ef6cd62e-9335-4004-83f8-98c0307454d4 is: ACTIVE; New status is: ACTIVE {{(pid=110555) _update_individual_port_db_status /opt/stack/neutron/neutron/plugins/ml2/plugin.py:2292}}
Jun 30 17:43:06.237460 dv-cinder-812685-15-smb neutron-server[110555]: DEBUG neutron.plugins.ml2.rpc [None req-891e254d-0a32-4fa4-ac6a-1443b1e201c0 None None] Device b4a9b108-2c8a-4680-a484-223a9933ab1c up at agent ovs-agent-dv-cinder-812685-15-smb {{(pid=110555) update_device_up /opt/stack/neutron/neutron/plugins/ml2/rpc.py:296}}
Jun 30 17:43:06.326446 dv-cinder-812685-15-smb neutron-server[110554]: DEBUG neutron_lib.callbacks.manager [None req-bddb930a-a55d-434a-9d0f-95551f4c0242 tempest-AttachVolumeTestJSON-429411334 tempest-AttachVolumeTestJSON-429411334-project] Publish callbacks ['neutron.plugins.ml2.plugin.SecurityGroupDbMixin._ensure_default_security_group_handler-2032372'] for port (0bb8188a-efbe-463d-8b26-e0640469a37b), before_update {{(pid=110554) _notify_loop /usr/local/lib/python3.8/dist-packages/neutron_lib/callbacks/manager.py:176}}
Jun 30 17:43:06.328216 dv-cinder-812685-15-smb neutron-server[110553]: DEBUG dbcounter [-] [110553] Writing DB stats neutron:SELECT=98,neutron:DELETE=2 {{(pid=110553) stat_writer /usr/local/lib/python3.8/dist-packages/dbcounter.py:114}}
Jun 30 17:43:06.380300 dv-cinder-812685-15-smb neutron-server[110555]: DEBUG neutron.db.provisioning_blocks [None req-891e254d-0a32-4fa4-ac6a-1443b1e201c0 None None] Provisioning complete for port b4a9b108-2c8a-4680-a484-223a9933ab1c triggered by entity L2. {{(pid=110555) provisioning_complete /opt/stack/neutron/neutron/db/provisioning_blocks.py:145}}
Jun 30 17:43:06.380951 dv-cinder-812685-15-smb neutron-server[110555]: DEBUG neutron_lib.callbacks.manager [None req-891e254d-0a32-4fa4-ac6a-1443b1e201c0 None None] Publish callbacks ['neutron.plugins.ml2.plugin.Ml2Plugin._port_provisioned-1926415'] for port (b4a9b108-2c8a-4680-a484-223a9933ab1c), provisioning_complete {{(pid=110555) _notify_loop /usr/local/lib/python3.8/dist-packages/neutron_lib/callbacks/manager.py:176}}
Jun 30 17:43:06.406225 dv-cinder-812685-15-smb neutron-server[110556]: DEBUG dbcounter [-] [110556] Writing DB stats neutron:SELECT=11 {{(pid=110556) stat_writer /usr/local/lib/python3.8/dist-packages/dbcounter.py:114}}
Jun 30 17:43:06.425944 dv-cinder-812685-15-smb neutron-server[110554]: DEBUG neutron.plugins.ml2.db [req-3f20bd99-dbae-45cc-ad75-487b84f29141 req-fdbf42d5-84cf-4bc9-9b46-1b91de61398f service neutron] For port 934f2246-93e5-4763-ad3b-25fd75bb5717, host hv-cinder-81268, cleared binding levels {{(pid=110554) clear_binding_levels /opt/stack/neutron/neutron/plugins/ml2/db.py:87}}
Jun 30 17:43:06.434773 dv-cinder-812685-15-smb neutron-server[110556]: DEBUG dbcounter [-] [110556] Writing DB stats neutron:SELECT=4 {{(pid=110556) stat_writer /usr/local/lib/python3.8/dist-packages/dbcounter.py:114}}
Jun 30 17:43:06.444001 dv-cinder-812685-15-smb neutron-server[110553]: DEBUG neutron.pecan_wsgi.hooks.policy_enforcement [req-d4fd09bb-3761-4ec1-ab95-6b034bc1f921 req-81630801-2932-48a2-9903-97e319a4fce9 tempest-ServerRescueNegativeTestJSON-776185002 tempest-ServerRescueNegativeTestJSON-776185002-project] Attributes excluded by policy engine: ['standard_attr_id', 'binding:profile', 'binding:host_id', 'binding:vif_type', 'binding:vif_details'] {{(pid=110553) _exclude_attributes_by_policy /opt/stack/neutron/neutron/pecan_wsgi/hooks/policy_enforcement.py:259}}
Jun 30 17:43:06.450475 dv-cinder-812685-15-smb neutron-server[110553]: INFO neutron.wsgi [req-d4fd09bb-3761-4ec1-ab95-6b034bc1f921 req-81630801-2932-48a2-9903-97e319a4fce9 tempest-ServerRescueNegativeTestJSON-776185002 tempest-ServerRescueNegativeTestJSON-776185002-project] 10.222.0.48 "GET /v2.0/ports?device_id=d87cdba0-7528-4ee4-bb30-1b21cc8827e1 HTTP/1.1" status: 200 len: 943 time: 0.2407947
Jun 30 17:43:06.456564 dv-cinder-812685-15-smb neutron-server[110554]: DEBUG neutron.plugins.ml2.db [req-3f20bd99-dbae-45cc-ad75-487b84f29141 req-fdbf42d5-84cf-4bc9-9b46-1b91de61398f service neutron] For port 934f2246-93e5-4763-ad3b-25fd75bb5717, host hv-cinder-81268, set binding levels [PortBindingLevel(driver='hyperv',host='hv-cinder-81268',level=0,port_id=934f2246-93e5-4763-ad3b-25fd75bb5717,segment=NetworkSegment(3dca18af-9e7a-4b79-b265-3f1301741915),segment_id=3dca18af-9e7a-4b79-b265-3f1301741915)] {{(pid=110554) set_binding_levels /opt/stack/neutron/neutron/plugins/ml2/db.py:59}}
Jun 30 17:43:06.480684 dv-cinder-812685-15-smb neutron-server[110554]: DEBUG neutron_lib.callbacks.manager [req-3f20bd99-dbae-45cc-ad75-487b84f29141 req-fdbf42d5-84cf-4bc9-9b46-1b91de61398f service neutron] Publish callbacks ['neutron.plugins.ml2.plugin.SecurityGroupServerNotifierRpcMixin._notify_sg_on_port_change-2032315', 'neutron.plugins.ml2.ovo_rpc._ObjectChangeHandler.handle_event-423249', 'neutron.api.rpc.agentnotifiers.dhcp_rpc_agent_api.DhcpAgentNotifyAPI._native_event_send_dhcp_notification-529449', 'neutron.db.l3_db.L3RpcNotifierMixin._notify_gateway_port_ip_changed-8762912535242', 'neutron.db.l3_dvrscheduler_db._notify_l3_agent_port_update-8762912172135', 'neutron.db.l3_hascheduler_db._notify_l3_agent_ha_port_update-8762912172153'] for port (934f2246-93e5-4763-ad3b-25fd75bb5717), after_update {{(pid=110554) _notify_loop /usr/local/lib/python3.8/dist-packages/neutron_lib/callbacks/manager.py:176}}
Jun 30 17:43:06.513224 dv-cinder-812685-15-smb neutron-server[110555]: DEBUG neutron.plugins.ml2.plugin [None req-891e254d-0a32-4fa4-ac6a-1443b1e201c0 None None] Current status of the port b4a9b108-2c8a-4680-a484-223a9933ab1c is: ACTIVE; New status is: ACTIVE {{(pid=110555) _update_individual_port_db_status /opt/stack/neutron/neutron/plugins/ml2/plugin.py:2292}}
Jun 30 17:43:06.543979 dv-cinder-812685-15-smb neutron-server[110553]: INFO neutron.wsgi [req-b05ac1c0-7ab7-4a54-a827-8ac2b226fd2c req-77fd985f-b335-462a-81c9-07f6f01337d5 service neutron] 10.222.0.48 "GET /v2.0/networks/0cc2cfab-90e8-4479-8713-990626124cc0?fields=segments HTTP/1.1" status: 200 len: 212 time: 0.3139014
Jun 30 17:43:06.586750 dv-cinder-812685-15-smb neutron-server[110554]: DEBUG neutron.pecan_wsgi.hooks.policy_enforcement [req-3f20bd99-dbae-45cc-ad75-487b84f29141 req-fdbf42d5-84cf-4bc9-9b46-1b91de61398f service neutron] Attributes excluded by policy engine: ['standard_attr_id'] {{(pid=110554) _exclude_attributes_by_policy /opt/stack/neutron/neutron/pecan_wsgi/hooks/policy_enforcement.py:259}}
Jun 30 17:43:06.587545 dv-cinder-812685-15-smb neutron-server[110554]: DEBUG neutron_lib.callbacks.manager [req-3f20bd99-dbae-45cc-ad75-487b84f29141 req-fdbf42d5-84cf-4bc9-9b46-1b91de61398f service neutron] Publish callbacks ['neutron.notifiers.nova.Notifier._send_nova_notification-29676', 'neutron.api.rpc.agentnotifiers.dhcp_rpc_agent_api.DhcpAgentNotifyAPI._send_dhcp_notification-529435'] for port (None), before_response {{(pid=110554) _notify_loop /usr/local/lib/python3.8/dist-packages/neutron_lib/callbacks/manager.py:176}}
Jun 30 17:43:06.589008 dv-cinder-812685-15-smb neutron-server[110554]: INFO neutron.wsgi [req-3f20bd99-dbae-45cc-ad75-487b84f29141 req-fdbf42d5-84cf-4bc9-9b46-1b91de61398f service neutron] 10.222.0.60 "PUT /v2.0/ports/934f2246-93e5-4763-ad3b-25fd75bb5717 HTTP/1.1" status: 200 len: 1093 time: 4.4904513
Jun 30 17:43:06.591997 dv-cinder-812685-15-smb neutron-server[110554]: DEBUG neutron.notifiers.nova [-] Sending events: [{'name': 'network-changed', 'server_uuid': 'd87cdba0-7528-4ee4-bb30-1b21cc8827e1', 'tag': '934f2246-93e5-4763-ad3b-25fd75bb5717'}] {{(pid=110554) send_events /opt/stack/neutron/neutron/notifiers/nova.py:271}}
Jun 30 17:43:06.594253 dv-cinder-812685-15-smb neutron-server[110554]: DEBUG novaclient.v2.client [-] REQ: curl -g -i --cacert "/opt/stack/data/ca-bundle.pem" -X POST http://10.222.0.48/compute/v2.1/os-server-external-events -H "Accept: application/json" -H "Content-Type: application/json" -H "User-Agent: python-novaclient" -H "X-Auth-Token: {SHA256}b40834fcdeaafb29045035848baec56ed958318ca74d59bd2cc26930e397e977" -H "X-OpenStack-Nova-API-Version: 2.1" -H "X-OpenStack-Request-ID: req-6248022f-b246-4c66-9c20-154a49fade8a" -d '{"events": [{"name": "network-changed", "server_uuid": "d87cdba0-7528-4ee4-bb30-1b21cc8827e1", "tag": "934f2246-93e5-4763-ad3b-25fd75bb5717"}]}' {{(pid=110554) _http_log_request /usr/local/lib/python3.8/dist-packages/keystoneauth1/session.py:519}}
Jun 30 17:43:06.601213 dv-cinder-812685-15-smb neutron-server[110553]: INFO neutron.wsgi [req-d4fd09bb-3761-4ec1-ab95-6b034bc1f921 req-28441884-b153-4c2c-bfac-4f8b6b55c386 tempest-ServerRescueNegativeTestJSON-776185002 tempest-ServerRescueNegativeTestJSON-776185002-project] 10.222.0.48 "GET /v2.0/security-groups?id=df8c1a49-c5e1-4086-9c2c-a2c156b32a9d&fields=id&fields=name HTTP/1.1" status: 200 len: 286 time: 0.1304791
Jun 30 17:43:06.636377 dv-cinder-812685-15-smb neutron-server[110554]: DEBUG neutron.api.rpc.handlers.resources_rpc [None req-fdbf42d5-84cf-4bc9-9b46-1b91de61398f service neutron] Pushing event updated for resources: {'Port': ['ID=934f2246-93e5-4763-ad3b-25fd75bb5717,revision_number=3']} {{(pid=110554) push /opt/stack/neutron/neutron/api/rpc/handlers/resources_rpc.py:237}}
Jun 30 17:43:06.719500 dv-cinder-812685-15-smb neutron-server[110553]: INFO neutron.wsgi [req-b05ac1c0-7ab7-4a54-a827-8ac2b226fd2c req-e8c23fac-8396-4fa0-986e-142184a38bc0 service neutron] 10.222.0.48 "GET /v2.0/networks/0cc2cfab-90e8-4479-8713-990626124cc0?fields=provider%3Aphysical_network&fields=provider%3Anetwork_type HTTP/1.1" status: 200 len: 281 time: 0.1648457
Jun 30 17:43:06.725626 dv-cinder-812685-15-smb neutron-server[110554]: DEBUG neutron_lib.callbacks.manager [None req-bddb930a-a55d-434a-9d0f-95551f4c0242 tempest-AttachVolumeTestJSON-429411334 tempest-AttachVolumeTestJSON-429411334-project] Publish callbacks [] for port (0bb8188a-efbe-463d-8b26-e0640469a37b), precommit_update {{(pid=110554) _notify_loop /usr/local/lib/python3.8/dist-packages/neutron_lib/callbacks/manager.py:176}}
Jun 30 17:43:06.732900 dv-cinder-812685-15-smb neutron-server[110554]: DEBUG neutron_lib.callbacks.manager [None req-bddb930a-a55d-434a-9d0f-95551f4c0242 tempest-AttachVolumeTestJSON-429411334 tempest-AttachVolumeTestJSON-429411334-project] Publish callbacks ['neutron.plugins.ml2.plugin.SecurityGroupServerNotifierRpcMixin._notify_sg_on_port_change-2032315', 'neutron.plugins.ml2.ovo_rpc._ObjectChangeHandler.handle_event-423249', 'neutron.api.rpc.agentnotifiers.dhcp_rpc_agent_api.DhcpAgentNotifyAPI._native_event_send_dhcp_notification-529449', 'neutron.db.l3_db.L3RpcNotifierMixin._notify_gateway_port_ip_changed-8762912535242', 'neutron.db.l3_dvrscheduler_db._notify_l3_agent_port_update-8762912172135', 'neutron.db.l3_hascheduler_db._notify_l3_agent_ha_port_update-8762912172153'] for port (0bb8188a-efbe-463d-8b26-e0640469a37b), after_update {{(pid=110554) _notify_loop /usr/local/lib/python3.8/dist-packages/neutron_lib/callbacks/manager.py:176}}
Jun 30 17:43:06.798206 dv-cinder-812685-15-smb neutron-server[110554]: DEBUG neutron_lib.callbacks.manager [None req-bddb930a-a55d-434a-9d0f-95551f4c0242 tempest-AttachVolumeTestJSON-429411334 tempest-AttachVolumeTestJSON-429411334-project] Publish callbacks ['neutron.services.l3_router.l3_router_plugin.DVRResourceOperationHandler._create_dvr_floating_gw_port-913709'] for floatingip (ad7ba0f3-0d2a-42d5-b880-173cf0bf5c2c), after_create {{(pid=110554) _notify_loop /usr/local/lib/python3.8/dist-packages/neutron_lib/callbacks/manager.py:176}}
Jun 30 17:43:06.801924 dv-cinder-812685-15-smb neutron-server[110553]: DEBUG neutron.pecan_wsgi.hooks.policy_enforcement [req-1795674b-7f9e-4522-904b-49d09743ea33 req-f119198f-a43f-42bf-bd2c-b51f5d835061 tempest-DeleteServersTestJSON-907342185 tempest-DeleteServersTestJSON-907342185-project] Attributes excluded by policy engine: ['standard_attr_id', 'binding:profile', 'binding:host_id', 'binding:vif_type', 'binding:vif_details'] {{(pid=110553) _exclude_attributes_by_policy /opt/stack/neutron/neutron/pecan_wsgi/hooks/policy_enforcement.py:259}}
