Jun 30 17:54:11.474741 dv-cinder-812685-15-iscsi neutron-server[115613]: DEBUG neutron_lib.callbacks.manager [None req-7e624386-0b4b-4c58-86b1-0cb154d73bf7 admin admin] Publish callbacks ['neutron.plugins.ml2.plugin.SecurityGroupDbMixin._ensure_default_security_group_handler-1509108'] for network (None), before_create {{(pid=115613) _notify_loop /usr/local/lib/python3.8/dist-packages/neutron_lib/callbacks/manager.py:176}}
Jun 30 17:54:11.485013 dv-cinder-812685-15-iscsi neutron-server[115613]: DEBUG neutron_lib.callbacks.manager [None req-7e624386-0b4b-4c58-86b1-0cb154d73bf7 admin admin] Publish callbacks [] for security_group (None), before_create {{(pid=115613) _notify_loop /usr/local/lib/python3.8/dist-packages/neutron_lib/callbacks/manager.py:176}}
Jun 30 17:54:11.496661 dv-cinder-812685-15-iscsi neutron-server[115613]: DEBUG neutron.plugins.ml2.plugin [None req-f9a7259c-267a-4e3f-a31c-7d6eba9b0153 admin admin] Calling delete_port for 9391abed-50cf-4738-a081-4eb0a82a9e96 owned by network:dhcp {{(pid=115613) delete_port /opt/stack/neutron/neutron/plugins/ml2/plugin.py:2116}}
Jun 30 17:54:11.538061 dv-cinder-812685-15-iscsi neutron-server[115614]: DEBUG neutron.plugins.ml2.rpc [None req-a2b4f92f-4fdb-442f-a8ac-5e671d5d4ca1 None None] Device 96caabf4-4dde-4e9f-90f5-9f9b75d3f7dc up at agent ovs-agent-dv-cinder-812685-15-iscsi {{(pid=115614) update_device_up /opt/stack/neutron/neutron/plugins/ml2/rpc.py:296}}
Jun 30 17:54:11.547274 dv-cinder-812685-15-iscsi neutron-server[115614]: DEBUG neutron.plugins.ml2.db [None req-2c71fa1b-1cd0-4524-87ec-a8475258195f None None] For port 9391abed-50cf-4738-a081-4eb0a82a9e96, host dv-cinder-812685-15-iscsi, got binding levels [PortBindingLevel(driver='openvswitch',host='dv-cinder-812685-15-iscsi',level=0,port_id=9391abed-50cf-4738-a081-4eb0a82a9e96,segment=NetworkSegment(29d668a5-6731-47b7-9b4c-742f6697579a),segment_id=29d668a5-6731-47b7-9b4c-742f6697579a)] {{(pid=115614) get_binding_level_objs /opt/stack/neutron/neutron/plugins/ml2/db.py:74}}
Jun 30 17:54:11.547767 dv-cinder-812685-15-iscsi neutron-server[115614]: DEBUG neutron_lib.callbacks.manager [None req-2c71fa1b-1cd0-4524-87ec-a8475258195f None None] Publish callbacks ['neutron.services.l3_router.l3_router_plugin.L3_NAT_dbonly_mixin._precommit_delete_port_callback-417932'] for port (9391abed-50cf-4738-a081-4eb0a82a9e96), precommit_delete {{(pid=115614) _notify_loop /usr/local/lib/python3.8/dist-packages/neutron_lib/callbacks/manager.py:176}}
Jun 30 17:54:11.584313 dv-cinder-812685-15-iscsi neutron-server[115614]: DEBUG neutron.plugins.ml2.plugin [None req-2c71fa1b-1cd0-4524-87ec-a8475258195f None None] Calling delete_port for 9391abed-50cf-4738-a081-4eb0a82a9e96 owned by network:dhcp {{(pid=115614) delete_port /opt/stack/neutron/neutron/plugins/ml2/plugin.py:2116}}
Jun 30 17:54:11.623720 dv-cinder-812685-15-iscsi neutron-server[115613]: DEBUG dbcounter [-] [115613] Writing DB stats neutron:SELECT=92,neutron:DELETE=3,neutron:UPDATE=2,neutron:INSERT=3 {{(pid=115613) stat_writer /usr/local/lib/python3.8/dist-packages/dbcounter.py:114}}
Jun 30 17:54:11.656393 dv-cinder-812685-15-iscsi neutron-server[115613]: DEBUG neutron_lib.callbacks.manager [None req-f9a7259c-267a-4e3f-a31c-7d6eba9b0153 admin admin] Publish callbacks ['neutron.plugins.ml2.plugin.SecurityGroupServerNotifierRpcMixin._notify_sg_on_port_change-1509051', 'neutron.plugins.ml2.ovo_rpc._ObjectChangeHandler.handle_event-91213', 'neutron.api.rpc.agentnotifiers.dhcp_rpc_agent_api.DhcpAgentNotifyAPI._native_event_send_dhcp_notification-520748', 'neutron.db.l3_db.L3RpcNotifierMixin._notify_routers_callback-8766494764072', 'neutron.db.l3_dvrscheduler_db._notify_port_delete-8766494382174', 'neutron.services.segments.plugin.NovaSegmentNotifier._notify_port_created_or_deleted-5324274'] for port (9391abed-50cf-4738-a081-4eb0a82a9e96), after_delete {{(pid=115613) _notify_loop /usr/local/lib/python3.8/dist-packages/neutron_lib/callbacks/manager.py:176}}
Jun 30 17:54:11.675126 dv-cinder-812685-15-iscsi neutron-server[115613]: DEBUG neutron_lib.callbacks.manager [None req-7e624386-0b4b-4c58-86b1-0cb154d73bf7 admin admin] Publish callbacks [] for security_group (20bcc10e-db38-43c1-821a-e4a2d8e02616), precommit_create {{(pid=115613) _notify_loop /usr/local/lib/python3.8/dist-packages/neutron_lib/callbacks/manager.py:176}}
Jun 30 17:54:11.679885 dv-cinder-812685-15-iscsi neutron-server[115614]: DEBUG neutron.db.provisioning_blocks [None req-a2b4f92f-4fdb-442f-a8ac-5e671d5d4ca1 None None] Provisioning complete for port 96caabf4-4dde-4e9f-90f5-9f9b75d3f7dc triggered by entity L2. {{(pid=115614) provisioning_complete /opt/stack/neutron/neutron/db/provisioning_blocks.py:145}}
Jun 30 17:54:11.680211 dv-cinder-812685-15-iscsi neutron-server[115614]: DEBUG neutron_lib.callbacks.manager [None req-a2b4f92f-4fdb-442f-a8ac-5e671d5d4ca1 None None] Publish callbacks ['neutron.plugins.ml2.plugin.Ml2Plugin._port_provisioned-1385999'] for port (96caabf4-4dde-4e9f-90f5-9f9b75d3f7dc), provisioning_complete {{(pid=115614) _notify_loop /usr/local/lib/python3.8/dist-packages/neutron_lib/callbacks/manager.py:176}}
Jun 30 17:54:11.703797 dv-cinder-812685-15-iscsi neutron-server[115613]: DEBUG neutron_lib.callbacks.manager [None req-7e624386-0b4b-4c58-86b1-0cb154d73bf7 admin admin] Publish callbacks ['neutron.plugins.ml2.ovo_rpc._ObjectChangeHandler.handle_event-515015'] for security_group (20bcc10e-db38-43c1-821a-e4a2d8e02616), after_create {{(pid=115613) _notify_loop /usr/local/lib/python3.8/dist-packages/neutron_lib/callbacks/manager.py:176}}
Jun 30 17:54:11.708742 dv-cinder-812685-15-iscsi neutron-server[115613]: DEBUG neutron.api.rpc.handlers.resources_rpc [None req-f9a7259c-267a-4e3f-a31c-7d6eba9b0153 admin admin] Pushing event deleted for resources: {'Port': ['ID=9391abed-50cf-4738-a081-4eb0a82a9e96,revision_number=None']} {{(pid=115613) push /opt/stack/neutron/neutron/api/rpc/handlers/resources_rpc.py:237}}
Jun 30 17:54:11.715110 dv-cinder-812685-15-iscsi neutron-server[115613]: DEBUG neutron.db.l3_dvrscheduler_db [None req-f9a7259c-267a-4e3f-a31c-7d6eba9b0153 admin admin] No DVR routers for this DVR port 9391abed-50cf-4738-a081-4eb0a82a9e96 on host dv-cinder-812685-15-iscsi {{(pid=115613) get_dvr_routers_to_remove /opt/stack/neutron/neutron/db/l3_dvrscheduler_db.py:215}}
Jun 30 17:54:11.728176 dv-cinder-812685-15-iscsi neutron-server[115614]: DEBUG dbcounter [-] [115614] Writing DB stats neutron:SELECT=99,neutron:UPDATE=1 {{(pid=115614) stat_writer /usr/local/lib/python3.8/dist-packages/dbcounter.py:114}}
Jun 30 17:54:11.741762 dv-cinder-812685-15-iscsi neutron-server[115613]: DEBUG neutron.plugins.ml2.drivers.helpers [None req-7e624386-0b4b-4c58-86b1-0cb154d73bf7 admin admin] vlan segment allocate from pool success with {'vlan_id': 338, 'physical_network': 'physnet1'} {{(pid=115613) allocate_partially_specified_segment /opt/stack/neutron/neutron/plugins/ml2/drivers/helpers.py:153}}
Jun 30 17:54:11.774964 dv-cinder-812685-15-iscsi neutron-server[115613]: DEBUG neutron.api.rpc.handlers.resources_rpc [None req-7e624386-0b4b-4c58-86b1-0cb154d73bf7 admin admin] Pushing event updated for resources: {'SecurityGroup': ['ID=20bcc10e-db38-43c1-821a-e4a2d8e02616,revision_number=1']} {{(pid=115613) push /opt/stack/neutron/neutron/api/rpc/handlers/resources_rpc.py:237}}
Jun 30 17:54:11.784624 dv-cinder-812685-15-iscsi neutron-server[115613]: DEBUG neutron_lib.callbacks.manager [None req-7e624386-0b4b-4c58-86b1-0cb154d73bf7 admin admin] Publish callbacks ['neutron.plugins.ml2.plugin.Ml2Plugin._handle_segment_change-1546381'] for segment (b3cc6373-d762-4392-a926-bd13e690c480), precommit_create {{(pid=115613) _notify_loop /usr/local/lib/python3.8/dist-packages/neutron_lib/callbacks/manager.py:176}}
Jun 30 17:54:11.784964 dv-cinder-812685-15-iscsi neutron-server[115613]: INFO neutron.db.segments_db [None req-7e624386-0b4b-4c58-86b1-0cb154d73bf7 admin admin] Added segment b3cc6373-d762-4392-a926-bd13e690c480 of type vlan for network c08dcae3-d593-4dcc-81fa-6c31c8e6ebc1
Jun 30 17:54:11.786160 dv-cinder-812685-15-iscsi neutron-server[115614]: DEBUG neutron_lib.callbacks.manager [None req-2c71fa1b-1cd0-4524-87ec-a8475258195f None None] Publish callbacks ['neutron.plugins.ml2.plugin.SecurityGroupServerNotifierRpcMixin._notify_sg_on_port_change-1509051', 'neutron.plugins.ml2.ovo_rpc._ObjectChangeHandler.handle_event-91213', 'neutron.api.rpc.agentnotifiers.dhcp_rpc_agent_api.DhcpAgentNotifyAPI._native_event_send_dhcp_notification-520748', 'neutron.db.l3_db.L3RpcNotifierMixin._notify_routers_callback-8766494764072', 'neutron.db.l3_dvrscheduler_db._notify_port_delete-8766494382174'] for port (9391abed-50cf-4738-a081-4eb0a82a9e96), after_delete {{(pid=115614) _notify_loop /usr/local/lib/python3.8/dist-packages/neutron_lib/callbacks/manager.py:176}}
Jun 30 17:54:11.819177 dv-cinder-812685-15-iscsi neutron-server[115614]: DEBUG neutron.api.rpc.handlers.resources_rpc [None req-2c71fa1b-1cd0-4524-87ec-a8475258195f None None] Pushing event deleted for resources: {'Port': ['ID=9391abed-50cf-4738-a081-4eb0a82a9e96,revision_number=None']} {{(pid=115614) push /opt/stack/neutron/neutron/api/rpc/handlers/resources_rpc.py:237}}
Jun 30 17:54:11.828069 dv-cinder-812685-15-iscsi neutron-server[115614]: DEBUG neutron.db.l3_dvrscheduler_db [None req-2c71fa1b-1cd0-4524-87ec-a8475258195f None None] No DVR routers for this DVR port 9391abed-50cf-4738-a081-4eb0a82a9e96 on host dv-cinder-812685-15-iscsi {{(pid=115614) get_dvr_routers_to_remove /opt/stack/neutron/neutron/db/l3_dvrscheduler_db.py:215}}
Jun 30 17:54:11.829693 dv-cinder-812685-15-iscsi neutron-server[115614]: DEBUG neutron.plugins.ml2.plugin [None req-a2b4f92f-4fdb-442f-a8ac-5e671d5d4ca1 None None] Current status of the port 96caabf4-4dde-4e9f-90f5-9f9b75d3f7dc is: DOWN; New status is: ACTIVE {{(pid=115614) _update_individual_port_db_status /opt/stack/neutron/neutron/plugins/ml2/plugin.py:2292}}
Jun 30 17:54:11.830077 dv-cinder-812685-15-iscsi neutron-server[115614]: DEBUG neutron_lib.callbacks.manager [None req-a2b4f92f-4fdb-442f-a8ac-5e671d5d4ca1 None None] Publish callbacks ['neutron.plugins.ml2.plugin.SecurityGroupDbMixin._ensure_default_security_group_handler-1509108'] for port (96caabf4-4dde-4e9f-90f5-9f9b75d3f7dc), before_update {{(pid=115614) _notify_loop /usr/local/lib/python3.8/dist-packages/neutron_lib/callbacks/manager.py:176}}
Jun 30 17:54:11.856133 dv-cinder-812685-15-iscsi neutron-server[115614]: DEBUG neutron.plugins.ml2.db [None req-a2b4f92f-4fdb-442f-a8ac-5e671d5d4ca1 None None] For port 96caabf4-4dde-4e9f-90f5-9f9b75d3f7dc, host dv-cinder-812685-15-iscsi, got binding levels [PortBindingLevel(driver='openvswitch',host='dv-cinder-812685-15-iscsi',level=0,port_id=96caabf4-4dde-4e9f-90f5-9f9b75d3f7dc,segment=NetworkSegment(cd493fad-4e4c-4d7d-adb3-610ad21504d5),segment_id=cd493fad-4e4c-4d7d-adb3-610ad21504d5)] {{(pid=115614) get_binding_level_objs /opt/stack/neutron/neutron/plugins/ml2/db.py:74}}
Jun 30 17:54:11.866119 dv-cinder-812685-15-iscsi neutron-server[115613]: DEBUG neutron_lib.callbacks.manager [None req-7e624386-0b4b-4c58-86b1-0cb154d73bf7 admin admin] Publish callbacks ['neutron.services.auto_allocate.db._ensure_external_network_default_value_callback-8766494336404'] for network (c08dcae3-d593-4dcc-81fa-6c31c8e6ebc1), precommit_create {{(pid=115613) _notify_loop /usr/local/lib/python3.8/dist-packages/neutron_lib/callbacks/manager.py:176}}
Jun 30 17:54:11.867535 dv-cinder-812685-15-iscsi neutron-server[115614]: DEBUG neutron_lib.callbacks.manager [None req-a2b4f92f-4fdb-442f-a8ac-5e671d5d4ca1 None None] Publish callbacks ['neutron.plugins.ml2.plugin.SecurityGroupServerNotifierRpcMixin._notify_sg_on_port_change-1509051', 'neutron.plugins.ml2.ovo_rpc._ObjectChangeHandler.handle_event-91213', 'neutron.api.rpc.agentnotifiers.dhcp_rpc_agent_api.DhcpAgentNotifyAPI._native_event_send_dhcp_notification-520748', 'neutron.db.l3_db.L3RpcNotifierMixin._notify_gateway_port_ip_changed-8766494762954', 'neutron.db.l3_dvrscheduler_db._notify_l3_agent_port_update-8766494382183', 'neutron.db.l3_hascheduler_db._notify_l3_agent_ha_port_update-8766494382201'] for port (96caabf4-4dde-4e9f-90f5-9f9b75d3f7dc), after_update {{(pid=115614) _notify_loop /usr/local/lib/python3.8/dist-packages/neutron_lib/callbacks/manager.py:176}}
Jun 30 17:54:11.902568 dv-cinder-812685-15-iscsi neutron-server[115613]: DEBUG neutron_lib.callbacks.manager [None req-f9a7259c-267a-4e3f-a31c-7d6eba9b0153 admin admin] Publish callbacks ['neutron.plugins.ml2.plugin.Ml2Plugin._network_delete_precommit_handler-1470352', 'neutron.services.segments.db._delete_segments_for_network-8766494915422'] for network (d736fc18-f4ac-4b75-8fc4-7408729a6aee), precommit_delete {{(pid=115613) _notify_loop /usr/local/lib/python3.8/dist-packages/neutron_lib/callbacks/manager.py:176}}
Jun 30 17:54:11.937331 dv-cinder-812685-15-iscsi neutron-server[115614]: DEBUG neutron.plugins.ml2.rpc [None req-a2b4f92f-4fdb-442f-a8ac-5e671d5d4ca1 None None] Device 9391abed-50cf-4738-a081-4eb0a82a9e96 no longer exists at agent ovs-agent-dv-cinder-812685-15-iscsi {{(pid=115614) update_device_down /opt/stack/neutron/neutron/plugins/ml2/rpc.py:259}}
Jun 30 17:54:11.942355 dv-cinder-812685-15-iscsi neutron-server[115613]: DEBUG neutron.services.segments.db [None req-f9a7259c-267a-4e3f-a31c-7d6eba9b0153 admin admin] neutron.services.segments.plugin.Plugin method get_segments called with arguments (,) {'filters': {'network_id': ['d736fc18-f4ac-4b75-8fc4-7408729a6aee']}} {{(pid=115613) wrapper /usr/local/lib/python3.8/dist-packages/oslo_log/he