Jun 29 12:32:41.346904 dv-cinder-812685-12-smb devstack@c-api.service[110907]: DEBUG cinder.volume.api [None req-44689f01-f312-453e-ba3e-28fa23293e98 tempest-GroupSnapshotsTest-875695489 tempest-GroupSnapshotsTest-875695489-project] Task 'cinder.volume.flows.api.create_volume.QuotaCommitTask;volume:create' (f3569c0c-6fe5-43aa-b78b-d454cd0e16bf) transitioned into state 'SUCCESS' from state 'RUNNING' with result '{'volume_properties': VolumeProperties(attach_status='detached',availability_zone='nova',cgsnapshot_id=None,consistencygroup_id=None,display_description=None,display_name=None,encryption_key_id=None,group_id=b6d47981-3251-4263-a316-d4fa57eadc98,group_type_id=,metadata={},multiattach=False,project_id='5ed45ff9899a4a638a3dede48765ec29',qos_specs=None,replication_status=,reservations=['f6b97045-c2fc-4f59-9dfb-3d548bf0629f','281d787d-dcff-42ec-9965-ecbb1c8d782f'],size=1,snapshot_id=5f800898-b8b3-4cce-991f-bb974520a52d,source_replicaid=,source_volid=None,status='creating',user_id='375dc2503e2c4262a150eebaa14582c4',volume_type_id=e22b8996-7cd8-406e-b707-bacb7fcdbfe5)}' {{(pid=110907) _task_receiver /usr/local/lib/python3.8/dist-packages/taskflow/listeners/logging.py:178}}
Jun 29 12:32:41.353074 dv-cinder-812685-12-smb devstack@c-api.service[110907]: DEBUG cinder.volume.api [None req-44689f01-f312-453e-ba3e-28fa23293e98 tempest-GroupSnapshotsTest-875695489 tempest-GroupSnapshotsTest-875695489-project] Flow 'volume_create_api' (1f251823-571c-4a24-972f-0003304e4b3b) transitioned into state 'SUCCESS' from state 'RUNNING' {{(pid=110907) _flow_receiver /usr/local/lib/python3.8/dist-packages/taskflow/listeners/logging.py:141}}
Jun 29 12:32:41.354078 dv-cinder-812685-12-smb devstack@c-api.service[110907]: INFO cinder.volume.api [None req-44689f01-f312-453e-ba3e-28fa23293e98 tempest-GroupSnapshotsTest-875695489 tempest-GroupSnapshotsTest-875695489-project] Create volume request issued successfully.
Jun 29 12:32:41.461636 dv-cinder-812685-12-smb devstack@c-api.service[110907]: INFO cinder.api.openstack.wsgi [None req-44689f01-f312-453e-ba3e-28fa23293e98 tempest-GroupSnapshotsTest-875695489 tempest-GroupSnapshotsTest-875695489-project] http://10.222.0.60/volume/v3/5ed45ff9899a4a638a3dede48765ec29/groups/action returned with HTTP 202
Jun 29 12:32:41.466766 dv-cinder-812685-12-smb devstack@c-api.service[110907]: [pid: 110907|app: 0|req: 18/46] 10.222.0.60 () {62 vars in 1294 bytes} [Wed Jun 29 12:32:39 2022] POST /volume/v3/5ed45ff9899a4a638a3dede48765ec29/groups/action => generated 102 bytes in 1530 msecs (HTTP/1.1 202) 7 headers in 292 bytes (1 switches on core 0)
Jun 29 12:32:41.469587 dv-cinder-812685-12-smb devstack@c-api.service[110906]: DEBUG cinder.api.middleware.request_id [None req-2d94e43e-7782-4424-baa3-9b0a1a05f6b1 None None] RequestId filter calling following filter/app {{(pid=110906) _context_setter /opt/stack/cinder/cinder/api/middleware/request_id.py:62}}
Jun 29 12:32:41.473746 dv-cinder-812685-12-smb devstack@c-api.service[110906]: INFO cinder.api.openstack.wsgi [None req-2d94e43e-7782-4424-baa3-9b0a1a05f6b1 tempest-GroupSnapshotsTest-875695489 tempest-GroupSnapshotsTest-875695489-project] GET http://10.222.0.60/volume/v3/5ed45ff9899a4a638a3dede48765ec29/volumes/detail
Jun 29 12:32:41.474100 dv-cinder-812685-12-smb devstack@c-api.service[110906]: DEBUG cinder.api.openstack.wsgi [None req-2d94e43e-7782-4424-baa3-9b0a1a05f6b1 tempest-GroupSnapshotsTest-875695489 tempest-GroupSnapshotsTest-875695489-project] Empty body provided in request {{(pid=110906) get_body /opt/stack/cinder/cinder/api/openstack/wsgi.py:715}}
Jun 29 12:32:41.474740 dv-cinder-812685-12-smb devstack@c-api.service[110906]: DEBUG cinder.api.openstack.wsgi [None req-2d94e43e-7782-4424-baa3-9b0a1a05f6b1 tempest-GroupSnapshotsTest-875695489 tempest-GroupSnapshotsTest-875695489-project] Calling method 'detail' {{(pid=110906) _process_stack /opt/stack/cinder/cinder/api/openstack/wsgi.py:868}}
Jun 29 12:32:41.475875 dv-cinder-812685-12-smb devstack@c-api.service[110906]: DEBUG cinder.api.api_utils [None req-2d94e43e-7782-4424-baa3-9b0a1a05f6b1 tempest-GroupSnapshotsTest-875695489 tempest-GroupSnapshotsTest-875695489-project] Removing options '' from query. {{(pid=110906) remove_invalid_filter_options /opt/stack/cinder/cinder/api/api_utils.py:83}}
Jun 29 12:32:41.477994 dv-cinder-812685-12-smb devstack@c-api.service[110906]: DEBUG cinder.volume.api [None req-2d94e43e-7782-4424-baa3-9b0a1a05f6b1 tempest-GroupSnapshotsTest-875695489 tempest-GroupSnapshotsTest-875695489-project] Searching by: MultiDict([('no_migration_targets', True)]). {{(pid=110906) get_all /opt/stack/cinder/cinder/volume/api.py:665}}
Jun 29 12:32:41.550130 dv-cinder-812685-12-smb devstack@c-api.service[110906]: INFO cinder.volume.api [None req-2d94e43e-7782-4424-baa3-9b0a1a05f6b1 tempest-GroupSnapshotsTest-875695489 tempest-GroupSnapshotsTest-875695489-project] Get all volumes completed successfully.
Jun 29 12:32:41.552190 dv-cinder-812685-12-smb devstack@c-api.service[110906]: WARNING stevedore.named [None req-2d94e43e-7782-4424-baa3-9b0a1a05f6b1 tempest-GroupSnapshotsTest-875695489 tempest-GroupSnapshotsTest-875695489-project] Could not load cinder.keymgr.conf_key_mgr.ConfKeyManager
Jun 29 12:32:41.553319 dv-cinder-812685-12-smb devstack@c-api.service[110906]: WARNING castellan.key_manager [None req-2d94e43e-7782-4424-baa3-9b0a1a05f6b1 tempest-GroupSnapshotsTest-875695489 tempest-GroupSnapshotsTest-875695489-project] Deprecation Warning : cinder.keymgr.conf_key_mgr.ConfKeyManager is not a stevedore based driver, trying to load it as a class: stevedore.exception.NoMatches: No 'castellan.drivers' driver found, looking for 'cinder.keymgr.conf_key_mgr.ConfKeyManager'
Jun 29 12:32:41.564828 dv-cinder-812685-12-smb devstack@c-api.service[110906]: DEBUG oslo_db.sqlalchemy.engines [None req-2d94e43e-7782-4424-baa3-9b0a1a05f6b1 tempest-GroupSnapshotsTest-875695489 tempest-GroupSnapshotsTest-875695489-project] MySQL server mode set to STRICT_TRANS_TABLES,STRICT_ALL_TABLES,NO_ZERO_IN_DATE,NO_ZERO_DATE,ERROR_FOR_DIVISION_BY_ZERO,TRADITIONAL,NO_ENGINE_SUBSTITUTION {{(pid=110906) _check_effective_sql_mode /usr/local/lib/python3.8/dist-packages/oslo_db/sqlalchemy/engines.py:314}}
Jun 29 12:32:41.577504 dv-cinder-812685-12-smb devstack@c-api.service[110906]: /usr/local/lib/python3.8/dist-packages/oslo_context/context.py:100: DeprecationWarning: Policy enforcement is depending on the value of is_admin. This key is deprecated. Please update your policy file to use the standard policy values.
Jun 29 12:32:41.577504 dv-cinder-812685-12-smb devstack@c-api.service[110906]: warnings.warn('Policy enforcement is depending on the value of '
Jun 29 12:32:41.599130 dv-cinder-812685-12-smb devstack@c-api.service[110906]: WARNING stevedore.named [None req-2d94e43e-7782-4424-baa3-9b0a1a05f6b1 tempest-GroupSnapshotsTest-875695489 tempest-GroupSnapshotsTest-875695489-project] Could not load cinder.keymgr.conf_key_mgr.ConfKeyManager
Jun 29 12:32:41.601828 dv-cinder-812685-12-smb devstack@c-api.service[110906]: WARNING castellan.key_manager [None req-2d94e43e-7782-4424-baa3-9b0a1a05f6b1 tempest-GroupSnapshotsTest-875695489 tempest-GroupSnapshotsTest-875695489-project] Deprecation Warning : cinder.keymgr.conf_key_mgr.ConfKeyManager is not a stevedore based driver, trying to load it as a class: stevedore.exception.NoMatches: No 'castellan.drivers' driver found, looking for 'cinder.keymgr.conf_key_mgr.ConfKeyManager'
Jun 29 12:32:41.621447 dv-cinder-812685-12-smb devstack@c-api.service[110906]: DEBUG oslo_db.sqlalchemy.engines [None req-2d94e43e-7782-4424-baa3-9b0a1a05f6b1 tempest-GroupSnapshotsTest-875695489 tempest-GroupSnapshotsTest-875695489-project] MySQL server mode set to STRICT_TRANS_TABLES,STRICT_ALL_TABLES,NO_ZERO_IN_DATE,NO_ZERO_DATE,ERROR_FOR_DIVISION_BY_ZERO,TRADITIONAL,NO_ENGINE_SUBSTITUTION {{(pid=110906) _check_effective_sql_mode /usr/local/lib/python3.8/dist-packages/oslo_db/sqlalchemy/engines.py:314}}
Jun 29 12:32:41.637270 dv-cinder-812685-12-smb devstack@c-api.service[110906]: /usr/local/lib/python3.8/dist-packages/oslo_context/context.py:100: DeprecationWarning: Policy enforcement is depending on the value of is_admin. This key is deprecated. Please update your policy file to use the standard policy values.
Jun 29 12:32:41.637270 dv-cinder-812685-12-smb devstack@c-api.service[110906]: warnings.warn('Policy enforcement is depending on the value of '
Jun 29 12:32:41.665165 dv-cinder-812685-12-smb devstack@c-api.service[110906]: INFO cinder.api.openstack.wsgi [None req-2d94e43e-7782-4424-baa3-9b0a1a05f6b1 tempest-GroupSnapshotsTest-875695489 tempest-GroupSnapshotsTest-875695489-project] http://10.222.0.60/volume/v3/5ed45ff9899a4a638a3dede48765ec29/volumes/detail returned with HTTP 200
Jun 29 12:32:41.679072 dv-cinder-812685-12-smb devstack@c-api.service[110906]: [pid: 110906|app: 0|req: 29/47] 10.222.0.60 () {60 vars in 1275 bytes} [Wed Jun 29 12:32:41 2022] GET /volume/v3/5ed45ff9899a4a638a3dede48765ec29/volumes/detail => generated 1986 bytes in 210 msecs (HTTP/1.1 200) 7 headers in 287 bytes (1 switches on core 0)
Jun 29 12:32:41.681786 dv-cinder-812685-12-smb devstack@c-api.service[110907]: DEBUG cinder.api.middleware.request_id [None req-ee7c2b63-a044-43b9-923c-b3d23b18239b None None] RequestId filter calling following filter/app {{(pid=110907) _context_setter /opt/stack/cinder/cinder/api/middleware/request_id.py:62}}
Jun 29 12:32:41.700011 dv-cinder-812685-12-smb devstack@c-api.service[110907]: INFO cinder.api.openstack.wsgi [None req-ee7c2b63-a044-43b9-923c-b3d23b18239b tempest-GroupSnapshotsTest-875695489 tempest-GroupSnapshotsTest-875695489-project] GET http://10.222.0.60/volume/v3/5ed45ff9899a4a638a3dede48765ec29/volumes/0bb98d84-226b-490c-b4c5-b7f07decb05d
Jun 29 12:32:41.700864 dv-cinder-812685-12-smb devstack@c-api.service[110907]: DEBUG cinder.api.openstack.wsgi [None req-ee7c2b63-a044-43b9-923c-b3d23b18239b tempest-GroupSnapshotsTest-875695489 tempest-GroupSnapshotsTest-875695489-project] Empty body provided in request {{(pid=110907) get_body /opt/stack/cinder/cinder/api/openstack/wsgi.py:715}}
Jun 29 12:32:41.701351 dv-cinder-812685-12-smb devstack@c-api.service[110907]: DEBUG cinder.api.openstack.wsgi [None req-ee7c2b63-a044-43b9-923c-b3d23b18239b tempest-GroupSnapshotsTest-875695489 tempest-GroupSnapshotsTest-875695489-project] Calling method 'show' {{(pid=110907) _process_stack /opt/stack/cinder/cinder/api/openstack/wsgi.py:868}}
Jun 29 12:32:41.744880 dv-cinder-812685-12-smb devstack@c-api.service[110907]: /usr/local/lib/python3.8/dist-packages/oslo_context/context.py:100: DeprecationWarning: Policy enforcement is depending on the value of is_admin. This key is deprecated. Please update your policy file to use the standard policy values.
Jun 29 12:32:41.744880 dv-cinder-812685-12-smb devstack@c-api.service[110907]: warnings.warn('Policy enforcement is depending on the value of '
Jun 29 12:32:41.763743 dv-cinder-812685-12-smb devstack@c-api.service[110907]: INFO cinder.volume.api [None req-ee7c2b63-a044-43b9-923c-b3d23b18239b tempest-GroupSnapshotsTest-875695489 tempest-GroupSnapshotsTest-875695489-project] Volume info retrieved successfully.
Jun 29 12:32:41.768190 dv-cinder-812685-12-smb devstack@c-api.service[110907]: WARNING stevedore.named [None req-ee7c2b63-a044-43b9-923c-b3d23b18239b tempest-GroupSnapshotsTest-875695489 tempest-GroupSnapshotsTest-875695489-project] Could not load cinder.keymgr.conf_key_mgr.ConfKeyManager
Jun 29 12:32:41.768590 dv-cinder-812685-12-smb devstack@c-api.service[110907]: WARNING castellan.key_manager [None req-ee7c2b63-a044-43b9-923c-b3d23b18239b tempest-GroupSnapshotsTest-875695489 tempest-GroupSnapshotsTest-875695489-project] Deprecation Warning : cinder.keymgr.conf_key_mgr.ConfKeyManager is not a stevedore based driver, trying to load it as a class: stevedore.exception.NoMatches: No 'castellan.drivers' driver found, looking for 'cinder.keymgr.conf_key_mgr.ConfKeyManager'
Jun 29 12:32:41.785478 dv-cinder-812685-12-smb devstack@c-api.service[110907]: DEBUG oslo_db.sqlalchemy.engines [None req-ee7c2b63-a044-43b9-923c-b3d23b18239b tempest-GroupSnapshotsTest-875695489 tempest-GroupSnapshotsTest-875695489-project] MySQL server mode set to STRICT_TRANS_TABLES,STRICT_ALL_TABLES,NO_ZERO_IN_DATE,NO_ZERO_DATE,ERROR_FOR_DIVISION_BY_ZERO,TRADITIONAL,NO_ENGINE_SUBSTITUTION {{(pid=110907) _check_effective_sql_mode /usr/local/lib/python3.8/dist-packages/oslo_db/sqlalchemy/engines.py:314}}
Jun 29 12:32:41.792118 dv-cinder-812685-12-smb devstack@c-api.service[110907]: /usr/local/lib/python3.8/dist-packages/oslo_context/context.py:100: DeprecationWarning: Policy enforcement is depending on the value of is_admin. This key is deprecated. Please update your policy file to use the standard policy values.
Jun 29 12:32:41.792118 dv-cinder-812685-12-smb devstack@c-api.service[110907]: warnings.warn('Policy enforcement is depending on the value of '
Jun 29 12:32:41.823373 dv-cinder-812685-12-smb devstack@c-api.service[110907]: INFO cinder.api.openstack.wsgi [None req-ee7c2b63-a044-43b9-923c-b3d23b18239b tempest-GroupSnapshotsTest-875695489 tempest-GroupSnapshotsTest-875695489-project] http://10.222.0.60/volume/v3/5ed45ff9899a4a638a3dede48765ec29/volumes/0bb98d84-226b-490c-b4c5-b7f07decb05d returned with HTTP 200
Jun 29 12:32:41.823781 dv-cinder-812685-12-smb devstack@c-api.service[110907]: [pid: 110907|app: 0|req: 19/48] 10.222.0.60 () {60 vars in 1365 bytes} [Wed Jun 29 12:32:41 2022] GET /volume/v3/5ed45ff9899a4a638a3dede48765ec29/volumes/0bb98d84-226b-490c-b4c5-b7f07decb05d => generated 993 bytes in 144 msecs (HTTP/1.1 200) 7 headers in 286 bytes (1 switches on core 0)
Jun 29 12:32:41.837087 dv-cinder-812685-12-smb devstack@c-api.service[110906]: DEBUG cinder.api.middleware.request_id [None req-6de6eb0c-d450-40ed-ae5d-60131da1b4e8 None None] RequestId filter calling following filter/app {{(pid=110906) _context_setter /opt/stack/cinder/cinder/api/middleware/request_id.py:62}}
Jun 29 12:32:41.842006 dv-cinder-812685-12-smb devstack@c-api.service[110906]: INFO cinder.api.openstack.wsgi [None req-6de6eb0c-d450-40ed-ae5d-60131da1b4e8 tempest-GroupSnapshotsTest-875695489 tempest-GroupSnapshotsTest-875695489-project] GET http://10.222.0.60/volume/v3/5ed45ff9899a4a638a3dede48765ec29/groups/b6d47981-3251-4263-a316-d4fa57eadc98
Jun 29 12:32:41.842991 dv-cinder-812685-12-smb devstack@c-api.service[110906]: DEBUG cinder.api.openstack.wsgi [None req-6de6eb0c-d450-40ed-ae5d-60131da1b4e8 tempest-GroupSnapshotsTest-875695489 tempest-GroupSnapshotsTest-875695489-project] Empty body provided in request {{(pid=110906) get_body /opt/stack/cinder/cinder/api/openstack/wsgi.py:715}}
Jun 29 12:32:41.843891 dv-cinder-812685-12-smb devstack@c-api.service[110906]: DEBUG cinder.api.openstack.wsgi [None req-6de6eb0c-d450-40ed-ae5d-60131da1b4e8 tempest-GroupSnapshotsTest-875695489 tempest-GroupSnapshotsTest-875695489-project] Calling method 'version_select' {{(pid=110906) _process_stack /opt/stack/cinder/cinder/api/openstack/wsgi.py:868}}
Jun 29 12:32:41.844375 dv-cinder-812685-12-smb devstack@c-api.service[110906]: DEBUG cinder.api.v3.groups [None req-6de6eb0c-d450-40ed-ae5d-60131da1b4e8 tempest-GroupSnapshotsTest-875695489 tempest-GroupSnapshotsTest-875695489-project] show called for member b6d47981-3251-4263-a316-d4fa57eadc98 {{(pid=110906) show /opt/stack/cinder/cinder/api/v3/groups.py:58}}
Jun 29 12:32:41.853836 dv-cinder-812685-12-smb devstack@c-api.service[110906]: /usr/local/lib/python3.8/dist-packages/oslo_context/context.py:100: DeprecationWarning: Policy enforcement is depending on the value of is_admin. This key is deprecated. Please update your policy file to use the standard policy values.
Jun 29 12:32:41.853836 dv-cinder-812685-12-smb devstack@c-api.service[110906]: warnings.warn('Policy enforcement is depending on the value of '
Jun 29 12:32:41.876979 dv-cinder-812685-12-smb devstack@c-api.service[110906]: INFO cinder.api.openstack.wsgi [None req-6de6eb0c-d450-40ed-ae5d-60131da1b4e8 tempest-GroupSnapshotsTest-875695489 tempest-GroupSnapshotsTest-875695489-project] http://10.222.0.60/volume/v3/5ed45ff9899a4a638a3dede48765ec29/groups/b6d47981-3251-4263-a316-d4fa57eadc98 returned with HTTP 200
Jun 29 12:32:41.885899 dv-cinder-812685-12-smb devstack@c-api.service[110906]: [pid: 110906|app: 0|req: 30/49] 10.222.0.60 () {60 vars in 1362 bytes} [Wed Jun 29 12:32:41 2022] GET /volume/v3/5ed45ff9899a4a638a3dede48765ec29/groups/b6d47981-3251-4263-a316-d4fa57eadc98 => generated 417 bytes in 49 msecs (HTTP/1.1 200) 7 headers in 286 bytes (1 switches on core 0)
Jun 29 12:32:41.886506 dv-cinder-812685-12-smb devstack@c-api.service[110907]: DEBUG cinder.api.middleware.request_id [None req-271ab425-c313-4716-87fc-9ce0e1999f2e None None] RequestId filter calling following filter/app {{(pid=110907) _context_setter /opt/stack/cinder/cinder/api/middleware/request_id.py:62}}
Jun 29 12:32:41.889802 dv-cinder-812685-12-smb devstack@c-api.service[110907]: INFO cinder.api.openstack.wsgi [None req-271ab425-c313-4716-87fc-9ce0e1999f2e tempest-GroupSnapshotsTest-875695489 tempest-GroupSnapshotsTest-875695489-project] GET http://10.222.0.60/volume/v3/5ed45ff9899a4a638a3dede48765ec29/volumes/detail
Jun 29 12:32:41.890301 dv-cinder-812685-12-smb devstack@c-api.service[110907]: DEBUG cinder.api.openstack.wsgi [None req-271ab425-c313-4716-87fc-9ce0e1999f2e tempest-GroupSnapshotsTest-875695489 tempest-GroupSnapshotsTest-875695489-project] Empty body provided in request {{(pid=110907) get_body /opt/stack/cinder/cinder/api/openstack/wsgi.py:715}}
Jun 29 12:32:41.891203 dv-cinder-812685-12-smb devstack@c-api.service[110907]: DEBUG cinder.api.openstack.wsgi [None req-271ab425-c313-4716-87fc-9ce0e1999f2e tempest-GroupSnapshotsTest-875695489 tempest-GroupSnapshotsTest-875695489-project] Calling method 'detail' {{(pid=110907) _process_stack /opt/stack/cinder/cinder/api/openstack/wsgi.py:868}}
Jun 29 12:32:41.892718 dv-cinder-812685-12-smb devstack@c-api.service[110907]: DEBUG cinder.api.api_utils [None req-271ab425-c313-4716-87fc-9ce0e1999f2e tempest-GroupSnapshotsTest-875695489 tempest-GroupSnapshotsTest-875695489-project] Removing options '' from query. {{(pid=110907) remove_invalid_filter_options /opt/stack/cinder/cinder/api/api_utils.py:83}}
Jun 29 12:32:41.894459 dv-cinder-812685-12-smb devstack@c-api.service[110907]: DEBUG cinder.volume.api [None req-271ab425-c313-4716-87fc-9ce0e1999f2e tempest-GroupSnapshotsTest-875695489 tempest-GroupSnapshotsTest-875695489-project] Searching by: MultiDict([('no_migration_targets', True)]). {{(pid=110907) get_all /opt/stack/cinder/cinder/volume/api.py:665}}
Jun 29 12:32:42.052720 dv-cinder-812685-12-smb devstack@c-api.service[110906]: DEBUG cinder.api.middleware.request_id [None req-5f7051f4-ca8f-4352-9c22-c309a59d4e42 None None] RequestId filter calling following filter/app {{(pid=110906) _context_setter /opt/stack/cinder/cinder/api/middleware/request_id.py:62}}
Jun 29 12:32:42.055330 dv-cinder-812685-12-smb devstack@c-api.service[110907]: INFO cinder.volume.api [None req-271ab425-c313-4716-87fc-9ce0e1999f2e tempest-GroupSnapshotsTest-875695489 tempest-GroupSnapshotsTest-875695489-project] Get all volumes completed successfully.
Jun 29 12:32:42.056751 dv-cinder-812685-12-smb devstack@c-api.service[110906]: INFO cinder.api.openstack.wsgi [None req-5f7051f4-ca8f-4352-9c22-c309a59d4e42 tempest-VolumeQuotasAdminTestJSON-1971342510 tempest-VolumeQuotasAdminTestJSON-1971342510-project] GET http://10.222.0.60/volume/v3/f4253b571b864819b125d572cce269fb/volumes/5e0e80f1-3fb4-4e11-8e6f-d5182557ce28
Jun 29 12:32:42.057290 dv-cinder-812685-12-smb devstack@c-api.service[110906]: DEBUG cinder.api.openstack.wsgi [None req-5f7051f4-ca8f-4352-9c22-c309a59d4e42 tempest-VolumeQuotasAdminTestJSON-1971342510 tempest-VolumeQuotasAdminTestJSON-1971342510-project] Empty body provided in request {{(pid=110906) get_body /opt/stack/cinder/cinder/api/openstack/wsgi.py:715}}
Jun 29 12:32:42.057712 dv-cinder-812685-12-smb devstack@c-api.service[110907]: WARNING stevedore.named [None req-271ab425-c313-4716-87fc-9ce0e1999f2e tempest-GroupSnapshotsTest-875695489 tempest-GroupSnapshotsTest-875695489-project] Could not load cinder.keymgr.conf_key_mgr.ConfKeyManager
Jun 29 12:32:42.057822 dv-cinder-812685-12-smb devstack@c-api.service[110906]: DEBUG cinder.api.openstack.wsgi [None req-5f7051f4-ca8f-4352-9c22-c309a59d4e42 tempest-VolumeQuotasAdminTestJSON-1971342510 tempest-VolumeQuotasAdminTestJSON-1971342510-project] Calling method 'show' {{(pid=110906) _process_stack /opt/stack/cinder/cinder/api/openstack/wsgi.py:868}}
Jun 29 12:32:42.058333 dv-cinder-812685-12-smb devstack@c-api.service[110907]: WARNING castellan.key_manager [None req-271ab425-c313-4716-87fc-9ce0e1999f2e tempest-GroupSnapshotsTest-875695489 tempest-GroupSnapshotsTest-875695489-project] Deprecation Warning : cinder.keymgr.conf_key_mgr.ConfKeyManager is not a stevedore based driver, trying to load it as a class: stevedore.exception.NoMatches: No 'castellan.drivers' driver found, looking for 'cinder.keymgr.conf_key_mgr.ConfKeyManager'
Jun 29 12:32:42.076525 dv-cinder-812685-12-smb devstack@c-api.service[110907]: DEBUG oslo_db.sqlalchemy.engines [None req-271ab425-c313-4716-87fc-9ce0e1999f2e tempest-GroupSnapshotsTest-875695489 tempest-GroupSnapshotsTest-875695489-project] MySQL server mode set to STRICT_TRANS_TABLES,STRICT_ALL_TABLES,NO_ZERO_IN_DATE,NO_ZERO_DATE,ERROR_FOR_DIVISION_BY_ZERO,TRADITIONAL,NO_ENGINE_SUBSTITUTION {{(pid=110907) _check_effective_sql_mode /usr/local/lib/python3.8/dist-packages/oslo_db/sqlalchemy/engines.py:314}}
Jun 29 12:32:42.089461 dv-cinder-812685-12-smb devstack@c-api.service[110906]: /usr/local/lib/python3.8/dist-packages/oslo_context/context.py:100: DeprecationWarning: Policy enforcement is depending on the value of is_admin. This key is deprecated. Please update your policy file to use the standard policy values.
Jun 29 12:32:42.089461 dv-cinder-812685-12-smb devstack@c-api.service[110906]: warnings.warn('Policy enforcement is depending on the value of '
Jun 29 12:32:42.091836 dv-cinder-812685-12-smb devstack@c-api.service[110907]: /usr/local/lib/python3.8/dist-packages/oslo_context/context.py:100: DeprecationWarning: Policy enforcement is depending on the value of is_admin. This key is deprecated. Please update your policy file to use the standard policy values.
Jun 29 12:32:42.091836 dv-cinder-812685-12-smb devstack@c-api.service[110907]: warnings.warn('Policy enforcement is depending on the value of '
Jun 29 12:32:42.103027 dv-cinder-812685-12-smb devstack@c-api.service[110907]: WARNING stevedore.named [None req-271ab425-c313-4716-87fc-9ce0e1999f2e tempest-GroupSnapshotsTest-875695489 tempest-GroupSnapshotsTest-875695489-project] Could not load cinder.keymgr.conf_key_mgr.ConfKeyManager
Jun 29 12:32:42.103628 dv-cinder-812685-12-smb devstack@c-api.service[110907]: WARNING castellan.key_manager [None req-271ab425-c313-4716-87fc-9ce0e1999f2e tempest-GroupSnapshotsTest-875695489 tempest-GroupSnapshotsTest-875695489-project] Deprecation Warning : cinder.keymgr.conf_key_mgr.ConfKeyManager is not a stevedore based driver, trying to load it as a class: stevedore.exception.NoMatches: No 'castellan.drivers' driver found, looking for 'cinder.keymgr.conf_key_mgr.ConfKeyManager'
Jun 29 12:32:42.111064 dv-cinder-812685-12-smb devstack@c-api.service[110906]: INFO cinder.volume.api [None req-5f7051f4-ca8f-4352-9c22-c309a59d4e42 tempest-VolumeQuotasAdminTestJSON-1971342510 tempest-VolumeQuotasAdminTestJSON-1971342510-project] Volume info retrieved successfully.
Jun 29 12:32:42.123053 dv-cinder-812685-12-smb devstack@c-api.service[110907]: DEBUG oslo_db.sqlalchemy.engines [None req-271ab425-c313-4716-87fc-9ce0e1999f2e tempest-GroupSnapshotsTest-875695489 tempest-GroupSnapshotsTest-875695489-project] MySQL server mode set to STRICT_TRANS_TABLES,STRICT_ALL_TABLES,NO_ZERO_IN_DATE,NO_ZERO_DATE,ERROR_FOR_DIVISION_BY_ZERO,TRADITIONAL,NO_ENGINE_SUBSTITUTION {{(pid=110907) _check_effective_sql_mode /usr/local/lib/python3.8/dist-packages/oslo_db/sqlalchemy/engines.py:314}}
Jun 29 12:32:42.132816 dv-cinder-812685-12-smb devstack@c-api.service[110907]: /usr/local/lib/python3.8/dist-packages/oslo_context/context.py:100: DeprecationWarning: Policy enforcement is depending on the value of is_admin. This key is deprecated. Please update your policy file to use the standard policy values.
Jun 29 12:32:42.132816 dv-cinder-812685-12-smb devstack@c-api.service[110907]: warnings.warn('Policy enforcement is depending on the value of '
Jun 29 12:32:42.139822 dv-cinder-812685-12-smb devstack@c-api.service[110907]: DEBUG dbcounter [-] [110907] Writing DB stats cinder:SELECT=84,cinder:INSERT=6,cinder:UPDATE=10 {{(pid=110907) stat_writer /usr/local/lib/python3.8/dist-packages/dbcounter.py:114}}
Jun 29 12:32:42.144478 dv-cinder-812685-12-smb devstack@c-api.service[110906]: INFO cinder.api.openstack.wsgi [None req-5f7051f4-ca8f-4352-9c22-c309a59d4e42 tempest-VolumeQuotasAdminTestJSON-1971342510 tempest-VolumeQuotasAdminTestJSON-1971342510-project] http://10.222.0.60/volume/v3/f4253b571b864819b125d572cce269fb/volumes/5e0e80f1-3fb4-4e11-8e6f-d5182557ce28 returned with HTTP 200
Jun 29 12:32:42.149058 dv-cinder-812685-12-smb devstack@c-api.service[110906]: [pid: 110906|app: 0|req: 31/50] 10.222.0.60 () {58 vars in 1324 bytes} [Wed Jun 29 12:32:42 2022] GET /volume/v3/f4253b571b864819b125d572cce269fb/volumes/5e0e80f1-3fb4-4e11-8e6f-d5182557ce28 => generated 917 bytes in 98 msecs (HTTP/1.1 200) 7 headers in 285 bytes (1 switches on core 0)
Jun 29 12:32:42.162490 dv-cinder-812685-12-smb devstack@c-api.service[110906]: DEBUG cinder.api.middleware.request_id [None req-b5792efc-90e1-4bae-af79-49f81df1d552 None None] RequestId filter calling following filter/app {{(pid=110906) _context_setter /opt/stack/cinder/cinder/api/middleware/request_id.py:62}}
Jun 29 12:32:42.171168 dv-cinder-812685-12-smb devstack@c-api.service[110907]: INFO cinder.api.openstack.wsgi [None req-271ab425-c313-4716-87fc-9ce0e1999f2e tempest-GroupSnapshotsTest-875695489 tempest-GroupSnapshotsTest-875695489-project] http://10.222.0.60/volume/v3/5ed45ff9899a4a638a3dede48765ec29/volumes/detail returned with HTTP 200
Jun 29 12:32:42.174357 dv-cinder-812685-12-smb devstack@c-api.service[110907]: [pid: 110907|app: 0|req: 20/51] 10.222.0.60 () {60 vars in 1275 bytes} [Wed Jun 29 12:32:41 2022] GET /volume/v3/5ed45ff9899a4a638a3dede48765ec29/volumes/detail => generated 1987 bytes in 289 msecs (HTTP/1.1 200) 7 headers in 287 bytes (1 switches on core 0)
Jun 29 12:32:42.182005 dv-cinder-812685-12-smb devstack@c-api.service[110906]: INFO cinder.api.openstack.wsgi [None req-b5792efc-90e1-4bae-af79-49f81df1d552 tempest-VolumeQuotasAdminTestJSON-1231050231 tempest-VolumeQuotasAdminTestJSON-1231050231-project-admin] GET http://10.222.0.60/volume/v3/c1e23a824e95453cbb5e674568a165ca/os-quota-sets/f4253b571b864819b125d572cce269fb?usage=True
Jun 29 12:32:42.182601 dv-cinder-812685-12-smb devstack@c-api.service[110906]: DEBUG cinder.api.openstack.wsgi [None req-b5792efc-90e1-4bae-af79-49f81df1d552 tempest-VolumeQuotasAdminTestJSON-1231050231 tempest-VolumeQuotasAdminTestJSON-1231050231-project-admin] Empty body provided in request {{(pid=110906) get_body /opt/stack/cinder/cinder/api/openstack/wsgi.py:715}}
Jun 29 12:32:42.183212 dv-cinder-812685-12-smb devstack@c-api.service[110906]: DEBUG cinder.api.openstack.wsgi [None req-b5792efc-90e1-4bae-af79-49f81df1d552 tempest-VolumeQuotasAdminTestJSON-1231050231 tempest-VolumeQuotasAdminTestJSON-1231050231-project-admin] Calling method 'show' {{(pid=110906) _process_stack /opt/stack/cinder/cinder/api/openstack/wsgi.py:868}}
Jun 29 12:32:42.190198 dv-cinder-812685-12-smb devstack@c-api.service[110907]: DEBUG cinder.api.middleware.request_id [None req-398e3094-cf7f-44ff-a066-7e4d973748b5 None None] RequestId filter calling following filter/app {{(pid=110907) _context_setter /opt/stack/cinder/cinder/api/middleware/request_id.py:62}}
Jun 29 12:32:42.196539 dv-cinder-812685-12-smb devstack@c-api.service[110907]: INFO cinder.api.openstack.wsgi [None req-398e3094-cf7f-44ff-a066-7e4d973748b5 tempest-GroupSnapshotsTest-875695489 tempest-GroupSnapshotsTest-875695489-project] POST http://10.222.0.60/volume/v3/5ed45ff9899a4a638a3dede48765ec29/groups/b6d47981-3251-4263-a316-d4fa57eadc98/action
Jun 29 12:32:42.200152 dv-cinder-812685-12-smb devstack@c-api.service[110907]: DEBUG cinder.api.openstack.wsgi [None req-398e3094-cf7f-44ff-a066-7e4d973748b5 tempest-GroupSnapshotsTest-875695489 tempest-GroupSnapshotsTest-875695489-project] Action body: b'{"delete": {"delete-volumes": true}}' {{(pid=110907) get_method /opt/stack/cinder/cinder/api/openstack/wsgi.py:983}}
Jun 29 12:32:42.204875 dv-cinder-812685-12-smb devstack@c-api.service[110907]: DEBUG cinder.api.openstack.wsgi [None req-398e3094-cf7f-44ff-a066-7e4d973748b5 tempest-GroupSnapshotsTest-875695489 tempest-GroupSnapshotsTest-875695489-project] Action: 'action', calling method: version_select, body: {"delete": {"delete-volumes": true}} {{(pid=110907) _process_stack /opt/stack/cinder/cinder/api/openstack/wsgi.py:866}}
Jun 29 12:32:42.205882 dv-cinder-812685-12-smb devstack@c-api.service[110907]: DEBUG cinder.api.v3.groups [None req-398e3094-cf7f-44ff-a066-7e4d973748b5 tempest-GroupSnapshotsTest-875695489 tempest-GroupSnapshotsTest-875695489-project] delete called for group b6d47981-3251-4263-a316-d4fa57eadc98 {{(pid=110907) _delete /opt/stack/cinder/cinder/api/v3/groups.py:117}}
Jun 29 12:32:42.208733 dv-cinder-812685-12-smb devstack@c-api.service[110907]: INFO cinder.api.v3.groups [None req-398e3094-cf7f-44ff-a066-7e4d973748b5 tempest-GroupSnapshotsTest-875695489 tempest-GroupSnapshotsTest-875695489-project] Delete group with id: b6d47981-3251-4263-a316-d4fa57eadc98
Jun 29 12:32:42.232396 dv-cinder-812685-12-smb devstack@c-api.service[110907]: /usr/local/lib/python3.8/dist-packages/oslo_context/context.py:100: DeprecationWarning: Policy enforcement is depending on the value of is_admin. This key is deprecated. Please update your policy file to use the standard policy values.
Jun 29 12:32:42.232396 dv-cinder-812685-12-smb devstack@c-api.service[110907]: warnings.warn('Policy enforcement is depending on the value of '
Jun 29 12:32:42.258371 dv-cinder-812685-12-smb devstack@c-api.service[110906]: DEBUG dbcounter [-] [110906] Writing DB stats cinder:SELECT=82,cinder:INSERT=6,cinder:UPDATE=12 {{(pid=110906) stat_writer /usr/local/lib/python3.8/dist-packages/dbcounter.py:114}}
Jun 29 12:32:42.327041 dv-cinder-812685-12-smb devstack@c-api.service[110906]: INFO cinder.api.openstack.wsgi [None req-b5792efc-90e1-4bae-af79-49f81df1d552 tempest-VolumeQuotasAdminTestJSON-1231050231 tempest-VolumeQuotasAdminTestJSON-1231050231-project-admin] http://10.222.0.60/volume/v3/c1e23a824e95453cbb5e674568a165ca/os-quota-sets/f4253b571b864819b125d572cce269fb?usage=True returned with HTTP 200
Jun 29 12:32:42.327987 dv-cinder-812685-12-smb devstack@c-api.service[110906]: [pid: 110906|app: 0|req: 32/52] 10.222.0.60 () {58 vars in 1351 bytes} [Wed Jun 29 12:32:42 2022] GET /volume/v3/c1e23a824e95453cbb5e674568a165ca/os-quota-sets/f4253b571b864819b125d572cce269fb?usage=True => generated 1184 bytes in 167 msecs (HTTP/1.1 200) 7 headers in 286 bytes (1 switches on core 0)
Jun 29 12:32:42.339068 dv-cinder-812685-12-smb devstack@c-api.service[110906]: DEBUG cinder.api.middleware.request_id [None req-3fa34e77-2dc9-4178-8305-712e7a0c28a5 None None] RequestId filter calling following filter/app {{(pid=110906) _context_setter /opt/stack/cinder/cinder/api/middleware/request_id.py:62}}
Jun 29 12:32:42.344422 dv-cinder-812685-12-smb devstack@c-api.service[110906]: INFO cinder.api.openstack.wsgi [None req-3fa34e77-2dc9-4178-8305-712e7a0c28a5 tempest-VolumeQuotasAdminTestJSON-1231050231 tempest-VolumeQuotasAdminTestJSON-1231050231-project-admin] GET http://10.222.0.60/volume/v3/c1e23a824e95453cbb5e674568a165ca/os-quota-sets/9d362596f6354a769bdd0bfe567aa255?usage=True
Jun 29 12:32:42.345964 dv-cinder-812685-12-smb devstack@c-api.service[110906]: DEBUG cinder.api.openstack.wsgi [None req-3fa34e77-2dc9-4178-8305-712e7a0c28a5 tempest-VolumeQuotasAdminTestJSON-1231050231 tempest-VolumeQuotasAdminTestJSON-1231050231-project-admin] Empty body provided in request {{(pid=110906) get_body /opt/stack/cinder/cinder/api/openstack/wsgi.py:715}}
Jun 29 12:32:42.354635 dv-cinder-812685-12-smb devstack@c-api.service[110906]: DEBUG cinder.api.openstack.wsgi [None req-3fa34e77-2dc9-4178-8305-712e7a0c28a5 tempest-VolumeQuotasAdminTestJSON-1231050231 tempest-VolumeQuotasAdminTestJSON-1231050231-project-admin] Calling method 'show' {{(pid=110906) _process_stack /opt/stack/cinder/cinder/api/openstack/wsgi.py:868}}
Jun 29 12:32:42.460326 dv-cinder-812685-12-smb devstack@c-api.service[110906]: INFO cinder.api.openstack.wsgi [None req-3fa34e77-2dc9-4178-8305-712e7a0c28a5 tempest-VolumeQuotasAdminTestJSON-1231050231 tempest-VolumeQuotasAdminTestJSON-1231050231-project-admin] http://10.222.0.60/volume/v3/c1e23a824e95453cbb5e674568a165ca/os-quota-sets/9d362596f6354a769bdd0bfe567aa255?usage=True returned with HTTP 200
Jun 29 12:32:42.461784 dv-cinder-812685-12-smb devstack@c-api.service[110906]: [pid: 110906|app: 0|req: 33/53] 10.222.0.60 () {58 vars in 1351 bytes} [Wed Jun 29 12:32:42 2022] GET /volume/v3/c1e23a824e95453cbb5e674568a165ca/os-quota-sets/9d362596f6354a769bdd0bfe567aa255?usage=True => generated 1184 bytes in 124 msecs (HTTP/1.1 200) 7 headers in 286 bytes (1 switches on core 0)
Jun 29 12:32:42.471733 dv-cinder-812685-12-smb devstack@c-api.service[110906]: DEBUG cinder.api.middleware.request_id [None req-59aefc6b-6169-4065-9298-a27bbc350c1b None None] RequestId filter calling following filter/app {{(pid=110906) _context_setter /opt/stack/cinder/cinder/api/middleware/request_id.py:62}}
Jun 29 12:32:42.477966 dv-cinder-812685-12-smb devstack@c-api.service[110906]: INFO cinder.api.openstack.wsgi [None req-59aefc6b-6169-4065-9298-a27bbc350c1b tempest-VolumeQuotasAdminTestJSON-1971342510 tempest-VolumeQuotasAdminTestJSON-1971342510-project] POST http://10.222.0.60/volume/v3/f4253b571b864819b125d572cce269fb/os-volume-transfer
Jun 29 12:32:42.490134 dv-cinder-812685-12-smb devstack@c-api.service[110907]: INFO cinder.api.openstack.wsgi [None req-398e3094-cf7f-44ff-a066-7e4d973748b5 tempest-GroupSnapshotsTest-875695489 tempest-GroupSnapshotsTest-875695489-project] http://10.222.0.60/volume/v3/5ed45ff9899a4a638a3dede48765ec29/groups/b6d47981-3251-4263-a316-d4fa57eadc98/action returned with HTTP 202
Jun 29 12:32:42.492166 dv-cinder-812685-12-smb devstack@c-api.service[110906]: DEBUG cinder.api.openstack.wsgi [None req-59aefc6b-6169-4065-9298-a27bbc350c1b tempest-VolumeQuotasAdminTestJSON-1971342510 tempest-VolumeQuotasAdminTestJSON-1971342510-project] Action: 'create', calling method: create, body: {"transfer": {"volume_id": "5e0e80f1-3fb4-4e11-8e6f-d5182557ce28"}} {{(pid=110906) _process_stack /opt/stack/cinder/cinder/api/openstack/wsgi.py:866}}
Jun 29 12:32:42.492474 dv-cinder-812685-12-smb devstack@c-api.service[110907]: [pid: 110907|app: 0|req: 21/54] 10.222.0.60 () {62 vars in 1404 bytes} [Wed Jun 29 12:32:42 2022] POST /volume/v3/5ed45ff9899a4a638a3dede48765ec29/groups/b6d47981-3251-4263-a316-d4fa57eadc98/action => generated 0 bytes in 303 msecs (HTTP/1.1 202) 6 headers in 234 bytes (1 switches on core 0)
Jun 29 12:32:42.493881 dv-cinder-812685-12-smb devstack@c-api.service[110906]: DEBUG cinder.api.contrib.volume_transfer [None req-59aefc6b-6169-4065-9298-a27bbc350c1b tempest-VolumeQuotasAdminTestJSON-1971342510 tempest-VolumeQuotasAdminTestJSON-1971342510-project] Creating new volume transfer {'transfer': {'volume_id': '5e0e80f1-3fb4-4e11-8e6f-d5182557ce28'}} {{(pid=110906) create /opt/stack/cinder/cinder/api/contrib/volume_transfer.py:85}}
Jun 29 12:32:42.498116 dv-cinder-812685-12-smb devstack@c-api.service[110907]: DEBUG cinder.api.middleware.request_id [None req-bc33b137-4023-4301-8d7d-e7c943769c21 None None] RequestId filter calling following filter/app {{(pid=110907) _context_setter /opt/stack/cinder/cinder/api/middleware/request_id.py:62}}
Jun 29 12:32:42.503128 dv-cinder-812685-12-smb devstack@c-api.service[110906]: INFO cinder.api.contrib.volume_transfer [None req-59aefc6b-6169-4065-9298-a27bbc350c1b tempest-VolumeQuotasAdminTestJSON-1971342510 tempest-VolumeQuotasAdminTestJSON-1971342510-project] Creating transfer of volume 5e0e80f1-3fb4-4e11-8e6f-d5182557ce28
Jun 29 12:32:42.503780 dv-cinder-812685-12-smb devstack@c-api.service[110906]: INFO cinder.transfer.api [None req-59aefc6b-6169-4065-9298-a27bbc350c1b tempest-VolumeQuotasAdminTestJSON-1971342510 tempest-VolumeQuotasAdminTestJSON-1971342510-project] Generating transfer record for volume 5e0e80f1-3fb4-4e11-8e6f-d5182557ce28
Jun 29 12:32:42.506892 dv-cinder-812685-12-smb devstack@c-api.service[110907]: INFO cinder.api.openstack.wsgi [None req-bc33b137-4023-4301-8d7d-e7c943769c21 tempest-GroupSnapshotsTest-875695489 tempest-GroupSnapshotsTest-875695489-project] GET http://10.222.0.60/volume/v3/5ed45ff9899a4a638a3dede48765ec29/volumes/0bb98d84-226b-490c-b4c5-b7f07decb05d
Jun 29 12:32:42.507798 dv-cinder-812685-12-smb devstack@c-api.service[110907]: DEBUG cinder.api.openstack.wsgi [None req-bc33b137-4023-4301-8d7d-e7c943769c21 tempest-GroupSnapshotsTest-875695489 tempest-GroupSnapshotsTest-875695489-project] Empty body provided in request {{(pid=110907) get_body /opt/stack/cinder/cinder/api/openstack/wsgi.py:715}}
Jun 29 12:32:42.508500 dv-cinder-812685-12-smb devstack@c-api.service[110907]: DEBUG cinder.api.openstack.wsgi [None req-bc33b137-4023-4301-8d7d-e7c943769c21 tempest-GroupSnapshotsTest-875695489 tempest-GroupSnapshotsTest-875695489-project] Calling method 'show' {{(pid=110907) _process_stack /opt/stack/cinder/cinder/api/openstack/wsgi.py:868}}
Jun 29 12:32:42.530333 dv-cinder-812685-12-smb devstack@c-api.service[110907]: /usr/local/lib/python3.8/dist-packages/oslo_context/context.py:100: DeprecationWarning: Policy enforcement is depending on the value of is_admin. This key is deprecated. Please update your policy file to use the standard policy values.
Jun 29 12:32:42.530333 dv-cinder-812685-12-smb devstack@c-api.service[110907]: warnings.warn('Policy enforcement is depending on the value of '
Jun 29 12:32:42.550662 dv-cinder-812685-12-smb devstack@c-api.service[110906]: /usr/local/lib/python3.8/dist-packages/oslo_context/context.py:100: DeprecationWarning: Policy enforcement is depending on the value of is_admin. This key is deprecated. Please update your policy file to use the standard policy values.
Jun 29 12:32:42.550662 dv-cinder-812685-12-smb devstack@c-api.service[110906]: warnings.warn('Policy enforcement is depending on the value of '
Jun 29 12:32:42.563445 dv-cinder-812685-12-smb devstack@c-api.service[110907]: INFO cinder.volume.api [None req-bc33b137-4023-4301-8d7d-e7c943769c21 tempest-GroupSnapshotsTest-875695489 tempest-GroupSnapshotsTest-875695489-project] Volume info retrieved successfully.
Jun 29 12:32:42.567174 dv-cinder-812685-12-smb devstack@c-api.service[110907]: WARNING stevedore.named [None req-bc33b137-4023-4301-8d7d-e7c943769c21 tempest-GroupSnapshotsTest-875695489 tempest-GroupSnapshotsTest-875695489-project] Could not load cinder.keymgr.conf_key_mgr.ConfKeyManager
Jun 29 12:32:42.567753 dv-cinder-812685-12-smb devstack@c-api.service[110907]: WARNING castellan.key_manager [None req-bc33b137-4023-4301-8d7d-e7c943769c21 tempest-GroupSnapshotsTest-875695489 tempest-GroupSnapshotsTest-875695489-project] Deprecation Warning : cinder.keymgr.conf_key_mgr.ConfKeyManager is not a stevedore based driver, trying to load it as a class: stevedore.exception.NoMatches: No 'castellan.drivers' driver found, looking for 'cinder.keymgr.conf_key_mgr.ConfKeyManager'
Jun 29 12:32:42.581378 dv-cinder-812685-12-smb devstack@c-api.service[110907]: DEBUG oslo_db.sqlalchemy.engines [None req-bc33b137-4023-4301-8d7d-e7c943769c21 tempest-GroupSnapshotsTest-875695489 tempest-GroupSnapshotsTest-875695489-project] MySQL server mode set to STRICT_TRANS_TABLES,STRICT_ALL_TABLES,NO_ZERO_IN_DATE,NO_ZERO_DATE,ERROR_FOR_DIVISION_BY_ZERO,TRADITIONAL,NO_ENGINE_SUBSTITUTION {{(pid=110907) _check_effective_sql_mode /usr/local/lib/python3.8/dist-packages/oslo_db/sqlalchemy/engines.py:314}}
Jun 29 12:32:42.595566 dv-cinder-812685-12-smb devstack@c-api.service[110907]: /usr/local/lib/python3.8/dist-packages/oslo_context/context.py:100: DeprecationWarning: Policy enforcement is depending on the value of is_admin. This key is deprecated. Please update your policy file to use the standard policy values.
Jun 29 12:32:42.595566 dv-cinder-812685-12-smb devstack@c-api.service[110907]: warnings.warn('Policy enforcement is depending on the value of '
Jun 29 12:32:42.618631 dv-cinder-812685-12-smb devstack@c-api.service[110907]: INFO cinder.api.openstack.wsgi [None req-bc33b137-4023-4301-8d7d-e7c943769c21 tempest-GroupSnapshotsTest-875695489 tempest-GroupSnapshotsTest-875695489-project] http://10.222.0.60/volume/v3/5ed45ff9899a4a638a3dede48765ec29/volumes/0bb98d84-226b-490c-b4c5-b7f07decb05d returned with HTTP 200
Jun 29 12:32:42.618777 dv-cinder-812685-12-smb devstack@c-api.service[110906]: INFO cinder.api.openstack.wsgi [None req-59aefc6b-6169-4065-9298-a27bbc350c1b tempest-VolumeQuotasAdminTestJSON-1971342510 tempest-VolumeQuotasAdminTestJSON-1971342510-project] http://10.222.0.60/volume/v3/f4253b571b864819b125d572cce269fb/os-volume-transfer returned with HTTP 202
Jun 29 12:32:42.620060 dv-cinder-812685-12-smb devstack@c-api.service[110906]: [pid: 110906|app: 0|req: 34/55] 10.222.0.60 () {60 vars in 1267 bytes} [Wed Jun 29 12:32:42 2022] POST /volume/v3/f4253b571b864819b125d572cce269fb/os-volume-transfer => generated 507 bytes in 150 msecs (HTTP/1.1 202) 7 headers in 291 bytes (2 switches on core 0)
Jun 29 12:32:42.626873 dv-cinder-812685-12-smb devstack@c-api.service[110906]: DEBUG cinder.api.middleware.request_id [None req-f54d137c-7cd0-4f34-b343-097021a0fc05 None None] RequestId filter calling following filter/app {{(pid=110906) _context_setter /opt/stack/cinder/cinder/api/middleware/request_id.py:62}}
Jun 29 12:32:42.634880 dv-cinder-812685-12-smb devstack@c-api.service[110907]: [pid: 110907|app: 0|req: 22/56] 10.222.0.60 () {60 vars in 1365 bytes} [Wed Jun 29 12:32:42 2022] GET /volume/v3/5ed45ff9899a4a638a3dede48765ec29/volumes/0bb98d84-226b-490c-b4c5-b7f07decb05d => generated 992 bytes in 139 msecs (HTTP/1.1 200) 7 headers in 286 bytes (2 switches on core 0)
Jun 29 12:32:42.968155 dv-cinder-812685-12-smb devstack@c-api.service[110907]: DEBUG cinder.api.middleware.request_id [None req-1de44e59-eb6e-419d-8fc7-b5a54b39bef2 None None] RequestId filter calling following filter/app {{(pid=110907) _context_setter /opt/stack/cinder/cinder/api/middleware/request_id.py:62}}
Jun 29 12:32:43.068188 dv-cinder-812685-12-smb devstack@c-api.service[110906]: INFO cinder.api.openstack.wsgi [None req-f54d137c-7cd0-4f34-b343-097021a0fc05 tempest-VolumeQuotasAdminTestJSON-1911693176 tempest-VolumeQuotasAdminTestJSON-1911693176-project] POST http://10.222.0.60/volume/v3/9d362596f6354a769bdd0bfe567aa255/os-volume-transfer/696aff9a-5d25-4cc6-ab93-7df576f93c72/accept
Jun 29 12:32:43.068904 dv-cinder-812685-12-smb devstack@c-api.service[110906]: DEBUG cinder.api.openstack.wsgi [None req-f54d137c-7cd0-4f34-b343-097021a0fc05 tempest-VolumeQuotasAdminTestJSON-1911693176 tempest-VolumeQuotasAdminTestJSON-1911693176-project] Action: 'accept', calling method: accept, body: {"accept": {"auth_key": "52d29fb573f0bf07"}} {{(pid=110906) _process_stack /opt/stack/cinder/cinder/api/openstack/wsgi.py:866}}
Jun 29 12:32:43.069686 dv-cinder-812685-12-smb devstack@c-api.service[110906]: DEBUG cinder.api.contrib.volume_transfer [None req-f54d137c-7cd0-4f34-b343-097021a0fc05 tempest-VolumeQuotasAdminTestJSON-1911693176 tempest-VolumeQuotasAdminTestJSON-1911693176-project] Accepting volume transfer 696aff9a-5d25-4cc6-ab93-7df576f93c72 {{(pid=110906) accept /opt/stack/cinder/cinder/api/contrib/volume_transfer.py:115}}
Jun 29 12:32:43.069989 dv-cinder-812685-12-smb devstack@c-api.service[110906]: INFO cinder.api.contrib.volume_transfer [None req-f54d137c-7cd0-4f34-b343-097021a0fc05 tempest-VolumeQuotasAdminTestJSON-1911693176 tempest-VolumeQuotasAdminTestJSON-1911693176-project] Accepting transfer 696aff9a-5d25-4cc6-ab93-7df576f93c72
Jun 29 12:32:43.074299 dv-cinder-812685-12-smb devstack@c-api.service[110907]: INFO cinder.api.openstack.wsgi [None req-1de44e59-eb6e-419d-8fc7-b5a54b39bef2 tempest-VolumeServicesNegativeTest-1462253014 tempest-VolumeServicesNegativeTest-1462253014-project-admin] GET http://10.222.0.60/volume/v3/4167de5d817047fabea119191ef8ed2a/os-services
Jun 29 12:32:43.074974 dv-cinder-812685-12-smb devstack@c-api.service[110907]: DEBUG cinder.api.openstack.wsgi [None req-1de44e59-eb6e-419d-8fc7-b5a54b39bef2 tempest-VolumeServicesNegativeTest-1462253014 tempest-VolumeServicesNegativeTest-1462253014-project-admin] Empty body provided in request {{(pid=110907) get_body /opt/stack/cinder/cinder/api/openstack/wsgi.py:715}}
Jun 29 12:32:43.075609 dv-cinder-812685-12-smb devstack@c-api.service[110907]: DEBUG cinder.api.openstack.wsgi [None req-1de44e59-eb6e-419d-8fc7-b5a54b39bef2 tempest-VolumeServicesNegativeTest-1462253014 tempest-VolumeServicesNegativeTest-1462253014-project-admin] Calling method 'index' {{(pid=110907) _process_stack /opt/stack/cinder/cinder/api/openstack/wsgi.py:868}}
Jun 29 12:32:43.093798 dv-cinder-812685-12-smb devstack@c-api.service[110907]: INFO cinder.api.openstack.wsgi [None req-1de44e59-eb6e-419d-8fc7-b5a54b39bef2 tempest-VolumeServicesNegativeTest-1462253014 tempest-VolumeServicesNegativeTest-1462253014-project-admin] http://10.222.0.60/volume/v3/4167de5d817047fabea119191ef8ed2a/os-services returned with HTTP 200
Jun 29 12:32:43.096724 dv-cinder-812685-12-smb devstack@c-api.service[110907]: [pid: 110907|app: 0|req: 23/57] 10.222.0.60 () {58 vars in 1225 bytes} [Wed Jun 29 12:32:42 2022] GET /volume/v3/4167de5d817047fabea119191ef8ed2a/os-services => generated 641 bytes in 130 msecs (HTTP/1.1 200) 7 headers in 285 bytes (1 switches on core 0)
Jun 29 12:32:43.106169 dv-cinder-812685-12-smb devstack@c-api.service[110907]: DEBUG cinder.api.middleware.request_id [None req-2a782da0-4d85-4399-b8ce-f68e2c7f6979 None None] RequestId filter calling following filter/app {{(pid=110907) _context_setter /opt/stack/cinder/cinder/api/middleware/request_id.py:62}}
Jun 29 12:32:43.113653 dv-cinder-812685-12-smb devstack@c-api.service[110907]: INFO cinder.api.openstack.wsgi [None req-2a782da0-4d85-4399-b8ce-f68e2c7f6979 tempest-VolumeServicesNegativeTest-1462253014 tempest-VolumeServicesNegativeTest-1462253014-project-admin] PUT http://10.222.0.60/volume/v3/4167de5d817047fabea119191ef8ed2a/os-services/disable-log-reason
Jun 29 12:32:43.116396 dv-cinder-812685-12-smb devstack@c-api.service[110907]: DEBUG cinder.api.openstack.wsgi [None req-2a782da0-4d85-4399-b8ce-f68e2c7f6979 tempest-VolumeServicesNegativeTest-1462253014 tempest-VolumeServicesNegativeTest-1462253014-project-admin] Action: 'update', calling method: update, body: {"host": "dv-cinder-812685-12-smb", "binary": "cinder-scheduler", "disabled_reason": null} {{(pid=110907) _process_stack /opt/stack/cinder/cinder/api/openstack/wsgi.py:866}}
Jun 29 12:32:43.122364 dv-cinder-812685-12-smb devstack@c-api.service[110907]: INFO cinder.api.openstack.wsgi [None req-2a782da0-4d85-4399-b8ce-f68e2c7f6979 tempest-VolumeServicesNegativeTest-1462253014 tempest-VolumeServicesNegativeTest-1462253014-project-admin] http://10.222.0.60/volume/v3/4167de5d817047fabea119191ef8ed2a/os-services/disable-log-reason returned with HTTP 400
Jun 29 12:32:43.124906 dv-cinder-812685-12-smb devstack@c-api.service[110907]: [pid: 110907|app: 0|req: 24/58] 10.222.0.60 () {60 vars in 1302 bytes} [Wed Jun 29 12:32:43 2022] PUT /volume/v3/4167de5d817047fabea119191ef8ed2a/os-services/disable-log-reason => generated 136 bytes in 20 msecs (HTTP/1.1 400) 7 headers in 294 bytes (2 switches on core 0)
Jun 29 12:32:43.133472 dv-cinder-812685-12-smb devstack@c-api.service[110907]: DEBUG cinder.api.middleware.request_id [None req-f10ef9f4-5348-41aa-b587-ae01bb557093 None None] RequestId filter calling following filter/app {{(pid=110907) _context_setter /opt/stack/cinder/cinder/api/middleware/request_id.py:62}}
Jun 29 12:32:43.153352 dv-cinder-812685-12-smb devstack@c-api.service[110907]: INFO cinder.api.openstack.wsgi [None req-f10ef9f4-5348-41aa-b587-ae01bb557093 tempest-VolumeServicesNegativeTest-1462253014 tempest-VolumeServicesNegativeTest-1462253014-project-admin] PUT http://10.222.0.60/volume/v3/4167de5d817047fabea119191ef8ed2a/os-services/disable
Jun 29 12:32:43.160206 dv-cinder-812685-12-smb devstack@c-api.service[110907]: DEBUG cinder.api.openstack.wsgi [None req-f10ef9f4-5348-41aa-b587-ae01bb557093 tempest-VolumeServicesNegativeTest-1462253014 tempest-VolumeServicesNegativeTest-1462253014-project-admin] Action: 'update', calling method: update, body: {"host": "dv-cinder-812685-12-smb", "binary": "invalid_binary"} {{(pid=110907) _process_stack /opt/stack/cinder/cinder/api/openstack/wsgi.py:866}}
Jun 29 12:32:43.184251 dv-cinder-812685-12-smb devstack@c-api.service[110907]: INFO cinder.api.openstack.wsgi [None req-f10ef9f4-5348-41aa-b587-ae01bb557093 tempest-VolumeServicesNegativeTest-1462253014 tempest-VolumeServicesNegativeTest-1462253014-project-admin] http://10.222.0.60/volume/v3/4167de5d817047fabea119191ef8ed2a/os-services/disable returned with HTTP 404
Jun 29 12:32:43.185683 dv-cinder-812685-12-smb devstack@c-api.service[110907]: [pid: 110907|app: 0|req: 25/59] 10.222.0.60 () {60 vars in 1269 bytes} [Wed Jun 29 12:32:43 2022] PUT /volume/v3/4167de5d817047fabea119191ef8ed2a/os-services/disable => generated 120 bytes in 54 msecs (HTTP/1.1 404) 7 headers in 292 bytes (1 switches on core 0)
