Jun 29 12:33:07.164623 dv-cinder-812685-12-smb devstack@c-api.service[110906]: DEBUG cinder.api.middleware.request_id [None req-24f72c26-19e0-4e45-a22d-5e76f9ccaf69 None None] RequestId filter calling following filter/app {{(pid=110906) _context_setter /opt/stack/cinder/cinder/api/middleware/request_id.py:62}}
Jun 29 12:33:07.168909 dv-cinder-812685-12-smb devstack@c-api.service[110906]: INFO cinder.api.openstack.wsgi [None req-24f72c26-19e0-4e45-a22d-5e76f9ccaf69 tempest-GroupSnapshotsV319Test-290499372 tempest-GroupSnapshotsV319Test-290499372-project] GET http://10.222.0.60/volume/v3/1da05522448a4ca9876c6978416cad0d/snapshots/fe36f44e-4c92-4f1f-ac85-3cda9388e885
Jun 29 12:33:07.169369 dv-cinder-812685-12-smb devstack@c-api.service[110906]: DEBUG cinder.api.openstack.wsgi [None req-24f72c26-19e0-4e45-a22d-5e76f9ccaf69 tempest-GroupSnapshotsV319Test-290499372 tempest-GroupSnapshotsV319Test-290499372-project] Empty body provided in request {{(pid=110906) get_body /opt/stack/cinder/cinder/api/openstack/wsgi.py:715}}
Jun 29 12:33:07.169838 dv-cinder-812685-12-smb devstack@c-api.service[110906]: DEBUG cinder.api.openstack.wsgi [None req-24f72c26-19e0-4e45-a22d-5e76f9ccaf69 tempest-GroupSnapshotsV319Test-290499372 tempest-GroupSnapshotsV319Test-290499372-project] Calling method 'show' {{(pid=110906) _process_stack /opt/stack/cinder/cinder/api/openstack/wsgi.py:868}}
Jun 29 12:33:07.173587 dv-cinder-812685-12-smb devstack@c-api.service[110907]: [pid: 110907|app: 0|req: 87/179] 10.222.0.60 () {58 vars in 1240 bytes} [Wed Jun 29 12:33:07 2022] GET /volume/v3/1da05522448a4ca9876c6978416cad0d/snapshots/detail => generated 543 bytes in 86 msecs (HTTP/1.1 200) 7 headers in 285 bytes (1 switches on core 0)
Jun 29 12:33:07.189425 dv-cinder-812685-12-smb devstack@c-api.service[110906]: /usr/local/lib/python3.8/dist-packages/oslo_context/context.py:100: DeprecationWarning: Policy enforcement is depending on the value of is_admin. This key is deprecated. Please update your policy file to use the standard policy values.
Jun 29 12:33:07.189425 dv-cinder-812685-12-smb devstack@c-api.service[110906]: warnings.warn('Policy enforcement is depending on the value of '
Jun 29 12:33:07.190551 dv-cinder-812685-12-smb devstack@c-api.service[110906]: INFO cinder.volume.api [None req-24f72c26-19e0-4e45-a22d-5e76f9ccaf69 tempest-GroupSnapshotsV319Test-290499372 tempest-GroupSnapshotsV319Test-290499372-project] Snapshot retrieved successfully.
Jun 29 12:33:07.199586 dv-cinder-812685-12-smb devstack@c-api.service[110906]: INFO cinder.api.openstack.wsgi [None req-24f72c26-19e0-4e45-a22d-5e76f9ccaf69 tempest-GroupSnapshotsV319Test-290499372 tempest-GroupSnapshotsV319Test-290499372-project] http://10.222.0.60/volume/v3/1da05522448a4ca9876c6978416cad0d/snapshots/fe36f44e-4c92-4f1f-ac85-3cda9388e885 returned with HTTP 200
Jun 29 12:33:07.209246 dv-cinder-812685-12-smb devstack@c-api.service[110907]: DEBUG cinder.api.middleware.request_id [None req-1576ceea-20b5-46d4-97c4-c7a744a27a88 None None] RequestId filter calling following filter/app {{(pid=110907) _context_setter /opt/stack/cinder/cinder/api/middleware/request_id.py:62}}
Jun 29 12:33:07.213275 dv-cinder-812685-12-smb devstack@c-api.service[110907]: INFO cinder.api.openstack.wsgi [None req-1576ceea-20b5-46d4-97c4-c7a744a27a88 tempest-GroupSnapshotsV319Test-2139904131 tempest-GroupSnapshotsV319Test-2139904131-project-admin] POST http://10.222.0.60/volume/v3/df28ffa883a8467eb15ad11818442e98/group_snapshots/29ec0fd8-8fb9-43b3-bf84-53c9aba339c1/action
Jun 29 12:33:07.214042 dv-cinder-812685-12-smb devstack@c-api.service[110907]: DEBUG cinder.api.openstack.wsgi [None req-1576ceea-20b5-46d4-97c4-c7a744a27a88 tempest-GroupSnapshotsV319Test-2139904131 tempest-GroupSnapshotsV319Test-2139904131-project-admin] Action body: b'{"reset_status": {"status": "creating"}}' {{(pid=110907) get_method /opt/stack/cinder/cinder/api/openstack/wsgi.py:983}}
Jun 29 12:33:07.214367 dv-cinder-812685-12-smb devstack@c-api.service[110907]: DEBUG cinder.api.openstack.wsgi [None req-1576ceea-20b5-46d4-97c4-c7a744a27a88 tempest-GroupSnapshotsV319Test-2139904131 tempest-GroupSnapshotsV319Test-2139904131-project-admin] Action: 'action', calling method: version_select, body: {"reset_status": {"status": "creating"}} {{(pid=110907) _process_stack /opt/stack/cinder/cinder/api/openstack/wsgi.py:866}}
Jun 29 12:33:07.215321 dv-cinder-812685-12-smb devstack@c-api.service[110907]: DEBUG cinder.api.v3.group_snapshots [None req-1576ceea-20b5-46d4-97c4-c7a744a27a88 tempest-GroupSnapshotsV319Test-2139904131 tempest-GroupSnapshotsV319Test-2139904131-project-admin] Updating group '29ec0fd8-8fb9-43b3-bf84-53c9aba339c1' with 'creating' {{(pid=110907) _reset_status /opt/stack/cinder/cinder/api/v3/group_snapshots.py:194}}
Jun 29 12:33:07.241350 dv-cinder-812685-12-smb devstack@c-api.service[110906]: [pid: 110906|app: 0|req: 93/180] 10.222.0.60 () {58 vars in 1330 bytes} [Wed Jun 29 12:33:07 2022] GET /volume/v3/1da05522448a4ca9876c6978416cad0d/snapshots/fe36f44e-4c92-4f1f-ac85-3cda9388e885 => generated 540 bytes in 77 msecs (HTTP/1.1 200) 7 headers in 285 bytes (1 switches on core 0)
Jun 29 12:33:07.250016 dv-cinder-812685-12-smb devstack@c-api.service[110907]: /usr/local/lib/python3.8/dist-packages/oslo_context/context.py:100: DeprecationWarning: Policy enforcement is depending on the value of is_admin. This key is deprecated. Please update your policy file to use the standard policy values.
Jun 29 12:33:07.250016 dv-cinder-812685-12-smb devstack@c-api.service[110907]: warnings.warn('Policy enforcement is depending on the value of '
Jun 29 12:33:07.257517 dv-cinder-812685-12-smb devstack@c-api.service[110906]: DEBUG cinder.api.middleware.request_id [None req-6d4ea805-9e02-4ef4-b471-3c5369eda309 None None] RequestId filter calling following filter/app {{(pid=110906) _context_setter /opt/stack/cinder/cinder/api/middleware/request_id.py:62}}
Jun 29 12:33:07.261412 dv-cinder-812685-12-smb devstack@c-api.service[110906]: INFO cinder.api.openstack.wsgi [None req-6d4ea805-9e02-4ef4-b471-3c5369eda309 tempest-GroupSnapshotsTest-875695489 tempest-GroupSnapshotsTest-875695489-project] GET http://10.222.0.60/volume/v3/5ed45ff9899a4a638a3dede48765ec29/volumes/298a9ec8-dbec-4b47-9da9-401a5a0812f9
Jun 29 12:33:07.262336 dv-cinder-812685-12-smb devstack@c-api.service[110906]: DEBUG cinder.api.openstack.wsgi [None req-6d4ea805-9e02-4ef4-b471-3c5369eda309 tempest-GroupSnapshotsTest-875695489 tempest-GroupSnapshotsTest-875695489-project] Empty body provided in request {{(pid=110906) get_body /opt/stack/cinder/cinder/api/openstack/wsgi.py:715}}
Jun 29 12:33:07.262336 dv-cinder-812685-12-smb devstack@c-api.service[110906]: DEBUG cinder.api.openstack.wsgi [None req-6d4ea805-9e02-4ef4-b471-3c5369eda309 tempest-GroupSnapshotsTest-875695489 tempest-GroupSnapshotsTest-875695489-project] Calling method 'show' {{(pid=110906) _process_stack /opt/stack/cinder/cinder/api/openstack/wsgi.py:868}}
Jun 29 12:33:07.308608 dv-cinder-812685-12-smb devstack@c-api.service[110907]: INFO cinder.api.openstack.wsgi [None req-1576ceea-20b5-46d4-97c4-c7a744a27a88 tempest-GroupSnapshotsV319Test-2139904131 tempest-GroupSnapshotsV319Test-2139904131-project-admin] http://10.222.0.60/volume/v3/df28ffa883a8467eb15ad11818442e98/group_snapshots/29ec0fd8-8fb9-43b3-bf84-53c9aba339c1/action returned with HTTP 202
Jun 29 12:33:07.313858 dv-cinder-812685-12-smb devstack@c-api.service[110907]: [pid: 110907|app: 0|req: 88/181] 10.222.0.60 () {62 vars in 1431 bytes} [Wed Jun 29 12:33:07 2022] POST /volume/v3/df28ffa883a8467eb15ad11818442e98/group_snapshots/29ec0fd8-8fb9-43b3-bf84-53c9aba339c1/action => generated 0 bytes in 105 msecs (HTTP/1.1 202) 6 headers in 234 bytes (1 switches on core 0)
Jun 29 12:33:07.315349 dv-cinder-812685-12-smb devstack@c-api.service[110907]: DEBUG cinder.api.middleware.request_id [None req-f40ed054-9f78-48db-8f2c-96a7a60634f6 None None] RequestId filter calling following filter/app {{(pid=110907) _context_setter /opt/stack/cinder/cinder/api/middleware/request_id.py:62}}
Jun 29 12:33:07.320422 dv-cinder-812685-12-smb devstack@c-api.service[110907]: INFO cinder.api.openstack.wsgi [None req-f40ed054-9f78-48db-8f2c-96a7a60634f6 tempest-GroupSnapshotsV319Test-290499372 tempest-GroupSnapshotsV319Test-290499372-project] GET http://10.222.0.60/volume/v3/1da05522448a4ca9876c6978416cad0d/group_snapshots/29ec0fd8-8fb9-43b3-bf84-53c9aba339c1
Jun 29 12:33:07.320923 dv-cinder-812685-12-smb devstack@c-api.service[110907]: DEBUG cinder.api.openstack.wsgi [None req-f40ed054-9f78-48db-8f2c-96a7a60634f6 tempest-GroupSnapshotsV319Test-290499372 tempest-GroupSnapshotsV319Test-290499372-project] Empty body provided in request {{(pid=110907) get_body /opt/stack/cinder/cinder/api/openstack/wsgi.py:715}}
Jun 29 12:33:07.321381 dv-cinder-812685-12-smb devstack@c-api.service[110907]: DEBUG cinder.api.openstack.wsgi [None req-f40ed054-9f78-48db-8f2c-96a7a60634f6 tempest-GroupSnapshotsV319Test-290499372 tempest-GroupSnapshotsV319Test-290499372-project] Calling method 'version_select' {{(pid=110907) _process_stack /opt/stack/cinder/cinder/api/openstack/wsgi.py:868}}
Jun 29 12:33:07.321784 dv-cinder-812685-12-smb devstack@c-api.service[110907]: DEBUG cinder.api.v3.group_snapshots [None req-f40ed054-9f78-48db-8f2c-96a7a60634f6 tempest-GroupSnapshotsV319Test-290499372 tempest-GroupSnapshotsV319Test-290499372-project] show called for member 29ec0fd8-8fb9-43b3-bf84-53c9aba339c1 {{(pid=110907) show /opt/stack/cinder/cinder/api/v3/group_snapshots.py:58}}
Jun 29 12:33:07.330023 dv-cinder-812685-12-smb devstack@c-api.service[110906]: /usr/local/lib/python3.8/dist-packages/oslo_context/context.py:100: DeprecationWarning: Policy enforcement is depending on the value of is_admin. This key is deprecated. Please update your policy file to use the standard policy values.
Jun 29 12:33:07.330023 dv-cinder-812685-12-smb devstack@c-api.service[110906]: warnings.warn('Policy enforcement is depending on the value of '
Jun 29 12:33:07.340888 dv-cinder-812685-12-smb devstack@c-api.service[110907]: DEBUG dbcounter [-] [110907] Writing DB stats cinder:SELECT=74,cinder:INSERT=10,cinder:UPDATE=16 {{(pid=110907) stat_writer /usr/local/lib/python3.8/dist-packages/dbcounter.py:114}}
Jun 29 12:33:07.351306 dv-cinder-812685-12-smb devstack@c-api.service[110907]: /usr/local/lib/python3.8/dist-packages/oslo_context/context.py:100: DeprecationWarning: Policy enforcement is depending on the value of is_admin. This key is deprecated. Please update your policy file to use the standard policy values.
Jun 29 12:33:07.351306 dv-cinder-812685-12-smb devstack@c-api.service[110907]: warnings.warn('Policy enforcement is depending on the value of '
Jun 29 12:33:07.357137 dv-cinder-812685-12-smb devstack@c-api.service[110906]: INFO cinder.volume.api [None req-6d4ea805-9e02-4ef4-b471-3c5369eda309 tempest-GroupSnapshotsTest-875695489 tempest-GroupSnapshotsTest-875695489-project] Volume info retrieved successfully.
Jun 29 12:33:07.358726 dv-cinder-812685-12-smb devstack@c-api.service[110906]: WARNING stevedore.named [None req-6d4ea805-9e02-4ef4-b471-3c5369eda309 tempest-GroupSnapshotsTest-875695489 tempest-GroupSnapshotsTest-875695489-project] Could not load cinder.keymgr.conf_key_mgr.ConfKeyManager
Jun 29 12:33:07.359132 dv-cinder-812685-12-smb devstack@c-api.service[110906]: WARNING castellan.key_manager [None req-6d4ea805-9e02-4ef4-b471-3c5369eda309 tempest-GroupSnapshotsTest-875695489 tempest-GroupSnapshotsTest-875695489-project] Deprecation Warning : cinder.keymgr.conf_key_mgr.ConfKeyManager is not a stevedore based driver, trying to load it as a class: stevedore.exception.NoMatches: No 'castellan.drivers' driver found, looking for 'cinder.keymgr.conf_key_mgr.ConfKeyManager'
Jun 29 12:33:07.381643 dv-cinder-812685-12-smb devstack@c-api.service[110907]: INFO cinder.api.openstack.wsgi [None req-f40ed054-9f78-48db-8f2c-96a7a60634f6 tempest-GroupSnapshotsV319Test-290499372 tempest-GroupSnapshotsV319Test-290499372-project] http://10.222.0.60/volume/v3/1da05522448a4ca9876c6978416cad0d/group_snapshots/29ec0fd8-8fb9-43b3-bf84-53c9aba339c1 returned with HTTP 200
Jun 29 12:33:07.382461 dv-cinder-812685-12-smb devstack@c-api.service[110907]: [pid: 110907|app: 0|req: 89/182] 10.222.0.60 () {60 vars in 1389 bytes} [Wed Jun 29 12:33:07 2022] GET /volume/v3/1da05522448a4ca9876c6978416cad0d/group_snapshots/29ec0fd8-8fb9-43b3-bf84-53c9aba339c1 => generated 330 bytes in 68 msecs (HTTP/1.1 200) 7 headers in 286 bytes (1 switches on core 0)
Jun 29 12:33:07.389334 dv-cinder-812685-12-smb devstack@c-api.service[110906]: DEBUG oslo_db.sqlalchemy.engines [None req-6d4ea805-9e02-4ef4-b471-3c5369eda309 tempest-GroupSnapshotsTest-875695489 tempest-GroupSnapshotsTest-875695489-project] MySQL server mode set to STRICT_TRANS_TABLES,STRICT_ALL_TABLES,NO_ZERO_IN_DATE,NO_ZERO_DATE,ERROR_FOR_DIVISION_BY_ZERO,TRADITIONAL,NO_ENGINE_SUBSTITUTION {{(pid=110906) _check_effective_sql_mode /usr/local/lib/python3.8/dist-packages/oslo_db/sqlalchemy/engines.py:314}}
Jun 29 12:33:07.396910 dv-cinder-812685-12-smb devstack@c-api.service[110907]: DEBUG cinder.api.middleware.request_id [None req-7ce19701-7f84-42b5-8eba-39546ca0997d None None] RequestId filter calling following filter/app {{(pid=110907) _context_setter /opt/stack/cinder/cinder/api/middleware/request_id.py:62}}
Jun 29 12:33:07.404973 dv-cinder-812685-12-smb devstack@c-api.service[110907]: INFO cinder.api.openstack.wsgi [None req-7ce19701-7f84-42b5-8eba-39546ca0997d tempest-GroupSnapshotsV319Test-2139904131 tempest-GroupSnapshotsV319Test-2139904131-project-admin] POST http://10.222.0.60/volume/v3/df28ffa883a8467eb15ad11818442e98/group_snapshots/29ec0fd8-8fb9-43b3-bf84-53c9aba339c1/action
Jun 29 12:33:07.405736 dv-cinder-812685-12-smb devstack@c-api.service[110907]: DEBUG cinder.api.openstack.wsgi [None req-7ce19701-7f84-42b5-8eba-39546ca0997d tempest-GroupSnapshotsV319Test-2139904131 tempest-GroupSnapshotsV319Test-2139904131-project-admin] Action body: b'{"reset_status": {"status": "available"}}' {{(pid=110907) get_method /opt/stack/cinder/cinder/api/openstack/wsgi.py:983}}
Jun 29 12:33:07.406059 dv-cinder-812685-12-smb devstack@c-api.service[110907]: DEBUG cinder.api.openstack.wsgi [None req-7ce19701-7f84-42b5-8eba-39546ca0997d tempest-GroupSnapshotsV319Test-2139904131 tempest-GroupSnapshotsV319Test-2139904131-project-admin] Action: 'action', calling method: reset_status, body: {"reset_status": {"status": "available"}} {{(pid=110907) _process_stack /opt/stack/cinder/cinder/api/openstack/wsgi.py:866}}
Jun 29 12:33:07.425630 dv-cinder-812685-12-smb devstack@c-api.service[110906]: /usr/local/lib/python3.8/dist-packages/oslo_context/context.py:100: DeprecationWarning: Policy enforcement is depending on the value of is_admin. This key is deprecated. Please update your policy file to use the standard policy values.
Jun 29 12:33:07.425630 dv-cinder-812685-12-smb devstack@c-api.service[110906]: warnings.warn('Policy enforcement is depending on the value of '
Jun 29 12:33:07.438429 dv-cinder-812685-12-smb devstack@c-api.service[110907]: DEBUG cinder.api.v3.group_snapshots [None req-7ce19701-7f84-42b5-8eba-39546ca0997d tempest-GroupSnapshotsV319Test-2139904131 tempest-GroupSnapshotsV319Test-2139904131-project-admin] Updating group '29ec0fd8-8fb9-43b3-bf84-53c9aba339c1' with 'available' {{(pid=110907) _reset_status /opt/stack/cinder/cinder/api/v3/group_snapshots.py:194}}
Jun 29 12:33:07.472220 dv-cinder-812685-12-smb devstack@c-api.service[110907]: /usr/local/lib/python3.8/dist-packages/oslo_context/context.py:100: DeprecationWarning: Policy enforcement is depending on the value of is_admin. This key is deprecated. Please update your policy file to use the standard policy values.
Jun 29 12:33:07.472220 dv-cinder-812685-12-smb devstack@c-api.service[110907]: warnings.warn('Policy enforcement is depending on the value of '
Jun 29 12:33:07.505443 dv-cinder-812685-12-smb devstack@c-api.service[110906]: INFO cinder.api.openstack.wsgi [None req-6d4ea805-9e02-4ef4-b471-3c5369eda309 tempest-GroupSnapshotsTest-875695489 tempest-GroupSnapshotsTest-875695489-project] http://10.222.0.60/volume/v3/5ed45ff9899a4a638a3dede48765ec29/volumes/298a9ec8-dbec-4b47-9da9-401a5a0812f9 returned with HTTP 200
Jun 29 12:33:07.527560 dv-cinder-812685-12-smb devstack@c-api.service[110906]: [pid: 110906|app: 0|req: 94/183] 10.222.0.60 () {60 vars in 1365 bytes} [Wed Jun 29 12:33:07 2022] GET /volume/v3/5ed45ff9899a4a638a3dede48765ec29/volumes/298a9ec8-dbec-4b47-9da9-401a5a0812f9 => generated 1001 bytes in 271 msecs (HTTP/1.1 200) 7 headers in 287 bytes (2 switches on core 0)
Jun 29 12:33:07.529122 dv-cinder-812685-12-smb devstack@c-api.service[110906]: DEBUG cinder.api.middleware.request_id [None req-a554658e-0857-4243-ab47-f99058c59162 None None] RequestId filter calling following filter/app {{(pid=110906) _context_setter /opt/stack/cinder/cinder/api/middleware/request_id.py:62}}
Jun 29 12:33:07.539022 dv-cinder-812685-12-smb devstack@c-api.service[110907]: INFO cinder.api.openstack.wsgi [None req-7ce19701-7f84-42b5-8eba-39546ca0997d tempest-GroupSnapshotsV319Test-2139904131 tempest-GroupSnapshotsV319Test-2139904131-project-admin] http://10.222.0.60/volume/v3/df28ffa883a8467eb15ad11818442e98/group_snapshots/29ec0fd8-8fb9-43b3-bf84-53c9aba339c1/action returned with HTTP 202
Jun 29 12:33:07.542637 dv-cinder-812685-12-smb devstack@c-api.service[110907]: [pid: 110907|app: 0|req: 90/184] 10.222.0.60 () {62 vars in 1431 bytes} [Wed Jun 29 12:33:07 2022] POST /volume/v3/df28ffa883a8467eb15ad11818442e98/group_snapshots/29ec0fd8-8fb9-43b3-bf84-53c9aba339c1/action => generated 0 bytes in 147 msecs (HTTP/1.1 202) 6 headers in 234 bytes (1 switches on core 0)
Jun 29 12:33:07.544069 dv-cinder-812685-12-smb devstack@c-api.service[110907]: DEBUG cinder.api.middleware.request_id [None req-2b26eeee-74fa-434e-b8ac-47fd033d4b78 None None] RequestId filter calling following filter/app {{(pid=110907) _context_setter /opt/stack/cinder/cinder/api/middleware/request_id.py:62}}
Jun 29 12:33:07.555535 dv-cinder-812685-12-smb devstack@c-api.service[110906]: INFO cinder.api.openstack.wsgi [None req-a554658e-0857-4243-ab47-f99058c59162 tempest-GroupSnapshotsTest-875695489 tempest-GroupSnapshotsTest-875695489-project] POST http://10.222.0.60/volume/v3/5ed45ff9899a4a638a3dede48765ec29/group_snapshots
Jun 29 12:33:07.556322 dv-cinder-812685-12-smb devstack@c-api.service[110906]: DEBUG cinder.api.openstack.wsgi [None req-a554658e-0857-4243-ab47-f99058c59162 tempest-GroupSnapshotsTest-875695489 tempest-GroupSnapshotsTest-875695489-project] Action: 'create', calling method: version_select, body: {"group_snapshot": {"group_id": "5564ad44-fb0e-47ff-970a-f6909fc566fe", "name": "tempest-group_snapshot-711838600"}} {{(pid=110906) _process_stack /opt/stack/cinder/cinder/api/openstack/wsgi.py:866}}
Jun 29 12:33:07.557233 dv-cinder-812685-12-smb devstack@c-api.service[110906]: DEBUG cinder.api.v3.group_snapshots [None req-a554658e-0857-4243-ab47-f99058c59162 tempest-GroupSnapshotsTest-875695489 tempest-GroupSnapshotsTest-875695489-project] Creating new group_snapshot {'group_snapshot': {'group_id': '5564ad44-fb0e-47ff-970a-f6909fc566fe', 'name': 'tempest-group_snapshot-711838600'}} {{(pid=110906) create /opt/stack/cinder/cinder/api/v3/group_snapshots.py:154}}
Jun 29 12:33:07.565098 dv-cinder-812685-12-smb devstack@c-api.service[110907]: INFO cinder.api.openstack.wsgi [None req-2b26eeee-74fa-434e-b8ac-47fd033d4b78 tempest-GroupSnapshotsV319Test-290499372 tempest-GroupSnapshotsV319Test-290499372-project] GET http://10.222.0.60/volume/v3/1da05522448a4ca9876c6978416cad0d/group_snapshots/29ec0fd8-8fb9-43b3-bf84-53c9aba339c1
Jun 29 12:33:07.568397 dv-cinder-812685-12-smb devstack@c-api.service[110907]: DEBUG cinder.api.openstack.wsgi [None req-2b26eeee-74fa-434e-b8ac-47fd033d4b78 tempest-GroupSnapshotsV319Test-290499372 tempest-GroupSnapshotsV319Test-290499372-project] Empty body provided in request {{(pid=110907) get_body /opt/stack/cinder/cinder/api/openstack/wsgi.py:715}}
Jun 29 12:33:07.568878 dv-cinder-812685-12-smb devstack@c-api.service[110907]: DEBUG cinder.api.openstack.wsgi [None req-2b26eeee-74fa-434e-b8ac-47fd033d4b78 tempest-GroupSnapshotsV319Test-290499372 tempest-GroupSnapshotsV319Test-290499372-project] Calling method 'version_select' {{(pid=110907) _process_stack /opt/stack/cinder/cinder/api/openstack/wsgi.py:868}}
Jun 29 12:33:07.569230 dv-cinder-812685-12-smb devstack@c-api.service[110907]: DEBUG cinder.api.v3.group_snapshots [None req-2b26eeee-74fa-434e-b8ac-47fd033d4b78 tempest-GroupSnapshotsV319Test-290499372 tempest-GroupSnapshotsV319Test-290499372-project] show called for member 29ec0fd8-8fb9-43b3-bf84-53c9aba339c1 {{(pid=110907) show /opt/stack/cinder/cinder/api/v3/group_snapshots.py:58}}
Jun 29 12:33:07.572353 dv-cinder-812685-12-smb devstack@c-api.service[110906]: DEBUG dbcounter [-] [110906] Writing DB stats cinder:SELECT=80,cinder:INSERT=8,cinder:UPDATE=12 {{(pid=110906) stat_writer /usr/local/lib/python3.8/dist-packages/dbcounter.py:114}}
Jun 29 12:33:07.595201 dv-cinder-812685-12-smb devstack@c-api.service[110906]: /usr/local/lib/python3.8/dist-packages/oslo_context/context.py:100: DeprecationWarning: Policy enforcement is depending on the value of is_admin. This key is deprecated. Please update your policy file to use the standard policy values.
Jun 29 12:33:07.595201 dv-cinder-812685-12-smb devstack@c-api.service[110906]: warnings.warn('Policy enforcement is depending on the value of '
Jun 29 12:33:07.610875 dv-cinder-812685-12-smb devstack@c-api.service[110907]: /usr/local/lib/python3.8/dist-packages/oslo_context/context.py:100: DeprecationWarning: Policy enforcement is depending on the value of is_admin. This key is deprecated. Please update your policy file to use the standard policy values.
Jun 29 12:33:07.610875 dv-cinder-812685-12-smb devstack@c-api.service[110907]: warnings.warn('Policy enforcement is depending on the value of '
Jun 29 12:33:07.636974 dv-cinder-812685-12-smb devstack@c-api.service[110906]: INFO cinder.api.v3.group_snapshots [None req-a554658e-0857-4243-ab47-f99058c59162 tempest-GroupSnapshotsTest-875695489 tempest-GroupSnapshotsTest-875695489-project] Creating group_snapshot tempest-group_snapshot-711838600.
Jun 29 12:33:07.641754 dv-cinder-812685-12-smb devstack@c-api.service[110907]: INFO cinder.api.openstack.wsgi [None req-2b26eeee-74fa-434e-b8ac-47fd033d4b78 tempest-GroupSnapshotsV319Test-290499372 tempest-GroupSnapshotsV319Test-290499372-project] http://10.222.0.60/volume/v3/1da05522448a4ca9876c6978416cad0d/group_snapshots/29ec0fd8-8fb9-43b3-bf84-53c9aba339c1 returned with HTTP 200
Jun 29 12:33:07.659729 dv-cinder-812685-12-smb devstack@c-api.service[110907]: [pid: 110907|app: 0|req: 91/185] 10.222.0.60 () {60 vars in 1389 bytes} [Wed Jun 29 12:33:07 2022] GET /volume/v3/1da05522448a4ca9876c6978416cad0d/group_snapshots/29ec0fd8-8fb9-43b3-bf84-53c9aba339c1 => generated 331 bytes in 116 msecs (HTTP/1.1 200) 7 headers in 286 bytes (1 switches on core 0)
Jun 29 12:33:07.663187 dv-cinder-812685-12-smb devstack@c-api.service[110907]: DEBUG cinder.api.middleware.request_id [None req-586e92dd-a642-44ca-8f14-3bad16dc6aee None None] RequestId filter calling following filter/app {{(pid=110907) _context_setter /opt/stack/cinder/cinder/api/middleware/request_id.py:62}}
Jun 29 12:33:07.674060 dv-cinder-812685-12-smb devstack@c-api.service[110907]: INFO cinder.api.openstack.wsgi [None req-586e92dd-a642-44ca-8f14-3bad16dc6aee tempest-GroupSnapshotsV319Test-2139904131 tempest-GroupSnapshotsV319Test-2139904131-project-admin] POST http://10.222.0.60/volume/v3/df28ffa883a8467eb15ad11818442e98/group_snapshots/29ec0fd8-8fb9-43b3-bf84-53c9aba339c1/action
Jun 29 12:33:07.674271 dv-cinder-812685-12-smb devstack@c-api.service[110907]: DEBUG cinder.api.openstack.wsgi [None req-586e92dd-a642-44ca-8f14-3bad16dc6aee tempest-GroupSnapshotsV319Test-2139904131 tempest-GroupSnapshotsV319Test-2139904131-project-admin] Action body: b'{"reset_status": {"status": "error"}}' {{(pid=110907) get_method /opt/stack/cinder/cinder/api/openstack/wsgi.py:983}}
Jun 29 12:33:07.674765 dv-cinder-812685-12-smb devstack@c-api.service[110907]: DEBUG cinder.api.openstack.wsgi [None req-586e92dd-a642-44ca-8f14-3bad16dc6aee tempest-GroupSnapshotsV319Test-2139904131 tempest-GroupSnapshotsV319Test-2139904131-project-admin] Action: 'action', calling method: reset_status, body: {"reset_status": {"status": "error"}} {{(pid=110907) _process_stack /opt/stack/cinder/cinder/api/openstack/wsgi.py:866}}
Jun 29 12:33:07.675530 dv-cinder-812685-12-smb devstack@c-api.service[110907]: DEBUG cinder.api.v3.group_snapshots [None req-586e92dd-a642-44ca-8f14-3bad16dc6aee tempest-GroupSnapshotsV319Test-2139904131 tempest-GroupSnapshotsV319Test-2139904131-project-admin] Updating group '29ec0fd8-8fb9-43b3-bf84-53c9aba339c1' with 'error' {{(pid=110907) _reset_status /opt/stack/cinder/cinder/api/v3/group_snapshots.py:194}}
Jun 29 12:33:07.704810 dv-cinder-812685-12-smb devstack@c-api.service[110907]: /usr/local/lib/python3.8/dist-packages/oslo_context/context.py:100: DeprecationWarning: Policy enforcement is depending on the value of is_admin. This key is deprecated. Please update your policy file to use the standard policy values.
Jun 29 12:33:07.704810 dv-cinder-812685-12-smb devstack@c-api.service[110907]: warnings.warn('Policy enforcement is depending on the value of '
Jun 29 12:33:07.733907 dv-cinder-812685-12-smb devstack@c-api.service[110906]: /usr/local/lib/python3.8/dist-packages/oslo_context/context.py:100: DeprecationWarning: Policy enforcement is depending on the value of is_admin. This key is deprecated. Please update your policy file to use the standard policy values.
Jun 29 12:33:07.733907 dv-cinder-812685-12-smb devstack@c-api.service[110906]: warnings.warn('Policy enforcement is depending on the value of '
Jun 29 12:33:07.741845 dv-cinder-812685-12-smb devstack@c-api.service[110907]: INFO cinder.api.openstack.wsgi [None req-586e92dd-a642-44ca-8f14-3bad16dc6aee tempest-GroupSnapshotsV319Test-2139904131 tempest-GroupSnapshotsV319Test-2139904131-project-admin] http://10.222.0.60/volume/v3/df28ffa883a8467eb15ad11818442e98/group_snapshots/29ec0fd8-8fb9-43b3-bf84-53c9aba339c1/action returned with HTTP 202
Jun 29 12:33:07.746586 dv-cinder-812685-12-smb devstack@c-api.service[110907]: [pid: 110907|app: 0|req: 92/186] 10.222.0.60 () {62 vars in 1431 bytes} [Wed Jun 29 12:33:07 2022] POST /volume/v3/df28ffa883a8467eb15ad11818442e98/group_snapshots/29ec0fd8-8fb9-43b3-bf84-53c9aba339c1/action => generated 0 bytes in 86 msecs (HTTP/1.1 202) 6 headers in 234 bytes (1 switches on core 0)
Jun 29 12:33:07.748397 dv-cinder-812685-12-smb devstack@c-api.service[110907]: DEBUG cinder.api.middleware.request_id [None req-93938a4c-25af-4f28-9116-4cb1e1e922fe None None] RequestId filter calling following filter/app {{(pid=110907) _context_setter /opt/stack/cinder/cinder/api/middleware/request_id.py:62}}
Jun 29 12:33:07.762424 dv-cinder-812685-12-smb devstack@c-api.service[110907]: INFO cinder.api.openstack.wsgi [None req-93938a4c-25af-4f28-9116-4cb1e1e922fe tempest-GroupSnapshotsV319Test-290499372 tempest-GroupSnapshotsV319Test-290499372-project] GET http://10.222.0.60/volume/v3/1da05522448a4ca9876c6978416cad0d/group_snapshots/29ec0fd8-8fb9-43b3-bf84-53c9aba339c1
Jun 29 12:33:07.767214 dv-cinder-812685-12-smb devstack@c-api.service[110907]: DEBUG cinder.api.openstack.wsgi [None req-93938a4c-25af-4f28-9116-4cb1e1e922fe tempest-GroupSnapshotsV319Test-290499372 tempest-GroupSnapshotsV319Test-290499372-project] Empty body provided in request {{(pid=110907) get_body /opt/stack/cinder/cinder/api/openstack/wsgi.py:715}}
Jun 29 12:33:07.769700 dv-cinder-812685-12-smb devstack@c-api.service[110907]: DEBUG cinder.api.openstack.wsgi [None req-93938a4c-25af-4f28-9116-4cb1e1e922fe tempest-GroupSnapshotsV319Test-290499372 tempest-GroupSnapshotsV319Test-290499372-project] Calling method 'version_select' {{(pid=110907) _process_stack /opt/stack/cinder/cinder/api/openstack/wsgi.py:868}}
Jun 29 12:33:07.772761 dv-cinder-812685-12-smb devstack@c-api.service[110907]: DEBUG cinder.api.v3.group_snapshots [None req-93938a4c-25af-4f28-9116-4cb1e1e922fe tempest-GroupSnapshotsV319Test-290499372 tempest-GroupSnapshotsV319Test-290499372-project] show called for member 29ec0fd8-8fb9-43b3-bf84-53c9aba339c1 {{(pid=110907) show /opt/stack/cinder/cinder/api/v3/group_snapshots.py:58}}
Jun 29 12:33:07.791087 dv-cinder-812685-12-smb devstack@c-api.service[110907]: /usr/local/lib/python3.8/dist-packages/oslo_context/context.py:100: DeprecationWarning: Policy enforcement is depending on the value of is_admin. This key is deprecated. Please update your policy file to use the standard policy values.
Jun 29 12:33:07.791087 dv-cinder-812685-12-smb devstack@c-api.service[110907]: warnings.warn('Policy enforcement is depending on the value of '
Jun 29 12:33:07.825486 dv-cinder-812685-12-smb devstack@c-api.service[110907]: INFO cinder.api.openstack.wsgi [None req-93938a4c-25af-4f28-9116-4cb1e1e922fe tempest-GroupSnapshotsV319Test-290499372 tempest-GroupSnapshotsV319Test-290499372-project] http://10.222.0.60/volume/v3/1da05522448a4ca9876c6978416cad0d/group_snapshots/29ec0fd8-8fb9-43b3-bf84-53c9aba339c1 returned with HTTP 200
Jun 29 12:33:07.833673 dv-cinder-812685-12-smb devstack@c-api.service[110907]: [pid: 110907|app: 0|req: 93/187] 10.222.0.60 () {60 vars in 1389 bytes} [Wed Jun 29 12:33:07 2022] GET /volume/v3/1da05522448a4ca9876c6978416cad0d/group_snapshots/29ec0fd8-8fb9-43b3-bf84-53c9aba339c1 => generated 327 bytes in 86 msecs (HTTP/1.1 200) 7 headers in 286 bytes (1 switches on core 0)
Jun 29 12:33:07.839260 dv-cinder-812685-12-smb devstack@c-api.service[110907]: DEBUG cinder.api.middleware.request_id [None req-417e0ad6-659f-4efc-83d6-7a3c23b41f08 None None] RequestId filter calling following filter/app {{(pid=110907) _context_setter /opt/stack/cinder/cinder/api/middleware/request_id.py:62}}
Jun 29 12:33:07.842195 dv-cinder-812685-12-smb devstack@c-api.service[110906]: WARNING cinder.quota [None req-a554658e-0857-4243-ab47-f99058c59162 tempest-GroupSnapshotsTest-875695489 tempest-GroupSnapshotsTest-875695489-project] Deprecated: Default quota for resource: snapshots_tempest-GroupSnapshotsTest-volume-type-1847874881 is set by the default quota flag: quota_snapshots_tempest-GroupSnapshotsTest-volume-type-1847874881, it is now deprecated. Please use the default quota class for default quota.
Jun 29 12:33:07.847541 dv-cinder-812685-12-smb devstack@c-api.service[110907]: INFO cinder.api.openstack.wsgi [None req-417e0ad6-659f-4efc-83d6-7a3c23b41f08 tempest-GroupSnapshotsV319Test-2139904131 tempest-GroupSnapshotsV319Test-2139904131-project-admin] POST http://10.222.0.60/volume/v3/df28ffa883a8467eb15ad11818442e98/group_snapshots/29ec0fd8-8fb9-43b3-bf84-53c9aba339c1/action
Jun 29 12:33:07.857748 dv-cinder-812685-12-smb devstack@c-api.service[110907]: DEBUG cinder.api.openstack.wsgi [None req-417e0ad6-659f-4efc-83d6-7a3c23b41f08 tempest-GroupSnapshotsV319Test-2139904131 tempest-GroupSnapshotsV319Test-2139904131-project-admin] Action body: b'{"reset_status": {"status": "available"}}' {{(pid=110907) get_method /opt/stack/cinder/cinder/api/openstack/wsgi.py:983}}
Jun 29 12:33:07.863154 dv-cinder-812685-12-smb devstack@c-api.service[110907]: DEBUG cinder.api.openstack.wsgi [None req-417e0ad6-659f-4efc-83d6-7a3c23b41f08 tempest-GroupSnapshotsV319Test-2139904131 tempest-GroupSnapshotsV319Test-2139904131-project-admin] Action: 'action', calling method: reset_status, body: {"reset_status": {"status": "available"}} {{(pid=110907) _process_stack /opt/stack/cinder/cinder/api/openstack/wsgi.py:866}}
Jun 29 12:33:07.864133 dv-cinder-812685-12-smb devstack@c-api.service[110907]: DEBUG cinder.api.v3.group_snapshots [None req-417e0ad6-659f-4efc-83d6-7a3c23b41f08 tempest-GroupSnapshotsV319Test-2139904131 tempest-GroupSnapshotsV319Test-2139904131-project-admin] Updating group '29ec0fd8-8fb9-43b3-bf84-53c9aba339c1' with 'available' {{(pid=110907) _reset_status /opt/stack/cinder/cinder/api/v3/group_snapshots.py:194}}
Jun 29 12:33:07.879652 dv-cinder-812685-12-smb devstack@c-api.service[110907]: /usr/local/lib/python3.8/dist-packages/oslo_context/context.py:100: DeprecationWarning: Policy enforcement is depending on the value of is_admin. This key is deprecated. Please update your policy file to use the standard policy values.
Jun 29 12:33:07.879652 dv-cinder-812685-12-smb devstack@c-api.service[110907]: warnings.warn('Policy enforcement is depending on the value of '
Jun 29 12:33:07.912892 dv-cinder-812685-12-smb devstack@c-api.service[110907]: INFO cinder.api.openstack.wsgi [None req-417e0ad6-659f-4efc-83d6-7a3c23b41f08 tempest-GroupSnapshotsV319Test-2139904131 tempest-GroupSnapshotsV319Test-2139904131-project-admin] http://10.222.0.60/volume/v3/df28ffa883a8467eb15ad11818442e98/group_snapshots/29ec0fd8-8fb9-43b3-bf84-53c9aba339c1/action returned with HTTP 202
Jun 29 12:33:07.913845 dv-cinder-812685-12-smb devstack@c-api.service[110907]: [pid: 110907|app: 0|req: 94/188] 10.222.0.60 () {62 vars in 1431 bytes} [Wed Jun 29 12:33:07 2022] POST /volume/v3/df28ffa883a8467eb15ad11818442e98/group_snapshots/29ec0fd8-8fb9-43b3-bf84-53c9aba339c1/action => generated 0 bytes in 80 msecs (HTTP/1.1 202) 6 headers in 234 bytes (1 switches on core 0)
Jun 29 12:33:07.919031 dv-cinder-812685-12-smb devstack@c-api.service[110907]: DEBUG cinder.api.middleware.request_id [None req-296d3a22-51ea-4491-95d6-8c7aa29adccc None None] RequestId filter calling following filter/app {{(pid=110907) _context_setter /opt/stack/cinder/cinder/api/middleware/request_id.py:62}}
Jun 29 12:33:07.932438 dv-cinder-812685-12-smb devstack@c-api.service[110907]: INFO cinder.api.openstack.wsgi [None req-296d3a22-51ea-4491-95d6-8c7aa29adccc tempest-GroupSnapshotsV319Test-290499372 tempest-GroupSnapshotsV319Test-290499372-project] GET http://10.222.0.60/volume/v3/1da05522448a4ca9876c6978416cad0d/group_snapshots/29ec0fd8-8fb9-43b3-bf84-53c9aba339c1
Jun 29 12:33:07.933132 dv-cinder-812685-12-smb devstack@c-api.service[110907]: DEBUG cinder.api.openstack.wsgi [None req-296d3a22-51ea-4491-95d6-8c7aa29adccc tempest-GroupSnapshotsV319Test-290499372 tempest-GroupSnapshotsV319Test-290499372-project] Empty body provided in request {{(pid=110907) get_body /opt/stack/cinder/cinder/api/openstack/wsgi.py:715}}
Jun 29 12:33:07.933597 dv-cinder-812685-12-smb devstack@c-api.service[110907]: DEBUG cinder.api.openstack.wsgi [None req-296d3a22-51ea-4491-95d6-8c7aa29adccc tempest-GroupSnapshotsV319Test-290499372 tempest-GroupSnapshotsV319Test-290499372-project] Calling method 'version_select' {{(pid=110907) _process_stack /opt/stack/cinder/cinder/api/openstack/wsgi.py:868}}
Jun 29 12:33:07.934255 dv-cinder-812685-12-smb devstack@c-api.service[110907]: DEBUG cinder.api.v3.group_snapshots [None req-296d3a22-51ea-4491-95d6-8c7aa29adccc tempest-GroupSnapshotsV319Test-290499372 tempest-GroupSnapshotsV319Test-290499372-project] show called for member 29ec0fd8-8fb9-43b3-bf84-53c9aba339c1 {{(pid=110907) show /opt/stack/cinder/cinder/api/v3/group_snapshots.py:58}}
Jun 29 12:33:07.936263 dv-cinder-812685-12-smb devstack@c-api.service[110906]: DEBUG cinder.quota [None req-a554658e-0857-4243-ab47-f99058c59162 tempest-GroupSnapshotsTest-875695489 tempest-GroupSnapshotsTest-875695489-project] Created reservations ['1f484eef-5f35-485d-b491-1461a3587e13', '22d64481-c33f-48c3-bd64-cfa4dbf43e7c', '1cab5bf5-18ce-4fd3-b614-64d4b5ad5bf5', '0b8d0a4a-38e4-4a04-bef1-d690f253b22b'] {{(pid=110906) reserve /opt/stack/cinder/cinder/quota.py:755}}
Jun 29 12:33:07.957921 dv-cinder-812685-12-smb devstack@c-api.service[110907]: /usr/local/lib/python3.8/dist-packages/oslo_context/context.py:100: DeprecationWarning: Policy enforcement is depending on the value of is_admin. This key is deprecated. Please update your policy file to use the standard policy values.
Jun 29 12:33:07.957921 dv-cinder-812685-12-smb devstack@c-api.service[110907]: warnings.warn('Policy enforcement is depending on the value of '
Jun 29 12:33:07.974683 dv-cinder-812685-12-smb devstack@c-api.service[110907]: INFO cinder.api.openstack.wsgi [None req-296d3a22-51ea-4491-95d6-8c7aa29adccc tempest-GroupSnapshotsV319Test-290499372 tempest-GroupSnapshotsV319Test-290499372-project] http://10.222.0.60/volume/v3/1da05522448a4ca9876c6978416cad0d/group_snapshots/29ec0fd8-8fb9-43b3-bf84-53c9aba339c1 returned with HTTP 200
Jun 29 12:33:07.977155 dv-cinder-812685-12-smb devstack@c-api.service[110907]: [pid: 110907|app: 0|req: 95/189] 10.222.0.60 () {60 vars in 1389 bytes} [Wed Jun 29 12:33:07 2022] GET /volume/v3/1da05522448a4ca9876c6978416cad0d/group_snapshots/29ec0fd8-8fb9-43b3-bf84-53c9aba339c1 => generated 331 bytes in 59 msecs (HTTP/1.1 200) 7 headers in 286 bytes (1 switches on core 0)
Jun 29 12:33:07.999481 dv-cinder-812685-12-smb devstack@c-api.service[110907]: DEBUG cinder.api.middleware.request_id [None req-d213dee7-5278-461a-9ef9-75143f93e62d None None] RequestId filter calling following filter/app {{(pid=110907) _context_setter /opt/stack/cinder/cinder/api/middleware/request_id.py:62}}
Jun 29 12:33:08.013910 dv-cinder-812685-12-smb devstack@c-api.service[110907]: INFO cinder.api.openstack.wsgi [None req-d213dee7-5278-461a-9ef9-75143f93e62d tempest-GroupSnapshotsV319Test-290499372 tempest-GroupSnapshotsV319Test-290499372-project] DELETE http://10.222.0.60/volume/v3/1da05522448a4ca9876c6978416cad0d/group_snapshots/29ec0fd8-8fb9-43b3-bf84-53c9aba339c1
Jun 29 12:33:08.015342 dv-cinder-812685-12-smb devstack@c-api.service[110907]: DEBUG cinder.api.openstack.wsgi [None req-d213dee7-5278-461a-9ef9-75143f93e62d tempest-GroupSnapshotsV319Test-290499372 tempest-GroupSnapshotsV319Test-290499372-project] Empty body provided in request {{(pid=110907) get_body /opt/stack/cinder/cinder/api/openstack/wsgi.py:715}}
Jun 29 12:33:08.017077 dv-cinder-812685-12-smb devstack@c-api.service[110907]: DEBUG cinder.api.openstack.wsgi [None req-d213dee7-5278-461a-9ef9-75143f93e62d tempest-GroupSnapshotsV319Test-290499372 tempest-GroupSnapshotsV319Test-290499372-project] Calling method 'version_select' {{(pid=110907) _process_stack /opt/stack/cinder/cinder/api/openstack/wsgi.py:868}}
Jun 29 12:33:08.017509 dv-cinder-812685-12-smb devstack@c-api.service[110907]: DEBUG cinder.api.v3.group_snapshots [None req-d213dee7-5278-461a-9ef9-75143f93e62d tempest-GroupSnapshotsV319Test-290499372 tempest-GroupSnapshotsV319Test-290499372-project] delete called for member 29ec0fd8-8fb9-43b3-bf84-53c9aba339c1 {{(pid=110907) delete /opt/stack/cinder/cinder/api/v3/group_snapshots.py:72}}
Jun 29 12:33:08.019455 dv-cinder-812685-12-smb devstack@c-api.service[110907]: INFO cinder.api.v3.group_snapshots [None req-d213dee7-5278-461a-9ef9-75143f93e62d tempest-GroupSnapshotsV319Test-290499372 tempest-GroupSnapshotsV319Test-290499372-project] Delete group_snapshot with id: 29ec0fd8-8fb9-43b3-bf84-53c9aba339c1
Jun 29 12:33:08.031092 dv-cinder-812685-12-smb devstack@c-api.service[110907]: /usr/local/lib/python3.8/dist-packages/oslo_context/context.py:100: DeprecationWarning: Policy enforcement is depending on the value of is_admin. This key is deprecated. Please update your policy file to use the standard policy values.
Jun 29 12:33:08.031092 dv-cinder-812685-12-smb devstack@c-api.service[110907]: warnings.warn('Policy enforcement is depending on the value of '
Jun 29 12:33:08.085533 dv-cinder-812685-12-smb devstack@c-api.service[110906]: INFO cinder.api.openstack.wsgi [None req-a554658e-0857-4243-ab47-f99058c59162 tempest-GroupSnapshotsTest-875695489 tempest-GroupSnapshotsTest-875695489-project] http://10.222.0.60/volume/v3/5ed45ff9899a4a638a3dede48765ec29/group_snapshots returned with HTTP 202
Jun 29 12:33:08.095191 dv-cinder-812685-12-smb devstack@c-api.service[110906]: [pid: 110906|app: 0|req: 95/190] 10.222.0.60 () {62 vars in 1300 bytes} [Wed Jun 29 12:33:07 2022] POST /volume/v3/5ed45ff9899a4a638a3dede48765ec29/group_snapshots => generated 167 bytes in 567 msecs (HTTP/1.1 202) 7 headers in 292 bytes (1 switches on core 0)
Jun 29 12:33:08.099475 dv-cinder-812685-12-smb devstack@c-api.service[110906]: DEBUG cinder.api.middleware.request_id [None req-c0572214-fc43-4175-ab11-c9875ea6a51b None None] RequestId filter calling following filter/app {{(pid=110906) _context_setter /opt/stack/cinder/cinder/api/middleware/request_id.py:62}}
Jun 29 12:33:08.107988 dv-cinder-812685-12-smb devstack@c-api.service[110906]: INFO cinder.api.openstack.wsgi [None req-c0572214-fc43-4175-ab11-c9875ea6a51b tempest-GroupSnapshotsTest-875695489 tempest-GroupSnapshotsTest-875695489-project] GET http://10.222.0.60/volume/v3/5ed45ff9899a4a638a3dede48765ec29/group_snapshots/6c00cd79-ba50-4c21-bcf5-9fe591b004f5
Jun 29 12:33:08.111228 dv-cinder-812685-12-smb devstack@c-api.service[110906]: DEBUG cinder.api.openstack.wsgi [None req-c0572214-fc43-4175-ab11-c9875ea6a51b tempest-GroupSnapshotsTest-875695489 tempest-GroupSnapshotsTest-875695489-project] Empty body provided in request {{(pid=110906) get_body /opt/stack/cinder/cinder/api/openstack/wsgi.py:715}}
Jun 29 12:33:08.112924 dv-cinder-812685-12-smb devstack@c-api.service[110906]: DEBUG cinder.api.openstack.wsgi [None req-c0572214-fc43-4175-ab11-c9875ea6a51b tempest-GroupSnapshotsTest-875695489 tempest-GroupSnapshotsTest-875695489-project] Calling method 'version_select' {{(pid=110906) _process_stack /opt/stack/cinder/cinder/api/openstack/wsgi.py:868}}
Jun 29 12:33:08.115606 dv-cinder-812685-12-smb devstack@c-api.service[110906]: DEBUG cinder.api.v3.group_snapshots [None req-c0572214-fc43-4175-ab11-c9875ea6a51b tempest-GroupSnapshotsTest-875695489 tempest-GroupSnapshotsTest-875695489-project] show called for member 6c00cd79-ba50-4c21-bcf5-9fe591b004f5 {{(pid=110906) show /opt/stack/cinder/cinder/api/v3/group_snapshots.py:58}}
Jun 29 12:33:08.130742 dv-cinder-812685-12-smb devstack@c-api.service[110906]: /usr/local/lib/python3.8/dist-packages/oslo_context/context.py:100: DeprecationWarning: Policy enforcement is depending on the value of is_admin. This key is deprecated. Please update your policy file to use the standard policy values.
Jun 29 12:33:08.130742 dv-cinder-812685-12-smb devstack@c-api.service[110906]: warnings.warn('Policy enforcement is depending on the value of '
Jun 29 12:33:08.133262 dv-cinder-812685-12-smb devstack@c-api.service[110907]: INFO cinder.api.openstack.wsgi [None req-d213dee7-5278-461a-9ef9-75143f93e62d tempest-GroupSnapshotsV319Test-290499372 tempest-GroupSnapshotsV319Test-290499372-project] http://10.222.0.60/volume/v3/1da05522448a4ca9876c6978416cad0d/group_snapshots/29ec0fd8-8fb9-43b3-bf84-53c9aba339c1 returned with HTTP 202
Jun 29 12:33:08.138500 dv-cinder-812685-12-smb devstack@c-api.service[110907]: [pid: 110907|app: 0|req: 96/191] 10.222.0.60 () {60 vars in 1392 bytes} [Wed Jun 29 12:33:07 2022] DELETE /volume/v3/1da05522448a4ca9876c6978416cad0d/group_snapshots/29ec0fd8-8fb9-43b3-bf84-53c9aba339c1 => generated 0 bytes in 145 msecs (HTTP/1.1 202) 6 headers in 234 bytes (1 switches on core 0)
Jun 29 12:33:08.141806 dv-cinder-812685-12-smb devstack@c-api.service[110907]: DEBUG cinder.api.middleware.request_id [None req-c23efdd3-0034-493f-943e-b5d1175210cd None None] RequestId filter calling following filter/app {{(pid=110907) _context_setter /opt/stack/cinder/cinder/api/middleware/request_id.py:62}}
Jun 29 12:33:08.145624 dv-cinder-812685-12-smb devstack@c-api.service[110907]: INFO cinder.api.openstack.wsgi [None req-c23efdd3-0034-493f-943e-b5d1175210cd tempest-GroupSnapshotsV319Test-290499372 tempest-GroupSnapshotsV319Test-290499372-project] GET http://10.222.0.60/volume/v3/1da05522448a4ca9876c6978416cad0d/volumes/detail
Jun 29 12:33:08.146981 dv-cinder-812685-12-smb devstack@c-api.service[110907]: DEBUG cinder.api.openstack.wsgi [None req-c23efdd3-0034-493f-943e-b5d1175210cd tempest-GroupSnapshotsV319Test-290499372 tempest-GroupSnapshotsV319Test-290499372-project] Empty body provided in request {{(pid=110907) get_body /opt/stack/cinder/cinder/api/openstack/wsgi.py:715}}
Jun 29 12:33:08.147645 dv-cinder-812685-12-smb devstack@c-api.service[110907]: DEBUG cinder.api.openstack.wsgi [None req-c23efdd3-0034-493f-943e-b5d1175210cd tempest-GroupSnapshotsV319Test-290499372 tempest-GroupSnapshotsV319Test-290499372-project] Calling method 'detail' {{(pid=110907) _process_stack /opt/stack/cinder/cinder/api/openstack/wsgi.py:868}}
Jun 29 12:33:08.148367 dv-cinder-812685-12-smb devstack@c-api.service[110907]: DEBUG cinder.api.api_utils [None req-c23efdd3-0034-493f-943e-b5d1175210cd tempest-GroupSnapshotsV319Test-290499372 tempest-GroupSnapshotsV319Test-290499372-project] Removing options '' from query. {{(pid=110907) remove_invalid_filter_options /opt/stack/cinder/cinder/api/api_utils.py:83}}
Jun 29 12:33:08.149490 dv-cinder-812685-12-smb devstack@c-api.service[110907]: /usr/local/lib/python3.8/dist-packages/oslo_context/context.py:100: DeprecationWarning: Policy enforcement is depending on the value of is_admin. This key is deprecated. Please update your policy file to use the standard policy values.
Jun 29 12:33:08.149490 dv-cinder-812685-12-smb devstack@c-api.service[110907]: warnings.warn('Policy enforcement is depending on the value of '
Jun 29 12:33:08.150841 dv-cinder-812685-12-smb devstack@c-api.service[110907]: DEBUG cinder.volume.api [None req-c23efdd3-0034-493f-943e-b5d1175210cd tempest-GroupSnapshotsV319Test-290499372 tempest-GroupSnapshotsV319Test-290499372-project] Searching by: MultiDict([('no_migration_targets', True)]). {{(pid=110907) get_all /opt/stack/cinder/cinder/volume/api.py:665}}
Jun 29 12:33:08.152276 dv-cinder-812685-12-smb devstack@c-api.service[110906]: INFO cinder.api.openstack.wsgi [None req-c0572214-fc43-4175-ab11-c9875ea6a51b tempest-GroupSnapshotsTest-875695489 tempest-GroupSnapshotsTest-875695489-project] http://10.222.0.60/volume/v3/5ed45ff9899a4a638a3dede48765ec29/group_snapshots/6c00cd79-ba50-4c21-bcf5-9fe591b004f5 returned with HTTP 200
Jun 29 12:33:08.155257 dv-cinder-812685-12-smb devstack@c-api.service[110906]: [pid: 110906|app: 0|req: 96/192] 10.222.0.60 () {60 vars in 1389 bytes} [Wed Jun 29 12:33:08 2022] GET /volume/v3/5ed45ff9899a4a638a3dede48765ec29/group_snapshots/6c00cd79-ba50-4c21-bcf5-9fe591b004f5 => generated 306 bytes in 60 msecs (HTTP/1.1 200) 7 headers in 286 bytes (1 switches on core 0)
Jun 29 12:33:08.340434 dv-cinder-812685-12-smb devstack@c-api.service[110907]: INFO cinder.volume.api [None req-c23efdd3-0034-493f-943e-b5d1175210cd tempest-GroupSnapshotsV319Test-290499372 tempest-GroupSnapshotsV319Test-290499372-project] Get all volumes completed successfully.
Jun 29 12:33:08.347497 dv-cinder-812685-12-smb devstack@c-api.service[110907]: WARNING stevedore.named [None req-c23efdd3-0034-493f-943e-b5d1175210cd tempest-GroupSnapshotsV319Test-290499372 tempest-GroupSnapshotsV319Test-290499372-project] Could not load cinder.keymgr.conf_key_mgr.ConfKeyManager
Jun 29 12:33:08.347916 dv-cinder-812685-12-smb devstack@c-api.service[110907]: WARNING castellan.key_manager [None req-c23efdd3-0034-493f-943e-b5d1175210cd tempest-GroupSnapshotsV319Test-290499372 tempest-GroupSnapshotsV319Test-290499372-project] Deprecation Warning : cinder.keymgr.conf_key_mgr.ConfKeyManager is not a stevedore based driver, trying to load it as a class: stevedore.exception.NoMatches: No 'castellan.drivers' driver found, looking for 'cinder.keymgr.conf_key_mgr.ConfKeyManager'
Jun 29 12:33:08.370683 dv-cinder-812685-12-smb devstack@c-api.service[110907]: DEBUG oslo_db.sqlalchemy.engines [None req-c23efdd3-0034-493f-943e-b5d1175210cd tempest-GroupSnapshotsV319Test-290499372 tempest-GroupSnapshotsV319Test-290499372-project] MySQL server mode set to STRICT_TRANS_TABLES,STRICT_ALL_TABLES,NO_ZERO_IN_DATE,NO_ZERO_DATE,ERROR_FOR_DIVISION_BY_ZERO,TRADITIONAL,NO_ENGINE_SUBSTITUTION {{(pid=110907) _check_effective_sql_mode /usr/local/lib/python3.8/dist-packages/oslo_db/sqlalchemy/engines.py:314}}
Jun 29 12:33:08.378823 dv-cinder-812685-12-smb devstack@c-api.service[110907]: /usr/local/lib/python3.8/dist-packages/oslo_context/context.py:100: DeprecationWarning: Policy enforcement is depending on the value of is_admin. This key is deprecated. Please update your policy file to use the standard policy values.
Jun 29 12:33:08.378823 dv-cinder-812685-12-smb devstack@c-api.service[110907]: warnings.warn('Policy enforcement is depending on the value of '
Jun 29 12:33:08.411883 dv-cinder-812685-12-smb devstack@c-api.service[110907]: INFO cinder.api.openstack.wsgi [None req-c23efdd3-0034-493f-943e-b5d1175210cd tempest-GroupSnapshotsV319Test-290499372 tempest-GroupSnapshotsV319Test-290499372-project] http://10.222.0.60/volume/v3/1da05522448a4ca9876c6978416cad0d/volumes/detail returned with HTTP 200
Jun 29 12:33:08.416852 dv-cinder-812685-12-smb devstack@c-api.service[110907]: [pid: 110907|app: 0|req: 97/193] 10.222.0.60 () {60 vars in 1275 bytes} [Wed Jun 29 12:33:08 2022] GET /volume/v3/1da05522448a4ca9876c6978416cad0d/volumes/detail => generated 1011 bytes in 277 msecs (HTTP/1.1 200) 7 headers in 287 bytes (1 switches on core 0)
Jun 29 12:33:08.427763 dv-cinder-812685-12-smb devstack@c-api.service[110906]: DEBUG cinder.api.middleware.request_id [None req-a34eff11-9acd-43e1-8e7a-553962b87405 None None] RequestId filter calling following filter/app {{(pid=110906) _context_setter /opt/stack/cinder/cinder/api/middleware/request_id.py:62}}
Jun 29 12:33:08.433103 dv-cinder-812685-12-smb devstack@c-api.service[110906]: INFO cinder.api.openstack.wsgi [None req-a34eff11-9acd-43e1-8e7a-553962b87405 tempest-GroupSnapshotsV319Test-290499372 tempest-GroupSnapshotsV319Test-290499372-project] GET http://10.222.0.60/volume/v3/1da05522448a4ca9876c6978416cad0d/snapshots/detail
