Jun 29 12:33:13.063885 dv-cinder-812685-12-iscsi neutron-server[104104]: DEBUG dbcounter [-] [104104] Writing DB stats neutron:SELECT=76,neutron:INSERT=21,neutron:UPDATE=2,neutron:DELETE=1 {{(pid=104104) stat_writer /usr/local/lib/python3.8/dist-packages/dbcounter.py:114}}
Jun 29 12:33:13.064070 dv-cinder-812685-12-iscsi neutron-server[104106]: DEBUG neutron.api.rpc.callbacks.version_manager [None req-b617d207-009e-4ff9-915e-d46c78639cc8 None None] Version for resource type ConntrackHelper changed None to 1.0 on consumer Open vSwitch agent@dv-cinder-812685-12-iscsi {{(pid=104106) _set_version /opt/stack/neutron/neutron/api/rpc/callbacks/version_manager.py:113}}
Jun 29 12:33:13.065139 dv-cinder-812685-12-iscsi neutron-server[104105]: DEBUG neutron_lib.callbacks.manager [None req-6579ee9a-9810-43b7-837f-be742fe3ed98 admin admin] Publish callbacks ['neutron.plugins.ml2.ovo_rpc._ObjectChangeHandler.handle_event-618232'] for security_group (56ea6a51-85db-4b7a-abe1-15b9ba0ecbc6), after_create {{(pid=104105) _notify_loop /usr/local/lib/python3.8/dist-packages/neutron_lib/callbacks/manager.py:176}}
Jun 29 12:33:13.065614 dv-cinder-812685-12-iscsi neutron-server[104106]: DEBUG neutron.api.rpc.callbacks.version_manager [None req-b617d207-009e-4ff9-915e-d46c78639cc8 None None] Version for resource type LocalIPAssociation changed None to 1.0 on consumer Open vSwitch agent@dv-cinder-812685-12-iscsi {{(pid=104106) _set_version /opt/stack/neutron/neutron/api/rpc/callbacks/version_manager.py:113}}
Jun 29 12:33:13.067643 dv-cinder-812685-12-iscsi neutron-server[104106]: DEBUG neutron.api.rpc.callbacks.version_manager [None req-b617d207-009e-4ff9-915e-d46c78639cc8 None None] Version for resource type Log changed None to 1.0 on consumer Open vSwitch agent@dv-cinder-812685-12-iscsi {{(pid=104106) _set_version /opt/stack/neutron/neutron/api/rpc/callbacks/version_manager.py:113}}
Jun 29 12:33:13.068782 dv-cinder-812685-12-iscsi neutron-server[104106]: DEBUG neutron.api.rpc.callbacks.version_manager [None req-b617d207-009e-4ff9-915e-d46c78639cc8 None None] Version for resource type NDPProxy changed None to 1.0 on consumer Open vSwitch agent@dv-cinder-812685-12-iscsi {{(pid=104106) _set_version /opt/stack/neutron/neutron/api/rpc/callbacks/version_manager.py:113}}
Jun 29 12:33:13.070351 dv-cinder-812685-12-iscsi neutron-server[104106]: DEBUG neutron.api.rpc.callbacks.version_manager [None req-b617d207-009e-4ff9-915e-d46c78639cc8 None None] Version for resource type Network changed None to 1.1 on consumer Open vSwitch agent@dv-cinder-812685-12-iscsi {{(pid=104106) _set_version /opt/stack/neutron/neutron/api/rpc/callbacks/version_manager.py:113}}
Jun 29 12:33:13.070740 dv-cinder-812685-12-iscsi neutron-server[104106]: DEBUG neutron.api.rpc.callbacks.version_manager [None req-b617d207-009e-4ff9-915e-d46c78639cc8 None None] Version for resource type Port changed None to 1.7 on consumer Open vSwitch agent@dv-cinder-812685-12-iscsi {{(pid=104106) _set_version /opt/stack/neutron/neutron/api/rpc/callbacks/version_manager.py:113}}
Jun 29 12:33:13.071106 dv-cinder-812685-12-iscsi neutron-server[104106]: DEBUG neutron.api.rpc.callbacks.version_manager [None req-b617d207-009e-4ff9-915e-d46c78639cc8 None None] Version for resource type PortForwarding changed None to 1.3 on consumer Open vSwitch agent@dv-cinder-812685-12-iscsi {{(pid=104106) _set_version /opt/stack/neutron/neutron/api/rpc/callbacks/version_manager.py:113}}
Jun 29 12:33:13.071457 dv-cinder-812685-12-iscsi neutron-server[104106]: DEBUG neutron.api.rpc.callbacks.version_manager [None req-b617d207-009e-4ff9-915e-d46c78639cc8 None None] Version for resource type QosPolicy changed None to 1.10 on consumer Open vSwitch agent@dv-cinder-812685-12-iscsi {{(pid=104106) _set_version /opt/stack/neutron/neutron/api/rpc/callbacks/version_manager.py:113}}
Jun 29 12:33:13.072582 dv-cinder-812685-12-iscsi neutron-server[104106]: DEBUG neutron.api.rpc.callbacks.version_manager [None req-b617d207-009e-4ff9-915e-d46c78639cc8 None None] Version for resource type SecurityGroup changed None to 1.5 on consumer Open vSwitch agent@dv-cinder-812685-12-iscsi {{(pid=104106) _set_version /opt/stack/neutron/neutron/api/rpc/callbacks/version_manager.py:113}}
Jun 29 12:33:13.072946 dv-cinder-812685-12-iscsi neutron-server[104106]: DEBUG neutron.api.rpc.callbacks.version_manager [None req-b617d207-009e-4ff9-915e-d46c78639cc8 None None] Version for resource type SecurityGroupRule changed None to 1.2 on consumer Open vSwitch agent@dv-cinder-812685-12-iscsi {{(pid=104106) _set_version /opt/stack/neutron/neutron/api/rpc/callbacks/version_manager.py:113}}
Jun 29 12:33:13.073290 dv-cinder-812685-12-iscsi neutron-server[104106]: DEBUG neutron.api.rpc.callbacks.version_manager [None req-b617d207-009e-4ff9-915e-d46c78639cc8 None None] Version for resource type SubPort changed None to 1.0 on consumer Open vSwitch agent@dv-cinder-812685-12-iscsi {{(pid=104106) _set_version /opt/stack/neutron/neutron/api/rpc/callbacks/version_manager.py:113}}
Jun 29 12:33:13.073634 dv-cinder-812685-12-iscsi neutron-server[104106]: DEBUG neutron.api.rpc.callbacks.version_manager [None req-b617d207-009e-4ff9-915e-d46c78639cc8 None None] Version for resource type Subnet changed None to 1.1 on consumer Open vSwitch agent@dv-cinder-812685-12-iscsi {{(pid=104106) _set_version /opt/stack/neutron/neutron/api/rpc/callbacks/version_manager.py:113}}
Jun 29 12:33:13.077472 dv-cinder-812685-12-iscsi neutron-server[104106]: DEBUG neutron.api.rpc.callbacks.version_manager [None req-b617d207-009e-4ff9-915e-d46c78639cc8 None None] Version for resource type Trunk changed None to 1.1 on consumer Open vSwitch agent@dv-cinder-812685-12-iscsi {{(pid=104106) _set_version /opt/stack/neutron/neutron/api/rpc/callbacks/version_manager.py:113}}
Jun 29 12:33:13.078271 dv-cinder-812685-12-iscsi neutron-server[104105]: DEBUG neutron.plugins.ml2.drivers.helpers [None req-6579ee9a-9810-43b7-837f-be742fe3ed98 admin admin] vlan segment allocate from pool success with {'vlan_id': 249, 'physical_network': 'physnet1'} {{(pid=104105) allocate_partially_specified_segment /opt/stack/neutron/neutron/plugins/ml2/drivers/helpers.py:153}}
Jun 29 12:33:13.081997 dv-cinder-812685-12-iscsi neutron-server[104106]: DEBUG neutron.api.rpc.callbacks.version_manager [None req-b617d207-009e-4ff9-915e-d46c78639cc8 None None] Tracked resource versions report:
Jun 29 12:33:13.081997 dv-cinder-812685-12-iscsi neutron-server[104106]: pushed versions:
Jun 29 12:33:13.081997 dv-cinder-812685-12-iscsi neutron-server[104106]: { 'AddressGroup': {'1.2'},
Jun 29 12:33:13.081997 dv-cinder-812685-12-iscsi neutron-server[104106]: 'Agent': {'1.1'},
Jun 29 12:33:13.081997 dv-cinder-812685-12-iscsi neutron-server[104106]: 'ConntrackHelper': {'1.0'},
Jun 29 12:33:13.081997 dv-cinder-812685-12-iscsi neutron-server[104106]: 'LocalIPAssociation': {'1.0'},
Jun 29 12:33:13.081997 dv-cinder-812685-12-iscsi neutron-server[104106]: 'Log': {'1.0'},
Jun 29 12:33:13.081997 dv-cinder-812685-12-iscsi neutron-server[104106]: 'NDPProxy': {'1.0'},
Jun 29 12:33:13.081997 dv-cinder-812685-12-iscsi neutron-server[104106]: 'Network': {'1.1'},
Jun 29 12:33:13.081997 dv-cinder-812685-12-iscsi neutron-server[104106]: 'Port': {'1.7'},
Jun 29 12:33:13.081997 dv-cinder-812685-12-iscsi neutron-server[104106]: 'PortForwarding': {'1.3'},
Jun 29 12:33:13.081997 dv-cinder-812685-12-iscsi neutron-server[104106]: 'QosPolicy': {'1.10'},
Jun 29 12:33:13.081997 dv-cinder-812685-12-iscsi neutron-server[104106]: 'SecurityGroup': {'1.5'},
Jun 29 12:33:13.081997 dv-cinder-812685-12-iscsi neutron-server[104106]: 'SecurityGroupRule': {'1.2'},
Jun 29 12:33:13.081997 dv-cinder-812685-12-iscsi neutron-server[104106]: 'SubPort': {'1.0'},
Jun 29 12:33:13.081997 dv-cinder-812685-12-iscsi neutron-server[104106]: 'Subnet': {'1.1'},
Jun 29 12:33:13.081997 dv-cinder-812685-12-iscsi neutron-server[104106]: 'Trunk': {'1.1'}}
Jun 29 12:33:13.081997 dv-cinder-812685-12-iscsi neutron-server[104106]: consumer versions:
Jun 29 12:33:13.081997 dv-cinder-812685-12-iscsi neutron-server[104106]: { DHCP agent@dv-cinder-812685-12-iscsi: {},
Jun 29 12:33:13.081997 dv-cinder-812685-12-iscsi neutron-server[104106]: HyperV agent@hv-cinder-81268: {},
Jun 29 12:33:13.081997 dv-cinder-812685-12-iscsi neutron-server[104106]: L3 agent@dv-cinder-812685-12-iscsi: {},
Jun 29 12:33:13.081997 dv-cinder-812685-12-iscsi neutron-server[104106]: Metadata agent@dv-cinder-812685-12-iscsi: {},
Jun 29 12:33:13.081997 dv-cinder-812685-12-iscsi neutron-server[104106]: Metering agent@dv-cinder-812685-12-iscsi: {},
Jun 29 12:33:13.081997 dv-cinder-812685-12-iscsi neutron-server[104106]: Open vSwitch agent@dv-cinder-812685-12-iscsi: { 'AddressGroup': '1.2',
Jun 29 12:33:13.081997 dv-cinder-812685-12-iscsi neutron-server[104106]: 'Agent': '1.1',
Jun 29 12:33:13.081997 dv-cinder-812685-12-iscsi neutron-server[104106]: 'ConntrackHelper': '1.0',
Jun 29 12:33:13.081997 dv-cinder-812685-12-iscsi neutron-server[104106]: 'LocalIPAssociation': '1.0',
Jun 29 12:33:13.081997 dv-cinder-812685-12-iscsi neutron-server[104106]: 'Log': '1.0',
Jun 29 12:33:13.081997 dv-cinder-812685-12-iscsi neutron-server[104106]: 'NDPProxy': '1.0',
Jun 29 12:33:13.081997 dv-cinder-812685-12-iscsi neutron-server[104106]: 'Network': '1.1',
Jun 29 12:33:13.081997 dv-cinder-812685-12-iscsi neutron-server[104106]: 'Port': '1.7',
Jun 29 12:33:13.081997 dv-cinder-812685-12-iscsi neutron-server[104106]: 'PortForwarding': '1.3',
Jun 29 12:33:13.081997 dv-cinder-812685-12-iscsi neutron-server[104106]: 'QosPolicy': '1.10',
Jun 29 12:33:13.081997 dv-cinder-812685-12-iscsi neutron-server[104106]: 'SecurityGroup': '1.5',
Jun 29 12:33:13.081997 dv-cinder-812685-12-iscsi neutron-server[104106]: 'SecurityGroupRule': '1.2',
Jun 29 12:33:13.081997 dv-cinder-812685-12-iscsi neutron-server[104106]: 'SubPort': '1.0',
Jun 29 12:33:13.081997 dv-cinder-812685-12-iscsi neutron-server[104106]: 'Subnet': '1.1',
Jun 29 12:33:13.081997 dv-cinder-812685-12-iscsi neutron-server[104106]: 'Trunk': '1.1'}}
Jun 29 12:33:13.081997 dv-cinder-812685-12-iscsi neutron-server[104106]: {{(pid=104106) report /opt/stack/neutron/neutron/api/rpc/callbacks/version_manager.py:175}}
Jun 29 12:33:13.090193 dv-cinder-812685-12-iscsi neutron-server[104105]: DEBUG neutron_lib.callbacks.manager [None req-6579ee9a-9810-43b7-837f-be742fe3ed98 admin admin] Publish callbacks ['neutron.plugins.ml2.plugin.Ml2Plugin._handle_segment_change-1378701'] for segment (b8810328-271c-483b-8ad4-529c01d0948d), precommit_create {{(pid=104105) _notify_loop /usr/local/lib/python3.8/dist-packages/neutron_lib/callbacks/manager.py:176}}
Jun 29 12:33:13.091076 dv-cinder-812685-12-iscsi neutron-server[104105]: INFO neutron.db.segments_db [None req-6579ee9a-9810-43b7-837f-be742fe3ed98 admin admin] Added segment b8810328-271c-483b-8ad4-529c01d0948d of type vlan for network 80977699-ce7f-483d-aee9-fc0b58df493a
Jun 29 12:33:13.096914 dv-cinder-812685-12-iscsi neutron-server[104106]: DEBUG neutron.plugins.ml2.drivers.mech_agent [None req-b617d207-009e-4ff9-915e-d46c78639cc8 None None] Checking agent: {'id': 'f26e3afa-d34a-4cd7-8e61-bd60f22daf3f', 'agent_type': 'Open vSwitch agent', 'binary': 'neutron-openvswitch-agent', 'topic': 'N/A', 'host': 'dv-cinder-812685-12-iscsi', 'admin_state_up': True, 'created_at': datetime.datetime(2022, 6, 29, 12, 25, 21), 'started_at': datetime.datetime(2022, 6, 29, 12, 25, 51), 'heartbeat_timestamp': datetime.datetime(2022, 6, 29, 12, 32, 51), 'description': None, 'resources_synced': None, 'availability_zone': None, 'alive': True, 'configurations': {'arp_responder_enabled': False, 'baremetal_smartnic': False, 'bridge_mappings': {'physnet1': 'br-data'}, 'datapath_type': 'system', 'devices': 0, 'enable_distributed_routing': False, 'extensions': [], 'in_distributed_mode': False, 'integration_bridge': 'br-int', 'l2_population': False, 'log_agent_heartbeats': False, 'ovs_capabilities': {'datapath_types': ['netdev', 'system'], 'iface_types': ['erspan', 'geneve', 'gre', 'internal', 'ip6erspan', 'ip6gre', 'lisp', 'patch', 'stt', 'system', 'tap', 'vxlan']}, 'ovs_hybrid_plug': False, 'resource_provider_bandwidths': {}, 'resource_provider_hypervisors': {'br-data': 'dv-cinder-812685-12-iscsi'}, 'resource_provider_inventory_defaults': {'allocation_ratio': 1.0, 'min_unit': 1, 'step_size': 1, 'reserved': 0}, 'resource_provider_packet_processing_inventory_defaults': {'allocation_ratio': 1.0, 'min_unit': 1, 'step_size': 1, 'reserved': 0}, 'resource_provider_packet_processing_with_direction': {}, 'resource_provider_packet_processing_without_direction': {}, 'tunnel_types': [], 'tunneling_ip': None, 'vhostuser_socket_dir': '/var/run/openvswitch'}, 'resource_versions': {'AddressGroup': '1.2', 'Agent': '1.1', 'ConntrackHelper': '1.0', 'LocalIPAssociation': '1.0', 'Log': '1.0', 'NDPProxy': '1.0', 'Network': '1.1', 'Port': '1.7', 'PortForwarding': '1.3', 'QosPolicy': '1.10', 'SecurityGroup': '1.5', 'SecurityGroupRule': '1.2', 'SubPort': '1.0', 'Subnet': '1.1', 'Trunk': '1.1'}} {{(pid=104106) bind_port /opt/stack/neutron/neutron/plugins/ml2/drivers/mech_agent.py:110}}
Jun 29 12:33:13.100631 dv-cinder-812685-12-iscsi neutron-server[104106]: DEBUG neutron.plugins.ml2.drivers.mech_agent [None req-b617d207-009e-4ff9-915e-d46c78639cc8 None None] Checking segment: {'id': 'e3632dff-7eea-4a1b-8338-485bc7e21bcd', 'network_type': 'vlan', 'physical_network': 'physnet1', 'segmentation_id': 226, 'network_id': '397d642b-81b8-4b71-80dd-1d3a811e873b'} for mappings: {'physnet1': 'br-data'} with network types: ['local', 'flat', 'vlan'] {{(pid=104106) check_segment_for_agent /opt/stack/neutron/neutron/plugins/ml2/drivers/mech_agent.py:373}}
Jun 29 12:33:13.101437 dv-cinder-812685-12-iscsi neutron-server[104106]: DEBUG neutron_lib.callbacks.manager [None req-b617d207-009e-4ff9-915e-d46c78639cc8 None None] Publish callbacks [] for ovs_bridge_name (None), before_read {{(pid=104106) _notify_loop /usr/local/lib/python3.8/dist-packages/neutron_lib/callbacks/manager.py:176}}
Jun 29 12:33:13.104498 dv-cinder-812685-12-iscsi neutron-server[104106]: DEBUG neutron.plugins.ml2.drivers.mech_agent [None req-b617d207-009e-4ff9-915e-d46c78639cc8 None None] Bound using segment: {'id': 'e3632dff-7eea-4a1b-8338-485bc7e21bcd', 'network_type': 'vlan', 'physical_network': 'physnet1', 'segmentation_id': 226, 'network_id': '397d642b-81b8-4b71-80dd-1d3a811e873b'} {{(pid=104106) bind_port /opt/stack/neutron/neutron/plugins/ml2/drivers/mech_agent.py:120}}
Jun 29 12:33:13.105281 dv-cinder-812685-12-iscsi neutron-server[104106]: DEBUG neutron.plugins.ml2.managers [None req-b617d207-009e-4ff9-915e-d46c78639cc8 None None] Bound port: 43bc7a3c-52f3-4b97-9baf-727a9d64075a, host: dv-cinder-812685-12-iscsi, vif_type: ovs, vif_details: {"connectivity": "l2", "port_filter": true, "ovs_hybrid_plug": false, "datapath_type": "system", "bridge_name": "br-int"}, binding_levels: [{'bound_driver': 'openvswitch', 'bound_segment': {'id': 'e3632dff-7eea-4a1b-8338-485bc7e21bcd', 'network_type': 'vlan', 'physical_network': 'physnet1', 'segmentation_id': 226, 'network_id': '397d642b-81b8-4b71-80dd-1d3a811e873b'}}] {{(pid=104106) _bind_port_level /opt/stack/neutron/neutron/plugins/ml2/managers.py:948}}
Jun 29 12:33:13.105942 dv-cinder-812685-12-iscsi neutron-server[104106]: DEBUG neutron_lib.callbacks.manager [None req-b617d207-009e-4ff9-915e-d46c78639cc8 None None] Publish callbacks ['neutron.plugins.ml2.plugin.SecurityGroupDbMixin._ensure_default_security_group_handler-1509364'] for port (43bc7a3c-52f3-4b97-9baf-727a9d64075a), before_update {{(pid=104106) _notify_loop /usr/local/lib/python3.8/dist-packages/neutron_lib/callbacks/manager.py:176}}
Jun 29 12:33:13.113905 dv-cinder-812685-12-iscsi neutron-server[104104]: DEBUG neutron.api.rpc.handlers.resources_rpc [None req-752bccfe-5c9d-421f-9aa1-0ba8504404da admin admin] Pushing event updated for resources: {'SecurityGroup': ['ID=30ef0de1-dc5f-4d8c-8afb-49fd099ddd09,revision_number=1']} {{(pid=104104) push /opt/stack/neutron/neutron/api/rpc/handlers/resources_rpc.py:237}}
Jun 29 12:33:13.137726 dv-cinder-812685-12-iscsi neutron-server[104104]: DEBUG neutron.plugins.ml2.drivers.helpers [None req-752bccfe-5c9d-421f-9aa1-0ba8504404da admin admin] vlan segment allocate from pool success with {'vlan_id': 212, 'physical_network': 'physnet1'} {{(pid=104104) allocate_partially_specified_segment /opt/stack/neutron/neutron/plugins/ml2/drivers/helpers.py:153}}
Jun 29 12:33:13.139505 dv-cinder-812685-12-iscsi neutron-server[104105]: DEBUG neutron_lib.callbacks.manager [None req-6579ee9a-9810-43b7-837f-be742fe3ed98 admin admin] Publish callbacks ['neutron.services.auto_allocate.db._ensure_external_network_default_value_callback-8737286803860'] for network (80977699-ce7f-483d-aee9-fc0b58df493a), precommit_create {{(pid=104105) _notify_loop /usr/local/lib/python3.8/dist-packages/neutron_lib/callbacks/manager.py:176}}
Jun 29 12:33:13.157811 dv-cinder-812685-12-iscsi neutron-server[104104]: DEBUG neutron_lib.callbacks.manager [None req-752bccfe-5c9d-421f-9aa1-0ba8504404da admin admin] Publish callbacks ['neutron.services.segments.db._add_segment_host_mapping_for_segment-8737287366741', 'neutron.plugins.ml2.plugin.Ml2Plugin._handle_segment_change-1378701'] for segment (0193cafb-542b-4968-88c0-369c0a6e968f), precommit_create {{(pid=104104) _notify_loop /usr/local/lib/python3.8/dist-packages/neutron_lib/callbacks/manager.py:176}}
Jun 29 12:33:13.159337 dv-cinder-812685-12-iscsi neutron-server[104104]: DEBUG neutron_lib.callbacks.manager [None req-752bccfe-5c9d-421f-9aa1-0ba8504404da admin admin] Unsubscribe: segment precommit_create {{(pid=104104) unsubscribe /usr/local/lib/python3.8/dist-packages/neutron_lib/callbacks/manager.py:83}}
Jun 29 12:33:13.160160 dv-cinder-812685-12-iscsi neutron-server[104104]: INFO neutron.db.segments_db [None req-752bccfe-5c9d-421f-9aa1-0ba8504404da admin admin] Added segment 0193cafb-542b-4968-88c0-369c0a6e968f of type vlan for network 07f547a4-09fa-4dfc-8b3c-2afd951b9459
Jun 29 12:33:13.175509 dv-cinder-812685-12-iscsi neutron-server[104105]: DEBUG neutron_lib.callbacks.manager [None req-6579ee9a-9810-43b7-837f-be742fe3ed98 admin admin] Publish callbacks ['neutron.plugins.ml2.ovo_rpc._ObjectChangeHandler.handle_event-618155', 'neutron.api.rpc.agentnotifiers.dhcp_rpc_agent_api.DhcpAgentNotifyAPI._native_event_send_dhcp_notification-529699'] for network (80977699-ce7f-483d-aee9-fc0b58df493a), after_create {{(pid=104105) _notify_loop /usr/local/lib/python3.8/dist-packages/neutron_lib/callbacks/manager.py:176}}
Jun 29 12:33:13.177556 dv-cinder-812685-12-iscsi neutron-server[104105]: DEBUG neutron.pecan_wsgi.hooks.policy_enforcement [None req-6579ee9a-9810-43b7-837f-be742fe3ed98 admin admin] Attributes excluded by policy engine: ['standard_attr_id', 'vlan_transparent'] {{(pid=104105) _exclude_attributes_by_policy /opt/stack/neutron/neutron/pecan_wsgi/hooks/policy_enforcement.py:259}}
Jun 29 12:33:13.177556 dv-cinder-812685-12-iscsi neutron-server[104105]: DEBUG neutron_lib.callbacks.manager [None req-6579ee9a-9810-43b7-837f-be742fe3ed98 admin admin] Publish callbacks ['neutron.api.rpc.agentnotifiers.dhcp_rpc_agent_api.DhcpAgentNotifyAPI._send_dhcp_notification-529681'] for network (None), before_response {{(pid=104105) _notify_loop /usr/local/lib/python3.8/dist-packages/neutron_lib/callbacks/manager.py:176}}
Jun 29 12:33:13.227901 dv-cinder-812685-12-iscsi neutron-server[104105]: DEBUG neutron_lib.callbacks.manager [None req-a5bb14a1-b89c-4226-8d84-d7eae13ce34d admin admin] Publish callbacks [] for port (d182489e-583a-4045-a293-36edd8cd2800), precommit_create {{(pid=104105) _notify_loop /usr/local/lib/python3.8/dist-packages/neutron_lib/callbacks/manager.py:176}}
Jun 29 12:33:13.251876 dv-cinder-812685-12-iscsi neutron-server[104106]: DEBUG neutron.plugins.ml2.db [None req-b617d207-009e-4ff9-915e-d46c78639cc8 None None] For port 43bc7a3c-52f3-4b97-9baf-727a9d64075a, host dv-cinder-812685-12-iscsi, cleared binding levels {{(pid=104106) clear_binding_levels /opt/stack/neutron/neutron/plugins/ml2/db.py:87}}
Jun 29 12:33:13.261890 dv-cinder-812685-12-iscsi neutron-server[104106]: DEBUG neutron.plugins.ml2.db [None req-b617d207-009e-4ff9-915e-d46c78639cc8 None None] For port 43bc7a3c-52f3-4b97-9baf-727a9d64075a, host dv-cinder-812685-12-iscsi, set binding levels [PortBindingLevel(driver='openvswitch',host='dv-cinder-812685-12-iscsi',level=0,port_id=43bc7a3c-52f3-4b97-9baf-727a9d64075a,segment=NetworkSegment(e3632dff-7eea-4a1b-8338-485bc7e21bcd),segment_id=e3632dff-7eea-4a1b-8338-485bc7e21bcd)] {{(pid=104106) set_binding_levels /opt/stack/neutron/neutron/plugins/ml2/db.py:59}}
Jun 29 12:33:13.275278 dv-cinder-812685-12-iscsi neutron-server[104106]: DEBUG neutron_lib.callbacks.manager [None req-b617d207-009e-4ff9-915e-d46c78639cc8 None None] Publish callbacks ['neutron.plugins.ml2.plugin.SecurityGroupServerNotifierRpcMixin._notify_sg_on_port_change-1509307', 'neutron.plugins.ml2.ovo_rpc._ObjectChangeHandler.handle_event-942939', 'neutron.api.rpc.agentnotifiers.dhcp_rpc_agent_api.DhcpAgentNotifyAPI._native_event_send_dhcp_notification-529699', 'neutron.db.l3_db.L3RpcNotifierMixin._notify_gateway_port_ip_changed-8737287359434', 'neutron.db.l3_dvrscheduler_db._notify_l3_agent_port_update-8737286848359', 'neutron.db.l3_hascheduler_db._notify_l3_agent_ha_port_update-8737286848377'] for port (43bc7a3c-52f3-4b97-9baf-727a9d64075a), after_update {{(pid=104106) _notify_loop /usr/local/lib/python3.8/dist-packages/neutron_lib/callbacks/manager.py:176}}
Jun 29 12:33:13.305957 dv-cinder-812685-12-iscsi neutron-server[104104]: DEBUG dbcounter [-] [104104] Writing DB stats neutron:SELECT=79,neutron:INSERT=16,neutron:UPDATE=4,neutron:DELETE=1 {{(pid=104104) stat_writer /usr/local/lib/python3.8/dist-packages/dbcounter.py:114}}
Jun 29 12:33:13.323044 dv-cinder-812685-12-iscsi neutron-server[104105]: DEBUG neutron_lib.callbacks.manager [None req-a5bb14a1-b89c-4226-8d84-d7eae13ce34d admin admin] Publish callbacks ['neutron.plugins.ml2.plugin.SecurityGroupServerNotifierRpcMixin._notify_sg_on_port_change-1509307', 'neutron.plugins.ml2.ovo_rpc._ObjectChangeHandler.handle_event-942939', 'neutron.api.rpc.agentnotifiers.dhcp_rpc_agent_api.DhcpAgentNotifyAPI._native_event_send_dhcp_notification-529699', 'neutron.db.l3_dvrscheduler_db._notify_l3_agent_new_port-8737286848341'] for port (d182489e-583a-4045-a293-36edd8cd2800), after_create {{(pid=104105) _notify_loop /usr/local/lib/python3.8/dist-packages/neutron_lib/callbacks/manager.py:176}}
Jun 29 12:33:13.340364 dv-cinder-812685-12-iscsi neutron-server[104104]: DEBUG neutron_lib.callbacks.manager [None req-752bccfe-5c9d-421f-9aa1-0ba8504404da admin admin] Publish callbacks ['neutron.services.auto_allocate.db._ensure_external_network_default_value_callback-8737286803860'] for network (07f547a4-09fa-4dfc-8b3c-2afd951b9459), precommit_create {{(pid=104104) _notify_loop /usr/local/lib/python3.8/dist-packages/neutron_lib/callbacks/manager.py:176}}
Jun 29 12:33:13.419912 dv-cinder-812685-12-iscsi neutron-server[104105]: DEBUG neutron.api.rpc.handlers.resources_rpc [None req-6579ee9a-9810-43b7-837f-be742fe3ed98 admin admin] Pushing event updated for resources: {'Network': ['ID=80977699-ce7f-483d-aee9-fc0b58df493a,revision_number=1']} {{(pid=104105) push /opt/stack/neutron/neutron/api/rpc/handlers/resources_rpc.py:237}}
Jun 29 12:33:13.422341 dv-cinder-812685-12-iscsi neutron-server[104106]: DEBUG neutron.api.rpc.handlers.resources_rpc [None req-b617d207-009e-4ff9-915e-d46c78639cc8 None None] Pushing event updated for resources: {'Port': ['ID=43bc7a3c-52f3-4b97-9baf-727a9d64075a,revision_number=2']} {{(pid=104106) push /opt/stack/neutron/neutron/api/rpc/handlers/resources_rpc.py:237}}
Jun 29 12:33:13.436413 dv-cinder-812685-12-iscsi neutron-server[104105]: INFO neutron.wsgi [None req-6579ee9a-9810-43b7-837f-be742fe3ed98 admin admin] 10.222.0.52 "POST /v2.0/networks HTTP/1.1" status: 201 len: 879 time: 1.3225715
Jun 29 12:33:13.436622 dv-cinder-812685-12-iscsi neutron-server[104106]: DEBUG neutron.plugins.ml2.rpc [None req-9609908a-39af-4d91-82fd-8a88e27941be None None] Network 80977699-ce7f-483d-aee9-fc0b58df493a details requested by agent ovs-agent-dv-cinder-812685-12-iscsi with host dv-cinder-812685-12-iscsi {{(pid=104106) get_network_details /opt/stack/neutron/neutron/plugins/ml2/rpc.py:248}}
Jun 29 12:33:13.439838 dv-cinder-812685-12-iscsi neutron-server[104105]: DEBUG neutron.wsgi [-] (104105) accepted ('10.222.0.52', 56090) {{(pid=104105) server /usr/local/lib/python3.8/dist-packages/eventlet/wsgi.py:1004}}
Jun 29 12:33:13.452941 dv-cinder-812685-12-iscsi neutron-server[104105]: DEBUG neutron.api.v2.base [None req-cf4473a7-8d06-4390-baa6-5c43050245d4 admin admin] Request body: {'subnet': {'network_id': '80977699-ce7f-483d-aee9-fc0b58df493a', 'cidr': '172.20.0.0/28', 'name': 'tempest-EncryptedVolumesExtendAttachedTest-1812276843-subnet', 'tenant_id': '0ecbd8a904ce455bb6d0a71db1e6edac', 'enable_dhcp': False, 'ip_version': 4}} {{(pid=104105) prepare_request_body /opt/stack/neutron/neutron/api/v2/base.py:730}}
Jun 29 12:33:13.458971 dv-cinder-812685-12-iscsi neutron-server[104104]: DEBUG neutron_lib.callbacks.manager [None req-22510e50-5e19-48b3-9ddb-9e30f3ef9928 admin admin] Publish callbacks [] for security_group (a8ef25c7-6d14-4280-b971-d888208bc36b), precommit_create {{(pid=104104) _notify_loop /usr/local/lib/python3.8/dist-packages/neutron_lib/callbacks/manager.py:176}}
Jun 29 12:33:13.462950 dv-cinder-812685-12-iscsi neutron-server[104105]: DEBUG neutron.scheduler.dhcp_agent_scheduler [None req-a5bb14a1-b89c-4226-8d84-d7eae13ce34d admin admin] Network a7c54b3b-affe-426d-9c11-19185ae4a6cd is already hosted by enough agents. {{(pid=104105) _get_dhcp_agents_hosting_network /opt/stack/neutron/neutron/scheduler/dhcp_agent_scheduler.py:275}}
Jun 29 12:33:13.465862 dv-cinder-812685-12-iscsi neutron-server[104104]: DEBUG neutron_lib.callbacks.manager [None req-752bccfe-5c9d-421f-9aa1-0ba8504404da admin admin] Publish callbacks ['neutron.plugins.ml2.ovo_rpc._ObjectChangeHandler.handle_event-618155', 'neutron.api.rpc.agentnotifiers.dhcp_rpc_agent_api.DhcpAgentNotifyAPI._native_event_send_dhcp_notification-529699'] for network (07f547a4-09fa-4dfc-8b3c-2afd951b9459), after_create {{(pid=104104) _notify_loop /usr/local/lib/python3.8/dist-packages/neutron_lib/callbacks/manager.py:176}}
Jun 29 12:33:13.468037 dv-cinder-812685-12-iscsi neutron-server[104104]: DEBUG neutron.pecan_wsgi.hooks.policy_enforcement [None req-752bccfe-5c9d-421f-9aa1-0ba8504404da admin admin] Attributes excluded by policy engine: ['standard_attr_id', 'vlan_transparent'] {{(pid=104104) _exclude_attributes_by_policy /opt/stack/neutron/neutron/pecan_wsgi/hooks/policy_enforcement.py:259}}
Jun 29 12:33:13.469073 dv-cinder-812685-12-iscsi neutron-server[104104]: DEBUG neutron_lib.callbacks.manager [None req-752bccfe-5c9d-421f-9aa1-0ba8504404da admin admin] Publish callbacks ['neutron.api.rpc.agentnotifiers.dhcp_rpc_agent_api.DhcpAgentNotifyAPI._send_dhcp_notification-529681'] for network (None), before_response {{(pid=104104) _notify_loop /usr/local/lib/python3.8/dist-packages/neutron_lib/callbacks/manager.py:176}}
Jun 29 12:33:13.499294 dv-cinder-812685-12-iscsi neutron-server[104105]: DEBUG neutron.api.rpc.handlers.resources_rpc [None req-6579ee9a-9810-43b7-837f-be742fe3ed98 admin admin] Pushing event updated for resources: {'SecurityGroup': ['ID=56ea6a51-85db-4b7a-abe1-15b9ba0ecbc6,revision_number=1']} {{(pid=104105) push /opt/stack/neutron/neutron/api/rpc/handlers/resources_rpc.py:237}}
Jun 29 12:33:13.513549 dv-cinder-812685-12-iscsi neutron-server[104105]: DEBUG neutron.scheduler.base_scheduler [None req-a5bb14a1-b89c-4226-8d84-d7eae13ce34d admin admin] Resources bound (agent type, host, resource id): {{(pid=104105) schedule /opt/stack/neutron/neutron/scheduler/base_scheduler.py:57}}
Jun 29 12:33:13.516647 dv-cinder-812685-12-iscsi neutron-server[104105]: DEBUG neutron.db.l3_dvrscheduler_db [None req-a5bb14a1-b89c-4226-8d84-d7eae13ce34d admin admin] Received port after_create {{(pid=104105) _notify_l3_agent_new_port /opt/stack/neutron/neutron/db/l3_dvrscheduler_db.py:542}}
Jun 29 12:33:13.643455 dv-cinder-812685-12-iscsi neutron-server[104104]: DEBUG neutron_lib.callbacks.manager [None req-22510e50-5e19-48b3-9ddb-9e30f3ef9928 admin admin] Publish callbacks ['neutron.plugins.ml2.ovo_rpc._ObjectChangeHandler.handle_event-618232'] for security_group (a8ef25c7-6d14-4280-b971-d888208bc36b), after_create {{(pid=104104) _notify_loop /usr/local/lib/python3.8/dist-packages/neutron_lib/callbacks/manager.py:176}}
Jun 29 12:33:13.652792 dv-cinder-812685-12-iscsi neutron-server[104104]: DEBUG neutron.api.rpc.handlers.resources_rpc [None req-752bccfe-5c9d-421f-9aa1-0ba8504404da admin admin] Pushing event updated for resources: {'Network': ['ID=07f547a4-09fa-4dfc-8b3c-2afd951b9459,revision_number=1']} {{(pid=104104) push /opt/stack/neutron/neutron/api/rpc/handlers/resources_rpc.py:237}}
Jun 29 12:33:13.662864 dv-cinder-812685-12-iscsi neutron-server[104104]: INFO neutron.wsgi [None req-752bccfe-5c9d-421f-9aa1-0ba8504404da admin admin] 10.222.0.52 "POST /v2.0/networks HTTP/1.1" status: 201 len: 873 time: 1.2506607
Jun 29 12:33:13.672004 dv-cinder-812685-12-iscsi neutron-server[104106]: DEBUG neutron.plugins.ml2.rpc [None req-9609908a-39af-4d91-82fd-8a88e27941be None None] Network 07f547a4-09fa-4dfc-8b3c-2afd951b9459 details requested by agent ovs-agent-dv-cinder-812685-12-iscsi with host dv-cinder-812685-12-iscsi {{(pid=104106) get_network_details /opt/stack/neutron/neutron/plugins/ml2/rpc.py:248}}
Jun 29 12:33:13.674075 dv-cinder-812685-12-iscsi neutron-server[104104]: DEBUG neutron.wsgi [-] (104104) accepted ('10.222.0.52', 56100) {{(pid=104104) server /usr/local/lib/python3.8/dist-packages/eventlet/wsgi.py:1004}}
Jun 29 12:33:13.686157 dv-cinder-812685-12-iscsi neutron-server[104104]: DEBUG neutron.api.v2.base [None req-f358ab8d-b7d8-457f-8bef-cfda8e607fe9 admin admin] Request body: {'subnet': {'network_id': '07f547a4-09fa-4dfc-8b3c-2afd951b9459', 'cidr': '172.20.0.0/28', 'name': 'tempest-ServerRescueNegativeTestJSON-1579633288-subnet', 'tenant_id': '8be6d4a4e2344e25b7661d69a9e222c8', 'enable_dhcp': True, 'ip_version': 4}} {{(pid=104104) prepare_request_body /opt/stack/neutron/neutron/api/v2/base.py:730}}
Jun 29 12:33:13.709855 dv-cinder-812685-12-iscsi neutron-server[104105]: DEBUG neutron.api.rpc.handlers.resources_rpc [None req-a5bb14a1-b89c-4226-8d84-d7eae13ce34d admin admin] Pushing event updated for resources: {'Port': ['ID=d182489e-583a-4045-a293-36edd8cd2800,revision_number=1']} {{(pid=104105) push /opt/stack/neutron/neutron/api/rpc/handlers/resources_rpc.py:237}}
Jun 29 12:33:13.732850 dv-cinder-812685-12-iscsi neutron-server[104104]: DEBUG neutron.plugins.ml2.drivers.helpers [None req-22510e50-5e19-48b3-9ddb-9e30f3ef9928 admin admin] vlan segment allocate from pool success with {'vlan_id': 218, 'physical_network': 'physnet1'} {{(pid=104104) allocate_partially_specified_segment /opt/stack/neutron/neutron/plugins/ml2/drivers/helpers.py:153}}
Jun 29 12:33:13.753013 dv-cinder-812685-12-iscsi neutron-server[104104]: DEBUG neutron.pecan_wsgi.hooks.quota_enforcement [None req-f358ab8d-b7d8-457f-8bef-cfda8e607fe9 admin admin] Made reservation on behalf of 8be6d4a4e2344e25b7661d69a9e222c8 for: {'subnet': 1} {{(pid=104104) before /opt/stack/neutron/neutron/pecan_wsgi/hooks/quota_enforcement.py:53}}
Jun 29 12:33:13.755904 dv-cinder-812685-12-iscsi neutron-server[104104]: DEBUG neutron_lib.callbacks.manager [None req-f358ab8d-b7d8-457f-8bef-cfda8e607fe9 admin admin] Publish callbacks [] for subnet (None), before_create {{(pid=104104) _notify_loop /usr/local/lib/python3.8/dist-packages/neutron_lib/callbacks/manager.py:176}}
Jun 29 12:33:13.773592 dv-cinder-812685-12-iscsi neutron-server[104105]: DEBUG neutron.pecan_wsgi.hooks.quota_enforcement [None req-cf4473a7-8d06-4390-baa6-5c43050245d4 admin admin] Made reservation on behalf of 0ecbd8a904ce455bb6d0a71db1e6edac for: {'subnet': 1} {{(pid=104105) before /opt/stack/neutron/neutron/pecan_wsgi/hooks/quota_enforcement.py:53}}
Jun 29 12:33:13.780153 dv-cinder-812685-12-iscsi neutron-server[104105]: DEBUG neutron_lib.callbacks.manager [None req-cf4473a7-8d06-4390-baa6-5c43050245d4 admin admin] Publish callbacks [] for subnet (None), before_create {{(pid=104105) _notify_loop /usr/local/lib/python3.8/dist-packages/neutron_lib/callbacks/manager.py:176}}
Jun 29 12:33:13.886904 dv-cinder-812685-12-iscsi neutron-server[104105]: DEBUG dbcounter [-] [104105] Writing DB stats neutron:SELECT=88,neutron:INSERT=8,neutron:UPDATE=3,neutron:DELETE=1 {{(pid=104105) stat_writer /usr/local/lib/python3.8/dist-packages/dbcounter.py:114}}
Jun 29 12:33:14.057001 dv-cinder-812685-12-iscsi neutron-server[104104]: DEBUG dbcounter [-] [104104] Writing DB stats neutron:UPDATE=3,neutron:SELECT=73,neutron:INSERT=22,neutron:DELETE=2 {{(pid=104104) stat_writer /usr/local/lib/python3.8/dist-packages/dbcounter.py:114}}
Jun 29 12:33:14.063002 dv-cinder-812685-12-iscsi neutron-server[104105]: DEBUG dbcounter [-] [104105] Writing DB stats neutron:INSERT=18,neutron:SELECT=75,neutron:UPDATE=6,neutron:DELETE=1 {{(pid=104105) stat_writer /usr/local/lib/python3.8/dist-packages/dbcounter.py:114}}
Jun 29 12:33:14.106623 dv-cinder-812685-12-iscsi neutron-server[104104]: DEBUG neutron.api.rpc.handlers.resources_rpc [None req-22510e50-5e19-48b3-9ddb-9e30f3ef9928 admin admin] Pushing event updated for resources: {'SecurityGroup': ['ID=a8ef25c7-6d14-4280-b971-d888208bc36b,revision_number=1']} {{(pid=104104) push /opt/stack/neutron/neutron/api/rpc/handlers/resources_rpc.py:237}}
Jun 29 12:33:14.122779 dv-cinder-812685-12-iscsi neutron-server[104104]: DEBUG neutron_lib.callbacks.manager [None req-22510e50-5e19-48b3-9ddb-9e30f3ef9928 admin admin] Publish callbacks ['neutron.plugins.ml2.plugin.Ml2Plugin._handle_segment_change-1378701'] for segment (b9c572ec-138c-4b92-886c-d0a1a1128398), precommit_create {{(pid=104104) _notify_loop /usr/local/lib/python3.8/dist-packages/neutron_lib/callbacks/manager.py:176}}
Jun 29 12:33:14.123473 dv-cinder-812685-12-iscsi neutron-server[104104]: INFO neutron.db.segments_db [None req-22510e50-5e19-48b3-9ddb-9e30f3ef9928 admin admin] Added segment b9c572ec-138c-4b92-886c-d0a1a1128398 of type vlan for network 7b5a74d9-0a05-4165-ad79-54d13b50c375
Jun 29 12:33:14.128049 dv-cinder-812685-12-iscsi neutron-server[104104]: DEBUG neutron_lib.callbacks.manager [None req-e1dddc20-ff9e-4f9c-82b1-7cc5d2d32871 admin admin] Publish callbacks [] for security_group (fa076c62-d1c4-4901-b37f-41539bd5ad92), precommit_create {{(pid=104104) _notify_loop /usr/local/lib/python3.8/dist-packages/neutron_lib/callbacks/manager.py:176}}
Jun 29 12:33:14.160087 dv-cinder-812685-12-iscsi neutron-server[104104]: DEBUG neutron_lib.callbacks.manager [None req-e1dddc20-ff9e-4f9c-82b1-7cc5d2d32871 admin admin] Publish callbacks ['neutron.plugins.ml2.ovo_rpc._ObjectChangeHandler.handle_event-618232'] for security_group (fa076c62-d1c4-4901-b37f-41539bd5ad92), after_create {{(pid=104104) _notify_loop /usr/local/lib/python3.8/dist-packages/neutron_lib/callbacks/manager.py:176}}
Jun 29 12:33:14.175867 dv-cinder-812685-12-iscsi neutron-server[104105]: DEBUG neutron_lib.callbacks.manager [None req-a5bb14a1-b89c-4226-8d84-d7eae13ce34d admin admin] Publish callbacks [] for router_gateway (6ceba6fe-a67d-4495-ac70-bd8b27368d77), after_create {{(pid=104105) _notify_loop /usr/local/lib/python3.8/dist-packages/neutron_lib/callbacks/manager.py:176}}
Jun 29 12:33:14.208673 dv-cinder-812685-12-iscsi neutron-server[104104]: DEBUG neutron_lib.callbacks.manager [None req-f358ab8d-b7d8-457f-8bef-cfda8e607fe9 admin admin] Publish callbacks ['neutron.plugins.ml2.ovo_rpc._ObjectChangeHandler.handle_event-564781', 'neutron.api.rpc.agentnotifiers.dhcp_rpc_agent_api.DhcpAgentNotifyAPI._native_event_send_dhcp_notification-529699'] for subnet (7508777d-25b0-449d-a269-feeb663114b5), after_create {{(pid=104104) _notify_loop /usr/local/lib/python3.8/dist-packages/neutron_lib/callbacks/manager.py:176}}
Jun 29 12:33:14.270024 dv-cinder-812685-12-iscsi neutron-server[104104]: DEBUG neutron.plugins.ml2.drivers.helpers [None req-e1dddc20-ff9e-4f9c-82b1-7cc5d2d32871 admin admin] vlan segment allocate from pool success with {'vlan_id': 227, 'physical_network': 'physnet1'} {{(pid=104104) allocate_partially_specified_segment /opt/stack/neutron/neutron/plugins/ml2/drivers/helpers.py:153}}
Jun 29 12:33:14.273776 dv-cinder-812685-12-iscsi neutron-server[104104]: DEBUG neutron_lib.callbacks.manager [None req-22510e50-5e19-48b3-9ddb-9e30f3ef9928 admin admin] Publish callbacks ['neutron.services.auto_allocate.db._ensure_external_network_default_value_callback-8737286803860'] for network (7b5a74d9-0a05-4165-ad79-54d13b50c375), precommit_create {{(pid=104104) _notify_loop /usr/local/lib/python3.8/dist-packages/neutron_lib/callbacks/manager.py:176}}
Jun 29 12:33:14.298962 dv-cinder-812685-12-iscsi neutron-server[104107]: DEBUG dbcounter [-] [104107] Writing DB stats neutron:SELECT=4 {{(pid=104107) stat_writer /usr/local/lib/python3.8/dist-packages/dbcounter.py:114}}
Jun 29 12:33:14.300032 dv-cinder-812685-12-iscsi neutron-server[104107]: DEBUG dbcounter [-] [104107] Writing DB stats neutron:SELECT=3,neutron:DELETE=1 {{(pid=104107) stat_writer /usr/local/lib/python3.8/dist-packages/dbcounter.py:114}}
Jun 29 12:33:14.314542 dv-cinder-812685-12-iscsi neutron-server[104107]: DEBUG neutron.db.agents_db [None req-5050b04f-c78c-46de-bd70-991533ea90ac None None] Agent healthcheck: found 6 active agents {{(pid=104107) agent_health_check /opt/stack/neutron/neutron/db/agents_db.py:317}}
Jun 29 12:33:14.323871 dv-cinder-812685-12-iscsi neutron-server[104104]: DEBUG neutron.api.rpc.handlers.resources_rpc [None req-e1dddc20-ff9e-4f9c-82b1-7cc5d2d32871 admin admin] Pushing event updated for resources: {'SecurityGroup': ['ID=fa076c62-d1c4-4901-b37f-41539bd5ad92,revision_number=1']} {{(pid=104104) push /opt/stack/neutron/neutron/api/rpc/handlers/resources_rpc.py:237}}
Jun 29 12:33:14.334475 dv-cinder-812685-12-iscsi neutron-server[104104]: DEBUG neutron_lib.callbacks.manager [None req-e1dddc20-ff9e-4f9c-82b1-7cc5d2d32871 admin admin] Publish callbacks ['neutron.plugins.ml2.plugin.Ml2Plugin._handle_segment_change-1378701'] for segment (67a30988-4e9a-45b4-8cd5-ef519f7de164), precommit_create {{(pid=104104) _notify_loop /usr/local/lib/python3.8/dist-packages/neutron_lib/callbacks/manager.py:176}}
Jun 29 12:33:14.334896 dv-cinder-812685-12-iscsi neutron-server[104104]: INFO neutron.db.segments_db [None req-e1dddc20-ff9e-4f9c-82b1-7cc5d2d32871 admin admin] Added segment 67a30988-4e9a-45b4-8cd5-ef519f7de164 of type vlan for network f0d91924-1f47-49aa-8f3d-957f9bdb1bcf
Jun 29 12:33:14.343509 dv-cinder-812685-12-iscsi neutron-server[104105]: DEBUG neutron_lib.callbacks.manager [None req-cf4473a7-8d06-4390-baa6-5c43050245d4 admin admin] Publish callbacks ['neutron.plugins.ml2.ovo_rpc._ObjectChangeHandler.handle_event-564781', 'neutron.api.rpc.agentnotifiers.dhcp_rpc_agent_api.DhcpAgentNotifyAPI._native_event_send_dhcp_notification-529699'] for subnet (27fdbf5c-9030-4bbc-bc88-154f118b6cba), after_create {{(pid=104105) _notify_loop /usr/local/lib/python3.8/dist-packages/neutron_lib/callbacks/manager.py:176}}
Jun 29 12:33:14.421217 dv-cinder-812685-12-iscsi neutron-server[104104]: DEBUG neutron_lib.callbacks.manager [None req-e1dddc20-ff9e-4f9c-82b1-7cc5d2d32871 admin admin] Publish callbacks ['neutron.services.auto_allocate.db._ensure_external_network_default_value_callback-8737286803860'] for network (f0d91924-1f47-49aa-8f3d-957f9bdb1bcf), precommit_create {{(pid=104104) _notify_loop /usr/local/lib/python3.8/dist-packages/neutron_lib/callbacks/manager.py:176}}
Jun 29 12:33:14.517173 dv-cinder-812685-12-iscsi neutron-server[104104]: DEBUG neutron.api.rpc.handlers.resources_rpc [None req-f358ab8d-b7d8-457f-8bef-cfda8e607fe9 admin admin] Pushing event updated for resources: {'Subnet': ['ID=7508777d-25b0-449d-a269-feeb663114b5,revision_number=0']} {{(pid=104104) push /opt/stack/neutron/neutron/api/rpc/handlers/resources_rpc.py:237}}
Jun 29 12:33:14.554531 dv-cinder-812685-12-iscsi neutron-server[104104]: DEBUG neutron_lib.callbacks.manager [None req-e1dddc20-ff9e-4f9c-82b1-7cc5d2d32871 admin admin] Publish callbacks ['neutron.plugins.ml2.ovo_rpc._ObjectChangeHandler.handle_event-618155', 'neutron.api.rpc.agentnotifiers.dhcp_rpc_agent_api.DhcpAgentNotifyAPI._native_event_send_dhcp_notification-529699'] for network (f0d91924-1f47-49aa-8f3d-957f9bdb1bcf), after_create {{(pid=104104) _notify_loop /usr/local/lib/python3.8/dist-packages/neutron_lib/callbacks/manager.py:176}}
Jun 29 12:33:14.555519 dv-cinder-812685-12-iscsi neutron-server[104104]: DEBUG neutron.pecan_wsgi.hooks.policy_enforcement [None req-e1dddc20-ff9e-4f9c-82b1-7cc5d2d32871 admin admin] Attributes excluded by policy engine: ['standard_attr_id', 'vlan_transparent'] {{(pid=104104) _exclude_attributes_by_policy /opt/stack/neutron/neutron/pecan_wsgi/hooks/policy_enforcement.py:259}}
Jun 29 12:33:14.556298 dv-cinder-812685-12-iscsi neutron-server[104104]: DEBUG neutron_lib.callbacks.manager [None req-e1dddc20-ff9e-4f9c-82b1-7cc5d2d32871 admin admin] Publish callbacks ['neutron.api.rpc.agentnotifiers.dhcp_rpc_agent_api.DhcpAgentNotifyAPI._send_dhcp_notification-529681'] for network (None), before_response {{(pid=104104) _notify_loop /usr/local/lib/python3.8/dist-packages/neutron_lib/callbacks/manager.py:176}}
Jun 29 12:33:14.613364 dv-cinder-812685-12-iscsi neutron-server[104104]: DEBUG neutron_lib.callbacks.manager [None req-22510e50-5e19-48b3-9ddb-9e30f3ef9928 admin admin] Publish callbacks ['neutron.plugins.ml2.ovo_rpc._ObjectChangeHandler.handle_event-618155', 'neutron.api.rpc.agentnotifiers.dhcp_rpc_agent_api.DhcpAgentNotifyAPI._native_event_send_dhcp_notification-529699'] for network (7b5a74d9-0a05-4165-ad79-54d13b50c375), after_create {{(pid=104104) _notify_loop /usr/local/lib/python3.8/dist-packages/neutron_lib/callbacks/manager.py:176}}
Jun 29 12:33:14.615836 dv-cinder-812685-12-iscsi neutron-server[104104]: DEBUG neutron.pecan_wsgi.hooks.policy_enforcement [None req-22510e50-5e19-48b3-9ddb-9e30f3ef9928 admin admin] Attributes excluded by policy engine: ['standard_attr_id', 'vlan_transparent'] {{(pid=104104) _exclude_attributes_by_policy /opt/stack/neutron/neutron/pecan_wsgi/hooks/policy_enforcement.py:259}}
Jun 29 12:33:14.616655 dv-cinder-812685-12-iscsi neutron-server[104104]: DEBUG neutron_lib.callbacks.manager [None req-22510e50-5e19-48b3-9ddb-9e30f3ef9928 admin admin] Publish callbacks ['neutron.api.rpc.agentnotifiers.dhcp_rpc_agent_api.DhcpAgentNotifyAPI._send_dhcp_notification-529681'] for network (None), before_response {{(pid=104104) _notify_loop /usr/local/lib/python3.8/dist-packages/neutron_lib/callbacks/manager.py:176}}
Jun 29 12:33:14.652478 dv-cinder-812685-12-iscsi neutron-server[104104]: INFO neutron.wsgi [None req-e1dddc20-ff9e-4f9c-82b1-7cc5d2d32871 admin admin] 10.222.0.52 "POST /v2.0/networks HTTP/1.1" status: 201 len: 866 time: 2.0277219
Jun 29 12:33:14.653557 dv-cinder-812685-12-iscsi neutron-server[104104]: DEBUG neutron.wsgi [-] (104104) accepted ('10.222.0.52', 56148) {{(pid=104104) server /usr/local/lib/python3.8/dist-packages/eventlet/wsgi.py:1004}}
Jun 29 12:33:14.657614 dv-cinder-812685-12-iscsi neutron-server[104105]: DEBUG neutron.api.rpc.handlers.resources_rpc [None req-cf4473a7-8d06-4390-baa6-5c43050245d4 admin admin] Pushing event updated for resources: {'Subnet': ['ID=27fdbf5c-9030-4bbc-bc88-154f118b6cba,revision_number=0']} {{(pid=104105) push /opt/stack/neutron/neutron/api/rpc/handlers/resources_rpc.py:237}}
Jun 29 12:33:14.699769 dv-cinder-812685-12-iscsi neutron-server[104104]: DEBUG neutron.api.v2.base [None req-fb3b3310-c248-4036-8f5f-a6a4c6d9ea60 admin admin] Request body: {'subnet': {'network_id': 'f0d91924-1f47-49aa-8f3d-957f9bdb1bcf', 'cidr': '172.20.0.0/28', 'name': 'tempest-DeleteServersTestJSON-1461228231-subnet', 'tenant_id': '46f5397c062a4868a0282f7535f84f7a', 'enable_dhcp': True, 'ip_version': 4}} {{(pid=104104) prepare_request_body /opt/stack/neutron/neutron/api/v2/base.py:730}}
Jun 29 12:33:14.705410 dv-cinder-812685-12-iscsi neutron-server[104105]: DEBUG neutron.plugins.ml2.drivers.mech_agent [None req-cf4473a7-8d06-4390-baa6-5c43050245d4 admin admin] Checking segment: {'id': 'b8810328-271c-483b-8ad4-529c01d0948d', 'network_type': 'vlan', 'physical_network': 'physnet1', 'segmentation_id': 249, 'network_id': '80977699-ce7f-483d-aee9-fc0b58df493a'} for mappings: {'physnet1': 'br-data'} with network types: ['local', 'flat', 'vlan'] {{(pid=104105) check_segment_for_agent /opt/stack/neutron/neutron/plugins/ml2/drivers/mech_agent.py:373}}
Jun 29 12:33:14.706138 dv-cinder-812685-12-iscsi neutron-server[104105]: DEBUG neutron.scheduler.dhcp_agent_scheduler [None req-cf4473a7-8d06-4390-baa6-5c43050245d4 admin admin] Network hostable DHCP agents. Network: 80977699-ce7f-483d-aee9-fc0b58df493a, hostable agents: ['e1a515a6-aa54-4895-8479-bec5a9049037'], hosted agents: [] {{(pid=104105) _get_network_hostable_dhcp_agents /opt/stack/neutron/neutron/scheduler/dhcp_agent_scheduler.py:329}}
Jun 29 12:33:14.722966 dv-cinder-812685-12-iscsi neutron-server[104104]: DEBUG neutron.plugins.ml2.drivers.mech_agent [None req-f358ab8d-b7d8-457f-8bef-cfda8e607fe9 admin admin] Checking segment: {'id': '0193cafb-542b-4968-88c0-369c0a6e968f', 'network_type': 'vlan', 'physical_network': 'physnet1', 'segmentation_id': 212, 'network_id': '07f547a4-09fa-4dfc-8b3c-2afd951b9459'} for mappings: {'physnet1': 'br-data'} with network types: ['local', 'flat', 'vlan'] {{(pid=104104) check_segment_for_agent /opt/stack/neutron/neutron/plugins/ml2/drivers/mech_agent.py:373}}
Jun 29 12:33:14.723354 dv-cinder-812685-12-iscsi neutron-server[104104]: DEBUG neutron.scheduler.dhcp_agent_scheduler [None req-f358ab8d-b7d8-457f-8bef-cfda8e607fe9 admin admin] Network hostable DHCP agents. Network: 07f547a4-09fa-4dfc-8b3c-2afd951b9459, hostable agents: ['e1a515a6-aa54-4895-8479-bec5a9049037'], hosted agents: [] {{(pid=104104) _get_network_hostable_dhcp_agents /opt/stack/neutron/neutron/scheduler/dhcp_agent_scheduler.py:329}}
Jun 29 12:33:14.748947 dv-cinder-812685-12-iscsi neutron-server[104104]: INFO neutron.wsgi [None req-22510e50-5e19-48b3-9ddb-9e30f3ef9928 admin admin] 10.222.0.52 "POST /v2.0/networks HTTP/1.1" status: 201 len: 865 time: 2.3328753
Jun 29 12:33:14.752824 dv-cinder-812685-12-iscsi neutron-server[104105]: DEBUG neutron.wsgi [-] (104105) accepted ('10.222.0.52', 56152) {{(pid=104105) server /usr/local/lib/python3.8/dist-packages/eventlet/wsgi.py:1004}}
Jun 29 12:33:14.761587 dv-cinder-812685-12-iscsi neutron-server[104105]: DEBUG neutron.api.v2.base [None req-fb1694d6-0d93-40b4-97b6-bf06d2943c4c admin admin] Request body: {'subnet': {'network_id': '7b5a74d9-0a05-4165-ad79-54d13b50c375', 'cidr': '172.20.0.0/28', 'name': 'tempest-AttachVolumeTestJSON-1673034612-subnet', 'tenant_id': '0f625199b4eb48c98944ea79a90f2841', 'enable_dhcp': True, 'ip_version': 4}} {{(pid=104105) prepare_request_body /opt/stack/neutron/neutron/api/v2/base.py:730}}
Jun 29 12:33:14.780965 dv-cinder-812685-12-iscsi neutron-server[104105]: DEBUG neutron_lib.callbacks.manager [None req-a5bb14a1-b89c-4226-8d84-d7eae13ce34d admin admin] Publish callbacks ['neutron.services.l3_router.l3_router_plugin.L3_HA_NAT_db_mixin._after_router_create-568143', 'neutron.services.l3_router.l3_router_plugin.DVRResourceOperationHandler._create_snat_interfaces_after_change-570620'] for router (6ceba6fe-a67d-4495-ac70-bd8b27368d77), after_create {{(pid=104105) _notify_loop /usr/local/lib/python3.8/dist-packages/neutron_lib/callbacks/manager.py:176}}
Jun 29 12:33:14.785547 dv-cinder-812685-12-iscsi neutron-server[104105]: DEBUG neutron.scheduler.dhcp_agent_scheduler [None req-cf4473a7-8d06-4390-baa6-5c43050245d4 admin admin] Network 80977699-ce7f-483d-aee9-fc0b58df493a is scheduled to be hosted by DHCP agent e1a515a6-aa54-4895-8479-bec5a9049037 with binding_index 1 {{(pid=104105) bind /opt/stack/neutron/neutron/scheduler/dhcp_agent_scheduler.py:227}}
Jun 29 12:33:14.815312 dv-cinder-812685-12-iscsi neutron-server[104104]: DEBUG neutron.api.rpc.handlers.resources_rpc [None req-e1dddc20-ff9e-4f9c-82b1-7cc5d2d32871 admin admin] Pushing event updated for resources: {'Network': ['ID=f0d91924-1f47-49aa-8f3d-957f9bdb1bcf,revision_number=1']} {{(pid=104104) push /opt/stack/neutron/neutron/api/rpc/handlers/resources_rpc.py:237}}
Jun 29 12:33:14.825347 dv-cinder-812685-12-iscsi neutron-server[104104]: DEBUG dbcounter [-] [104104] Writing DB stats neutron:SELECT=85,neutron:INSERT=11,neutron:UPDATE=4 {{(pid=104104) stat_writer /usr/local/lib/python3.8/dist-packages/dbcounter.py:114}}
Jun 29 12:33:14.829815 dv-cinder-812685-12-iscsi neutron-server[104106]: DEBUG neutron.plugins.ml2.rpc [None req-9609908a-39af-4d91-82fd-8a88e27941be None None] Network f0d91924-1f47-49aa-8f3d-957f9bdb1bcf details requested by agent ovs-agent-dv-cinder-812685-12-iscsi with host dv-cinder-812685-12-iscsi {{(pid=104106) get_network_details /opt/stack/neutron/neutron/plugins/ml2/rpc.py:248}}
Jun 29 12:33:14.870877 dv-cinder-812685-12-iscsi neutron-server[104104]: DEBUG neutron.pecan_wsgi.hooks.quota_enforcement [None req-fb3b3310-c248-4036-8f5f-a6a4c6d9ea60 admin admin] Made reservation on behalf of 46f5397c062a4868a0282f7535f84f7a for: {'subnet': 1} {{(pid=104104) before /opt/stack/neutron/neutron/pecan_wsgi/hooks/quota_enforcement.py:53}}
Jun 29 12:33:14.874248 dv-cinder-812685-12-iscsi neutron-server[104104]: DEBUG neutron_lib.callbacks.manager [None req-fb3b3310-c248-4036-8f5f-a6a4c6d9ea60 admin admin] Publish callbacks [] for subnet (None), before_create {{(pid=104104) _notify_loop /usr/local/lib/python3.8/dist-packages/neutron_lib/callbacks/manager.py:176}}
