Jun 29 12:26:21.338251 dv-cinder-812685-12-iscsi devstack@c-api.service[110963]: /usr/local/lib/python3.8/dist-packages/oslo_policy/policy.py:809: UserWarning: Policy "volume_extension:volume_encryption_metadata":"rule:admin_or_owner" was deprecated in X in favor of "volume_extension:volume_encryption_metadata":"rule:xena_system_admin_or_project_reader". Reason: Default policies now support the three Keystone default roles, namely 'admin', 'member', and 'reader' to implement three Cinder "personas". See "Policy Personas and Permissions" in the "Cinder Service Configuration" documentation (Xena release) for details.. Either ensure your deployment is ready for the new default or copy/paste the deprecated policy into your policy file and maintain it manually.
Jun 29 12:26:21.338251 dv-cinder-812685-12-iscsi devstack@c-api.service[110963]: warnings.warn(deprecated_msg)
Jun 29 12:26:21.338251 dv-cinder-812685-12-iscsi devstack@c-api.service[110963]: /usr/local/lib/python3.8/dist-packages/oslo_policy/policy.py:809: UserWarning: Policy "volume:multiattach":"rule:admin_or_owner" was deprecated in X in favor of "volume:multiattach":"rule:xena_system_admin_or_project_member". Reason: Default policies now support the three Keystone default roles, namely 'admin', 'member', and 'reader' to implement three Cinder "personas". See "Policy Personas and Permissions" in the "Cinder Service Configuration" documentation (Xena release) for details.. Either ensure your deployment is ready for the new default or copy/paste the deprecated policy into your policy file and maintain it manually.
Jun 29 12:26:21.338251 dv-cinder-812685-12-iscsi devstack@c-api.service[110963]: warnings.warn(deprecated_msg)
Jun 29 12:26:21.338821 dv-cinder-812685-12-iscsi devstack@c-api.service[110963]: /usr/local/lib/python3.8/dist-packages/oslo_policy/policy.py:809: UserWarning: Policy "volume_extension:default_set_or_update":"rule:system_or_domain_or_project_admin" was deprecated in X in favor of "volume_extension:default_set_or_update":"rule:admin_api". Reason: Default policies now support the three Keystone default roles, namely 'admin', 'member', and 'reader' to implement three Cinder "personas". See "Policy Personas and Permissions" in the "Cinder Service Configuration" documentation (Xena release) for details.. Either ensure your deployment is ready for the new default or copy/paste the deprecated policy into your policy file and maintain it manually.
Jun 29 12:26:21.338821 dv-cinder-812685-12-iscsi devstack@c-api.service[110963]: warnings.warn(deprecated_msg)
Jun 29 12:26:21.338821 dv-cinder-812685-12-iscsi devstack@c-api.service[110963]: /usr/local/lib/python3.8/dist-packages/oslo_policy/policy.py:809: UserWarning: Policy "volume_extension:default_get":"rule:system_or_domain_or_project_admin" was deprecated in X in favor of "volume_extension:default_get":"rule:admin_api". Reason: Default policies now support the three Keystone default roles, namely 'admin', 'member', and 'reader' to implement three Cinder "personas". See "Policy Personas and Permissions" in the "Cinder Service Configuration" documentation (Xena release) for details.. Either ensure your deployment is ready for the new default or copy/paste the deprecated policy into your policy file and maintain it manually.
Jun 29 12:26:21.338821 dv-cinder-812685-12-iscsi devstack@c-api.service[110963]: warnings.warn(deprecated_msg)
Jun 29 12:26:21.338821 dv-cinder-812685-12-iscsi devstack@c-api.service[110963]: /usr/local/lib/python3.8/dist-packages/oslo_policy/policy.py:809: UserWarning: Policy "volume_extension:default_get_all":"role:admin and system_scope:all" was deprecated in X in favor of "volume_extension:default_get_all":"rule:admin_api". Reason: Default policies now support the three Keystone default roles, namely 'admin', 'member', and 'reader' to implement three Cinder "personas". See "Policy Personas and Permissions" in the "Cinder Service Configuration" documentation (Xena release) for details.. Either ensure your deployment is ready for the new default or copy/paste the deprecated policy into your policy file and maintain it manually.
Jun 29 12:26:21.339480 dv-cinder-812685-12-iscsi devstack@c-api.service[110963]: warnings.warn(deprecated_msg)
Jun 29 12:26:21.339480 dv-cinder-812685-12-iscsi devstack@c-api.service[110963]: /usr/local/lib/python3.8/dist-packages/oslo_policy/policy.py:809: UserWarning: Policy "volume_extension:default_unset":"rule:system_or_domain_or_project_admin" was deprecated in X in favor of "volume_extension:default_unset":"rule:admin_api". Reason: Default policies now support the three Keystone default roles, namely 'admin', 'member', and 'reader' to implement three Cinder "personas". See "Policy Personas and Permissions" in the "Cinder Service Configuration" documentation (Xena release) for details.. Either ensure your deployment is ready for the new default or copy/paste the deprecated policy into your policy file and maintain it manually.
Jun 29 12:26:21.339480 dv-cinder-812685-12-iscsi devstack@c-api.service[110963]: warnings.warn(deprecated_msg)
Jun 29 12:26:21.339480 dv-cinder-812685-12-iscsi devstack@c-api.service[110963]: DEBUG cinder.api.middleware.request_id [None req-67a367e1-f514-4340-90d1-43eb3213c0cb None None] RequestId filter calling following filter/app {{(pid=110963) _context_setter /opt/stack/cinder/cinder/api/middleware/request_id.py:62}}
Jun 29 12:26:22.156066 dv-cinder-812685-12-iscsi devstack@c-api.service[110963]: INFO cinder.api.openstack.wsgi [None req-67a367e1-f514-4340-90d1-43eb3213c0cb admin admin] POST http://10.222.0.52/volume/v3/a19795d69941402bbd95f8c9172fb339/types
Jun 29 12:26:22.158105 dv-cinder-812685-12-iscsi devstack@c-api.service[110963]: DEBUG cinder.api.openstack.wsgi [None req-67a367e1-f514-4340-90d1-43eb3213c0cb admin admin] Action: 'create', calling method: _create, body: {"volume_type": {"name": "lvmdriver-1", "description": null, "os-volume-type-access:is_public": true}} {{(pid=110963) _process_stack /opt/stack/cinder/cinder/api/openstack/wsgi.py:866}}
Jun 29 12:26:22.160085 dv-cinder-812685-12-iscsi devstack@c-api.service[110963]: /usr/local/lib/python3.8/dist-packages/oslo_context/context.py:100: DeprecationWarning: Policy enforcement is depending on the value of is_admin. This key is deprecated. Please update your policy file to use the standard policy values.
Jun 29 12:26:22.160085 dv-cinder-812685-12-iscsi devstack@c-api.service[110963]: warnings.warn('Policy enforcement is depending on the value of '
Jun 29 12:26:22.167417 dv-cinder-812685-12-iscsi devstack@c-api.service[110963]: DEBUG oslo_db.sqlalchemy.engines [None req-67a367e1-f514-4340-90d1-43eb3213c0cb admin admin] MySQL server mode set to STRICT_TRANS_TABLES,STRICT_ALL_TABLES,NO_ZERO_IN_DATE,NO_ZERO_DATE,ERROR_FOR_DIVISION_BY_ZERO,TRADITIONAL,NO_ENGINE_SUBSTITUTION {{(pid=110963) _check_effective_sql_mode /usr/local/lib/python3.8/dist-packages/oslo_db/sqlalchemy/engines.py:314}}
Jun 29 12:26:22.210921 dv-cinder-812685-12-iscsi devstack@c-api.service[110963]: INFO cinder.api.openstack.wsgi [None req-67a367e1-f514-4340-90d1-43eb3213c0cb admin admin] http://10.222.0.52/volume/v3/a19795d69941402bbd95f8c9172fb339/types returned with HTTP 200
Jun 29 12:26:22.217521 dv-cinder-812685-12-iscsi devstack@c-api.service[110963]: [pid: 110963|app: 0|req: 1/2] 10.222.0.52 () {60 vars in 1237 bytes} [Wed Jun 29 12:26:21 2022] POST /volume/v3/a19795d69941402bbd95f8c9172fb339/types => generated 186 bytes in 927 msecs (HTTP/1.1 200) 7 headers in 285 bytes (1 switches on core 0)
Jun 29 12:26:22.224543 dv-cinder-812685-12-iscsi devstack@c-api.service[110964]: DEBUG cinder.api.middleware.request_id [req-67a367e1-f514-4340-90d1-43eb3213c0cb req-3c45407d-16d9-4d57-a28e-e684dd8fc0c0 None None] RequestId filter calling following filter/app {{(pid=110964) _context_setter /opt/stack/cinder/cinder/api/middleware/request_id.py:62}}
Jun 29 12:26:22.931354 dv-cinder-812685-12-iscsi devstack@c-api.service[110964]: INFO cinder.api.openstack.wsgi [req-67a367e1-f514-4340-90d1-43eb3213c0cb req-3c45407d-16d9-4d57-a28e-e684dd8fc0c0 admin admin] POST http://10.222.0.52/volume/v3/a19795d69941402bbd95f8c9172fb339/types/8408e0e1-5164-4ae1-8e5c-e7df260cc5b6/extra_specs
Jun 29 12:26:22.932677 dv-cinder-812685-12-iscsi devstack@c-api.service[110964]: DEBUG cinder.api.openstack.wsgi [req-67a367e1-f514-4340-90d1-43eb3213c0cb req-3c45407d-16d9-4d57-a28e-e684dd8fc0c0 admin admin] Action: 'create', calling method: create, body: {"extra_specs": {"volume_backend_name": "lvmdriver-1"}} {{(pid=110964) _process_stack /opt/stack/cinder/cinder/api/openstack/wsgi.py:866}}
Jun 29 12:26:22.935371 dv-cinder-812685-12-iscsi devstack@c-api.service[110964]: /usr/local/lib/python3.8/dist-packages/oslo_context/context.py:100: DeprecationWarning: Policy enforcement is depending on the value of is_admin. This key is deprecated. Please update your policy file to use the standard policy values.
Jun 29 12:26:22.935371 dv-cinder-812685-12-iscsi devstack@c-api.service[110964]: warnings.warn('Policy enforcement is depending on the value of '
Jun 29 12:26:22.944942 dv-cinder-812685-12-iscsi devstack@c-api.service[110964]: DEBUG oslo_db.sqlalchemy.engines [req-67a367e1-f514-4340-90d1-43eb3213c0cb req-3c45407d-16d9-4d57-a28e-e684dd8fc0c0 admin admin] MySQL server mode set to STRICT_TRANS_TABLES,STRICT_ALL_TABLES,NO_ZERO_IN_DATE,NO_ZERO_DATE,ERROR_FOR_DIVISION_BY_ZERO,TRADITIONAL,NO_ENGINE_SUBSTITUTION {{(pid=110964) _check_effective_sql_mode /usr/local/lib/python3.8/dist-packages/oslo_db/sqlalchemy/engines.py:314}}
Jun 29 12:26:23.087711 dv-cinder-812685-12-iscsi devstack@c-api.service[110964]: INFO cinder.api.openstack.wsgi [req-67a367e1-f514-4340-90d1-43eb3213c0cb req-3c45407d-16d9-4d57-a28e-e684dd8fc0c0 admin admin] http://10.222.0.52/volume/v3/a19795d69941402bbd95f8c9172fb339/types/8408e0e1-5164-4ae1-8e5c-e7df260cc5b6/extra_specs returned with HTTP 200
Jun 29 12:26:23.088490 dv-cinder-812685-12-iscsi devstack@c-api.service[110964]: [pid: 110964|app: 0|req: 2/3] 10.222.0.52 () {62 vars in 1454 bytes} [Wed Jun 29 12:26:22 2022] POST /volume/v3/a19795d69941402bbd95f8c9172fb339/types/8408e0e1-5164-4ae1-8e5c-e7df260cc5b6/extra_specs => generated 55 bytes in 869 msecs (HTTP/1.1 200) 7 headers in 284 bytes (1 switches on core 0)
Jun 29 12:26:32.205310 dv-cinder-812685-12-iscsi devstack@c-api.service[110963]: DEBUG dbcounter [-] [110963] Writing DB stats cinder:SELECT=18,cinder:INSERT=1 {{(pid=110963) stat_writer /usr/local/lib/python3.8/dist-packages/dbcounter.py:114}}
Jun 29 12:26:33.084023 dv-cinder-812685-12-iscsi devstack@c-api.service[110964]: DEBUG dbcounter [-] [110964] Writing DB stats cinder:SELECT=25,cinder:INSERT=1 {{(pid=110964) stat_writer /usr/local/lib/python3.8/dist-packages/dbcounter.py:114}}
Jun 29 12:27:00.697071 dv-cinder-812685-12-iscsi devstack@c-api.service[110963]: DEBUG cinder.api.middleware.request_id [None req-09ba8476-633a-42ee-b586-6e769a31581e None None] RequestId filter calling following filter/app {{(pid=110963) _context_setter /opt/stack/cinder/cinder/api/middleware/request_id.py:62}}
Jun 29 12:27:00.698313 dv-cinder-812685-12-iscsi devstack@c-api.service[110963]: INFO cinder.api.openstack.wsgi [None req-09ba8476-633a-42ee-b586-6e769a31581e None None] GET http://10.222.0.52/volume//
Jun 29 12:27:00.698739 dv-cinder-812685-12-iscsi devstack@c-api.service[110963]: DEBUG cinder.api.openstack.wsgi [None req-09ba8476-633a-42ee-b586-6e769a31581e None None] Empty body provided in request {{(pid=110963) get_body /opt/stack/cinder/cinder/api/openstack/wsgi.py:715}}
Jun 29 12:27:00.699193 dv-cinder-812685-12-iscsi devstack@c-api.service[110963]: DEBUG cinder.api.openstack.wsgi [None req-09ba8476-633a-42ee-b586-6e769a31581e None None] Calling method 'all' {{(pid=110963) _process_stack /opt/stack/cinder/cinder/api/openstack/wsgi.py:868}}
Jun 29 12:27:00.700244 dv-cinder-812685-12-iscsi devstack@c-api.service[110963]: INFO cinder.api.openstack.wsgi [None req-09ba8476-633a-42ee-b586-6e769a31581e None None] http://10.222.0.52/volume// returned with HTTP 300
Jun 29 12:27:00.700809 dv-cinder-812685-12-iscsi devstack@c-api.service[110963]: [pid: 110963|app: 0|req: 2/4] 10.222.0.52 () {56 vars in 1098 bytes} [Wed Jun 29 12:27:00 2022] GET /volume/ => generated 386 bytes in 5 msecs (HTTP/1.1 300) 7 headers in 299 bytes (1 switches on core 0)
Jun 29 12:29:34.935709 dv-cinder-812685-12-iscsi devstack@c-api.service[110964]: DEBUG cinder.api.middleware.request_id [None req-caa7d0b3-68ae-4542-bbbb-e876217a5b0f None None] RequestId filter calling following filter/app {{(pid=110964) _context_setter /opt/stack/cinder/cinder/api/middleware/request_id.py:62}}
Jun 29 12:29:35.069438 dv-cinder-812685-12-iscsi devstack@c-api.service[110964]: INFO cinder.api.openstack.wsgi [None req-caa7d0b3-68ae-4542-bbbb-e876217a5b0f tempest-verify_tempest_config-611105937 tempest-verify_tempest_config-611105937-project] GET http://10.222.0.52/volume/v3/d800c6c907b5435996a833765cf28f69/extensions
Jun 29 12:29:35.069880 dv-cinder-812685-12-iscsi devstack@c-api.service[110964]: DEBUG cinder.api.openstack.wsgi [None req-caa7d0b3-68ae-4542-bbbb-e876217a5b0f tempest-verify_tempest_config-611105937 tempest-verify_tempest_config-611105937-project] Empty body provided in request {{(pid=110964) get_body /opt/stack/cinder/cinder/api/openstack/wsgi.py:715}}
Jun 29 12:29:35.070320 dv-cinder-812685-12-iscsi devstack@c-api.service[110964]: DEBUG cinder.api.openstack.wsgi [None req-caa7d0b3-68ae-4542-bbbb-e876217a5b0f tempest-verify_tempest_config-611105937 tempest-verify_tempest_config-611105937-project] Calling method 'index' {{(pid=110964) _process_stack /opt/stack/cinder/cinder/api/openstack/wsgi.py:868}}
Jun 29 12:29:35.071018 dv-cinder-812685-12-iscsi devstack@c-api.service[110964]: INFO cinder.api.openstack.wsgi [None req-caa7d0b3-68ae-4542-bbbb-e876217a5b0f tempest-verify_tempest_config-611105937 tempest-verify_tempest_config-611105937-project] http://10.222.0.52/volume/v3/d800c6c907b5435996a833765cf28f69/extensions returned with HTTP 200
Jun 29 12:29:35.072359 dv-cinder-812685-12-iscsi devstack@c-api.service[110964]: [pid: 110964|app: 0|req: 3/5] 10.222.0.52 () {58 vars in 1222 bytes} [Wed Jun 29 12:29:34 2022] GET /volume/v3/d800c6c907b5435996a833765cf28f69/extensions => generated 5245 bytes in 138 msecs (HTTP/1.1 200) 7 headers in 286 bytes (1 switches on core 0)
Jun 29 12:31:38.686701 dv-cinder-812685-12-iscsi devstack@c-api.service[110963]: DEBUG cinder.api.middleware.request_id [None req-e7f22ccb-dc1d-4811-87e2-3ea6ee1ce697 None None] RequestId filter calling following filter/app {{(pid=110963) _context_setter /opt/stack/cinder/cinder/api/middleware/request_id.py:62}}
Jun 29 12:31:38.783818 dv-cinder-812685-12-iscsi devstack@c-api.service[110963]: INFO cinder.api.openstack.wsgi [None req-e7f22ccb-dc1d-4811-87e2-3ea6ee1ce697 admin admin] GET http://10.222.0.52/volume/v3/a19795d69941402bbd95f8c9172fb339/os-services
Jun 29 12:31:38.784266 dv-cinder-812685-12-iscsi devstack@c-api.service[110963]: DEBUG cinder.api.openstack.wsgi [None req-e7f22ccb-dc1d-4811-87e2-3ea6ee1ce697 admin admin] Empty body provided in request {{(pid=110963) get_body /opt/stack/cinder/cinder/api/openstack/wsgi.py:715}}
Jun 29 12:31:38.784704 dv-cinder-812685-12-iscsi devstack@c-api.service[110963]: DEBUG cinder.api.openstack.wsgi [None req-e7f22ccb-dc1d-4811-87e2-3ea6ee1ce697 admin admin] Calling method 'index' {{(pid=110963) _process_stack /opt/stack/cinder/cinder/api/openstack/wsgi.py:868}}
Jun 29 12:31:38.794082 dv-cinder-812685-12-iscsi devstack@c-api.service[110963]: INFO cinder.api.openstack.wsgi [None req-e7f22ccb-dc1d-4811-87e2-3ea6ee1ce697 admin admin] http://10.222.0.52/volume/v3/a19795d69941402bbd95f8c9172fb339/os-services returned with HTTP 200
Jun 29 12:31:38.794818 dv-cinder-812685-12-iscsi devstack@c-api.service[110963]: [pid: 110963|app: 0|req: 3/6] 10.222.0.52 () {56 vars in 1201 bytes} [Wed Jun 29 12:31:38 2022] GET /volume/v3/a19795d69941402bbd95f8c9172fb339/os-services => generated 643 bytes in 109 msecs (HTTP/1.1 200) 7 headers in 285 bytes (1 switches on core 0)
Jun 29 12:31:41.202930 dv-cinder-812685-12-iscsi devstack@c-api.service[110964]: DEBUG cinder.api.middleware.request_id [None req-aa7f903f-e566-4563-8208-39a0a66bb892 None None] RequestId filter calling following filter/app {{(pid=110964) _context_setter /opt/stack/cinder/cinder/api/middleware/request_id.py:62}}
Jun 29 12:31:41.254978 dv-cinder-812685-12-iscsi devstack@c-api.service[110964]: INFO cinder.api.openstack.wsgi [None req-aa7f903f-e566-4563-8208-39a0a66bb892 admin admin] GET http://10.222.0.52/volume/v3/a19795d69941402bbd95f8c9172fb339/os-services
Jun 29 12:31:41.255433 dv-cinder-812685-12-iscsi devstack@c-api.service[110964]: DEBUG cinder.api.openstack.wsgi [None req-aa7f903f-e566-4563-8208-39a0a66bb892 admin admin] Empty body provided in request {{(pid=110964) get_body /opt/stack/cinder/cinder/api/openstack/wsgi.py:715}}
Jun 29 12:31:41.255883 dv-cinder-812685-12-iscsi devstack@c-api.service[110964]: DEBUG cinder.api.openstack.wsgi [None req-aa7f903f-e566-4563-8208-39a0a66bb892 admin admin] Calling method 'index' {{(pid=110964) _process_stack /opt/stack/cinder/cinder/api/openstack/wsgi.py:868}}
Jun 29 12:31:41.265334 dv-cinder-812685-12-iscsi devstack@c-api.service[110964]: INFO cinder.api.openstack.wsgi [None req-aa7f903f-e566-4563-8208-39a0a66bb892 admin admin] http://10.222.0.52/volume/v3/a19795d69941402bbd95f8c9172fb339/os-services returned with HTTP 200
Jun 29 12:31:41.266038 dv-cinder-812685-12-iscsi devstack@c-api.service[110964]: [pid: 110964|app: 0|req: 4/7] 10.222.0.52 () {56 vars in 1201 bytes} [Wed Jun 29 12:31:41 2022] GET /volume/v3/a19795d69941402bbd95f8c9172fb339/os-services => generated 643 bytes in 64 msecs (HTTP/1.1 200) 7 headers in 285 bytes (1 switches on core 0)
Jun 29 12:31:48.789884 dv-cinder-812685-12-iscsi devstack@c-api.service[110963]: DEBUG dbcounter [-] [110963] Writing DB stats cinder:SELECT=2 {{(pid=110963) stat_writer /usr/local/lib/python3.8/dist-packages/dbcounter.py:114}}
Jun 29 12:31:51.261181 dv-cinder-812685-12-iscsi devstack@c-api.service[110964]: DEBUG dbcounter [-] [110964] Writing DB stats cinder:SELECT=2 {{(pid=110964) stat_writer /usr/local/lib/python3.8/dist-packages/dbcounter.py:114}}
Jun 29 12:33:13.206660 dv-cinder-812685-12-iscsi devstack@c-api.service[110963]: DEBUG cinder.api.middleware.request_id [None req-0d381c32-09b4-4bdb-9839-552176c837dc None None] RequestId filter calling following filter/app {{(pid=110963) _context_setter /opt/stack/cinder/cinder/api/middleware/request_id.py:62}}
Jun 29 12:33:13.388345 dv-cinder-812685-12-iscsi devstack@c-api.service[110963]: INFO cinder.api.openstack.wsgi [None req-0d381c32-09b4-4bdb-9839-552176c837dc tempest-GroupsV320Test-491391085 tempest-GroupsV320Test-491391085-project-admin] POST http://10.222.0.52/volume/v3/587b93767a5645c99b26b4acd3600515/types
Jun 29 12:33:13.390237 dv-cinder-812685-12-iscsi devstack@c-api.service[110963]: DEBUG cinder.api.openstack.wsgi [None req-0d381c32-09b4-4bdb-9839-552176c837dc tempest-GroupsV320Test-491391085 tempest-GroupsV320Test-491391085-project-admin] Action: 'create', calling method: _create, body: {"volume_type": {"name": "tempest-GroupsV320Test-volume-type-130180464"}} {{(pid=110963) _process_stack /opt/stack/cinder/cinder/api/openstack/wsgi.py:866}}
Jun 29 12:33:13.438688 dv-cinder-812685-12-iscsi devstack@c-api.service[110963]: INFO cinder.api.openstack.wsgi [None req-0d381c32-09b4-4bdb-9839-552176c837dc tempest-GroupsV320Test-491391085 tempest-GroupsV320Test-491391085-project-admin] http://10.222.0.52/volume/v3/587b93767a5645c99b26b4acd3600515/types returned with HTTP 200
Jun 29 12:33:13.440544 dv-cinder-812685-12-iscsi devstack@c-api.service[110963]: [pid: 110963|app: 0|req: 4/8] 10.222.0.52 () {60 vars in 1228 bytes} [Wed Jun 29 12:33:13 2022] POST /volume/v3/587b93767a5645c99b26b4acd3600515/types => generated 219 bytes in 236 msecs (HTTP/1.1 200) 7 headers in 285 bytes (1 switches on core 0)
Jun 29 12:33:13.449790 dv-cinder-812685-12-iscsi devstack@c-api.service[110964]: DEBUG cinder.api.middleware.request_id [None req-70b4da4d-32ec-42eb-bd8e-a99094654a95 None None] RequestId filter calling following filter/app {{(pid=110964) _context_setter /opt/stack/cinder/cinder/api/middleware/request_id.py:62}}
Jun 29 12:33:13.454077 dv-cinder-812685-12-iscsi devstack@c-api.service[110964]: INFO cinder.api.openstack.wsgi [None req-70b4da4d-32ec-42eb-bd8e-a99094654a95 tempest-GroupsV320Test-491391085 tempest-GroupsV320Test-491391085-project-admin] POST http://10.222.0.52/volume/v3/587b93767a5645c99b26b4acd3600515/group_types
Jun 29 12:33:13.455000 dv-cinder-812685-12-iscsi devstack@c-api.service[110964]: DEBUG cinder.api.openstack.wsgi [None req-70b4da4d-32ec-42eb-bd8e-a99094654a95 tempest-GroupsV320Test-491391085 tempest-GroupsV320Test-491391085-project-admin] Action: 'create', calling method: version_select, body: {"group_type": {"name": "tempest-GroupsV320Test-group-type-117670823"}} {{(pid=110964) _process_stack /opt/stack/cinder/cinder/api/openstack/wsgi.py:866}}
Jun 29 12:33:13.577410 dv-cinder-812685-12-iscsi devstack@c-api.service[110964]: INFO cinder.api.openstack.wsgi [None req-70b4da4d-32ec-42eb-bd8e-a99094654a95 tempest-GroupsV320Test-491391085 tempest-GroupsV320Test-491391085-project-admin] http://10.222.0.52/volume/v3/587b93767a5645c99b26b4acd3600515/group_types returned with HTTP 202
Jun 29 12:33:13.578715 dv-cinder-812685-12-iscsi devstack@c-api.service[110964]: [pid: 110964|app: 0|req: 5/9] 10.222.0.52 () {62 vars in 1287 bytes} [Wed Jun 29 12:33:13 2022] POST /volume/v3/587b93767a5645c99b26b4acd3600515/group_types => generated 176 bytes in 132 msecs (HTTP/1.1 202) 7 headers in 292 bytes (1 switches on core 0)
Jun 29 12:33:13.585320 dv-cinder-812685-12-iscsi devstack@c-api.service[110963]: DEBUG cinder.api.middleware.request_id [None req-f05b1aab-f329-4e9e-a169-d385b83f36b3 None None] RequestId filter calling following filter/app {{(pid=110963) _context_setter /opt/stack/cinder/cinder/api/middleware/request_id.py:62}}
Jun 29 12:33:13.846856 dv-cinder-812685-12-iscsi devstack@c-api.service[110963]: INFO cinder.api.openstack.wsgi [None req-f05b1aab-f329-4e9e-a169-d385b83f36b3 tempest-GroupsV320Test-1723262961 tempest-GroupsV320Test-1723262961-project] POST http://10.222.0.52/volume/v3/1b65b9e1603349d2880eb2b4d793211e/groups
Jun 29 12:33:13.846856 dv-cinder-812685-12-iscsi devstack@c-api.service[110963]: DEBUG cinder.api.openstack.wsgi [None req-f05b1aab-f329-4e9e-a169-d385b83f36b3 tempest-GroupsV320Test-1723262961 tempest-GroupsV320Test-1723262961-project] Action: 'create', calling method: version_select, body: {"group": {"group_type": "5241caa2-cbb3-45f6-9924-1d20d4b87223", "volume_types": ["84c2ae03-c66a-41d4-9b8c-5e508883aa2a"], "name": "tempest-GroupsV320Test-Group-1257330101"}} {{(pid=110963) _process_stack /opt/stack/cinder/cinder/api/openstack/wsgi.py:866}}
Jun 29 12:33:13.846856 dv-cinder-812685-12-iscsi devstack@c-api.service[110963]: DEBUG cinder.api.v3.groups [None req-f05b1aab-f329-4e9e-a169-d385b83f36b3 tempest-GroupsV320Test-1723262961 tempest-GroupsV320Test-1723262961-project] Creating new group {'group': {'group_type': '5241caa2-cbb3-45f6-9924-1d20d4b87223', 'volume_types': ['84c2ae03-c66a-41d4-9b8c-5e508883aa2a'], 'name': 'tempest-GroupsV320Test-Group-1257330101'}} {{(pid=110963) create /opt/stack/cinder/cinder/api/v3/groups.py:190}}
Jun 29 12:33:13.869659 dv-cinder-812685-12-iscsi devstack@c-api.service[110963]: INFO cinder.api.v3.groups [None req-f05b1aab-f329-4e9e-a169-d385b83f36b3 tempest-GroupsV320Test-1723262961 tempest-GroupsV320Test-1723262961-project] Creating group tempest-GroupsV320Test-Group-1257330101.
Jun 29 12:33:13.939538 dv-cinder-812685-12-iscsi devstack@c-api.service[110964]: DEBUG cinder.api.middleware.request_id [req-ff9f2098-3e31-4a58-88b4-d2385d069c45 req-53b76e42-a0a3-491f-b930-4416062270ea None None] RequestId filter calling following filter/app {{(pid=110964) _context_setter /opt/stack/cinder/cinder/api/middleware/request_id.py:62}}
Jun 29 12:33:13.949455 dv-cinder-812685-12-iscsi devstack@c-api.service[110963]: DEBUG cinder.volume.api [None req-f05b1aab-f329-4e9e-a169-d385b83f36b3 tempest-GroupsV320Test-1723262961 tempest-GroupsV320Test-1723262961-project] Availability zone cache updated, next update will occur around 2022-06-29 13:33:13.948290. {{(pid=110963) list_availability_zones /opt/stack/cinder/cinder/volume/api.py:154}}
Jun 29 12:33:13.950718 dv-cinder-812685-12-iscsi devstack@c-api.service[110963]: INFO cinder.volume.api [None req-f05b1aab-f329-4e9e-a169-d385b83f36b3 tempest-GroupsV320Test-1723262961 tempest-GroupsV320Test-1723262961-project] Availability Zones retrieved successfully.
Jun 29 12:33:14.039942 dv-cinder-812685-12-iscsi devstack@c-api.service[110964]: WARNING keystonemiddleware.auth_token [req-ff9f2098-3e31-4a58-88b4-d2385d069c45 req-53b76e42-a0a3-491f-b930-4416062270ea None None] A valid token was submitted as a service token, but it was not a valid service token. This is incorrect but backwards compatible behaviour. This will be removed in future releases.
Jun 29 12:33:14.043586 dv-cinder-812685-12-iscsi devstack@c-api.service[110964]: INFO cinder.api.openstack.wsgi [req-ff9f2098-3e31-4a58-88b4-d2385d069c45 req-53b76e42-a0a3-491f-b930-4416062270ea tempest-VolumesNegativeTest-1738211914 tempest-VolumesNegativeTest-1738211914-project] DELETE http://10.222.0.52/volume/v3/c8efd9db53c14bf69dc0ebd8ebac75fc/volumes/tempest-invalid-1187480971
Jun 29 12:33:14.044164 dv-cinder-812685-12-iscsi devstack@c-api.service[110964]: DEBUG cinder.api.openstack.wsgi [req-ff9f2098-3e31-4a58-88b4-d2385d069c45 req-53b76e42-a0a3-491f-b930-4416062270ea tempest-VolumesNegativeTest-1738211914 tempest-VolumesNegativeTest-1738211914-project] Empty body provided in request {{(pid=110964) get_body /opt/stack/cinder/cinder/api/openstack/wsgi.py:715}}
Jun 29 12:33:14.044872 dv-cinder-812685-12-iscsi devstack@c-api.service[110964]: DEBUG cinder.api.openstack.wsgi [req-ff9f2098-3e31-4a58-88b4-d2385d069c45 req-53b76e42-a0a3-491f-b930-4416062270ea tempest-VolumesNegativeTest-1738211914 tempest-VolumesNegativeTest-1738211914-project] Calling method 'delete' {{(pid=110964) _process_stack /opt/stack/cinder/cinder/api/openstack/wsgi.py:868}}
Jun 29 12:33:14.045543 dv-cinder-812685-12-iscsi devstack@c-api.service[110964]: INFO cinder.api.v3.volumes [req-ff9f2098-3e31-4a58-88b4-d2385d069c45 req-53b76e42-a0a3-491f-b930-4416062270ea tempest-VolumesNegativeTest-1738211914 tempest-VolumesNegativeTest-1738211914-project] Delete volume with id: tempest-invalid-1187480971
Jun 29 12:33:14.058610 dv-cinder-812685-12-iscsi devstack@c-api.service[110963]: DEBUG cinder.quota [None req-f05b1aab-f329-4e9e-a169-d385b83f36b3 tempest-GroupsV320Test-1723262961 tempest-GroupsV320Test-1723262961-project] Created reservations ['0c96e00a-6c3f-4bf1-984e-e2faa5450a97'] {{(pid=110963) reserve /opt/stack/cinder/cinder/quota.py:755}}
Jun 29 12:33:14.104415 dv-cinder-812685-12-iscsi devstack@c-api.service[110964]: INFO cinder.api.openstack.wsgi [req-ff9f2098-3e31-4a58-88b4-d2385d069c45 req-53b76e42-a0a3-491f-b930-4416062270ea tempest-VolumesNegativeTest-1738211914 tempest-VolumesNegativeTest-1738211914-project] http://10.222.0.52/volume/v3/c8efd9db53c14bf69dc0ebd8ebac75fc/volumes/tempest-invalid-1187480971 returned with HTTP 404
Jun 29 12:33:14.105714 dv-cinder-812685-12-iscsi devstack@c-api.service[110964]: [pid: 110964|app: 0|req: 6/10] 10.222.0.52 () {62 vars in 1570 bytes} [Wed Jun 29 12:33:13 2022] DELETE /volume/v3/c8efd9db53c14bf69dc0ebd8ebac75fc/volumes/tempest-invalid-1187480971 => generated 99 bytes in 167 msecs (HTTP/1.1 404) 7 headers in 291 bytes (2 switches on core 0)
Jun 29 12:33:14.107599 dv-cinder-812685-12-iscsi devstack@c-api.service[110964]: DEBUG cinder.api.middleware.request_id [req-fd7e542f-5bef-4fd7-be12-658d63e11c66 req-321a4826-1180-4355-b71c-3b22c00ec047 None None] RequestId filter calling following filter/app {{(pid=110964) _context_setter /opt/stack/cinder/cinder/api/middleware/request_id.py:62}}
Jun 29 12:33:14.222602 dv-cinder-812685-12-iscsi devstack@c-api.service[110964]: INFO cinder.api.openstack.wsgi [req-fd7e542f-5bef-4fd7-be12-658d63e11c66 req-321a4826-1180-4355-b71c-3b22c00ec047 tempest-VolumesGetTestJSON-1569035333 tempest-VolumesGetTestJSON-1569035333-project] POST http://10.222.0.52/volume/v3/6fd787ac66684a5b953f94e1273a75e4/volumes
Jun 29 12:33:14.223467 dv-cinder-812685-12-iscsi devstack@c-api.service[110964]: DEBUG cinder.api.openstack.wsgi [req-fd7e542f-5bef-4fd7-be12-658d63e11c66 req-321a4826-1180-4355-b71c-3b22c00ec047 tempest-VolumesGetTestJSON-1569035333 tempest-VolumesGetTestJSON-1569035333-project] Action: 'create', calling method: create, body: {"volume": {"size": 1, "consistencygroup_id": null, "snapshot_id": null, "name": "tempest-VolumesGetTestJSON-Volume-221154609", "description": null, "volume_type": null, "availability_zone": null, "metadata": {"Type": "work"}, "imageRef": null, "source_volid": null, "backup_id": null}} {{(pid=110964) _process_stack /opt/stack/cinder/cinder/api/openstack/wsgi.py:866}}
Jun 29 12:33:14.226120 dv-cinder-812685-12-iscsi devstack@c-api.service[110964]: DEBUG cinder.api.v3.volumes [req-fd7e542f-5bef-4fd7-be12-658d63e11c66 req-321a4826-1180-4355-b71c-3b22c00ec047 tempest-VolumesGetTestJSON-1569035333 tempest-VolumesGetTestJSON-1569035333-project] Create volume request body: {'volume': {'size': 1, 'consistencygroup_id': None, 'snapshot_id': None, 'name': 'tempest-VolumesGetTestJSON-Volume-221154609', 'description': None, 'volume_type': None, 'availability_zone': None, 'metadata': {'Type': 'work'}, 'imageRef': None, 'source_volid': None, 'backup_id': None}} {{(pid=110964) create /opt/stack/cinder/cinder/api/v3/volumes.py:298}}
Jun 29 12:33:14.227096 dv-cinder-812685-12-iscsi devstack@c-api.service[110964]: INFO cinder.api.v3.volumes [req-fd7e542f-5bef-4fd7-be12-658d63e11c66 req-321a4826-1180-4355-b71c-3b22c00ec047 tempest-VolumesGetTestJSON-1569035333 tempest-VolumesGetTestJSON-1569035333-project] Create volume of 1 GB
Jun 29 12:33:14.261388 dv-cinder-812685-12-iscsi devstack@c-api.service[110964]: DEBUG cinder.volume.api [req-fd7e542f-5bef-4fd7-be12-658d63e11c66 req-321a4826-1180-4355-b71c-3b22c00ec047 tempest-VolumesGetTestJSON-1569035333 tempest-VolumesGetTestJSON-1569035333-project] Availability zone cache updated, next update will occur around 2022-06-29 13:33:14.260543. {{(pid=110964) list_availability_zones /opt/stack/cinder/cinder/volume/api.py:154}}
Jun 29 12:33:14.261668 dv-cinder-812685-12-iscsi devstack@c-api.service[110964]: INFO cinder.volume.api [req-fd7e542f-5bef-4fd7-be12-658d63e11c66 req-321a4826-1180-4355-b71c-3b22c00ec047 tempest-VolumesGetTestJSON-1569035333 tempest-VolumesGetTestJSON-1569035333-project] Availability Zones retrieved successfully.
Jun 29 12:33:14.299589 dv-cinder-812685-12-iscsi devstack@c-api.service[110963]: INFO cinder.api.openstack.wsgi [None req-f05b1aab-f329-4e9e-a169-d385b83f36b3 tempest-GroupsV320Test-1723262961 tempest-GroupsV320Test-1723262961-project] http://10.222.0.52/volume/v3/1b65b9e1603349d2880eb2b4d793211e/groups returned with HTTP 202
Jun 29 12:33:14.300597 dv-cinder-812685-12-iscsi devstack@c-api.service[110963]: [pid: 110963|app: 0|req: 5/11] 10.222.0.52 () {62 vars in 1273 bytes} [Wed Jun 29 12:33:13 2022] POST /volume/v3/1b65b9e1603349d2880eb2b4d793211e/groups => generated 108 bytes in 716 msecs (HTTP/1.1 202) 7 headers in 292 bytes (1 switches on core 0)
Jun 29 12:33:14.303377 dv-cinder-812685-12-iscsi devstack@c-api.service[110963]: DEBUG cinder.api.middleware.request_id [req-b1e972b7-22bd-4072-bc4f-0c518711c96b req-1bae3c68-e669-4c0b-a209-b2aa057a56e6 None None] RequestId filter calling following filter/app {{(pid=110963) _context_setter /opt/stack/cinder/cinder/api/middleware/request_id.py:62}}
Jun 29 12:33:14.306678 dv-cinder-812685-12-iscsi devstack@c-api.service[110963]: WARNING keystonemiddleware.auth_token [req-b1e972b7-22bd-4072-bc4f-0c518711c96b req-1bae3c68-e669-4c0b-a209-b2aa057a56e6 None None] A valid token was submitted as a service token, but it was not a valid service token. This is incorrect but backwards compatible behaviour. This will be removed in future releases.
Jun 29 12:33:14.314116 dv-cinder-812685-12-iscsi devstack@c-api.service[110963]: INFO cinder.api.openstack.wsgi [req-b1e972b7-22bd-4072-bc4f-0c518711c96b req-1bae3c68-e669-4c0b-a209-b2aa057a56e6 tempest-VolumesNegativeTest-1738211914 tempest-VolumesNegativeTest-1738211914-project] DELETE http://10.222.0.52/volume/v3/c8efd9db53c14bf69dc0ebd8ebac75fc/volumes/8346ec03-734f-4583-9d6d-0320ad9a5333
Jun 29 12:33:14.315217 dv-cinder-812685-12-iscsi devstack@c-api.service[110963]: DEBUG cinder.api.openstack.wsgi [req-b1e972b7-22bd-4072-bc4f-0c518711c96b req-1bae3c68-e669-4c0b-a209-b2aa057a56e6 tempest-VolumesNegativeTest-1738211914 tempest-VolumesNegativeTest-1738211914-project] Empty body provided in request {{(pid=110963) get_body /opt/stack/cinder/cinder/api/openstack/wsgi.py:715}}
Jun 29 12:33:14.316825 dv-cinder-812685-12-iscsi devstack@c-api.service[110963]: DEBUG cinder.api.openstack.wsgi [req-b1e972b7-22bd-4072-bc4f-0c518711c96b req-1bae3c68-e669-4c0b-a209-b2aa057a56e6 tempest-VolumesNegativeTest-1738211914 tempest-VolumesNegativeTest-1738211914-project] Calling method 'delete' {{(pid=110963) _process_stack /opt/stack/cinder/cinder/api/openstack/wsgi.py:868}}
Jun 29 12:33:14.318961 dv-cinder-812685-12-iscsi devstack@c-api.service[110963]: INFO cinder.api.v3.volumes [req-b1e972b7-22bd-4072-bc4f-0c518711c96b req-1bae3c68-e669-4c0b-a209-b2aa057a56e6 tempest-VolumesNegativeTest-1738211914 tempest-VolumesNegativeTest-1738211914-project] Delete volume with id: 8346ec03-734f-4583-9d6d-0320ad9a5333
Jun 29 12:33:14.342145 dv-cinder-812685-12-iscsi devstack@c-api.service[110964]: DEBUG cinder.volume.api [req-fd7e542f-5bef-4fd7-be12-658d63e11c66 req-321a4826-1180-4355-b71c-3b22c00ec047 tempest-VolumesGetTestJSON-1569035333 tempest-VolumesGetTestJSON-1569035333-project] Flow 'volume_create_api' (14d608c8-dd2b-4e4a-bec5-b31d031bcb39) transitioned into state 'RUNNING' from state 'PENDING' {{(pid=110964) _flow_receiver /usr/local/lib/python3.8/dist-packages/taskflow/listeners/logging.py:141}}
Jun 29 12:33:14.354125 dv-cinder-812685-12-iscsi devstack@c-api.service[110964]: DEBUG cinder.volume.api [req-fd7e542f-5bef-4fd7-be12-658d63e11c66 req-321a4826-1180-4355-b71c-3b22c00ec047 tempest-VolumesGetTestJSON-1569035333 tempest-VolumesGetTestJSON-1569035333-project] Task 'cinder.volume.flows.api.create_volume.ExtractVolumeRequestTask;volume:create' (52182e8d-6ec7-43fe-9f6b-6b6bf417a635) transitioned into state 'RUNNING' from state 'PENDING' {{(pid=110964) _task_receiver /usr/local/lib/python3.8/dist-packages/taskflow/listeners/logging.py:190}}
Jun 29 12:33:14.357468 dv-cinder-812685-12-iscsi devstack@c-api.service[110964]: DEBUG cinder.volume.flows.api.create_volume [req-fd7e542f-5bef-4fd7-be12-658d63e11c66 req-321a4826-1180-4355-b71c-3b22c00ec047 tempest-VolumesGetTestJSON-1569035333 tempest-VolumesGetTestJSON-1569035333-project] Validating volume size '1' using validate_int {{(pid=110964) _extract_size /opt/stack/cinder/cinder/volume/flows/api/create_volume.py:228}}
Jun 29 12:33:14.437686 dv-cinder-812685-12-iscsi devstack@c-api.service[110964]: DEBUG cinder.volume.api [req-fd7e542f-5bef-4fd7-be12-658d63e11c66 req-321a4826-1180-4355-b71c-3b22c00ec047 tempest-VolumesGetTestJSON-1569035333 tempest-VolumesGetTestJSON-1569035333-project] Task 'cinder.volume.flows.api.create_volume.ExtractVolumeRequestTask;volume:create' (52182e8d-6ec7-43fe-9f6b-6b6bf417a635) transitioned into state 'SUCCESS' from state 'RUNNING' with result '{'size': 1, 'snapshot_id': None, 'source_volid': None, 'volume_type': VolumeType(created_at=2022-06-29T12:23:40Z,deleted=False,deleted_at=None,description='Default Volume Type',extra_specs={},id=50f61931-79b7-4844-9a2f-df12a50112bd,is_public=True,name='__DEFAULT__',projects=[],qos_specs=,qos_specs_id=None,updated_at=2022-06-29T12:23:40Z), 'volume_type_id': '50f61931-79b7-4844-9a2f-df12a50112bd', 'encryption_key_id': None, 'qos_specs': None, 'consistencygroup_id': None, 'cgsnapshot_id': None, 'group_id': None, 'replication_status': 'disabled', 'refresh_az': False, 'backup_id': None, 'multiattach': False, 'availability_zones': ['nova']}' {{(pid=110964) _task_receiver /usr/local/lib/python3.8/dist-packages/taskflow/listeners/logging.py:178}}
Jun 29 12:33:14.440555 dv-cinder-812685-12-iscsi devstack@c-api.service[110964]: DEBUG cinder.volume.api [req-fd7e542f-5bef-4fd7-be12-658d63e11c66 req-321a4826-1180-4355-b71c-3b22c00ec047 tempest-VolumesGetTestJSON-1569035333 tempest-VolumesGetTestJSON-1569035333-project] Task 'cinder.volume.flows.api.create_volume.QuotaReserveTask;volume:create' (a8fae52d-fbea-42ef-9034-ed2a0e80d416) transitioned into state 'RUNNING' from state 'PENDING' {{(pid=110964) _task_receiver /usr/local/lib/python3.8/dist-packages/taskflow/listeners/logging.py:190}}
Jun 29 12:33:14.465442 dv-cinder-812685-12-iscsi devstack@c-api.service[110963]: INFO cinder.api.openstack.wsgi [req-b1e972b7-22bd-4072-bc4f-0c518711c96b req-1bae3c68-e669-4c0b-a209-b2aa057a56e6 tempest-VolumesNegativeTest-1738211914 tempest-VolumesNegativeTest-1738211914-project] http://10.222.0.52/volume/v3/c8efd9db53c14bf69dc0ebd8ebac75fc/volumes/8346ec03-734f-4583-9d6d-0320ad9a5333 returned with HTTP 404
Jun 29 12:33:14.466771 dv-cinder-812685-12-iscsi devstack@c-api.service[110963]: [pid: 110963|app: 0|req: 6/12] 10.222.0.52 () {62 vars in 1600 bytes} [Wed Jun 29 12:33:14 2022] DELETE /volume/v3/c8efd9db53c14bf69dc0ebd8ebac75fc/volumes/8346ec03-734f-4583-9d6d-0320ad9a5333 => generated 109 bytes in 165 msecs (HTTP/1.1 404) 7 headers in 292 bytes (1 switches on core 0)
Jun 29 12:33:14.468041 dv-cinder-812685-12-iscsi devstack@c-api.service[110963]: DEBUG cinder.api.middleware.request_id [None req-2a33222c-f2b3-4130-9811-594aa9917d46 None None] RequestId filter calling following filter/app {{(pid=110963) _context_setter /opt/stack/cinder/cinder/api/middleware/request_id.py:62}}
Jun 29 12:33:14.472268 dv-cinder-812685-12-iscsi devstack@c-api.service[110963]: INFO cinder.api.openstack.wsgi [None req-2a33222c-f2b3-4130-9811-594aa9917d46 tempest-GroupsV320Test-1723262961 tempest-GroupsV320Test-1723262961-project] GET http://10.222.0.52/volume/v3/1b65b9e1603349d2880eb2b4d793211e/groups/6f3fbb96-7915-4c74-a848-ee4d8c6ff372
Jun 29 12:33:14.472788 dv-cinder-812685-12-iscsi devstack@c-api.service[110963]: DEBUG cinder.api.openstack.wsgi [None req-2a33222c-f2b3-4130-9811-594aa9917d46 tempest-GroupsV320Test-1723262961 tempest-GroupsV320Test-1723262961-project] Empty body provided in request {{(pid=110963) get_body /opt/stack/cinder/cinder/api/openstack/wsgi.py:715}}
Jun 29 12:33:14.473222 dv-cinder-812685-12-iscsi devstack@c-api.service[110963]: DEBUG cinder.api.openstack.wsgi [None req-2a33222c-f2b3-4130-9811-594aa9917d46 tempest-GroupsV320Test-1723262961 tempest-GroupsV320Test-1723262961-project] Calling method 'version_select' {{(pid=110963) _process_stack /opt/stack/cinder/cinder/api/openstack/wsgi.py:868}}
Jun 29 12:33:14.476244 dv-cinder-812685-12-iscsi devstack@c-api.service[110963]: DEBUG cinder.api.v3.groups [None req-2a33222c-f2b3-4130-9811-594aa9917d46 tempest-GroupsV320Test-1723262961 tempest-GroupsV320Test-1723262961-project] show called for member 6f3fbb96-7915-4c74-a848-ee4d8c6ff372 {{(pid=110963) show /opt/stack/cinder/cinder/api/v3/groups.py:58}}
Jun 29 12:33:14.494088 dv-cinder-812685-12-iscsi devstack@c-api.service[110963]: /usr/local/lib/python3.8/dist-packages/oslo_context/context.py:100: DeprecationWarning: Policy enforcement is depending on the value of is_admin. This key is deprecated. Please update your policy file to use the standard policy values.
Jun 29 12:33:14.494088 dv-cinder-812685-12-iscsi devstack@c-api.service[110963]: warnings.warn('Policy enforcement is depending on the value of '
Jun 29 12:33:14.527084 dv-cinder-812685-12-iscsi devstack@c-api.service[110963]: INFO cinder.api.openstack.wsgi [None req-2a33222c-f2b3-4130-9811-594aa9917d46 tempest-GroupsV320Test-1723262961 tempest-GroupsV320Test-1723262961-project] http://10.222.0.52/volume/v3/1b65b9e1603349d2880eb2b4d793211e/groups/6f3fbb96-7915-4c74-a848-ee4d8c6ff372 returned with HTTP 200
Jun 29 12:33:14.529815 dv-cinder-812685-12-iscsi devstack@c-api.service[110963]: [pid: 110963|app: 0|req: 7/13] 10.222.0.52 () {60 vars in 1362 bytes} [Wed Jun 29 12:33:14 2022] GET /volume/v3/1b65b9e1603349d2880eb2b4d793211e/groups/6f3fbb96-7915-4c74-a848-ee4d8c6ff372 => generated 389 bytes in 62 msecs (HTTP/1.1 200) 7 headers in 286 bytes (1 switches on core 0)
Jun 29 12:33:14.539100 dv-cinder-812685-12-iscsi devstack@c-api.service[110964]: WARNING cinder.quota [req-fd7e542f-5bef-4fd7-be12-658d63e11c66 req-321a4826-1180-4355-b71c-3b22c00ec047 tempest-VolumesGetTestJSON-1569035333 tempest-VolumesGetTestJSON-1569035333-project] Deprecated: Default quota for resource: volumes___DEFAULT__ is set by the default quota flag: quota_volumes___DEFAULT__, it is now deprecated. Please use the default quota class for default quota.
Jun 29 12:33:14.539959 dv-cinder-812685-12-iscsi devstack@c-api.service[110963]: DEBUG cinder.api.middleware.request_id [req-08677060-abaf-4e30-9102-1e9d5935c4ab req-7149db06-0dd1-4ada-b2b1-5ff8865f9f9e None None] RequestId filter calling following filter/app {{(pid=110963) _context_setter /opt/stack/cinder/cinder/api/middleware/request_id.py:62}}
Jun 29 12:33:14.541499 dv-cinder-812685-12-iscsi devstack@c-api.service[110964]: WARNING cinder.quota [req-fd7e542f-5bef-4fd7-be12-658d63e11c66 req-321a4826-1180-4355-b71c-3b22c00ec047 tempest-VolumesGetTestJSON-1569035333 tempest-VolumesGetTestJSON-1569035333-project] Deprecated: Default quota for resource: gigabytes___DEFAULT__ is set by the default quota flag: quota_gigabytes___DEFAULT__, it is now deprecated. Please use the default quota class for default quota.
Jun 29 12:33:14.549185 dv-cinder-812685-12-iscsi devstack@c-api.service[110963]: INFO cinder.api.openstack.wsgi [req-08677060-abaf-4e30-9102-1e9d5935c4ab req-7149db06-0dd1-4ada-b2b1-5ff8865f9f9e tempest-VolumesNegativeTest-1738211914 tempest-VolumesNegativeTest-1738211914-project] GET http://10.222.0.52/volume/v3/c8efd9db53c14bf69dc0ebd8ebac75fc/volumes/b31b18c9-6979-4b20-b76e-eee39f346195
Jun 29 12:33:14.552360 dv-cinder-812685-12-iscsi devstack@c-api.service[110963]: DEBUG cinder.api.openstack.wsgi [req-08677060-abaf-4e30-9102-1e9d5935c4ab req-7149db06-0dd1-4ada-b2b1-5ff8865f9f9e tempest-VolumesNegativeTest-1738211914 tempest-VolumesNegativeTest-1738211914-project] Empty body provided in request {{(pid=110963) get_body /opt/stack/cinder/cinder/api/openstack/wsgi.py:715}}
Jun 29 12:33:14.553052 dv-cinder-812685-12-iscsi devstack@c-api.service[110963]: DEBUG cinder.api.openstack.wsgi [req-08677060-abaf-4e30-9102-1e9d5935c4ab req-7149db06-0dd1-4ada-b2b1-5ff8865f9f9e tempest-VolumesNegativeTest-1738211914 tempest-VolumesNegativeTest-1738211914-project] Calling method 'show' {{(pid=110963) _process_stack /opt/stack/cinder/cinder/api/openstack/wsgi.py:868}}
Jun 29 12:33:14.579900 dv-cinder-812685-12-iscsi devstack@c-api.service[110963]: INFO cinder.api.openstack.wsgi [req-08677060-abaf-4e30-9102-1e9d5935c4ab req-7149db06-0dd1-4ada-b2b1-5ff8865f9f9e tempest-VolumesNegativeTest-1738211914 tempest-VolumesNegativeTest-1738211914-project] http://10.222.0.52/volume/v3/c8efd9db53c14bf69dc0ebd8ebac75fc/volumes/b31b18c9-6979-4b20-b76e-eee39f346195 returned with HTTP 404
Jun 29 12:33:14.580885 dv-cinder-812685-12-iscsi devstack@c-api.service[110963]: [pid: 110963|app: 0|req: 8/14] 10.222.0.52 () {60 vars in 1578 bytes} [Wed Jun 29 12:33:14 2022] GET /volume/v3/c8efd9db53c14bf69dc0ebd8ebac75fc/volumes/b31b18c9-6979-4b20-b76e-eee39f346195 => generated 109 bytes in 44 msecs (HTTP/1.1 404) 7 headers in 292 bytes (1 switches on core 0)
Jun 29 12:33:14.584344 dv-cinder-812685-12-iscsi devstack@c-api.service[110963]: DEBUG cinder.api.middleware.request_id [None req-c79db660-86e0-4914-8fce-58cb4380174c None None] RequestId filter calling following filter/app {{(pid=110963) _context_setter /opt/stack/cinder/cinder/api/middleware/request_id.py:62}}
Jun 29 12:33:14.596183 dv-cinder-812685-12-iscsi devstack@c-api.service[110963]: INFO cinder.api.openstack.wsgi [None req-c79db660-86e0-4914-8fce-58cb4380174c tempest-GroupsV320Test-491391085 tempest-GroupsV320Test-491391085-project-admin] POST http://10.222.0.52/volume/v3/587b93767a5645c99b26b4acd3600515/groups/6f3fbb96-7915-4c74-a848-ee4d8c6ff372/action
Jun 29 12:33:14.603035 dv-cinder-812685-12-iscsi devstack@c-api.service[110963]: DEBUG cinder.api.openstack.wsgi [None req-c79db660-86e0-4914-8fce-58cb4380174c tempest-GroupsV320Test-491391085 tempest-GroupsV320Test-491391085-project-admin] Action body: b'{"reset_status": {"status": "creating"}}' {{(pid=110963) get_method /opt/stack/cinder/cinder/api/openstack/wsgi.py:983}}
Jun 29 12:33:14.603035 dv-cinder-812685-12-iscsi devstack@c-api.service[110963]: DEBUG cinder.api.openstack.wsgi [None req-c79db660-86e0-4914-8fce-58cb4380174c tempest-GroupsV320Test-491391085 tempest-GroupsV320Test-491391085-project-admin] Action: 'action', calling method: version_select, body: {"reset_status": {"status": "creating"}} {{(pid=110963) _process_stack /opt/stack/cinder/cinder/api/openstack/wsgi.py:866}}
Jun 29 12:33:14.603035 dv-cinder-812685-12-iscsi devstack@c-api.service[110963]: DEBUG cinder.api.v3.groups [None req-c79db660-86e0-4914-8fce-58cb4380174c tempest-GroupsV320Test-491391085 tempest-GroupsV320Test-491391085-project-admin] Updating group '6f3fbb96-7915-4c74-a848-ee4d8c6ff372' with 'creating' {{(pid=110963) _reset_status /opt/stack/cinder/cinder/api/v3/groups.py:82}}
Jun 29 12:33:14.628573 dv-cinder-812685-12-iscsi devstack@c-api.service[110963]: /usr/local/lib/python3.8/dist-packages/oslo_context/context.py:100: DeprecationWarning: Policy enforcement is depending on the value of is_admin. This key is deprecated. Please update your policy file to use the standard policy values.
Jun 29 12:33:14.628573 dv-cinder-812685-12-iscsi devstack@c-api.service[110963]: warnings.warn('Policy enforcement is depending on the value of '
Jun 29 12:33:14.647055 dv-cinder-812685-12-iscsi devstack@c-api.service[110963]: INFO cinder.api.openstack.wsgi [None req-c79db660-86e0-4914-8fce-58cb4380174c tempest-GroupsV320Test-491391085 tempest-GroupsV320Test-491391085-project-admin] http://10.222.0.52/volume/v3/587b93767a5645c99b26b4acd3600515/groups/6f3fbb96-7915-4c74-a848-ee4d8c6ff372/action returned with HTTP 202
Jun 29 12:33:14.648345 dv-cinder-812685-12-iscsi devstack@c-api.service[110963]: [pid: 110963|app: 0|req: 9/15] 10.222.0.52 () {62 vars in 1404 bytes} [Wed Jun 29 12:33:14 2022] POST /volume/v3/587b93767a5645c99b26b4acd3600515/groups/6f3fbb96-7915-4c74-a848-ee4d8c6ff372/action => generated 0 bytes in 67 msecs (HTTP/1.1 202) 6 headers in 234 bytes (1 switches on core 0)
Jun 29 12:33:14.654622 dv-cinder-812685-12-iscsi devstack@c-api.service[110963]: DEBUG cinder.api.middleware.request_id [None req-a10edca2-2fd8-4b10-92cb-099bf41af9c3 None None] RequestId filter calling following filter/app {{(pid=110963) _context_setter /opt/stack/cinder/cinder/api/middleware/request_id.py:62}}
Jun 29 12:33:14.670737 dv-cinder-812685-12-iscsi devstack@c-api.service[110963]: INFO cinder.api.openstack.wsgi [None req-a10edca2-2fd8-4b10-92cb-099bf41af9c3 tempest-GroupsV320Test-1723262961 tempest-GroupsV320Test-1723262961-project] GET http://10.222.0.52/volume/v3/1b65b9e1603349d2880eb2b4d793211e/groups/6f3fbb96-7915-4c74-a848-ee4d8c6ff372
Jun 29 12:33:14.671734 dv-cinder-812685-12-iscsi devstack@c-api.service[110963]: DEBUG cinder.api.openstack.wsgi [None req-a10edca2-2fd8-4b10-92cb-099bf41af9c3 tempest-GroupsV320Test-1723262961 tempest-GroupsV320Test-1723262961-project] Empty body provided in request {{(pid=110963) get_body /opt/stack/cinder/cinder/api/openstack/wsgi.py:715}}
Jun 29 12:33:14.672480 dv-cinder-812685-12-iscsi devstack@c-api.service[110963]: DEBUG cinder.api.openstack.wsgi [None req-a10edca2-2fd8-4b10-92cb-099bf41af9c3 tempest-GroupsV320Test-1723262961 tempest-GroupsV320Test-1723262961-project] Calling method 'version_select' {{(pid=110963) _process_stack /opt/stack/cinder/cinder/api/openstack/wsgi.py:868}}
Jun 29 12:33:14.674551 dv-cinder-812685-12-iscsi devstack@c-api.service[110963]: DEBUG cinder.api.v3.groups [None req-a10edca2-2fd8-4b10-92cb-099bf41af9c3 tempest-GroupsV320Test-1723262961 tempest-GroupsV320Test-1723262961-project] show called for member 6f3fbb96-7915-4c74-a848-ee4d8c6ff372 {{(pid=110963) show /opt/stack/cinder/cinder/api/v3/groups.py:58}}
Jun 29 12:33:14.688196 dv-cinder-812685-12-iscsi devstack@c-api.service[110963]: /usr/local/lib/python3.8/dist-packages/oslo_context/context.py:100: DeprecationWarning: Policy enforcement is depending on the value of is_admin. This key is deprecated. Please update your policy file to use the standard policy values.
Jun 29 12:33:14.688196 dv-cinder-812685-12-iscsi devstack@c-api.service[110963]: warnings.warn('Policy enforcement is depending on the value of '
Jun 29 12:33:14.713638 dv-cinder-812685-12-iscsi devstack@c-api.service[110963]: INFO cinder.api.openstack.wsgi [None req-a10edca2-2fd8-4b10-92cb-099bf41af9c3 tempest-GroupsV320Test-1723262961 tempest-GroupsV320Test-1723262961-project] http://10.222.0.52/volume/v3/1b65b9e1603349d2880eb2b4d793211e/groups/6f3fbb96-7915-4c74-a848-ee4d8c6ff372 returned with HTTP 200
Jun 29 12:33:14.715652 dv-cinder-812685-12-iscsi devstack@c-api.service[110963]: [pid: 110963|app: 0|req: 10/16] 10.222.0.52 () {60 vars in 1362 bytes} [Wed Jun 29 12:33:14 2022] GET /volume/v3/1b65b9e1603349d2880eb2b4d793211e/groups/6f3fbb96-7915-4c74-a848-ee4d8c6ff372 => generated 388 bytes in 63 msecs (HTTP/1.1 200) 7 headers in 286 bytes (1 switches on core 0)
