Nov 01 22:57:43.905665 dv-cinder-812216-2-iscsi devstack@c-api.service[108119]: DEBUG cinder.volume.api [None req-eb0bf96e-2f62-419c-abc5-1c25e14b9df0 tempest-DeleteServersTestJSON-1129949647 tempest-DeleteServersTestJSON-1129949647-project] Task 'cinder.volume.flows.api.create_volume.EntryCreateTask;volume:create' (0b682eb7-a705-4f55-b3b9-356b7e82c833) transitioned into state 'SUCCESS' from state 'RUNNING' with result '{'volume_id': 'ce84fa2c-5732-451e-a091-9d64480d580f', 'volume_properties': VolumeProperties(attach_status='detached',availability_zone='nova',cgsnapshot_id=None,consistencygroup_id=None,display_description=None,display_name='tempest-DeleteServersTestJSON-volume-1366195248',encryption_key_id=None,group_id=None,group_type_id=,metadata={},multiattach=False,project_id='03ba9de87fde479e985d4748a44d89a4',qos_specs=None,replication_status=,reservations=['281cbc83-15a7-4642-95e1-a966de585693','762bad71-a377-4372-8baa-49a725075b46','6ffcc020-bbb5-4b51-b9ee-70a381d28cbb','cd10c3e4-6856-4d80-8762-d714e803878a'],size=1,snapshot_id=None,source_replicaid=,source_volid=None,status='creating',user_id='42ac7ce72d8f451291fcb34b733763ef',volume_type_id=e6a013cc-8df4-4541-978c-a8fe556587e4), 'volume': Volume(_name_id=None,admin_metadata=,attach_status='detached',availability_zone='nova',bootable=False,cluster=,cluster_name=None,consistencygroup=,consistencygroup_id=None,created_at=2021-11-01T22:57:43Z,deleted=False,deleted_at=None,display_description=None,display_name='tempest-DeleteServersTestJSON-volume-1366195248',ec2_id=None,encryption_key_id=None,glance_metadata=,group=,group_id=None,host=None,id=ce84fa2c-5732-451e-a091-9d64480d580f,launched_at=None,metadata={},migration_status=None,multiattach=False,previous_status=None,project_id='03ba9de87fde479e985d4748a44d89a4',provider_auth=None,provider_geometry=None,provider_id=None,provider_location=None,replication_driver_data=None,replication_extended_status=None,replication_status=None,scheduled_at=None,service_uuid=None,shared_targets=True,size=1,snapshot_id=None,snapshots=,source_volid=None,status='creating',terminated_at=None,updated_at=None,use_quota=True,user_id='42ac7ce72d8f451291fcb34b733763ef',volume_attachment=VolumeAttachmentList,volume_type=VolumeType(e6a013cc-8df4-4541-978c-a8fe556587e4),volume_type_id=e6a013cc-8df4-4541-978c-a8fe556587e4)}' {{(pid=108119) _task_receiver /usr/local/lib/python3.8/dist-packages/taskflow/listeners/logging.py:178}}
Nov 01 22:57:43.907855 dv-cinder-812216-2-iscsi devstack@c-api.service[108119]: DEBUG cinder.volume.api [None req-eb0bf96e-2f62-419c-abc5-1c25e14b9df0 tempest-DeleteServersTestJSON-1129949647 tempest-DeleteServersTestJSON-1129949647-project] Task 'cinder.volume.flows.api.create_volume.QuotaCommitTask;volume:create' (5290ebce-059c-44cf-880a-4f3d7dd71f8f) transitioned into state 'RUNNING' from state 'PENDING' {{(pid=108119) _task_receiver /usr/local/lib/python3.8/dist-packages/taskflow/listeners/logging.py:190}}
Nov 01 22:57:43.944902 dv-cinder-812216-2-iscsi devstack@c-api.service[108119]: DEBUG cinder.volume.api [None req-eb0bf96e-2f62-419c-abc5-1c25e14b9df0 tempest-DeleteServersTestJSON-1129949647 tempest-DeleteServersTestJSON-1129949647-project] Task 'cinder.volume.flows.api.create_volume.QuotaCommitTask;volume:create' (5290ebce-059c-44cf-880a-4f3d7dd71f8f) transitioned into state 'SUCCESS' from state 'RUNNING' with result '{'volume_properties': VolumeProperties(attach_status='detached',availability_zone='nova',cgsnapshot_id=None,consistencygroup_id=None,display_description=None,display_name='tempest-DeleteServersTestJSON-volume-1366195248',encryption_key_id=None,group_id=None,group_type_id=,metadata={},multiattach=False,project_id='03ba9de87fde479e985d4748a44d89a4',qos_specs=None,replication_status=,reservations=['281cbc83-15a7-4642-95e1-a966de585693','762bad71-a377-4372-8baa-49a725075b46','6ffcc020-bbb5-4b51-b9ee-70a381d28cbb','cd10c3e4-6856-4d80-8762-d714e803878a'],size=1,snapshot_id=None,source_replicaid=,source_volid=None,status='creating',user_id='42ac7ce72d8f451291fcb34b733763ef',volume_type_id=e6a013cc-8df4-4541-978c-a8fe556587e4)}' {{(pid=108119) _task_receiver /usr/local/lib/python3.8/dist-packages/taskflow/listeners/logging.py:178}}
Nov 01 22:57:43.946991 dv-cinder-812216-2-iscsi devstack@c-api.service[108119]: DEBUG cinder.volume.api [None req-eb0bf96e-2f62-419c-abc5-1c25e14b9df0 tempest-DeleteServersTestJSON-1129949647 tempest-DeleteServersTestJSON-1129949647-project] Task 'cinder.volume.flows.api.create_volume.VolumeCastTask;volume:create' (127bb9bb-cca8-4304-bbff-ddd193af8d95) transitioned into state 'RUNNING' from state 'PENDING' {{(pid=108119) _task_receiver /usr/local/lib/python3.8/dist-packages/taskflow/listeners/logging.py:190}}
Nov 01 22:57:43.989025 dv-cinder-812216-2-iscsi devstack@c-api.service[108119]: DEBUG cinder.volume.api [None req-eb0bf96e-2f62-419c-abc5-1c25e14b9df0 tempest-DeleteServersTestJSON-1129949647 tempest-DeleteServersTestJSON-1129949647-project] Task 'cinder.volume.flows.api.create_volume.VolumeCastTask;volume:create' (127bb9bb-cca8-4304-bbff-ddd193af8d95) transitioned into state 'SUCCESS' from state 'RUNNING' with result 'None' {{(pid=108119) _task_receiver /usr/local/lib/python3.8/dist-packages/taskflow/listeners/logging.py:178}}
Nov 01 22:57:43.998323 dv-cinder-812216-2-iscsi devstack@c-api.service[108119]: DEBUG cinder.volume.api [None req-eb0bf96e-2f62-419c-abc5-1c25e14b9df0 tempest-DeleteServersTestJSON-1129949647 tempest-DeleteServersTestJSON-1129949647-project] Flow 'volume_create_api' (0034d31e-38bd-4893-8443-2d7289266b9d) transitioned into state 'SUCCESS' from state 'RUNNING' {{(pid=108119) _flow_receiver /usr/local/lib/python3.8/dist-packages/taskflow/listeners/logging.py:141}}
Nov 01 22:57:44.003427 dv-cinder-812216-2-iscsi devstack@c-api.service[108119]: INFO cinder.volume.api [None req-eb0bf96e-2f62-419c-abc5-1c25e14b9df0 tempest-DeleteServersTestJSON-1129949647 tempest-DeleteServersTestJSON-1129949647-project] Create volume request issued successfully.
Nov 01 22:57:44.007649 dv-cinder-812216-2-iscsi devstack@c-api.service[108119]: INFO cinder.api.openstack.wsgi [None req-eb0bf96e-2f62-419c-abc5-1c25e14b9df0 tempest-DeleteServersTestJSON-1129949647 tempest-DeleteServersTestJSON-1129949647-project] http://10.222.0.11/volume/v3/03ba9de87fde479e985d4748a44d89a4/volumes returned with HTTP 202
Nov 01 22:57:44.009531 dv-cinder-812216-2-iscsi devstack@c-api.service[108119]: [pid: 108119|app: 0|req: 193/387] 10.222.0.11 () {60 vars in 1234 bytes} [Mon Nov 1 22:57:43 2021] POST /volume/v3/03ba9de87fde479e985d4748a44d89a4/volumes => generated 821 bytes in 452 msecs (HTTP/1.1 202) 7 headers in 291 bytes (1 switches on core 0)
Nov 01 22:57:44.036155 dv-cinder-812216-2-iscsi devstack@c-api.service[108118]: INFO cinder.api.openstack.wsgi [None req-1595b104-95c5-4522-88d9-87e913fa120b tempest-DeleteServersTestJSON-1129949647 tempest-DeleteServersTestJSON-1129949647-project] GET http://10.222.0.11/volume/v3/03ba9de87fde479e985d4748a44d89a4/volumes/ce84fa2c-5732-451e-a091-9d64480d580f
Nov 01 22:57:44.036651 dv-cinder-812216-2-iscsi devstack@c-api.service[108118]: DEBUG cinder.api.openstack.wsgi [None req-1595b104-95c5-4522-88d9-87e913fa120b tempest-DeleteServersTestJSON-1129949647 tempest-DeleteServersTestJSON-1129949647-project] Empty body provided in request {{(pid=108118) get_body /opt/stack/cinder/cinder/api/openstack/wsgi.py:703}}
Nov 01 22:57:44.036838 dv-cinder-812216-2-iscsi devstack@c-api.service[108118]: /usr/local/lib/python3.8/dist-packages/webob/acceptparse.py:1047: DeprecationWarning: The behavior of AcceptValidHeader.best_match is currently being maintained for backward compatibility, but it will be deprecated in the future, as it does not conform to the RFC.
Nov 01 22:57:44.036838 dv-cinder-812216-2-iscsi devstack@c-api.service[108118]: warnings.warn(
Nov 01 22:57:44.037741 dv-cinder-812216-2-iscsi devstack@c-api.service[108118]: DEBUG cinder.api.openstack.wsgi [None req-1595b104-95c5-4522-88d9-87e913fa120b tempest-DeleteServersTestJSON-1129949647 tempest-DeleteServersTestJSON-1129949647-project] Calling method 'show' {{(pid=108118) _process_stack /opt/stack/cinder/cinder/api/openstack/wsgi.py:856}}
Nov 01 22:57:44.040894 dv-cinder-812216-2-iscsi devstack@c-api.service[108119]: INFO cinder.api.openstack.wsgi [None req-548d84b6-7bad-45a6-9fd5-7cd4585aac41 tempest-GroupSnapshotsTest-1968913293 tempest-GroupSnapshotsTest-1968913293-project] GET http://10.222.0.11/volume/v3/450b2d5452c5451da182a38a7aad27b3/groups/de98385e-a1a8-48c7-899d-3d8ff7f4fb91
Nov 01 22:57:44.041686 dv-cinder-812216-2-iscsi devstack@c-api.service[108119]: DEBUG cinder.api.openstack.wsgi [None req-548d84b6-7bad-45a6-9fd5-7cd4585aac41 tempest-GroupSnapshotsTest-1968913293 tempest-GroupSnapshotsTest-1968913293-project] Empty body provided in request {{(pid=108119) get_body /opt/stack/cinder/cinder/api/openstack/wsgi.py:703}}
Nov 01 22:57:44.042151 dv-cinder-812216-2-iscsi devstack@c-api.service[108119]: /usr/local/lib/python3.8/dist-packages/webob/acceptparse.py:1047: DeprecationWarning: The behavior of AcceptValidHeader.best_match is currently being maintained for backward compatibility, but it will be deprecated in the future, as it does not conform to the RFC.
Nov 01 22:57:44.042151 dv-cinder-812216-2-iscsi devstack@c-api.service[108119]: warnings.warn(
Nov 01 22:57:44.044021 dv-cinder-812216-2-iscsi devstack@c-api.service[108119]: DEBUG cinder.api.openstack.wsgi [None req-548d84b6-7bad-45a6-9fd5-7cd4585aac41 tempest-GroupSnapshotsTest-1968913293 tempest-GroupSnapshotsTest-1968913293-project] Calling method 'version_select' {{(pid=108119) _process_stack /opt/stack/cinder/cinder/api/openstack/wsgi.py:856}}
Nov 01 22:57:44.045093 dv-cinder-812216-2-iscsi devstack@c-api.service[108119]: DEBUG cinder.api.v3.groups [None req-548d84b6-7bad-45a6-9fd5-7cd4585aac41 tempest-GroupSnapshotsTest-1968913293 tempest-GroupSnapshotsTest-1968913293-project] show called for member de98385e-a1a8-48c7-899d-3d8ff7f4fb91 {{(pid=108119) show /opt/stack/cinder/cinder/api/v3/groups.py:58}}
Nov 01 22:57:44.057637 dv-cinder-812216-2-iscsi devstack@c-api.service[108119]: /usr/local/lib/python3.8/dist-packages/oslo_context/context.py:105: DeprecationWarning: Policy enforcement is depending on the value of is_admin. This key is deprecated. Please update your policy file to use the standard policy values.
Nov 01 22:57:44.057637 dv-cinder-812216-2-iscsi devstack@c-api.service[108119]: warnings.warn('Policy enforcement is depending on the value of '
Nov 01 22:57:44.086371 dv-cinder-812216-2-iscsi devstack@c-api.service[108119]: INFO cinder.api.openstack.wsgi [None req-548d84b6-7bad-45a6-9fd5-7cd4585aac41 tempest-GroupSnapshotsTest-1968913293 tempest-GroupSnapshotsTest-1968913293-project] http://10.222.0.11/volume/v3/450b2d5452c5451da182a38a7aad27b3/groups/de98385e-a1a8-48c7-899d-3d8ff7f4fb91 returned with HTTP 200
Nov 01 22:57:44.087442 dv-cinder-812216-2-iscsi devstack@c-api.service[108119]: [pid: 108119|app: 0|req: 194/388] 10.222.0.11 () {60 vars in 1362 bytes} [Mon Nov 1 22:57:44 2021] GET /volume/v3/450b2d5452c5451da182a38a7aad27b3/groups/de98385e-a1a8-48c7-899d-3d8ff7f4fb91 => generated 392 bytes in 54 msecs (HTTP/1.1 200) 7 headers in 286 bytes (2 switches on core 0)
Nov 01 22:57:44.100600 dv-cinder-812216-2-iscsi devstack@c-api.service[108119]: INFO cinder.api.openstack.wsgi [None req-275c9876-5e23-4ee3-8f9c-8d9e1432600c tempest-GroupSnapshotsTest-1968913293 tempest-GroupSnapshotsTest-1968913293-project] GET http://10.222.0.11/volume/v3/450b2d5452c5451da182a38a7aad27b3/volumes/detail
Nov 01 22:57:44.103005 dv-cinder-812216-2-iscsi devstack@c-api.service[108119]: DEBUG cinder.api.openstack.wsgi [None req-275c9876-5e23-4ee3-8f9c-8d9e1432600c tempest-GroupSnapshotsTest-1968913293 tempest-GroupSnapshotsTest-1968913293-project] Empty body provided in request {{(pid=108119) get_body /opt/stack/cinder/cinder/api/openstack/wsgi.py:703}}
Nov 01 22:57:44.103279 dv-cinder-812216-2-iscsi devstack@c-api.service[108119]: /usr/local/lib/python3.8/dist-packages/webob/acceptparse.py:1047: DeprecationWarning: The behavior of AcceptValidHeader.best_match is currently being maintained for backward compatibility, but it will be deprecated in the future, as it does not conform to the RFC.
Nov 01 22:57:44.103279 dv-cinder-812216-2-iscsi devstack@c-api.service[108119]: warnings.warn(
Nov 01 22:57:44.103897 dv-cinder-812216-2-iscsi devstack@c-api.service[108119]: DEBUG cinder.api.openstack.wsgi [None req-275c9876-5e23-4ee3-8f9c-8d9e1432600c tempest-GroupSnapshotsTest-1968913293 tempest-GroupSnapshotsTest-1968913293-project] Calling method 'detail' {{(pid=108119) _process_stack /opt/stack/cinder/cinder/api/openstack/wsgi.py:856}}
Nov 01 22:57:44.104795 dv-cinder-812216-2-iscsi devstack@c-api.service[108119]: DEBUG cinder.api.api_utils [None req-275c9876-5e23-4ee3-8f9c-8d9e1432600c tempest-GroupSnapshotsTest-1968913293 tempest-GroupSnapshotsTest-1968913293-project] Removing options '' from query. {{(pid=108119) remove_invalid_filter_options /opt/stack/cinder/cinder/api/api_utils.py:73}}
Nov 01 22:57:44.107291 dv-cinder-812216-2-iscsi devstack@c-api.service[108119]: /usr/local/lib/python3.8/dist-packages/oslo_context/context.py:105: DeprecationWarning: Policy enforcement is depending on the value of is_admin. This key is deprecated. Please update your policy file to use the standard policy values.
Nov 01 22:57:44.107291 dv-cinder-812216-2-iscsi devstack@c-api.service[108119]: warnings.warn('Policy enforcement is depending on the value of '
Nov 01 22:57:44.109598 dv-cinder-812216-2-iscsi devstack@c-api.service[108119]: DEBUG cinder.volume.api [None req-275c9876-5e23-4ee3-8f9c-8d9e1432600c tempest-GroupSnapshotsTest-1968913293 tempest-GroupSnapshotsTest-1968913293-project] Searching by: MultiDict([('no_migration_targets', True)]). {{(pid=108119) get_all /opt/stack/cinder/cinder/volume/api.py:619}}
Nov 01 22:57:44.110203 dv-cinder-812216-2-iscsi devstack@c-api.service[108118]: /usr/local/lib/python3.8/dist-packages/oslo_context/context.py:105: DeprecationWarning: Policy enforcement is depending on the value of is_admin. This key is deprecated. Please update your policy file to use the standard policy values.
Nov 01 22:57:44.110203 dv-cinder-812216-2-iscsi devstack@c-api.service[108118]: warnings.warn('Policy enforcement is depending on the value of '
Nov 01 22:57:44.151071 dv-cinder-812216-2-iscsi devstack@c-api.service[108118]: INFO cinder.volume.api [None req-1595b104-95c5-4522-88d9-87e913fa120b tempest-DeleteServersTestJSON-1129949647 tempest-DeleteServersTestJSON-1129949647-project] Volume info retrieved successfully.
Nov 01 22:57:44.184898 dv-cinder-812216-2-iscsi devstack@c-api.service[108118]: INFO cinder.api.openstack.wsgi [None req-1595b104-95c5-4522-88d9-87e913fa120b tempest-DeleteServersTestJSON-1129949647 tempest-DeleteServersTestJSON-1129949647-project] http://10.222.0.11/volume/v3/03ba9de87fde479e985d4748a44d89a4/volumes/ce84fa2c-5732-451e-a091-9d64480d580f returned with HTTP 200
Nov 01 22:57:44.193514 dv-cinder-812216-2-iscsi devstack@c-api.service[108118]: [pid: 108118|app: 0|req: 195/389] 10.222.0.11 () {58 vars in 1324 bytes} [Mon Nov 1 22:57:44 2021] GET /volume/v3/03ba9de87fde479e985d4748a44d89a4/volumes/ce84fa2c-5732-451e-a091-9d64480d580f => generated 889 bytes in 173 msecs (HTTP/1.1 200) 7 headers in 285 bytes (1 switches on core 0)
Nov 01 22:57:44.218024 dv-cinder-812216-2-iscsi devstack@c-api.service[108119]: INFO cinder.volume.api [None req-275c9876-5e23-4ee3-8f9c-8d9e1432600c tempest-GroupSnapshotsTest-1968913293 tempest-GroupSnapshotsTest-1968913293-project] Get all volumes completed successfully.
Nov 01 22:57:44.220996 dv-cinder-812216-2-iscsi devstack@c-api.service[108119]: WARNING stevedore.named [None req-275c9876-5e23-4ee3-8f9c-8d9e1432600c tempest-GroupSnapshotsTest-1968913293 tempest-GroupSnapshotsTest-1968913293-project] Could not load cinder.keymgr.conf_key_mgr.ConfKeyManager
Nov 01 22:57:44.224091 dv-cinder-812216-2-iscsi devstack@c-api.service[108119]: WARNING castellan.key_manager [None req-275c9876-5e23-4ee3-8f9c-8d9e1432600c tempest-GroupSnapshotsTest-1968913293 tempest-GroupSnapshotsTest-1968913293-project] Deprecation Warning : cinder.keymgr.conf_key_mgr.ConfKeyManager is not a stevedore based driver, trying to load it as a class: stevedore.exception.NoMatches: No 'castellan.drivers' driver found, looking for 'cinder.keymgr.conf_key_mgr.ConfKeyManager'
Nov 01 22:57:44.234129 dv-cinder-812216-2-iscsi devstack@c-api.service[108119]: DEBUG oslo_db.sqlalchemy.engines [None req-275c9876-5e23-4ee3-8f9c-8d9e1432600c tempest-GroupSnapshotsTest-1968913293 tempest-GroupSnapshotsTest-1968913293-project] MySQL server mode set to STRICT_TRANS_TABLES,STRICT_ALL_TABLES,NO_ZERO_IN_DATE,NO_ZERO_DATE,ERROR_FOR_DIVISION_BY_ZERO,TRADITIONAL,NO_ENGINE_SUBSTITUTION {{(pid=108119) _check_effective_sql_mode /usr/local/lib/python3.8/dist-packages/oslo_db/sqlalchemy/engines.py:314}}
Nov 01 22:57:44.248275 dv-cinder-812216-2-iscsi devstack@c-api.service[108119]: /usr/local/lib/python3.8/dist-packages/oslo_context/context.py:105: DeprecationWarning: Policy enforcement is depending on the value of is_admin. This key is deprecated. Please update your policy file to use the standard policy values.
Nov 01 22:57:44.248275 dv-cinder-812216-2-iscsi devstack@c-api.service[108119]: warnings.warn('Policy enforcement is depending on the value of '
Nov 01 22:57:44.258280 dv-cinder-812216-2-iscsi devstack@c-api.service[108118]: INFO cinder.api.openstack.wsgi [None req-f6cca887-d607-4266-886c-b8e77878024e tempest-VolumeTypesTest-204873560 tempest-VolumeTypesTest-204873560-project] GET http://10.222.0.11/volume/v3/12e9211d701848c1ac3266ff66d11fb5/volumes/6d3e9810-6d81-41ec-98ba-056cadc9c934
Nov 01 22:57:44.258767 dv-cinder-812216-2-iscsi devstack@c-api.service[108118]: DEBUG cinder.api.openstack.wsgi [None req-f6cca887-d607-4266-886c-b8e77878024e tempest-VolumeTypesTest-204873560 tempest-VolumeTypesTest-204873560-project] Empty body provided in request {{(pid=108118) get_body /opt/stack/cinder/cinder/api/openstack/wsgi.py:703}}
Nov 01 22:57:44.258936 dv-cinder-812216-2-iscsi devstack@c-api.service[108118]: /usr/local/lib/python3.8/dist-packages/webob/acceptparse.py:1047: DeprecationWarning: The behavior of AcceptValidHeader.best_match is currently being maintained for backward compatibility, but it will be deprecated in the future, as it does not conform to the RFC.
Nov 01 22:57:44.258936 dv-cinder-812216-2-iscsi devstack@c-api.service[108118]: warnings.warn(
Nov 01 22:57:44.259246 dv-cinder-812216-2-iscsi devstack@c-api.service[108118]: DEBUG cinder.api.openstack.wsgi [None req-f6cca887-d607-4266-886c-b8e77878024e tempest-VolumeTypesTest-204873560 tempest-VolumeTypesTest-204873560-project] Calling method 'show' {{(pid=108118) _process_stack /opt/stack/cinder/cinder/api/openstack/wsgi.py:856}}
Nov 01 22:57:44.260612 dv-cinder-812216-2-iscsi devstack@c-api.service[108119]: WARNING stevedore.named [None req-275c9876-5e23-4ee3-8f9c-8d9e1432600c tempest-GroupSnapshotsTest-1968913293 tempest-GroupSnapshotsTest-1968913293-project] Could not load cinder.keymgr.conf_key_mgr.ConfKeyManager
Nov 01 22:57:44.271325 dv-cinder-812216-2-iscsi devstack@c-api.service[108119]: WARNING castellan.key_manager [None req-275c9876-5e23-4ee3-8f9c-8d9e1432600c tempest-GroupSnapshotsTest-1968913293 tempest-GroupSnapshotsTest-1968913293-project] Deprecation Warning : cinder.keymgr.conf_key_mgr.ConfKeyManager is not a stevedore based driver, trying to load it as a class: stevedore.exception.NoMatches: No 'castellan.drivers' driver found, looking for 'cinder.keymgr.conf_key_mgr.ConfKeyManager'
Nov 01 22:57:44.279284 dv-cinder-812216-2-iscsi devstack@c-api.service[108119]: DEBUG oslo_db.sqlalchemy.engines [None req-275c9876-5e23-4ee3-8f9c-8d9e1432600c tempest-GroupSnapshotsTest-1968913293 tempest-GroupSnapshotsTest-1968913293-project] MySQL server mode set to STRICT_TRANS_TABLES,STRICT_ALL_TABLES,NO_ZERO_IN_DATE,NO_ZERO_DATE,ERROR_FOR_DIVISION_BY_ZERO,TRADITIONAL,NO_ENGINE_SUBSTITUTION {{(pid=108119) _check_effective_sql_mode /usr/local/lib/python3.8/dist-packages/oslo_db/sqlalchemy/engines.py:314}}
Nov 01 22:57:44.283649 dv-cinder-812216-2-iscsi devstack@c-api.service[108118]: /usr/local/lib/python3.8/dist-packages/oslo_context/context.py:105: DeprecationWarning: Policy enforcement is depending on the value of is_admin. This key is deprecated. Please update your policy file to use the standard policy values.
Nov 01 22:57:44.283649 dv-cinder-812216-2-iscsi devstack@c-api.service[108118]: warnings.warn('Policy enforcement is depending on the value of '
Nov 01 22:57:44.286329 dv-cinder-812216-2-iscsi devstack@c-api.service[108119]: /usr/local/lib/python3.8/dist-packages/oslo_context/context.py:105: DeprecationWarning: Policy enforcement is depending on the value of is_admin. This key is deprecated. Please update your policy file to use the standard policy values.
Nov 01 22:57:44.286329 dv-cinder-812216-2-iscsi devstack@c-api.service[108119]: warnings.warn('Policy enforcement is depending on the value of '
Nov 01 22:57:44.300599 dv-cinder-812216-2-iscsi devstack@c-api.service[108118]: INFO cinder.volume.api [None req-f6cca887-d607-4266-886c-b8e77878024e tempest-VolumeTypesTest-204873560 tempest-VolumeTypesTest-204873560-project] Volume info retrieved successfully.
Nov 01 22:57:44.327318 dv-cinder-812216-2-iscsi devstack@c-api.service[108119]: INFO cinder.api.openstack.wsgi [None req-275c9876-5e23-4ee3-8f9c-8d9e1432600c tempest-GroupSnapshotsTest-1968913293 tempest-GroupSnapshotsTest-1968913293-project] http://10.222.0.11/volume/v3/450b2d5452c5451da182a38a7aad27b3/volumes/detail returned with HTTP 200
Nov 01 22:57:44.328675 dv-cinder-812216-2-iscsi devstack@c-api.service[108119]: [pid: 108119|app: 0|req: 195/390] 10.222.0.11 () {60 vars in 1275 bytes} [Mon Nov 1 22:57:44 2021] GET /volume/v3/450b2d5452c5451da182a38a7aad27b3/volumes/detail => generated 1993 bytes in 235 msecs (HTTP/1.1 200) 7 headers in 287 bytes (1 switches on core 0)
Nov 01 22:57:44.331132 dv-cinder-812216-2-iscsi devstack@c-api.service[108118]: INFO cinder.api.openstack.wsgi [None req-f6cca887-d607-4266-886c-b8e77878024e tempest-VolumeTypesTest-204873560 tempest-VolumeTypesTest-204873560-project] http://10.222.0.11/volume/v3/12e9211d701848c1ac3266ff66d11fb5/volumes/6d3e9810-6d81-41ec-98ba-056cadc9c934 returned with HTTP 200
Nov 01 22:57:44.331885 dv-cinder-812216-2-iscsi devstack@c-api.service[108118]: [pid: 108118|app: 0|req: 196/391] 10.222.0.11 () {58 vars in 1324 bytes} [Mon Nov 1 22:57:44 2021] GET /volume/v3/12e9211d701848c1ac3266ff66d11fb5/volumes/6d3e9810-6d81-41ec-98ba-056cadc9c934 => generated 941 bytes in 79 msecs (HTTP/1.1 200) 7 headers in 285 bytes (1 switches on core 0)
Nov 01 22:57:44.355402 dv-cinder-812216-2-iscsi devstack@c-api.service[108119]: INFO cinder.api.openstack.wsgi [None req-27ab2234-739a-4044-9142-9431e3cfffae tempest-GroupSnapshotsTest-1968913293 tempest-GroupSnapshotsTest-1968913293-project] POST http://10.222.0.11/volume/v3/450b2d5452c5451da182a38a7aad27b3/group_snapshots
Nov 01 22:57:44.358490 dv-cinder-812216-2-iscsi devstack@c-api.service[108118]: INFO cinder.api.openstack.wsgi [None req-130a279f-d22a-4e37-b3c9-b048b856c578 tempest-VolumeTypesTest-204873560 tempest-VolumeTypesTest-204873560-project] POST http://10.222.0.11/volume/v3/12e9211d701848c1ac3266ff66d11fb5/volumes/6d3e9810-6d81-41ec-98ba-056cadc9c934/action
Nov 01 22:57:44.360219 dv-cinder-812216-2-iscsi devstack@c-api.service[108119]: /usr/local/lib/python3.8/dist-packages/webob/acceptparse.py:1047: DeprecationWarning: The behavior of AcceptValidHeader.best_match is currently being maintained for backward compatibility, but it will be deprecated in the future, as it does not conform to the RFC.
Nov 01 22:57:44.360219 dv-cinder-812216-2-iscsi devstack@c-api.service[108119]: warnings.warn(
Nov 01 22:57:44.360876 dv-cinder-812216-2-iscsi devstack@c-api.service[108118]: /usr/local/lib/python3.8/dist-packages/webob/acceptparse.py:1047: DeprecationWarning: The behavior of AcceptValidHeader.best_match is currently being maintained for backward compatibility, but it will be deprecated in the future, as it does not conform to the RFC.
Nov 01 22:57:44.360876 dv-cinder-812216-2-iscsi devstack@c-api.service[108118]: warnings.warn(
Nov 01 22:57:44.362209 dv-cinder-812216-2-iscsi devstack@c-api.service[108119]: DEBUG cinder.api.openstack.wsgi [None req-27ab2234-739a-4044-9142-9431e3cfffae tempest-GroupSnapshotsTest-1968913293 tempest-GroupSnapshotsTest-1968913293-project] Action: 'create', calling method: version_select, body: {"group_snapshot": {"group_id": "de98385e-a1a8-48c7-899d-3d8ff7f4fb91", "name": "tempest-GroupSnapshotsTest-Group_Snapshot-544856353"}} {{(pid=108119) _process_stack /opt/stack/cinder/cinder/api/openstack/wsgi.py:854}}
Nov 01 22:57:44.362835 dv-cinder-812216-2-iscsi devstack@c-api.service[108118]: DEBUG cinder.api.openstack.wsgi [None req-130a279f-d22a-4e37-b3c9-b048b856c578 tempest-VolumeTypesTest-204873560 tempest-VolumeTypesTest-204873560-project] Action body: b'{"os-retype": {"new_type": "3daa1582-26b9-44fc-8867-dede779a60c4"}}' {{(pid=108118) get_method /opt/stack/cinder/cinder/api/openstack/wsgi.py:971}}
Nov 01 22:57:44.363971 dv-cinder-812216-2-iscsi devstack@c-api.service[108119]: DEBUG cinder.api.v3.group_snapshots [None req-27ab2234-739a-4044-9142-9431e3cfffae tempest-GroupSnapshotsTest-1968913293 tempest-GroupSnapshotsTest-1968913293-project] Creating new group_snapshot {'group_snapshot': {'group_id': 'de98385e-a1a8-48c7-899d-3d8ff7f4fb91', 'name': 'tempest-GroupSnapshotsTest-Group_Snapshot-544856353'}} {{(pid=108119) create /opt/stack/cinder/cinder/api/v3/group_snapshots.py:154}}
Nov 01 22:57:44.364503 dv-cinder-812216-2-iscsi devstack@c-api.service[108118]: DEBUG cinder.api.openstack.wsgi [None req-130a279f-d22a-4e37-b3c9-b048b856c578 tempest-VolumeTypesTest-204873560 tempest-VolumeTypesTest-204873560-project] Action: 'action', calling method: _retype, body: {"os-retype": {"new_type": "3daa1582-26b9-44fc-8867-dede779a60c4"}} {{(pid=108118) _process_stack /opt/stack/cinder/cinder/api/openstack/wsgi.py:854}}
Nov 01 22:57:44.383749 dv-cinder-812216-2-iscsi devstack@c-api.service[108119]: /usr/local/lib/python3.8/dist-packages/oslo_context/context.py:105: DeprecationWarning: Policy enforcement is depending on the value of is_admin. This key is deprecated. Please update your policy file to use the standard policy values.
Nov 01 22:57:44.383749 dv-cinder-812216-2-iscsi devstack@c-api.service[108119]: warnings.warn('Policy enforcement is depending on the value of '
Nov 01 22:57:44.395931 dv-cinder-812216-2-iscsi devstack@c-api.service[108119]: INFO cinder.api.v3.group_snapshots [None req-27ab2234-739a-4044-9142-9431e3cfffae tempest-GroupSnapshotsTest-1968913293 tempest-GroupSnapshotsTest-1968913293-project] Creating group_snapshot tempest-GroupSnapshotsTest-Group_Snapshot-544856353.
Nov 01 22:57:44.403159 dv-cinder-812216-2-iscsi devstack@c-api.service[108118]: /usr/local/lib/python3.8/dist-packages/oslo_context/context.py:105: DeprecationWarning: Policy enforcement is depending on the value of is_admin. This key is deprecated. Please update your policy file to use the standard policy values.
Nov 01 22:57:44.403159 dv-cinder-812216-2-iscsi devstack@c-api.service[108118]: warnings.warn('Policy enforcement is depending on the value of '
Nov 01 22:57:44.410559 dv-cinder-812216-2-iscsi devstack@c-api.service[108118]: INFO cinder.volume.api [None req-130a279f-d22a-4e37-b3c9-b048b856c578 tempest-VolumeTypesTest-204873560 tempest-VolumeTypesTest-204873560-project] Volume info retrieved successfully.
Nov 01 22:57:44.480431 dv-cinder-812216-2-iscsi devstack@c-api.service[108118]: WARNING cinder.quota [None req-130a279f-d22a-4e37-b3c9-b048b856c578 tempest-VolumeTypesTest-204873560 tempest-VolumeTypesTest-204873560-project] Deprecated: Default quota for resource: volumes_tempest-VolumeTypesTest-volume-type-2047265475 is set by the default quota flag: quota_volumes_tempest-VolumeTypesTest-volume-type-2047265475, it is now deprecated. Please use the default quota class for default quota.
Nov 01 22:57:44.481442 dv-cinder-812216-2-iscsi devstack@c-api.service[108118]: WARNING cinder.quota [None req-130a279f-d22a-4e37-b3c9-b048b856c578 tempest-VolumeTypesTest-204873560 tempest-VolumeTypesTest-204873560-project] Deprecated: Default quota for resource: gigabytes_tempest-VolumeTypesTest-volume-type-2047265475 is set by the default quota flag: quota_gigabytes_tempest-VolumeTypesTest-volume-type-2047265475, it is now deprecated. Please use the default quota class for default quota.
Nov 01 22:57:44.486899 dv-cinder-812216-2-iscsi devstack@c-api.service[108119]: /usr/local/lib/python3.8/dist-packages/oslo_context/context.py:105: DeprecationWarning: Policy enforcement is depending on the value of is_admin. This key is deprecated. Please update your policy file to use the standard policy values.
Nov 01 22:57:44.486899 dv-cinder-812216-2-iscsi devstack@c-api.service[108119]: warnings.warn('Policy enforcement is depending on the value of '
Nov 01 22:57:44.563248 dv-cinder-812216-2-iscsi devstack@c-api.service[108118]: DEBUG cinder.quota [None req-130a279f-d22a-4e37-b3c9-b048b856c578 tempest-VolumeTypesTest-204873560 tempest-VolumeTypesTest-204873560-project] Created reservations ['2b825816-35e9-413d-a750-ef9a3cf374d7', 'ac5287d0-ac2f-429f-8ee9-84bb00ae4104'] {{(pid=108118) reserve /opt/stack/cinder/cinder/quota.py:755}}
Nov 01 22:57:44.564115 dv-cinder-812216-2-iscsi devstack@c-api.service[108119]: WARNING cinder.quota [None req-27ab2234-739a-4044-9142-9431e3cfffae tempest-GroupSnapshotsTest-1968913293 tempest-GroupSnapshotsTest-1968913293-project] Deprecated: Default quota for resource: snapshots_tempest-GroupSnapshotsTest-volume-type-2084091475 is set by the default quota flag: quota_snapshots_tempest-GroupSnapshotsTest-volume-type-2084091475, it is now deprecated. Please use the default quota class for default quota.
Nov 01 22:57:44.597386 dv-cinder-812216-2-iscsi devstack@c-api.service[108118]: WARNING cinder.quota [None req-130a279f-d22a-4e37-b3c9-b048b856c578 tempest-VolumeTypesTest-204873560 tempest-VolumeTypesTest-204873560-project] Deprecated: Default quota for resource: volumes_tempest-VolumeTypesTest-volume-type-811842954 is set by the default quota flag: quota_volumes_tempest-VolumeTypesTest-volume-type-811842954, it is now deprecated. Please use the default quota class for default quota.
Nov 01 22:57:44.600557 dv-cinder-812216-2-iscsi devstack@c-api.service[108118]: WARNING cinder.quota [None req-130a279f-d22a-4e37-b3c9-b048b856c578 tempest-VolumeTypesTest-204873560 tempest-VolumeTypesTest-204873560-project] Deprecated: Default quota for resource: gigabytes_tempest-VolumeTypesTest-volume-type-811842954 is set by the default quota flag: quota_gigabytes_tempest-VolumeTypesTest-volume-type-811842954, it is now deprecated. Please use the default quota class for default quota.
Nov 01 22:57:44.627656 dv-cinder-812216-2-iscsi devstack@c-api.service[108118]: DEBUG cinder.quota [None req-130a279f-d22a-4e37-b3c9-b048b856c578 tempest-VolumeTypesTest-204873560 tempest-VolumeTypesTest-204873560-project] Created reservations ['7abf8e0a-01b5-4d1b-982b-a2ebb80d2f8c', '976d63f2-e1e6-4295-9485-1e1bf6c31c1e'] {{(pid=108118) reserve /opt/stack/cinder/cinder/quota.py:755}}
Nov 01 22:57:44.631050 dv-cinder-812216-2-iscsi devstack@c-api.service[108119]: DEBUG cinder.quota [None req-27ab2234-739a-4044-9142-9431e3cfffae tempest-GroupSnapshotsTest-1968913293 tempest-GroupSnapshotsTest-1968913293-project] Created reservations ['45b91535-d15b-4484-aad1-1c09fb66ba0d', '2091a74c-3a9e-49c1-bd01-1a6f00e247d9', '3df2d4c5-1a01-418d-b865-2f05a9af6876', '2556fde0-bb85-4bf3-9da5-853961f377c3'] {{(pid=108119) reserve /opt/stack/cinder/cinder/quota.py:755}}
Nov 01 22:57:44.646185 dv-cinder-812216-2-iscsi devstack@c-api.service[108118]: /opt/stack/cinder/cinder/db/sqlalchemy/api.py:2718: SADeprecationWarning: The SelectBase.as_scalar() method is deprecated and will be removed in a future release. Please refer to SelectBase.scalar_subquery(). (deprecated since: 1.4)
Nov 01 22:57:44.646185 dv-cinder-812216-2-iscsi devstack@c-api.service[108118]: models.VolumeType.qos_specs_id == q.as_scalar())),
Nov 01 22:57:44.729829 dv-cinder-812216-2-iscsi devstack@c-api.service[108119]: INFO cinder.api.openstack.wsgi [None req-27ab2234-739a-4044-9142-9431e3cfffae tempest-GroupSnapshotsTest-1968913293 tempest-GroupSnapshotsTest-1968913293-project] http://10.222.0.11/volume/v3/450b2d5452c5451da182a38a7aad27b3/group_snapshots returned with HTTP 202
Nov 01 22:57:44.739138 dv-cinder-812216-2-iscsi devstack@c-api.service[108119]: [pid: 108119|app: 0|req: 196/392] 10.222.0.11 () {62 vars in 1300 bytes} [Mon Nov 1 22:57:44 2021] POST /volume/v3/450b2d5452c5451da182a38a7aad27b3/group_snapshots => generated 186 bytes in 392 msecs (HTTP/1.1 202) 7 headers in 292 bytes (1 switches on core 0)
Nov 01 22:57:44.745083 dv-cinder-812216-2-iscsi devstack@c-api.service[108118]: INFO cinder.volume.api [None req-130a279f-d22a-4e37-b3c9-b048b856c578 tempest-VolumeTypesTest-204873560 tempest-VolumeTypesTest-204873560-project] Retype volume request issued successfully.
Nov 01 22:57:44.747739 dv-cinder-812216-2-iscsi devstack@c-api.service[108118]: INFO cinder.api.openstack.wsgi [None req-130a279f-d22a-4e37-b3c9-b048b856c578 tempest-VolumeTypesTest-204873560 tempest-VolumeTypesTest-204873560-project] http://10.222.0.11/volume/v3/12e9211d701848c1ac3266ff66d11fb5/volumes/6d3e9810-6d81-41ec-98ba-056cadc9c934/action returned with HTTP 202
Nov 01 22:57:44.749318 dv-cinder-812216-2-iscsi devstack@c-api.service[108118]: [pid: 108118|app: 0|req: 197/393] 10.222.0.11 () {60 vars in 1366 bytes} [Mon Nov 1 22:57:44 2021] POST /volume/v3/12e9211d701848c1ac3266ff66d11fb5/volumes/6d3e9810-6d81-41ec-98ba-056cadc9c934/action => generated 0 bytes in 398 msecs (HTTP/1.1 202) 7 headers in 289 bytes (1 switches on core 0)
Nov 01 22:57:44.759213 dv-cinder-812216-2-iscsi devstack@c-api.service[108118]: INFO cinder.api.openstack.wsgi [None req-dcd66d4a-807c-49b7-98c5-de69eab04328 tempest-VolumeTypesTest-204873560 tempest-VolumeTypesTest-204873560-project] GET http://10.222.0.11/volume/v3/12e9211d701848c1ac3266ff66d11fb5/volumes/6d3e9810-6d81-41ec-98ba-056cadc9c934
Nov 01 22:57:44.759731 dv-cinder-812216-2-iscsi devstack@c-api.service[108119]: INFO cinder.api.openstack.wsgi [None req-c2506f6e-50ff-4b2c-b4d8-55f403099f8c tempest-GroupSnapshotsTest-1968913293 tempest-GroupSnapshotsTest-1968913293-project] GET http://10.222.0.11/volume/v3/450b2d5452c5451da182a38a7aad27b3/group_snapshots/794e2500-2dce-4235-8b8c-105464c129ee
Nov 01 22:57:44.759849 dv-cinder-812216-2-iscsi devstack@c-api.service[108118]: DEBUG cinder.api.openstack.wsgi [None req-dcd66d4a-807c-49b7-98c5-de69eab04328 tempest-VolumeTypesTest-204873560 tempest-VolumeTypesTest-204873560-project] Empty body provided in request {{(pid=108118) get_body /opt/stack/cinder/cinder/api/openstack/wsgi.py:703}}
Nov 01 22:57:44.759957 dv-cinder-812216-2-iscsi devstack@c-api.service[108118]: /usr/local/lib/python3.8/dist-packages/webob/acceptparse.py:1047: DeprecationWarning: The behavior of AcceptValidHeader.best_match is currently being maintained for backward compatibility, but it will be deprecated in the future, as it does not conform to the RFC.
Nov 01 22:57:44.759957 dv-cinder-812216-2-iscsi devstack@c-api.service[108118]: warnings.warn(
Nov 01 22:57:44.760252 dv-cinder-812216-2-iscsi devstack@c-api.service[108119]: DEBUG cinder.api.openstack.wsgi [None req-c2506f6e-50ff-4b2c-b4d8-55f403099f8c tempest-GroupSnapshotsTest-1968913293 tempest-GroupSnapshotsTest-1968913293-project] Empty body provided in request {{(pid=108119) get_body /opt/stack/cinder/cinder/api/openstack/wsgi.py:703}}
Nov 01 22:57:44.760403 dv-cinder-812216-2-iscsi devstack@c-api.service[108118]: DEBUG cinder.api.openstack.wsgi [None req-dcd66d4a-807c-49b7-98c5-de69eab04328 tempest-VolumeTypesTest-204873560 tempest-VolumeTypesTest-204873560-project] Calling method 'show' {{(pid=108118) _process_stack /opt/stack/cinder/cinder/api/openstack/wsgi.py:856}}
Nov 01 22:57:44.760490 dv-cinder-812216-2-iscsi devstack@c-api.service[108119]: /usr/local/lib/python3.8/dist-packages/webob/acceptparse.py:1047: DeprecationWarning: The behavior of AcceptValidHeader.best_match is currently being maintained for backward compatibility, but it will be deprecated in the future, as it does not conform to the RFC.
Nov 01 22:57:44.760490 dv-cinder-812216-2-iscsi devstack@c-api.service[108119]: warnings.warn(
Nov 01 22:57:44.761251 dv-cinder-812216-2-iscsi devstack@c-api.service[108119]: DEBUG cinder.api.openstack.wsgi [None req-c2506f6e-50ff-4b2c-b4d8-55f403099f8c tempest-GroupSnapshotsTest-1968913293 tempest-GroupSnapshotsTest-1968913293-project] Calling method 'version_select' {{(pid=108119) _process_stack /opt/stack/cinder/cinder/api/openstack/wsgi.py:856}}
Nov 01 22:57:44.764014 dv-cinder-812216-2-iscsi devstack@c-api.service[108119]: DEBUG cinder.api.v3.group_snapshots [None req-c2506f6e-50ff-4b2c-b4d8-55f403099f8c tempest-GroupSnapshotsTest-1968913293 tempest-GroupSnapshotsTest-1968913293-project] show called for member 794e2500-2dce-4235-8b8c-105464c129ee {{(pid=108119) show /opt/stack/cinder/cinder/api/v3/group_snapshots.py:58}}
Nov 01 22:57:44.780420 dv-cinder-812216-2-iscsi devstack@c-api.service[108119]: /usr/local/lib/python3.8/dist-packages/oslo_context/context.py:105: DeprecationWarning: Policy enforcement is depending on the value of is_admin. This key is deprecated. Please update your policy file to use the standard policy values.
Nov 01 22:57:44.780420 dv-cinder-812216-2-iscsi devstack@c-api.service[108119]: warnings.warn('Policy enforcement is depending on the value of '
Nov 01 22:57:44.795876 dv-cinder-812216-2-iscsi devstack@c-api.service[108118]: /usr/local/lib/python3.8/dist-packages/oslo_context/context.py:105: DeprecationWarning: Policy enforcement is depending on the value of is_admin. This key is deprecated. Please update your policy file to use the standard policy values.
Nov 01 22:57:44.795876 dv-cinder-812216-2-iscsi devstack@c-api.service[108118]: warnings.warn('Policy enforcement is depending on the value of '
Nov 01 22:57:44.798052 dv-cinder-812216-2-iscsi devstack@c-api.service[108119]: INFO cinder.api.openstack.wsgi [None req-c2506f6e-50ff-4b2c-b4d8-55f403099f8c tempest-GroupSnapshotsTest-1968913293 tempest-GroupSnapshotsTest-1968913293-project] http://10.222.0.11/volume/v3/450b2d5452c5451da182a38a7aad27b3/group_snapshots/794e2500-2dce-4235-8b8c-105464c129ee returned with HTTP 200
Nov 01 22:57:44.803446 dv-cinder-812216-2-iscsi devstack@c-api.service[108119]: [pid: 108119|app: 0|req: 197/394] 10.222.0.11 () {60 vars in 1389 bytes} [Mon Nov 1 22:57:44 2021] GET /volume/v3/450b2d5452c5451da182a38a7aad27b3/group_snapshots/794e2500-2dce-4235-8b8c-105464c129ee => generated 325 bytes in 63 msecs (HTTP/1.1 200) 7 headers in 286 bytes (1 switches on core 0)
Nov 01 22:57:44.806661 dv-cinder-812216-2-iscsi devstack@c-api.service[108118]: INFO cinder.volume.api [None req-dcd66d4a-807c-49b7-98c5-de69eab04328 tempest-VolumeTypesTest-204873560 tempest-VolumeTypesTest-204873560-project] Volume info retrieved successfully.
Nov 01 22:57:44.825230 dv-cinder-812216-2-iscsi devstack@c-api.service[108118]: INFO cinder.api.openstack.wsgi [None req-dcd66d4a-807c-49b7-98c5-de69eab04328 tempest-VolumeTypesTest-204873560 tempest-VolumeTypesTest-204873560-project] http://10.222.0.11/volume/v3/12e9211d701848c1ac3266ff66d11fb5/volumes/6d3e9810-6d81-41ec-98ba-056cadc9c934 returned with HTTP 200
Nov 01 22:57:44.826751 dv-cinder-812216-2-iscsi devstack@c-api.service[108118]: [pid: 108118|app: 0|req: 198/395] 10.222.0.11 () {58 vars in 1324 bytes} [Mon Nov 1 22:57:44 2021] GET /volume/v3/12e9211d701848c1ac3266ff66d11fb5/volumes/6d3e9810-6d81-41ec-98ba-056cadc9c934 => generated 940 bytes in 73 msecs (HTTP/1.1 200) 7 headers in 285 bytes (1 switches on core 0)
Nov 01 22:57:45.200479 dv-cinder-812216-2-iscsi devstack@c-api.service[108119]: INFO cinder.api.openstack.wsgi [None req-c41ceed4-cd8b-41ba-9817-60f3ed619330 tempest-DeleteServersTestJSON-1129949647 tempest-DeleteServersTestJSON-1129949647-project] GET http://10.222.0.11/volume/v3/03ba9de87fde479e985d4748a44d89a4/volumes/ce84fa2c-5732-451e-a091-9d64480d580f
Nov 01 22:57:45.201200 dv-cinder-812216-2-iscsi devstack@c-api.service[108119]: DEBUG cinder.api.openstack.wsgi [None req-c41ceed4-cd8b-41ba-9817-60f3ed619330 tempest-DeleteServersTestJSON-1129949647 tempest-DeleteServersTestJSON-1129949647-project] Empty body provided in request {{(pid=108119) get_body /opt/stack/cinder/cinder/api/openstack/wsgi.py:703}}
Nov 01 22:57:45.201514 dv-cinder-812216-2-iscsi devstack@c-api.service[108119]: /usr/local/lib/python3.8/dist-packages/webob/acceptparse.py:1047: DeprecationWarning: The behavior of AcceptValidHeader.best_match is currently being maintained for backward compatibility, but it will be deprecated in the future, as it does not conform to the RFC.
Nov 01 22:57:45.201514 dv-cinder-812216-2-iscsi devstack@c-api.service[108119]: warnings.warn(
Nov 01 22:57:45.202041 dv-cinder-812216-2-iscsi devstack@c-api.service[108119]: DEBUG cinder.api.openstack.wsgi [None req-c41ceed4-cd8b-41ba-9817-60f3ed619330 tempest-DeleteServersTestJSON-1129949647 tempest-DeleteServersTestJSON-1129949647-project] Calling method 'show' {{(pid=108119) _process_stack /opt/stack/cinder/cinder/api/openstack/wsgi.py:856}}
Nov 01 22:57:45.215700 dv-cinder-812216-2-iscsi devstack@c-api.service[108119]: /usr/local/lib/python3.8/dist-packages/oslo_context/context.py:105: DeprecationWarning: Policy enforcement is depending on the value of is_admin. This key is deprecated. Please update your policy file to use the standard policy values.
Nov 01 22:57:45.215700 dv-cinder-812216-2-iscsi devstack@c-api.service[108119]: warnings.warn('Policy enforcement is depending on the value of '
Nov 01 22:57:45.223608 dv-cinder-812216-2-iscsi devstack@c-api.service[108119]: INFO cinder.volume.api [None req-c41ceed4-cd8b-41ba-9817-60f3ed619330 tempest-DeleteServersTestJSON-1129949647 tempest-DeleteServersTestJSON-1129949647-project] Volume info retrieved successfully.
Nov 01 22:57:45.232780 dv-cinder-812216-2-iscsi devstack@c-api.service[108119]: INFO cinder.api.openstack.wsgi [None req-c41ceed4-cd8b-41ba-9817-60f3ed619330 tempest-DeleteServersTestJSON-1129949647 tempest-DeleteServersTestJSON-1129949647-project] http://10.222.0.11/volume/v3/03ba9de87fde479e985d4748a44d89a4/volumes/ce84fa2c-5732-451e-a091-9d64480d580f returned with HTTP 200
Nov 01 22:57:45.244133 dv-cinder-812216-2-iscsi devstack@c-api.service[108119]: [pid: 108119|app: 0|req: 198/396] 10.222.0.11 () {58 vars in 1324 bytes} [Mon Nov 1 22:57:45 2021] GET /volume/v3/03ba9de87fde479e985d4748a44d89a4/volumes/ce84fa2c-5732-451e-a091-9d64480d580f => generated 914 bytes in 47 msecs (HTTP/1.1 200) 7 headers in 285 bytes (1 switches on core 0)
Nov 01 22:57:45.321034 dv-cinder-812216-2-iscsi devstack@c-api.service[108118]: INFO cinder.api.openstack.wsgi [req-6b792b67-9205-4b92-a15d-d36c22e1af72 req-28b483a3-7c92-4272-9957-744b6ea97dd0 tempest-DeleteServersTestJSON-1129949647 tempest-DeleteServersTestJSON-1129949647-project] GET http://10.222.0.11/volume/v3/03ba9de87fde479e985d4748a44d89a4/volumes/ce84fa2c-5732-451e-a091-9d64480d580f
Nov 01 22:57:45.322608 dv-cinder-812216-2-iscsi devstack@c-api.service[108118]: DEBUG cinder.api.openstack.wsgi [req-6b792b67-9205-4b92-a15d-d36c22e1af72 req-28b483a3-7c92-4272-9957-744b6ea97dd0 tempest-DeleteServersTestJSON-1129949647 tempest-DeleteServersTestJSON-1129949647-project] Empty body provided in request {{(pid=108118) get_body /opt/stack/cinder/cinder/api/openstack/wsgi.py:703}}
Nov 01 22:57:45.323101 dv-cinder-812216-2-iscsi devstack@c-api.service[108118]: /usr/local/lib/python3.8/dist-packages/webob/acceptparse.py:1047: DeprecationWarning: The behavior of AcceptValidHeader.best_match is currently being maintained for backward compatibility, but it will be deprecated in the future, as it does not conform to the RFC.
Nov 01 22:57:45.323101 dv-cinder-812216-2-iscsi devstack@c-api.service[108118]: warnings.warn(
Nov 01 22:57:45.324235 dv-cinder-812216-2-iscsi devstack@c-api.service[108118]: DEBUG cinder.api.openstack.wsgi [req-6b792b67-9205-4b92-a15d-d36c22e1af72 req-28b483a3-7c92-4272-9957-744b6ea97dd0 tempest-DeleteServersTestJSON-1129949647 tempest-DeleteServersTestJSON-1129949647-project] Calling method 'show' {{(pid=108118) _process_stack /opt/stack/cinder/cinder/api/openstack/wsgi.py:856}}
Nov 01 22:57:45.344850 dv-cinder-812216-2-iscsi devstack@c-api.service[108118]: /usr/local/lib/python3.8/dist-packages/oslo_context/context.py:105: DeprecationWarning: Policy enforcement is depending on the value of is_admin. This key is deprecated. Please update your policy file to use the standard policy values.
Nov 01 22:57:45.344850 dv-cinder-812216-2-iscsi devstack@c-api.service[108118]: warnings.warn('Policy enforcement is depending on the value of '
Nov 01 22:57:45.361882 dv-cinder-812216-2-iscsi devstack@c-api.service[108118]: INFO cinder.volume.api [req-6b792b67-9205-4b92-a15d-d36c22e1af72 req-28b483a3-7c92-4272-9957-744b6ea97dd0 tempest-DeleteServersTestJSON-1129949647 tempest-DeleteServersTestJSON-1129949647-project] Volume info retrieved successfully.
Nov 01 22:57:45.385993 dv-cinder-812216-2-iscsi devstack@c-api.service[108118]: INFO cinder.api.openstack.wsgi [req-6b792b67-9205-4b92-a15d-d36c22e1af72 req-28b483a3-7c92-4272-9957-744b6ea97dd0 tempest-DeleteServersTestJSON-1129949647 tempest-DeleteServersTestJSON-1129949647-project] http://10.222.0.11/volume/v3/03ba9de87fde479e985d4748a44d89a4/volumes/ce84fa2c-5732-451e-a091-9d64480d580f returned with HTTP 200
Nov 01 22:57:45.393288 dv-cinder-812216-2-iscsi devstack@c-api.service[108118]: [pid: 108118|app: 0|req: 199/397] 10.222.0.11 () {60 vars in 1578 bytes} [Mon Nov 1 22:57:45 2021] GET /volume/v3/03ba9de87fde479e985d4748a44d89a4/volumes/ce84fa2c-5732-451e-a091-9d64480d580f => generated 914 bytes in 78 msecs (HTTP/1.1 200) 7 headers in 285 bytes (2 switches on core 0)
Nov 01 22:57:45.810483 dv-cinder-812216-2-iscsi devstack@c-api.service[108119]: INFO cinder.api.openstack.wsgi [None req-63c8168a-0501-4af8-b4b0-e93c12c6e1e9 tempest-GroupSnapshotsTest-1968913293 tempest-GroupSnapshotsTest-1968913293-project] GET http://10.222.0.11/volume/v3/450b2d5452c5451da182a38a7aad27b3/group_snapshots/794e2500-2dce-4235-8b8c-105464c129ee
Nov 01 22:57:45.811659 dv-cinder-812216-2-iscsi devstack@c-api.service[108119]: DEBUG cinder.api.openstack.wsgi [None req-63c8168a-0501-4af8-b4b0-e93c12c6e1e9 tempest-GroupSnapshotsTest-1968913293 tempest-GroupSnapshotsTest-1968913293-project] Empty body provided in request {{(pid=108119) get_body /opt/stack/cinder/cinder/api/openstack/wsgi.py:703}}
Nov 01 22:57:45.811977 dv-cinder-812216-2-iscsi devstack@c-api.service[108119]: /usr/local/lib/python3.8/dist-packages/webob/acceptparse.py:1047: DeprecationWarning: The behavior of AcceptValidHeader.best_match is currently being maintained for backward compatibility, but it will be deprecated in the future, as it does not conform to the RFC.
Nov 01 22:57:45.811977 dv-cinder-812216-2-iscsi devstack@c-api.service[108119]: warnings.warn(
Nov 01 22:57:45.812581 dv-cinder-812216-2-iscsi devstack@c-api.service[108119]: DEBUG cinder.api.openstack.wsgi [None req-63c8168a-0501-4af8-b4b0-e93c12c6e1e9 tempest-GroupSnapshotsTest-1968913293 tempest-GroupSnapshotsTest-1968913293-project] Calling method 'version_select' {{(pid=108119) _process_stack /opt/stack/cinder/cinder/api/openstack/wsgi.py:856}}
Nov 01 22:57:45.813069 dv-cinder-812216-2-iscsi devstack@c-api.service[108119]: DEBUG cinder.api.v3.group_snapshots [None req-63c8168a-0501-4af8-b4b0-e93c12c6e1e9 tempest-GroupSnapshotsTest-1968913293 tempest-GroupSnapshotsTest-1968913293-project] show called for member 794e2500-2dce-4235-8b8c-105464c129ee {{(pid=108119) show /opt/stack/cinder/cinder/api/v3/group_snapshots.py:58}}
Nov 01 22:57:45.820305 dv-cinder-812216-2-iscsi devstack@c-api.service[108119]: /usr/local/lib/python3.8/dist-packages/oslo_context/context.py:105: DeprecationWarning: Policy enforcement is depending on the value of is_admin. This key is deprecated. Please update your policy file to use the standard policy values.
Nov 01 22:57:45.820305 dv-cinder-812216-2-iscsi devstack@c-api.service[108119]: warnings.warn('Policy enforcement is depending on the value of '
Nov 01 22:57:45.835900 dv-cinder-812216-2-iscsi devstack@c-api.service[108119]: INFO cinder.api.openstack.wsgi [None req-63c8168a-0501-4af8-b4b0-e93c12c6e1e9 tempest-GroupSnapshotsTest-1968913293 tempest-GroupSnapshotsTest-1968913293-project] http://10.222.0.11/volume/v3/450b2d5452c5451da182a38a7aad27b3/group_snapshots/794e2500-2dce-4235-8b8c-105464c129ee returned with HTTP 200
Nov 01 22:57:45.839686 dv-cinder-812216-2-iscsi devstack@c-api.service[108119]: [pid: 108119|app: 0|req: 199/398] 10.222.0.11 () {60 vars in 1389 bytes} [Mon Nov 1 22:57:45 2021] GET /volume/v3/450b2d5452c5451da182a38a7aad27b3/group_snapshots/794e2500-2dce-4235-8b8c-105464c129ee => generated 325 bytes in 33 msecs (HTTP/1.1 200) 7 headers in 286 bytes (1 switches on core 0)
Nov 01 22:57:45.846299 dv-cinder-812216-2-iscsi devstack@c-api.service[108118]: INFO cinder.api.openstack.wsgi [None req-153a82da-f4a7-4061-b809-fda68e9d93f0 tempest-VolumeTypesTest-204873560 tempest-VolumeTypesTest-204873560-project] GET http://10.222.0.11/volume/v3/12e9211d701848c1ac3266ff66d11fb5/volumes/6d3e9810-6d81-41ec-98ba-056cadc9c934
