Dec 24 10:49:57.310781 dv-cinder-811877-5-iscsi devstack@n-api.service[116157]: DEBUG oslo_concurrency.lockutils [None req-abf0edd5-00b8-4788-ad93-91b4bd90a8d4 tempest-ServerRescueNegativeTestJSON-1713626954 tempest-ServerRescueNegativeTestJSON-1713626954-project] Lock "766c2760-c637-45d9-94cc-6eef167d2ced" acquired by "nova.context.set_target_cell..get_or_set_cached_cell_and_set_connections" :: waited 0.000s {{(pid=116157) inner /usr/local/lib/python3.8/dist-packages/oslo_concurrency/lockutils.py:386}}
Dec 24 10:49:57.311532 dv-cinder-811877-5-iscsi devstack@n-api.service[116157]: DEBUG oslo_concurrency.lockutils [None req-abf0edd5-00b8-4788-ad93-91b4bd90a8d4 tempest-ServerRescueNegativeTestJSON-1713626954 tempest-ServerRescueNegativeTestJSON-1713626954-project] Lock "766c2760-c637-45d9-94cc-6eef167d2ced" "released" by "nova.context.set_target_cell..get_or_set_cached_cell_and_set_connections" :: held 0.001s {{(pid=116157) inner /usr/local/lib/python3.8/dist-packages/oslo_concurrency/lockutils.py:400}}
Dec 24 10:49:57.383218 dv-cinder-811877-5-iscsi devstack@n-api.service[116157]: DEBUG nova.policy [None req-abf0edd5-00b8-4788-ad93-91b4bd90a8d4 tempest-ServerRescueNegativeTestJSON-1713626954 tempest-ServerRescueNegativeTestJSON-1713626954-project] Policy check for os_compute_api:os-extended-server-attributes failed with credentials {'is_admin': False, 'user_id': 'c5d2486258a9497da39f5a76d727cfd2', 'user_domain_id': 'default', 'system_scope': None, 'domain_id': None, 'project_id': '03ddd2d007df43398c1e6fde5c8f1665', 'project_domain_id': 'default', 'roles': ['member', 'reader'], 'is_admin_project': True, 'service_user_id': None, 'service_user_domain_id': None, 'service_project_id': None, 'service_project_domain_id': None, 'service_roles': []} {{(pid=116157) authorize /opt/stack/nova/nova/policy.py:199}}
Dec 24 10:49:57.393627 dv-cinder-811877-5-iscsi devstack@n-api.service[116157]: INFO nova.api.openstack.requestlog [None req-abf0edd5-00b8-4788-ad93-91b4bd90a8d4 tempest-ServerRescueNegativeTestJSON-1713626954 tempest-ServerRescueNegativeTestJSON-1713626954-project] 10.222.0.49 "GET /compute/v2.1/servers/fc1b45de-5516-42aa-8d6f-db9e703cac6a" status: 200 len: 1218 microversion: 2.1 time: 0.097186
Dec 24 10:49:57.395064 dv-cinder-811877-5-iscsi devstack@n-api.service[116157]: [pid: 116157|app: 0|req: 47/97] 10.222.0.49 () {58 vars in 1235 bytes} [Fri Dec 24 10:49:57 2021] GET /compute/v2.1/servers/fc1b45de-5516-42aa-8d6f-db9e703cac6a => generated 1218 bytes in 100 msecs (HTTP/1.1 200) 9 headers in 358 bytes (1 switches on core 0)
Dec 24 10:49:57.519891 dv-cinder-811877-5-iscsi devstack@n-api.service[116156]: DEBUG nova.api.openstack.wsgi [None req-b8c8ca02-6cd7-460e-a33b-c397047e87d1 tempest-DeleteServersTestJSON-1429727054 tempest-DeleteServersTestJSON-1429727054-project] Calling method '>' {{(pid=116156) _process_stack /opt/stack/nova/nova/api/openstack/wsgi.py:513}}
Dec 24 10:49:57.520724 dv-cinder-811877-5-iscsi devstack@n-api.service[116156]: DEBUG nova.compute.api [None req-b8c8ca02-6cd7-460e-a33b-c397047e87d1 tempest-DeleteServersTestJSON-1429727054 tempest-DeleteServersTestJSON-1429727054-project] [instance: c48d72b1-415f-4111-a9ca-198afe81ff5b] Fetching instance by UUID {{(pid=116156) get /opt/stack/nova/nova/compute/api.py:2865}}
Dec 24 10:49:57.526797 dv-cinder-811877-5-iscsi devstack@n-api.service[116156]: DEBUG oslo_concurrency.lockutils [None req-b8c8ca02-6cd7-460e-a33b-c397047e87d1 tempest-DeleteServersTestJSON-1429727054 tempest-DeleteServersTestJSON-1429727054-project] Lock "766c2760-c637-45d9-94cc-6eef167d2ced" acquired by "nova.context.set_target_cell..get_or_set_cached_cell_and_set_connections" :: waited 0.000s {{(pid=116156) inner /usr/local/lib/python3.8/dist-packages/oslo_concurrency/lockutils.py:386}}
Dec 24 10:49:57.527510 dv-cinder-811877-5-iscsi devstack@n-api.service[116156]: DEBUG oslo_concurrency.lockutils [None req-b8c8ca02-6cd7-460e-a33b-c397047e87d1 tempest-DeleteServersTestJSON-1429727054 tempest-DeleteServersTestJSON-1429727054-project] Lock "766c2760-c637-45d9-94cc-6eef167d2ced" "released" by "nova.context.set_target_cell..get_or_set_cached_cell_and_set_connections" :: held 0.001s {{(pid=116156) inner /usr/local/lib/python3.8/dist-packages/oslo_concurrency/lockutils.py:400}}
Dec 24 10:49:57.528375 dv-cinder-811877-5-iscsi devstack@n-api.service[116156]: DEBUG oslo_concurrency.lockutils [None req-b8c8ca02-6cd7-460e-a33b-c397047e87d1 tempest-DeleteServersTestJSON-1429727054 tempest-DeleteServersTestJSON-1429727054-project] Lock "766c2760-c637-45d9-94cc-6eef167d2ced" acquired by "nova.context.set_target_cell..get_or_set_cached_cell_and_set_connections" :: waited 0.000s {{(pid=116156) inner /usr/local/lib/python3.8/dist-packages/oslo_concurrency/lockutils.py:386}}
Dec 24 10:49:57.528942 dv-cinder-811877-5-iscsi devstack@n-api.service[116156]: DEBUG oslo_concurrency.lockutils [None req-b8c8ca02-6cd7-460e-a33b-c397047e87d1 tempest-DeleteServersTestJSON-1429727054 tempest-DeleteServersTestJSON-1429727054-project] Lock "766c2760-c637-45d9-94cc-6eef167d2ced" "released" by "nova.context.set_target_cell..get_or_set_cached_cell_and_set_connections" :: held 0.001s {{(pid=116156) inner /usr/local/lib/python3.8/dist-packages/oslo_concurrency/lockutils.py:400}}
Dec 24 10:49:57.695431 dv-cinder-811877-5-iscsi devstack@n-api.service[116156]: DEBUG nova.policy [None req-b8c8ca02-6cd7-460e-a33b-c397047e87d1 tempest-DeleteServersTestJSON-1429727054 tempest-DeleteServersTestJSON-1429727054-project] Policy check for os_compute_api:os-extended-server-attributes failed with credentials {'is_admin': False, 'user_id': '7959e54d52e34c1a82b843436d6b36bb', 'user_domain_id': 'default', 'system_scope': None, 'domain_id': None, 'project_id': 'cd47864d902b474d8c02b185710ea821', 'project_domain_id': 'default', 'roles': ['member', 'reader'], 'is_admin_project': True, 'service_user_id': None, 'service_user_domain_id': None, 'service_project_id': None, 'service_project_domain_id': None, 'service_roles': []} {{(pid=116156) authorize /opt/stack/nova/nova/policy.py:199}}
Dec 24 10:49:57.707522 dv-cinder-811877-5-iscsi devstack@n-api.service[116156]: INFO nova.api.openstack.requestlog [None req-b8c8ca02-6cd7-460e-a33b-c397047e87d1 tempest-DeleteServersTestJSON-1429727054 tempest-DeleteServersTestJSON-1429727054-project] 10.222.0.49 "GET /compute/v2.1/servers/c48d72b1-415f-4111-a9ca-198afe81ff5b" status: 200 len: 1315 microversion: 2.1 time: 0.192705
Dec 24 10:49:57.708109 dv-cinder-811877-5-iscsi devstack@n-api.service[116156]: [pid: 116156|app: 0|req: 51/98] 10.222.0.49 () {58 vars in 1235 bytes} [Fri Dec 24 10:49:57 2021] GET /compute/v2.1/servers/c48d72b1-415f-4111-a9ca-198afe81ff5b => generated 1315 bytes in 194 msecs (HTTP/1.1 200) 9 headers in 358 bytes (1 switches on core 0)
Dec 24 10:49:58.187296 dv-cinder-811877-5-iscsi devstack@n-api.service[116157]: DEBUG nova.api.openstack.wsgi [None req-918d8527-d982-4bb7-9f3f-a964c822fde2 tempest-AttachVolumeNegativeTest-1846251058 tempest-AttachVolumeNegativeTest-1846251058-project] Calling method '>' {{(pid=116157) _process_stack /opt/stack/nova/nova/api/openstack/wsgi.py:513}}
Dec 24 10:49:58.187296 dv-cinder-811877-5-iscsi devstack@n-api.service[116157]: DEBUG nova.compute.api [None req-918d8527-d982-4bb7-9f3f-a964c822fde2 tempest-AttachVolumeNegativeTest-1846251058 tempest-AttachVolumeNegativeTest-1846251058-project] [instance: efc00935-0c21-43b9-9a9f-fca0bc1b8e25] Fetching instance by UUID {{(pid=116157) get /opt/stack/nova/nova/compute/api.py:2865}}
Dec 24 10:49:58.202767 dv-cinder-811877-5-iscsi devstack@n-api.service[116156]: DEBUG nova.api.openstack.wsgi [None req-b85be6c2-ca41-45e6-a5b8-3c73cc46b257 tempest-AttachVolumeShelveTestJSON-1409108050 tempest-AttachVolumeShelveTestJSON-1409108050-project] Calling method '>' {{(pid=116156) _process_stack /opt/stack/nova/nova/api/openstack/wsgi.py:513}}
Dec 24 10:49:58.203679 dv-cinder-811877-5-iscsi devstack@n-api.service[116156]: DEBUG nova.compute.api [None req-b85be6c2-ca41-45e6-a5b8-3c73cc46b257 tempest-AttachVolumeShelveTestJSON-1409108050 tempest-AttachVolumeShelveTestJSON-1409108050-project] [instance: 4ce269a2-71ea-42ec-80d2-6c54d379b947] Fetching instance by UUID {{(pid=116156) get /opt/stack/nova/nova/compute/api.py:2865}}
Dec 24 10:49:58.210067 dv-cinder-811877-5-iscsi devstack@n-api.service[116157]: DEBUG oslo_concurrency.lockutils [None req-918d8527-d982-4bb7-9f3f-a964c822fde2 tempest-AttachVolumeNegativeTest-1846251058 tempest-AttachVolumeNegativeTest-1846251058-project] Lock "766c2760-c637-45d9-94cc-6eef167d2ced" acquired by "nova.context.set_target_cell..get_or_set_cached_cell_and_set_connections" :: waited 0.000s {{(pid=116157) inner /usr/local/lib/python3.8/dist-packages/oslo_concurrency/lockutils.py:386}}
Dec 24 10:49:58.210509 dv-cinder-811877-5-iscsi devstack@n-api.service[116157]: DEBUG oslo_concurrency.lockutils [None req-918d8527-d982-4bb7-9f3f-a964c822fde2 tempest-AttachVolumeNegativeTest-1846251058 tempest-AttachVolumeNegativeTest-1846251058-project] Lock "766c2760-c637-45d9-94cc-6eef167d2ced" "released" by "nova.context.set_target_cell..get_or_set_cached_cell_and_set_connections" :: held 0.001s {{(pid=116157) inner /usr/local/lib/python3.8/dist-packages/oslo_concurrency/lockutils.py:400}}
Dec 24 10:49:58.211336 dv-cinder-811877-5-iscsi devstack@n-api.service[116157]: DEBUG oslo_concurrency.lockutils [None req-918d8527-d982-4bb7-9f3f-a964c822fde2 tempest-AttachVolumeNegativeTest-1846251058 tempest-AttachVolumeNegativeTest-1846251058-project] Lock "766c2760-c637-45d9-94cc-6eef167d2ced" acquired by "nova.context.set_target_cell..get_or_set_cached_cell_and_set_connections" :: waited 0.000s {{(pid=116157) inner /usr/local/lib/python3.8/dist-packages/oslo_concurrency/lockutils.py:386}}
Dec 24 10:49:58.211760 dv-cinder-811877-5-iscsi devstack@n-api.service[116157]: DEBUG oslo_concurrency.lockutils [None req-918d8527-d982-4bb7-9f3f-a964c822fde2 tempest-AttachVolumeNegativeTest-1846251058 tempest-AttachVolumeNegativeTest-1846251058-project] Lock "766c2760-c637-45d9-94cc-6eef167d2ced" "released" by "nova.context.set_target_cell..get_or_set_cached_cell_and_set_connections" :: held 0.000s {{(pid=116157) inner /usr/local/lib/python3.8/dist-packages/oslo_concurrency/lockutils.py:400}}
Dec 24 10:49:58.221389 dv-cinder-811877-5-iscsi devstack@n-api.service[116156]: DEBUG oslo_concurrency.lockutils [None req-b85be6c2-ca41-45e6-a5b8-3c73cc46b257 tempest-AttachVolumeShelveTestJSON-1409108050 tempest-AttachVolumeShelveTestJSON-1409108050-project] Lock "766c2760-c637-45d9-94cc-6eef167d2ced" acquired by "nova.context.set_target_cell..get_or_set_cached_cell_and_set_connections" :: waited 0.000s {{(pid=116156) inner /usr/local/lib/python3.8/dist-packages/oslo_concurrency/lockutils.py:386}}
Dec 24 10:49:58.226717 dv-cinder-811877-5-iscsi devstack@n-api.service[116156]: DEBUG oslo_concurrency.lockutils [None req-b85be6c2-ca41-45e6-a5b8-3c73cc46b257 tempest-AttachVolumeShelveTestJSON-1409108050 tempest-AttachVolumeShelveTestJSON-1409108050-project] Lock "766c2760-c637-45d9-94cc-6eef167d2ced" "released" by "nova.context.set_target_cell..get_or_set_cached_cell_and_set_connections" :: held 0.005s {{(pid=116156) inner /usr/local/lib/python3.8/dist-packages/oslo_concurrency/lockutils.py:400}}
Dec 24 10:49:58.227943 dv-cinder-811877-5-iscsi devstack@n-api.service[116156]: DEBUG oslo_concurrency.lockutils [None req-b85be6c2-ca41-45e6-a5b8-3c73cc46b257 tempest-AttachVolumeShelveTestJSON-1409108050 tempest-AttachVolumeShelveTestJSON-1409108050-project] Lock "766c2760-c637-45d9-94cc-6eef167d2ced" acquired by "nova.context.set_target_cell..get_or_set_cached_cell_and_set_connections" :: waited 0.000s {{(pid=116156) inner /usr/local/lib/python3.8/dist-packages/oslo_concurrency/lockutils.py:386}}
Dec 24 10:49:58.228706 dv-cinder-811877-5-iscsi devstack@n-api.service[116156]: DEBUG oslo_concurrency.lockutils [None req-b85be6c2-ca41-45e6-a5b8-3c73cc46b257 tempest-AttachVolumeShelveTestJSON-1409108050 tempest-AttachVolumeShelveTestJSON-1409108050-project] Lock "766c2760-c637-45d9-94cc-6eef167d2ced" "released" by "nova.context.set_target_cell..get_or_set_cached_cell_and_set_connections" :: held 0.001s {{(pid=116156) inner /usr/local/lib/python3.8/dist-packages/oslo_concurrency/lockutils.py:400}}
Dec 24 10:49:58.376825 dv-cinder-811877-5-iscsi devstack@n-api.service[116156]: DEBUG nova.policy [None req-b85be6c2-ca41-45e6-a5b8-3c73cc46b257 tempest-AttachVolumeShelveTestJSON-1409108050 tempest-AttachVolumeShelveTestJSON-1409108050-project] Policy check for os_compute_api:os-extended-server-attributes failed with credentials {'is_admin': False, 'user_id': '805e172f918b481db84dd1e0731714ce', 'user_domain_id': 'default', 'system_scope': None, 'domain_id': None, 'project_id': '86e1865e80024619a21633fdc6957b1a', 'project_domain_id': 'default', 'roles': ['member', 'reader'], 'is_admin_project': True, 'service_user_id': None, 'service_user_domain_id': None, 'service_project_id': None, 'service_project_domain_id': None, 'service_roles': []} {{(pid=116156) authorize /opt/stack/nova/nova/policy.py:199}}
Dec 24 10:49:58.386828 dv-cinder-811877-5-iscsi devstack@n-api.service[116156]: DEBUG nova.policy [None req-b85be6c2-ca41-45e6-a5b8-3c73cc46b257 tempest-AttachVolumeShelveTestJSON-1409108050 tempest-AttachVolumeShelveTestJSON-1409108050-project] Policy check for os_compute_api:servers:show:host_status failed with credentials {'is_admin': False, 'user_id': '805e172f918b481db84dd1e0731714ce', 'user_domain_id': 'default', 'system_scope': None, 'domain_id': None, 'project_id': '86e1865e80024619a21633fdc6957b1a', 'project_domain_id': 'default', 'roles': ['member', 'reader'], 'is_admin_project': True, 'service_user_id': None, 'service_user_domain_id': None, 'service_project_id': None, 'service_project_domain_id': None, 'service_roles': []} {{(pid=116156) authorize /opt/stack/nova/nova/policy.py:199}}
Dec 24 10:49:58.389204 dv-cinder-811877-5-iscsi devstack@n-api.service[116156]: DEBUG nova.policy [None req-b85be6c2-ca41-45e6-a5b8-3c73cc46b257 tempest-AttachVolumeShelveTestJSON-1409108050 tempest-AttachVolumeShelveTestJSON-1409108050-project] Policy check for os_compute_api:servers:show:host_status:unknown-only failed with credentials {'is_admin': False, 'user_id': '805e172f918b481db84dd1e0731714ce', 'user_domain_id': 'default', 'system_scope': None, 'domain_id': None, 'project_id': '86e1865e80024619a21633fdc6957b1a', 'project_domain_id': 'default', 'roles': ['member', 'reader'], 'is_admin_project': True, 'service_user_id': None, 'service_user_domain_id': None, 'service_project_id': None, 'service_project_domain_id': None, 'service_roles': []} {{(pid=116156) authorize /opt/stack/nova/nova/policy.py:199}}
Dec 24 10:49:58.391458 dv-cinder-811877-5-iscsi devstack@n-api.service[116156]: INFO nova.api.openstack.requestlog [None req-b85be6c2-ca41-45e6-a5b8-3c73cc46b257 tempest-AttachVolumeShelveTestJSON-1409108050 tempest-AttachVolumeShelveTestJSON-1409108050-project] 10.222.0.49 "GET /compute/v2.1/servers/4ce269a2-71ea-42ec-80d2-6c54d379b947" status: 200 len: 1276 microversion: 2.20 time: 0.194751
Dec 24 10:49:58.403483 dv-cinder-811877-5-iscsi devstack@n-api.service[116156]: [pid: 116156|app: 0|req: 52/99] 10.222.0.49 () {60 vars in 1276 bytes} [Fri Dec 24 10:49:58 2021] GET /compute/v2.1/servers/4ce269a2-71ea-42ec-80d2-6c54d379b947 => generated 1276 bytes in 207 msecs (HTTP/1.1 200) 9 headers in 360 bytes (2 switches on core 0)
Dec 24 10:49:58.411891 dv-cinder-811877-5-iscsi devstack@n-api.service[116156]: DEBUG nova.api.openstack.wsgi [None req-0104c6d1-8cc9-4c28-8555-6e24ecfbffa6 tempest-ServerRescueNegativeTestJSON-1713626954 tempest-ServerRescueNegativeTestJSON-1713626954-project] Calling method '>' {{(pid=116156) _process_stack /opt/stack/nova/nova/api/openstack/wsgi.py:513}}
Dec 24 10:49:58.412735 dv-cinder-811877-5-iscsi devstack@n-api.service[116156]: DEBUG nova.compute.api [None req-0104c6d1-8cc9-4c28-8555-6e24ecfbffa6 tempest-ServerRescueNegativeTestJSON-1713626954 tempest-ServerRescueNegativeTestJSON-1713626954-project] [instance: fc1b45de-5516-42aa-8d6f-db9e703cac6a] Fetching instance by UUID {{(pid=116156) get /opt/stack/nova/nova/compute/api.py:2865}}
Dec 24 10:49:58.426496 dv-cinder-811877-5-iscsi devstack@n-api.service[116156]: DEBUG oslo_concurrency.lockutils [None req-0104c6d1-8cc9-4c28-8555-6e24ecfbffa6 tempest-ServerRescueNegativeTestJSON-1713626954 tempest-ServerRescueNegativeTestJSON-1713626954-project] Lock "766c2760-c637-45d9-94cc-6eef167d2ced" acquired by "nova.context.set_target_cell..get_or_set_cached_cell_and_set_connections" :: waited 0.000s {{(pid=116156) inner /usr/local/lib/python3.8/dist-packages/oslo_concurrency/lockutils.py:386}}
Dec 24 10:49:58.427080 dv-cinder-811877-5-iscsi devstack@n-api.service[116156]: DEBUG oslo_concurrency.lockutils [None req-0104c6d1-8cc9-4c28-8555-6e24ecfbffa6 tempest-ServerRescueNegativeTestJSON-1713626954 tempest-ServerRescueNegativeTestJSON-1713626954-project] Lock "766c2760-c637-45d9-94cc-6eef167d2ced" "released" by "nova.context.set_target_cell..get_or_set_cached_cell_and_set_connections" :: held 0.008s {{(pid=116156) inner /usr/local/lib/python3.8/dist-packages/oslo_concurrency/lockutils.py:400}}
Dec 24 10:49:58.427979 dv-cinder-811877-5-iscsi devstack@n-api.service[116156]: DEBUG oslo_concurrency.lockutils [None req-0104c6d1-8cc9-4c28-8555-6e24ecfbffa6 tempest-ServerRescueNegativeTestJSON-1713626954 tempest-ServerRescueNegativeTestJSON-1713626954-project] Lock "766c2760-c637-45d9-94cc-6eef167d2ced" acquired by "nova.context.set_target_cell..get_or_set_cached_cell_and_set_connections" :: waited 0.000s {{(pid=116156) inner /usr/local/lib/python3.8/dist-packages/oslo_concurrency/lockutils.py:386}}
Dec 24 10:49:58.428480 dv-cinder-811877-5-iscsi devstack@n-api.service[116156]: DEBUG oslo_concurrency.lockutils [None req-0104c6d1-8cc9-4c28-8555-6e24ecfbffa6 tempest-ServerRescueNegativeTestJSON-1713626954 tempest-ServerRescueNegativeTestJSON-1713626954-project] Lock "766c2760-c637-45d9-94cc-6eef167d2ced" "released" by "nova.context.set_target_cell..get_or_set_cached_cell_and_set_connections" :: held 0.001s {{(pid=116156) inner /usr/local/lib/python3.8/dist-packages/oslo_concurrency/lockutils.py:400}}
Dec 24 10:49:58.488761 dv-cinder-811877-5-iscsi devstack@n-api.service[116157]: DEBUG nova.policy [None req-918d8527-d982-4bb7-9f3f-a964c822fde2 tempest-AttachVolumeNegativeTest-1846251058 tempest-AttachVolumeNegativeTest-1846251058-project] Policy check for os_compute_api:os-extended-server-attributes failed with credentials {'is_admin': False, 'user_id': '5f071d88e3c346df8c7a25f465ea9967', 'user_domain_id': 'default', 'system_scope': None, 'domain_id': None, 'project_id': '3d1e0257a3c44eb4a20850362e8ef3a3', 'project_domain_id': 'default', 'roles': ['member', 'reader'], 'is_admin_project': True, 'service_user_id': None, 'service_user_domain_id': None, 'service_project_id': None, 'service_project_domain_id': None, 'service_roles': []} {{(pid=116157) authorize /opt/stack/nova/nova/policy.py:199}}
Dec 24 10:49:58.497575 dv-cinder-811877-5-iscsi devstack@n-api.service[116157]: INFO nova.api.openstack.requestlog [None req-918d8527-d982-4bb7-9f3f-a964c822fde2 tempest-AttachVolumeNegativeTest-1846251058 tempest-AttachVolumeNegativeTest-1846251058-project] 10.222.0.49 "GET /compute/v2.1/servers/efc00935-0c21-43b9-9a9f-fca0bc1b8e25" status: 200 len: 1318 microversion: 2.1 time: 0.315671
Dec 24 10:49:58.498892 dv-cinder-811877-5-iscsi devstack@n-api.service[116157]: [pid: 116157|app: 0|req: 48/100] 10.222.0.49 () {58 vars in 1235 bytes} [Fri Dec 24 10:49:58 2021] GET /compute/v2.1/servers/efc00935-0c21-43b9-9a9f-fca0bc1b8e25 => generated 1318 bytes in 318 msecs (HTTP/1.1 200) 9 headers in 358 bytes (1 switches on core 0)
Dec 24 10:49:58.524188 dv-cinder-811877-5-iscsi devstack@n-api.service[116156]: DEBUG nova.policy [None req-0104c6d1-8cc9-4c28-8555-6e24ecfbffa6 tempest-ServerRescueNegativeTestJSON-1713626954 tempest-ServerRescueNegativeTestJSON-1713626954-project] Policy check for os_compute_api:os-extended-server-attributes failed with credentials {'is_admin': False, 'user_id': 'c5d2486258a9497da39f5a76d727cfd2', 'user_domain_id': 'default', 'system_scope': None, 'domain_id': None, 'project_id': '03ddd2d007df43398c1e6fde5c8f1665', 'project_domain_id': 'default', 'roles': ['member', 'reader'], 'is_admin_project': True, 'service_user_id': None, 'service_user_domain_id': None, 'service_project_id': None, 'service_project_domain_id': None, 'service_roles': []} {{(pid=116156) authorize /opt/stack/nova/nova/policy.py:199}}
Dec 24 10:49:58.536610 dv-cinder-811877-5-iscsi devstack@n-api.service[116156]: INFO nova.api.openstack.requestlog [None req-0104c6d1-8cc9-4c28-8555-6e24ecfbffa6 tempest-ServerRescueNegativeTestJSON-1713626954 tempest-ServerRescueNegativeTestJSON-1713626954-project] 10.222.0.49 "GET /compute/v2.1/servers/fc1b45de-5516-42aa-8d6f-db9e703cac6a" status: 200 len: 1218 microversion: 2.1 time: 0.126191
Dec 24 10:49:58.538466 dv-cinder-811877-5-iscsi devstack@n-api.service[116156]: [pid: 116156|app: 0|req: 53/101] 10.222.0.49 () {58 vars in 1235 bytes} [Fri Dec 24 10:49:58 2021] GET /compute/v2.1/servers/fc1b45de-5516-42aa-8d6f-db9e703cac6a => generated 1218 bytes in 132 msecs (HTTP/1.1 200) 9 headers in 358 bytes (2 switches on core 0)
Dec 24 10:49:58.554624 dv-cinder-811877-5-iscsi devstack@n-api.service[116157]: DEBUG nova.api.openstack.wsgi [None req-6069785d-80de-4d7e-af99-ce39cd16a0f2 tempest-VolumesTestJSON-1644277914 tempest-VolumesTestJSON-1644277914-project] Calling method '.version_select at 0x7fb77c65dca0>' {{(pid=116157) _process_stack /opt/stack/nova/nova/api/openstack/wsgi.py:513}}
Dec 24 10:49:58.608510 dv-cinder-811877-5-iscsi devstack@n-api.service[116157]: INFO nova.api.openstack.requestlog [None req-6069785d-80de-4d7e-af99-ce39cd16a0f2 tempest-VolumesTestJSON-1644277914 tempest-VolumesTestJSON-1644277914-project] 10.222.0.49 "GET /compute/v2.1/os-volumes/f320cafe-fedd-47fc-9c50-5cdc57416ca6" status: 200 len: 351 microversion: 2.1 time: 0.057279
Dec 24 10:49:58.609294 dv-cinder-811877-5-iscsi devstack@n-api.service[116157]: [pid: 116157|app: 0|req: 49/102] 10.222.0.49 () {58 vars in 1244 bytes} [Fri Dec 24 10:49:58 2021] GET /compute/v2.1/os-volumes/f320cafe-fedd-47fc-9c50-5cdc57416ca6 => generated 351 bytes in 59 msecs (HTTP/1.1 200) 9 headers in 357 bytes (1 switches on core 0)
Dec 24 10:49:58.622528 dv-cinder-811877-5-iscsi devstack@n-api.service[116156]: DEBUG nova.api.openstack.wsgi [None req-de350d63-0ab0-4ff6-9a90-aba95ce61f42 tempest-VolumesTestJSON-1644277914 tempest-VolumesTestJSON-1644277914-project] Calling method '.version_select at 0x7fb77c69aca0>' {{(pid=116156) _process_stack /opt/stack/nova/nova/api/openstack/wsgi.py:513}}
Dec 24 10:49:58.725192 dv-cinder-811877-5-iscsi devstack@n-api.service[116157]: DEBUG nova.api.openstack.wsgi [None req-7685763d-d6e3-4ea8-aace-4280557ecdbd tempest-DeleteServersTestJSON-1429727054 tempest-DeleteServersTestJSON-1429727054-project] Calling method '>' {{(pid=116157) _process_stack /opt/stack/nova/nova/api/openstack/wsgi.py:513}}
Dec 24 10:49:58.725937 dv-cinder-811877-5-iscsi devstack@n-api.service[116157]: DEBUG nova.compute.api [None req-7685763d-d6e3-4ea8-aace-4280557ecdbd tempest-DeleteServersTestJSON-1429727054 tempest-DeleteServersTestJSON-1429727054-project] [instance: c48d72b1-415f-4111-a9ca-198afe81ff5b] Fetching instance by UUID {{(pid=116157) get /opt/stack/nova/nova/compute/api.py:2865}}
Dec 24 10:49:58.759484 dv-cinder-811877-5-iscsi devstack@n-api.service[116157]: DEBUG oslo_concurrency.lockutils [None req-7685763d-d6e3-4ea8-aace-4280557ecdbd tempest-DeleteServersTestJSON-1429727054 tempest-DeleteServersTestJSON-1429727054-project] Lock "766c2760-c637-45d9-94cc-6eef167d2ced" acquired by "nova.context.set_target_cell..get_or_set_cached_cell_and_set_connections" :: waited 0.000s {{(pid=116157) inner /usr/local/lib/python3.8/dist-packages/oslo_concurrency/lockutils.py:386}}
Dec 24 10:49:58.760090 dv-cinder-811877-5-iscsi devstack@n-api.service[116157]: DEBUG oslo_concurrency.lockutils [None req-7685763d-d6e3-4ea8-aace-4280557ecdbd tempest-DeleteServersTestJSON-1429727054 tempest-DeleteServersTestJSON-1429727054-project] Lock "766c2760-c637-45d9-94cc-6eef167d2ced" "released" by "nova.context.set_target_cell..get_or_set_cached_cell_and_set_connections" :: held 0.010s {{(pid=116157) inner /usr/local/lib/python3.8/dist-packages/oslo_concurrency/lockutils.py:400}}
Dec 24 10:49:58.763466 dv-cinder-811877-5-iscsi devstack@n-api.service[116157]: DEBUG oslo_concurrency.lockutils [None req-7685763d-d6e3-4ea8-aace-4280557ecdbd tempest-DeleteServersTestJSON-1429727054 tempest-DeleteServersTestJSON-1429727054-project] Lock "766c2760-c637-45d9-94cc-6eef167d2ced" acquired by "nova.context.set_target_cell..get_or_set_cached_cell_and_set_connections" :: waited 0.000s {{(pid=116157) inner /usr/local/lib/python3.8/dist-packages/oslo_concurrency/lockutils.py:386}}
Dec 24 10:49:58.764024 dv-cinder-811877-5-iscsi devstack@n-api.service[116157]: DEBUG oslo_concurrency.lockutils [None req-7685763d-d6e3-4ea8-aace-4280557ecdbd tempest-DeleteServersTestJSON-1429727054 tempest-DeleteServersTestJSON-1429727054-project] Lock "766c2760-c637-45d9-94cc-6eef167d2ced" "released" by "nova.context.set_target_cell..get_or_set_cached_cell_and_set_connections" :: held 0.001s {{(pid=116157) inner /usr/local/lib/python3.8/dist-packages/oslo_concurrency/lockutils.py:400}}
Dec 24 10:49:58.805800 dv-cinder-811877-5-iscsi devstack@n-api.service[116156]: INFO nova.api.openstack.requestlog [None req-de350d63-0ab0-4ff6-9a90-aba95ce61f42 tempest-VolumesTestJSON-1644277914 tempest-VolumesTestJSON-1644277914-project] 10.222.0.49 "GET /compute/v2.1/os-volumes" status: 200 len: 1035 microversion: 2.1 time: 0.188171
Dec 24 10:49:58.806399 dv-cinder-811877-5-iscsi devstack@n-api.service[116156]: [pid: 116156|app: 0|req: 54/103] 10.222.0.49 () {58 vars in 1133 bytes} [Fri Dec 24 10:49:58 2021] GET /compute/v2.1/os-volumes => generated 1035 bytes in 190 msecs (HTTP/1.1 200) 9 headers in 358 bytes (1 switches on core 0)
Dec 24 10:49:58.820963 dv-cinder-811877-5-iscsi devstack@n-api.service[116156]: DEBUG nova.api.openstack.wsgi [None req-c0f23c40-a13c-4449-9ba2-9a2048832ce1 tempest-VolumesTestJSON-1644277914 tempest-VolumesTestJSON-1644277914-project] Calling method '.version_select at 0x7fb77c646940>' {{(pid=116156) _process_stack /opt/stack/nova/nova/api/openstack/wsgi.py:513}}
Dec 24 10:49:58.918076 dv-cinder-811877-5-iscsi devstack@n-api.service[116156]: INFO nova.api.openstack.requestlog [None req-c0f23c40-a13c-4449-9ba2-9a2048832ce1 tempest-VolumesTestJSON-1644277914 tempest-VolumesTestJSON-1644277914-project] 10.222.0.49 "GET /compute/v2.1/os-volumes?limit=2" status: 200 len: 695 microversion: 2.1 time: 0.101143
Dec 24 10:49:58.918803 dv-cinder-811877-5-iscsi devstack@n-api.service[116156]: [pid: 116156|app: 0|req: 55/104] 10.222.0.49 () {58 vars in 1148 bytes} [Fri Dec 24 10:49:58 2021] GET /compute/v2.1/os-volumes?limit=2 => generated 695 bytes in 103 msecs (HTTP/1.1 200) 9 headers in 357 bytes (1 switches on core 0)
Dec 24 10:49:58.932250 dv-cinder-811877-5-iscsi devstack@n-api.service[116156]: DEBUG nova.api.openstack.wsgi [None req-c3c8c2b8-a1ff-4df5-bc7e-c1efd250a0a2 tempest-VolumesTestJSON-1644277914 tempest-VolumesTestJSON-1644277914-project] Calling method '.version_select at 0x7fb77c6040d0>' {{(pid=116156) _process_stack /opt/stack/nova/nova/api/openstack/wsgi.py:513}}
Dec 24 10:49:59.051435 dv-cinder-811877-5-iscsi devstack@n-api.service[116157]: DEBUG nova.policy [None req-7685763d-d6e3-4ea8-aace-4280557ecdbd tempest-DeleteServersTestJSON-1429727054 tempest-DeleteServersTestJSON-1429727054-project] Policy check for os_compute_api:os-extended-server-attributes failed with credentials {'is_admin': False, 'user_id': '7959e54d52e34c1a82b843436d6b36bb', 'user_domain_id': 'default', 'system_scope': None, 'domain_id': None, 'project_id': 'cd47864d902b474d8c02b185710ea821', 'project_domain_id': 'default', 'roles': ['member', 'reader'], 'is_admin_project': True, 'service_user_id': None, 'service_user_domain_id': None, 'service_project_id': None, 'service_project_domain_id': None, 'service_roles': []} {{(pid=116157) authorize /opt/stack/nova/nova/policy.py:199}}
Dec 24 10:49:59.059030 dv-cinder-811877-5-iscsi devstack@n-api.service[116157]: INFO nova.api.openstack.requestlog [None req-7685763d-d6e3-4ea8-aace-4280557ecdbd tempest-DeleteServersTestJSON-1429727054 tempest-DeleteServersTestJSON-1429727054-project] 10.222.0.49 "GET /compute/v2.1/servers/c48d72b1-415f-4111-a9ca-198afe81ff5b" status: 200 len: 1315 microversion: 2.1 time: 0.338684
Dec 24 10:49:59.059575 dv-cinder-811877-5-iscsi devstack@n-api.service[116157]: [pid: 116157|app: 0|req: 50/105] 10.222.0.49 () {58 vars in 1235 bytes} [Fri Dec 24 10:49:58 2021] GET /compute/v2.1/servers/c48d72b1-415f-4111-a9ca-198afe81ff5b => generated 1315 bytes in 340 msecs (HTTP/1.1 200) 9 headers in 358 bytes (2 switches on core 0)
Dec 24 10:49:59.073174 dv-cinder-811877-5-iscsi devstack@n-api.service[116156]: INFO nova.api.openstack.requestlog [None req-c3c8c2b8-a1ff-4df5-bc7e-c1efd250a0a2 tempest-VolumesTestJSON-1644277914 tempest-VolumesTestJSON-1644277914-project] 10.222.0.49 "GET /compute/v2.1/os-volumes" status: 200 len: 1035 microversion: 2.1 time: 0.144725
Dec 24 10:49:59.081314 dv-cinder-811877-5-iscsi devstack@n-api.service[116156]: [pid: 116156|app: 0|req: 56/106] 10.222.0.49 () {58 vars in 1133 bytes} [Fri Dec 24 10:49:58 2021] GET /compute/v2.1/os-volumes => generated 1035 bytes in 153 msecs (HTTP/1.1 200) 9 headers in 358 bytes (1 switches on core 0)
Dec 24 10:49:59.088153 dv-cinder-811877-5-iscsi devstack@n-api.service[116157]: DEBUG nova.api.openstack.wsgi [None req-50f3abf9-e1b4-48aa-ac7e-acd62786848a tempest-VolumesTestJSON-1644277914 tempest-VolumesTestJSON-1644277914-project] Calling method '.version_select at 0x7fb77c642d30>' {{(pid=116157) _process_stack /opt/stack/nova/nova/api/openstack/wsgi.py:513}}
Dec 24 10:49:59.263541 dv-cinder-811877-5-iscsi devstack@n-api.service[116157]: INFO nova.api.openstack.requestlog [None req-50f3abf9-e1b4-48aa-ac7e-acd62786848a tempest-VolumesTestJSON-1644277914 tempest-VolumesTestJSON-1644277914-project] 10.222.0.49 "GET /compute/v2.1/os-volumes?offset=1&limit=1" status: 200 len: 354 microversion: 2.1 time: 0.180857
Dec 24 10:49:59.265848 dv-cinder-811877-5-iscsi devstack@n-api.service[116157]: [pid: 116157|app: 0|req: 51/107] 10.222.0.49 () {58 vars in 1166 bytes} [Fri Dec 24 10:49:59 2021] GET /compute/v2.1/os-volumes?offset=1&limit=1 => generated 354 bytes in 184 msecs (HTTP/1.1 200) 9 headers in 357 bytes (2 switches on core 0)
Dec 24 10:49:59.277370 dv-cinder-811877-5-iscsi devstack@n-api.service[116156]: DEBUG nova.api.openstack.wsgi [None req-41cb3e83-3c30-47b2-a106-f515da382786 tempest-VolumesTestJSON-1644277914 tempest-VolumesTestJSON-1644277914-project] Calling method '.version_select at 0x7fb77c69aca0>' {{(pid=116156) _process_stack /opt/stack/nova/nova/api/openstack/wsgi.py:513}}
Dec 24 10:49:59.405784 dv-cinder-811877-5-iscsi devstack@n-api.service[116156]: INFO nova.api.openstack.requestlog [None req-41cb3e83-3c30-47b2-a106-f515da382786 tempest-VolumesTestJSON-1644277914 tempest-VolumesTestJSON-1644277914-project] 10.222.0.49 "GET /compute/v2.1/os-volumes/detail?limit=2" status: 200 len: 695 microversion: 2.1 time: 0.131823
Dec 24 10:49:59.406372 dv-cinder-811877-5-iscsi devstack@n-api.service[116156]: [pid: 116156|app: 0|req: 57/108] 10.222.0.49 () {58 vars in 1169 bytes} [Fri Dec 24 10:49:59 2021] GET /compute/v2.1/os-volumes/detail?limit=2 => generated 695 bytes in 133 msecs (HTTP/1.1 200) 9 headers in 357 bytes (1 switches on core 0)
Dec 24 10:49:59.410369 dv-cinder-811877-5-iscsi devstack@n-api.service[116157]: DEBUG nova.api.openstack.wsgi [None req-2cd33420-0877-46db-9191-f0de4ce2511c tempest-AttachVolumeShelveTestJSON-1409108050 tempest-AttachVolumeShelveTestJSON-1409108050-project] Calling method '>' {{(pid=116157) _process_stack /opt/stack/nova/nova/api/openstack/wsgi.py:513}}
Dec 24 10:49:59.410981 dv-cinder-811877-5-iscsi devstack@n-api.service[116157]: DEBUG nova.compute.api [None req-2cd33420-0877-46db-9191-f0de4ce2511c tempest-AttachVolumeShelveTestJSON-1409108050 tempest-AttachVolumeShelveTestJSON-1409108050-project] [instance: 4ce269a2-71ea-42ec-80d2-6c54d379b947] Fetching instance by UUID {{(pid=116157) get /opt/stack/nova/nova/compute/api.py:2865}}
Dec 24 10:49:59.420278 dv-cinder-811877-5-iscsi devstack@n-api.service[116156]: DEBUG nova.api.openstack.wsgi [None req-6220f61e-be1b-42e2-962c-3067f457477c tempest-VolumesTestJSON-1644277914 tempest-VolumesTestJSON-1644277914-project] Calling method '.version_select at 0x7fb77c646ee0>' {{(pid=116156) _process_stack /opt/stack/nova/nova/api/openstack/wsgi.py:513}}
Dec 24 10:49:59.420688 dv-cinder-811877-5-iscsi devstack@n-api.service[116157]: DEBUG oslo_concurrency.lockutils [None req-2cd33420-0877-46db-9191-f0de4ce2511c tempest-AttachVolumeShelveTestJSON-1409108050 tempest-AttachVolumeShelveTestJSON-1409108050-project] Lock "766c2760-c637-45d9-94cc-6eef167d2ced" acquired by "nova.context.set_target_cell..get_or_set_cached_cell_and_set_connections" :: waited 0.000s {{(pid=116157) inner /usr/local/lib/python3.8/dist-packages/oslo_concurrency/lockutils.py:386}}
Dec 24 10:49:59.421678 dv-cinder-811877-5-iscsi devstack@n-api.service[116157]: DEBUG oslo_concurrency.lockutils [None req-2cd33420-0877-46db-9191-f0de4ce2511c tempest-AttachVolumeShelveTestJSON-1409108050 tempest-AttachVolumeShelveTestJSON-1409108050-project] Lock "766c2760-c637-45d9-94cc-6eef167d2ced" "released" by "nova.context.set_target_cell..get_or_set_cached_cell_and_set_connections" :: held 0.002s {{(pid=116157) inner /usr/local/lib/python3.8/dist-packages/oslo_concurrency/lockutils.py:400}}
Dec 24 10:49:59.422363 dv-cinder-811877-5-iscsi devstack@n-api.service[116157]: DEBUG oslo_concurrency.lockutils [None req-2cd33420-0877-46db-9191-f0de4ce2511c tempest-AttachVolumeShelveTestJSON-1409108050 tempest-AttachVolumeShelveTestJSON-1409108050-project] Lock "766c2760-c637-45d9-94cc-6eef167d2ced" acquired by "nova.context.set_target_cell..get_or_set_cached_cell_and_set_connections" :: waited 0.000s {{(pid=116157) inner /usr/local/lib/python3.8/dist-packages/oslo_concurrency/lockutils.py:386}}
Dec 24 10:49:59.424875 dv-cinder-811877-5-iscsi devstack@n-api.service[116157]: DEBUG oslo_concurrency.lockutils [None req-2cd33420-0877-46db-9191-f0de4ce2511c tempest-AttachVolumeShelveTestJSON-1409108050 tempest-AttachVolumeShelveTestJSON-1409108050-project] Lock "766c2760-c637-45d9-94cc-6eef167d2ced" "released" by "nova.context.set_target_cell..get_or_set_cached_cell_and_set_connections" :: held 0.000s {{(pid=116157) inner /usr/local/lib/python3.8/dist-packages/oslo_concurrency/lockutils.py:400}}
Dec 24 10:49:59.523476 dv-cinder-811877-5-iscsi devstack@n-api.service[116156]: INFO nova.api.openstack.requestlog [None req-6220f61e-be1b-42e2-962c-3067f457477c tempest-VolumesTestJSON-1644277914 tempest-VolumesTestJSON-1644277914-project] 10.222.0.49 "GET /compute/v2.1/os-volumes/detail" status: 200 len: 1035 microversion: 2.1 time: 0.109065
Dec 24 10:49:59.524249 dv-cinder-811877-5-iscsi devstack@n-api.service[116156]: [pid: 116156|app: 0|req: 58/109] 10.222.0.49 () {58 vars in 1154 bytes} [Fri Dec 24 10:49:59 2021] GET /compute/v2.1/os-volumes/detail => generated 1035 bytes in 110 msecs (HTTP/1.1 200) 9 headers in 358 bytes (2 switches on core 0)
Dec 24 10:49:59.529460 dv-cinder-811877-5-iscsi devstack@n-api.service[116156]: DEBUG nova.api.openstack.wsgi [None req-28c8cf82-e86e-4373-891b-69fb8867cf08 tempest-AttachVolumeNegativeTest-1846251058 tempest-AttachVolumeNegativeTest-1846251058-project] Calling method '>' {{(pid=116156) _process_stack /opt/stack/nova/nova/api/openstack/wsgi.py:513}}
Dec 24 10:49:59.531144 dv-cinder-811877-5-iscsi devstack@n-api.service[116156]: DEBUG nova.compute.api [None req-28c8cf82-e86e-4373-891b-69fb8867cf08 tempest-AttachVolumeNegativeTest-1846251058 tempest-AttachVolumeNegativeTest-1846251058-project] [instance: efc00935-0c21-43b9-9a9f-fca0bc1b8e25] Fetching instance by UUID {{(pid=116156) get /opt/stack/nova/nova/compute/api.py:2865}}
Dec 24 10:49:59.532440 dv-cinder-811877-5-iscsi devstack@n-api.service[116157]: DEBUG nova.policy [None req-2cd33420-0877-46db-9191-f0de4ce2511c tempest-AttachVolumeShelveTestJSON-1409108050 tempest-AttachVolumeShelveTestJSON-1409108050-project] Policy check for os_compute_api:os-extended-server-attributes failed with credentials {'is_admin': False, 'user_id': '805e172f918b481db84dd1e0731714ce', 'user_domain_id': 'default', 'system_scope': None, 'domain_id': None, 'project_id': '86e1865e80024619a21633fdc6957b1a', 'project_domain_id': 'default', 'roles': ['member', 'reader'], 'is_admin_project': True, 'service_user_id': None, 'service_user_domain_id': None, 'service_project_id': None, 'service_project_domain_id': None, 'service_roles': []} {{(pid=116157) authorize /opt/stack/nova/nova/policy.py:199}}
Dec 24 10:49:59.538341 dv-cinder-811877-5-iscsi devstack@n-api.service[116156]: DEBUG oslo_concurrency.lockutils [None req-28c8cf82-e86e-4373-891b-69fb8867cf08 tempest-AttachVolumeNegativeTest-1846251058 tempest-AttachVolumeNegativeTest-1846251058-project] Lock "766c2760-c637-45d9-94cc-6eef167d2ced" acquired by "nova.context.set_target_cell..get_or_set_cached_cell_and_set_connections" :: waited 0.000s {{(pid=116156) inner /usr/local/lib/python3.8/dist-packages/oslo_concurrency/lockutils.py:386}}
Dec 24 10:49:59.538947 dv-cinder-811877-5-iscsi devstack@n-api.service[116156]: DEBUG oslo_concurrency.lockutils [None req-28c8cf82-e86e-4373-891b-69fb8867cf08 tempest-AttachVolumeNegativeTest-1846251058 tempest-AttachVolumeNegativeTest-1846251058-project] Lock "766c2760-c637-45d9-94cc-6eef167d2ced" "released" by "nova.context.set_target_cell..get_or_set_cached_cell_and_set_connections" :: held 0.001s {{(pid=116156) inner /usr/local/lib/python3.8/dist-packages/oslo_concurrency/lockutils.py:400}}
Dec 24 10:49:59.539975 dv-cinder-811877-5-iscsi devstack@n-api.service[116156]: DEBUG oslo_concurrency.lockutils [None req-28c8cf82-e86e-4373-891b-69fb8867cf08 tempest-AttachVolumeNegativeTest-1846251058 tempest-AttachVolumeNegativeTest-1846251058-project] Lock "766c2760-c637-45d9-94cc-6eef167d2ced" acquired by "nova.context.set_target_cell..get_or_set_cached_cell_and_set_connections" :: waited 0.000s {{(pid=116156) inner /usr/local/lib/python3.8/dist-packages/oslo_concurrency/lockutils.py:386}}
Dec 24 10:49:59.540602 dv-cinder-811877-5-iscsi devstack@n-api.service[116156]: DEBUG oslo_concurrency.lockutils [None req-28c8cf82-e86e-4373-891b-69fb8867cf08 tempest-AttachVolumeNegativeTest-1846251058 tempest-AttachVolumeNegativeTest-1846251058-project] Lock "766c2760-c637-45d9-94cc-6eef167d2ced" "released" by "nova.context.set_target_cell..get_or_set_cached_cell_and_set_connections" :: held 0.001s {{(pid=116156) inner /usr/local/lib/python3.8/dist-packages/oslo_concurrency/lockutils.py:400}}
Dec 24 10:49:59.540714 dv-cinder-811877-5-iscsi devstack@n-api.service[116157]: DEBUG nova.policy [None req-2cd33420-0877-46db-9191-f0de4ce2511c tempest-AttachVolumeShelveTestJSON-1409108050 tempest-AttachVolumeShelveTestJSON-1409108050-project] Policy check for os_compute_api:servers:show:host_status failed with credentials {'is_admin': False, 'user_id': '805e172f918b481db84dd1e0731714ce', 'user_domain_id': 'default', 'system_scope': None, 'domain_id': None, 'project_id': '86e1865e80024619a21633fdc6957b1a', 'project_domain_id': 'default', 'roles': ['member', 'reader'], 'is_admin_project': True, 'service_user_id': None, 'service_user_domain_id': None, 'service_project_id': None, 'service_project_domain_id': None, 'service_roles': []} {{(pid=116157) authorize /opt/stack/nova/nova/policy.py:199}}
Dec 24 10:49:59.542131 dv-cinder-811877-5-iscsi devstack@n-api.service[116157]: DEBUG nova.policy [None req-2cd33420-0877-46db-9191-f0de4ce2511c tempest-AttachVolumeShelveTestJSON-1409108050 tempest-AttachVolumeShelveTestJSON-1409108050-project] Policy check for os_compute_api:servers:show:host_status:unknown-only failed with credentials {'is_admin': False, 'user_id': '805e172f918b481db84dd1e0731714ce', 'user_domain_id': 'default', 'system_scope': None, 'domain_id': None, 'project_id': '86e1865e80024619a21633fdc6957b1a', 'project_domain_id': 'default', 'roles': ['member', 'reader'], 'is_admin_project': True, 'service_user_id': None, 'service_user_domain_id': None, 'service_project_id': None, 'service_project_domain_id': None, 'service_roles': []} {{(pid=116157) authorize /opt/stack/nova/nova/policy.py:199}}
Dec 24 10:49:59.543286 dv-cinder-811877-5-iscsi devstack@n-api.service[116157]: INFO nova.api.openstack.requestlog [None req-2cd33420-0877-46db-9191-f0de4ce2511c tempest-AttachVolumeShelveTestJSON-1409108050 tempest-AttachVolumeShelveTestJSON-1409108050-project] 10.222.0.49 "GET /compute/v2.1/servers/4ce269a2-71ea-42ec-80d2-6c54d379b947" status: 200 len: 1276 microversion: 2.20 time: 0.136783
Dec 24 10:49:59.543853 dv-cinder-811877-5-iscsi devstack@n-api.service[116157]: [pid: 116157|app: 0|req: 52/110] 10.222.0.49 () {60 vars in 1276 bytes} [Fri Dec 24 10:49:59 2021] GET /compute/v2.1/servers/4ce269a2-71ea-42ec-80d2-6c54d379b947 => generated 1276 bytes in 138 msecs (HTTP/1.1 200) 9 headers in 360 bytes (1 switches on core 0)
Dec 24 10:49:59.557943 dv-cinder-811877-5-iscsi devstack@n-api.service[116157]: DEBUG nova.api.openstack.wsgi [None req-944862a9-bc3a-44db-a75a-c7d67031aac1 tempest-VolumesTestJSON-1644277914 tempest-VolumesTestJSON-1644277914-project] Calling method '.version_select at 0x7fb77c65dca0>' {{(pid=116157) _process_stack /opt/stack/nova/nova/api/openstack/wsgi.py:513}}
Dec 24 10:49:59.741719 dv-cinder-811877-5-iscsi devstack@n-api.service[116157]: INFO nova.api.openstack.requestlog [None req-944862a9-bc3a-44db-a75a-c7d67031aac1 tempest-VolumesTestJSON-1644277914 tempest-VolumesTestJSON-1644277914-project] 10.222.0.49 "GET /compute/v2.1/os-volumes/detail?offset=1&limit=1" status: 200 len: 354 microversion: 2.1 time: 0.187121
Dec 24 10:49:59.742523 dv-cinder-811877-5-iscsi devstack@n-api.service[116157]: [pid: 116157|app: 0|req: 53/111] 10.222.0.49 () {58 vars in 1187 bytes} [Fri Dec 24 10:49:59 2021] GET /compute/v2.1/os-volumes/detail?offset=1&limit=1 => generated 354 bytes in 198 msecs (HTTP/1.1 200) 9 headers in 357 bytes (1 switches on core 0)
Dec 24 10:49:59.747456 dv-cinder-811877-5-iscsi devstack@n-api.service[116157]: DEBUG nova.api.openstack.wsgi [None req-a0427573-7492-4955-84df-a8020f1d14ca tempest-ServerRescueNegativeTestJSON-1713626954 tempest-ServerRescueNegativeTestJSON-1713626954-project] Calling method '>' {{(pid=116157) _process_stack /opt/stack/nova/nova/api/openstack/wsgi.py:513}}
Dec 24 10:49:59.748841 dv-cinder-811877-5-iscsi devstack@n-api.service[116157]: DEBUG nova.compute.api [None req-a0427573-7492-4955-84df-a8020f1d14ca tempest-ServerRescueNegativeTestJSON-1713626954 tempest-ServerRescueNegativeTestJSON-1713626954-project] [instance: fc1b45de-5516-42aa-8d6f-db9e703cac6a] Fetching instance by UUID {{(pid=116157) get /opt/stack/nova/nova/compute/api.py:2865}}
Dec 24 10:49:59.755622 dv-cinder-811877-5-iscsi devstack@n-api.service[116157]: DEBUG oslo_concurrency.lockutils [None req-a0427573-7492-4955-84df-a8020f1d14ca tempest-ServerRescueNegativeTestJSON-1713626954 tempest-ServerRescueNegativeTestJSON-1713626954-project] Lock "766c2760-c637-45d9-94cc-6eef167d2ced" acquired by "nova.context.set_target_cell..get_or_set_cached_cell_and_set_connections" :: waited 0.000s {{(pid=116157) inner /usr/local/lib/python3.8/dist-packages/oslo_concurrency/lockutils.py:386}}
Dec 24 10:49:59.760370 dv-cinder-811877-5-iscsi devstack@n-api.service[116157]: DEBUG oslo_concurrency.lockutils [None req-a0427573-7492-4955-84df-a8020f1d14ca tempest-ServerRescueNegativeTestJSON-1713626954 tempest-ServerRescueNegativeTestJSON-1713626954-project] Lock "766c2760-c637-45d9-94cc-6eef167d2ced" "released" by "nova.context.set_target_cell..get_or_set_cached_cell_and_set_connections" :: held 0.001s {{(pid=116157) inner /usr/local/lib/python3.8/dist-packages/oslo_concurrency/lockutils.py:400}}
Dec 24 10:49:59.761457 dv-cinder-811877-5-iscsi devstack@n-api.service[116157]: DEBUG oslo_concurrency.lockutils [None req-a0427573-7492-4955-84df-a8020f1d14ca tempest-ServerRescueNegativeTestJSON-1713626954 tempest-ServerRescueNegativeTestJSON-1713626954-project] Lock "766c2760-c637-45d9-94cc-6eef167d2ced" acquired by "nova.context.set_target_cell..get_or_set_cached_cell_and_set_connections" :: waited 0.000s {{(pid=116157) inner /usr/local/lib/python3.8/dist-packages/oslo_concurrency/lockutils.py:386}}
Dec 24 10:49:59.762100 dv-cinder-811877-5-iscsi devstack@n-api.service[116157]: DEBUG oslo_concurrency.lockutils [None req-a0427573-7492-4955-84df-a8020f1d14ca tempest-ServerRescueNegativeTestJSON-1713626954 tempest-ServerRescueNegativeTestJSON-1713626954-project] Lock "766c2760-c637-45d9-94cc-6eef167d2ced" "released" by "nova.context.set_target_cell..get_or_set_cached_cell_and_set_connections" :: held 0.001s {{(pid=116157) inner /usr/local/lib/python3.8/dist-packages/oslo_concurrency/lockutils.py:400}}
Dec 24 10:49:59.813802 dv-cinder-811877-5-iscsi devstack@n-api.service[116156]: DEBUG nova.policy [None req-28c8cf82-e86e-4373-891b-69fb8867cf08 tempest-AttachVolumeNegativeTest-1846251058 tempest-AttachVolumeNegativeTest-1846251058-project] Policy check for os_compute_api:os-extended-server-attributes failed with credentials {'is_admin': False, 'user_id': '5f071d88e3c346df8c7a25f465ea9967', 'user_domain_id': 'default', 'system_scope': None, 'domain_id': None, 'project_id': '3d1e0257a3c44eb4a20850362e8ef3a3', 'project_domain_id': 'default', 'roles': ['member', 'reader'], 'is_admin_project': True, 'service_user_id': None, 'service_user_domain_id': None, 'service_project_id': None, 'service_project_domain_id': None, 'service_roles': []} {{(pid=116156) authorize /opt/stack/nova/nova/policy.py:199}}
Dec 24 10:49:59.823750 dv-cinder-811877-5-iscsi devstack@n-api.service[116156]: INFO nova.api.openstack.requestlog [None req-28c8cf82-e86e-4373-891b-69fb8867cf08 tempest-AttachVolumeNegativeTest-1846251058 tempest-AttachVolumeNegativeTest-1846251058-project] 10.222.0.49 "GET /compute/v2.1/servers/efc00935-0c21-43b9-9a9f-fca0bc1b8e25" status: 200 len: 1318 microversion: 2.1 time: 0.297290
Dec 24 10:49:59.825894 dv-cinder-811877-5-iscsi devstack@n-api.service[116156]: [pid: 116156|app: 0|req: 59/112] 10.222.0.49 () {58 vars in 1235 bytes} [Fri Dec 24 10:49:59 2021] GET /compute/v2.1/servers/efc00935-0c21-43b9-9a9f-fca0bc1b8e25 => generated 1318 bytes in 301 msecs (HTTP/1.1 200) 9 headers in 358 bytes (1 switches on core 0)
Dec 24 10:49:59.833715 dv-cinder-811877-5-iscsi devstack@n-api.service[116156]: DEBUG nova.api.openstack.wsgi [None req-fea9f158-ed9e-405d-80f0-932058edac24 tempest-VolumesTestJSON-1644277914 tempest-VolumesTestJSON-1644277914-project] Calling method '.version_select at 0x7fb77c68e280>' {{(pid=116156) _process_stack /opt/stack/nova/nova/api/openstack/wsgi.py:513}}
Dec 24 10:49:59.953046 dv-cinder-811877-5-iscsi devstack@n-api.service[116157]: DEBUG nova.policy [None req-a0427573-7492-4955-84df-a8020f1d14ca tempest-ServerRescueNegativeTestJSON-1713626954 tempest-ServerRescueNegativeTestJSON-1713626954-project] Policy check for os_compute_api:os-extended-server-attributes failed with credentials {'is_admin': False, 'user_id': 'c5d2486258a9497da39f5a76d727cfd2', 'user_domain_id': 'default', 'system_scope': None, 'domain_id': None, 'project_id': '03ddd2d007df43398c1e6fde5c8f1665', 'project_domain_id': 'default', 'roles': ['member', 'reader'], 'is_admin_project': True, 'service_user_id': None, 'service_user_domain_id': None, 'service_project_id': None, 'service_project_domain_id': None, 'service_roles': []} {{(pid=116157) authorize /opt/stack/nova/nova/policy.py:199}}
Dec 24 10:49:59.960752 dv-cinder-811877-5-iscsi devstack@n-api.service[116157]: INFO nova.api.openstack.requestlog [None req-a0427573-7492-4955-84df-a8020f1d14ca tempest-ServerRescueNegativeTestJSON-1713626954 tempest-ServerRescueNegativeTestJSON-1713626954-project] 10.222.0.49 "GET /compute/v2.1/servers/fc1b45de-5516-42aa-8d6f-db9e703cac6a" status: 200 len: 1218 microversion: 2.1 time: 0.216771
Dec 24 10:49:59.965518 dv-cinder-811877-5-iscsi devstack@n-api.service[116157]: [pid: 116157|app: 0|req: 54/113] 10.222.0.49 () {58 vars in 1235 bytes} [Fri Dec 24 10:49:59 2021] GET /compute/v2.1/servers/fc1b45de-5516-42aa-8d6f-db9e703cac6a => generated 1218 bytes in 222 msecs (HTTP/1.1 200) 9 headers in 358 bytes (1 switches on core 0)
Dec 24 10:49:59.984229 dv-cinder-811877-5-iscsi devstack@n-api.service[116156]: INFO nova.api.openstack.requestlog [None req-fea9f158-ed9e-405d-80f0-932058edac24 tempest-VolumesTestJSON-1644277914 tempest-VolumesTestJSON-1644277914-project] 10.222.0.49 "GET /compute/v2.1/os-volumes/detail" status: 200 len: 1035 microversion: 2.1 time: 0.154115
Dec 24 10:49:59.985197 dv-cinder-811877-5-iscsi devstack@n-api.service[116156]: [pid: 116156|app: 0|req: 60/114] 10.222.0.49 () {58 vars in 1154 bytes} [Fri Dec 24 10:49:59 2021] GET /compute/v2.1/os-volumes/detail => generated 1035 bytes in 156 msecs (HTTP/1.1 200) 9 headers in 358 bytes (1 switches on core 0)
Dec 24 10:50:00.081060 dv-cinder-811877-5-iscsi devstack@n-api.service[116157]: DEBUG nova.api.openstack.wsgi [None req-44ff57a1-e89e-4445-8355-3a423b3a9c75 tempest-DeleteServersTestJSON-1429727054 tempest-DeleteServersTestJSON-1429727054-project] Calling method '>' {{(pid=116157) _process_stack /opt/stack/nova/nova/api/openstack/wsgi.py:513}}
