Dec 20 12:40:30.619489 dv-cinder-811877-4-smb neutron-server[104010]: /usr/local/lib/python3.8/dist-packages/oslo_policy/policy.py:1119: UserWarning: Policy rule:get_port:binding:host_id failed scope check. The token used to make the request was project scoped but the policy requires ['system'] scope. This behavior may change in the future where using the intended scope is required
Dec 20 12:40:30.619489 dv-cinder-811877-4-smb neutron-server[104010]: warnings.warn(msg)
Dec 20 12:40:30.619489 dv-cinder-811877-4-smb neutron-server[104010]: /usr/local/lib/python3.8/dist-packages/oslo_policy/policy.py:1119: UserWarning: Policy rule:get_port:binding:vif_type failed scope check. The token used to make the request was project scoped but the policy requires ['system'] scope. This behavior may change in the future where using the intended scope is required
Dec 20 12:40:30.619489 dv-cinder-811877-4-smb neutron-server[104010]: warnings.warn(msg)
Dec 20 12:40:30.619489 dv-cinder-811877-4-smb neutron-server[104010]: /usr/local/lib/python3.8/dist-packages/oslo_policy/policy.py:1119: UserWarning: Policy rule:get_port:binding:vif_details failed scope check. The token used to make the request was project scoped but the policy requires ['system'] scope. This behavior may change in the future where using the intended scope is required
Dec 20 12:40:30.619489 dv-cinder-811877-4-smb neutron-server[104010]: warnings.warn(msg)
Dec 20 12:40:30.619489 dv-cinder-811877-4-smb neutron-server[104010]: Traceback (most recent call last):
Dec 20 12:40:30.619489 dv-cinder-811877-4-smb neutron-server[104010]: File "/usr/local/lib/python3.8/dist-packages/eventlet/hubs/hub.py", line 476, in fire_timers
Dec 20 12:40:30.619489 dv-cinder-811877-4-smb neutron-server[104010]: timer()
Dec 20 12:40:30.619489 dv-cinder-811877-4-smb neutron-server[104010]: File "/usr/local/lib/python3.8/dist-packages/eventlet/hubs/timer.py", line 59, in __call__
Dec 20 12:40:30.619489 dv-cinder-811877-4-smb neutron-server[104010]: cb(*args, **kw)
Dec 20 12:40:30.619489 dv-cinder-811877-4-smb neutron-server[104010]: File "/opt/stack/neutron/neutron/common/utils.py", line 921, in wrapper
Dec 20 12:40:30.619489 dv-cinder-811877-4-smb neutron-server[104010]: return func(*args, **kwargs)
Dec 20 12:40:30.619489 dv-cinder-811877-4-smb neutron-server[104010]: File "/opt/stack/neutron/neutron/notifiers/batch_notifier.py", line 58, in synced_send
Dec 20 12:40:30.619489 dv-cinder-811877-4-smb neutron-server[104010]: self._notify()
Dec 20 12:40:30.619489 dv-cinder-811877-4-smb neutron-server[104010]: File "/opt/stack/neutron/neutron/notifiers/batch_notifier.py", line 69, in _notify
Dec 20 12:40:30.619489 dv-cinder-811877-4-smb neutron-server[104010]: self.callback(batched_events)
Dec 20 12:40:30.619489 dv-cinder-811877-4-smb neutron-server[104010]: File "/opt/stack/neutron/neutron/services/segments/plugin.py", line 211, in _send_notifications
Dec 20 12:40:30.619489 dv-cinder-811877-4-smb neutron-server[104010]: event.method(event)
Dec 20 12:40:30.619489 dv-cinder-811877-4-smb neutron-server[104010]: File "/opt/stack/neutron/neutron/services/segments/plugin.py", line 383, in _delete_nova_inventory
Dec 20 12:40:30.619489 dv-cinder-811877-4-smb neutron-server[104010]: aggregate_id = self._get_aggregate_id(event.segment_id)
Dec 20 12:40:30.619489 dv-cinder-811877-4-smb neutron-server[104010]: File "/opt/stack/neutron/neutron/services/segments/plugin.py", line 370, in _get_aggregate_id
Dec 20 12:40:30.619489 dv-cinder-811877-4-smb neutron-server[104010]: aggregate_uuid = self.p_client.list_aggregates(
Dec 20 12:40:30.619489 dv-cinder-811877-4-smb neutron-server[104010]: File "/usr/local/lib/python3.8/dist-packages/neutron_lib/placement/client.py", line 58, in wrapper
Dec 20 12:40:30.619489 dv-cinder-811877-4-smb neutron-server[104010]: return f(self, *a, **k)
Dec 20 12:40:30.619489 dv-cinder-811877-4-smb neutron-server[104010]: File "/usr/local/lib/python3.8/dist-packages/neutron_lib/placement/client.py", line 554, in list_aggregates
Dec 20 12:40:30.619489 dv-cinder-811877-4-smb neutron-server[104010]: return self._get(url).json()
Dec 20 12:40:30.619489 dv-cinder-811877-4-smb neutron-server[104010]: File "/usr/local/lib/python3.8/dist-packages/neutron_lib/placement/client.py", line 190, in _get
Dec 20 12:40:30.619489 dv-cinder-811877-4-smb neutron-server[104010]: return self._client.get(url, endpoint_filter=self._ks_filter,
Dec 20 12:40:30.619489 dv-cinder-811877-4-smb neutron-server[104010]: File "/usr/local/lib/python3.8/dist-packages/keystoneauth1/session.py", line 1141, in get
Dec 20 12:40:30.619489 dv-cinder-811877-4-smb neutron-server[104010]: return self.request(url, 'GET', **kwargs)
Dec 20 12:40:30.619489 dv-cinder-811877-4-smb neutron-server[104010]: File "/usr/local/lib/python3.8/dist-packages/keystoneauth1/session.py", line 811, in request
Dec 20 12:40:30.619489 dv-cinder-811877-4-smb neutron-server[104010]: base_url = self.get_endpoint(auth, allow=allow,
Dec 20 12:40:30.619489 dv-cinder-811877-4-smb neutron-server[104010]: File "/usr/local/lib/python3.8/dist-packages/keystoneauth1/session.py", line 1241, in get_endpoint
Dec 20 12:40:30.619489 dv-cinder-811877-4-smb neutron-server[104010]: auth = self._auth_required(auth, 'determine endpoint URL')
Dec 20 12:40:30.619489 dv-cinder-811877-4-smb neutron-server[104010]: File "/usr/local/lib/python3.8/dist-packages/keystoneauth1/session.py", line 1181, in _auth_required
Dec 20 12:40:30.619489 dv-cinder-811877-4-smb neutron-server[104010]: raise exceptions.MissingAuthPlugin(msg_fmt % msg)
Dec 20 12:40:30.619489 dv-cinder-811877-4-smb neutron-server[104010]: keystoneauth1.exceptions.auth_plugins.MissingAuthPlugin: An auth plugin is required to determine endpoint URL
Dec 20 12:40:30.629027 dv-cinder-811877-4-smb neutron-server[104014]: DEBUG neutron.pecan_wsgi.hooks.policy_enforcement [req-e5337414-416f-4150-8a43-dfbfc0adcaa7 req-33f6f306-837d-45e1-9b79-107938ed28a9 tempest-AttachVolumeTestJSON-1599468504 tempest-AttachVolumeTestJSON-1599468504-project] Attributes excluded by policy engine: ['standard_attr_id', 'binding:profile', 'binding:host_id', 'binding:vif_type', 'binding:vif_details'] {{(pid=104014) _exclude_attributes_by_policy /opt/stack/neutron/neutron/pecan_wsgi/hooks/policy_enforcement.py:255}}
Dec 20 12:40:30.642676 dv-cinder-811877-4-smb neutron-server[104014]: INFO neutron.wsgi [req-e5337414-416f-4150-8a43-dfbfc0adcaa7 req-33f6f306-837d-45e1-9b79-107938ed28a9 tempest-AttachVolumeTestJSON-1599468504 tempest-AttachVolumeTestJSON-1599468504-project] 10.222.0.49 "GET /v2.0/ports?device_id=99214a98-076e-49df-b873-45c765ce4342 HTTP/1.1" status: 200 len: 945 time: 0.1024923
Dec 20 12:40:30.700518 dv-cinder-811877-4-smb neutron-server[104010]: INFO neutron.wsgi [req-9a3be3a4-6bf2-4083-9a49-4f5b5570d256 req-caf6e2ac-cb15-4d7e-b41c-d5382890ad84 tempest-AttachVolumeShelveTestJSON-470569198 tempest-AttachVolumeShelveTestJSON-470569198-project] 10.222.0.49 "GET /v2.0/security-groups?id=01de92e1-7f39-4705-a642-241449d289e5&fields=id&fields=name HTTP/1.1" status: 200 len: 312 time: 0.1307926
Dec 20 12:40:30.710852 dv-cinder-811877-4-smb neutron-server[104010]: DEBUG neutron_lib.callbacks.manager [None req-98a11136-f1ea-4476-8457-2a92f80a7c7b admin admin] Publish callbacks ['neutron.plugins.ml2.plugin.Ml2Plugin._network_delete_after_delete_handler-1677885', 'neutron.plugins.ml2.ovo_rpc._ObjectChangeHandler.handle_event-650814', 'neutron.api.rpc.agentnotifiers.dhcp_rpc_agent_api.DhcpAgentNotifyAPI._native_event_send_dhcp_notification-554823', 'neutron.services.l3_router.l3_router_plugin.DVRResourceOperationHandler.delete_fip_namespaces_for_ext_net-534478'] for network, after_delete {{(pid=104010) _notify_loop /usr/local/lib/python3.8/dist-packages/neutron_lib/callbacks/manager.py:175}}
Dec 20 12:40:30.721088 dv-cinder-811877-4-smb neutron-server[104014]: INFO neutron.wsgi [req-e5337414-416f-4150-8a43-dfbfc0adcaa7 req-258484a0-c3d6-4485-bdec-57e5fe89f082 tempest-AttachVolumeTestJSON-1599468504 tempest-AttachVolumeTestJSON-1599468504-project] 10.222.0.49 "GET /v2.0/security-groups?id=4b97ccbe-41fc-45b8-b4d0-0af91eff4a8e&fields=id&fields=name HTTP/1.1" status: 200 len: 313 time: 0.0766299
Dec 20 12:40:30.741134 dv-cinder-811877-4-smb neutron-server[104010]: DEBUG neutron.api.rpc.handlers.resources_rpc [None req-98a11136-f1ea-4476-8457-2a92f80a7c7b admin admin] Pushing event deleted for resources: {'Network': ['ID=67badd82-0d64-43d2-babf-eb5c0dcc5639,revision_number=None']} {{(pid=104010) push /opt/stack/neutron/neutron/api/rpc/handlers/resources_rpc.py:237}}
Dec 20 12:40:30.757411 dv-cinder-811877-4-smb neutron-server[104010]: DEBUG neutron_lib.callbacks.manager [None req-98a11136-f1ea-4476-8457-2a92f80a7c7b admin admin] Publish callbacks ['neutron.api.rpc.agentnotifiers.dhcp_rpc_agent_api.DhcpAgentNotifyAPI._send_dhcp_notification-554933'] for network, before_response {{(pid=104010) _notify_loop /usr/local/lib/python3.8/dist-packages/neutron_lib/callbacks/manager.py:175}}
Dec 20 12:40:30.763458 dv-cinder-811877-4-smb neutron-server[104010]: INFO neutron.wsgi [None req-98a11136-f1ea-4476-8457-2a92f80a7c7b admin admin] 10.222.0.49 "DELETE /v2.0/networks/67badd82-0d64-43d2-babf-eb5c0dcc5639 HTTP/1.1" status: 204 len: 168 time: 0.6539996
Dec 20 12:40:30.880156 dv-cinder-811877-4-smb neutron-server[104014]: DEBUG neutron.pecan_wsgi.hooks.policy_enforcement [req-257e6e64-7212-4dea-8fab-67c9f7f7e70c req-c80bb53f-dbd0-4320-a496-66fd7854a0e7 tempest-AttachVolumeTestJSON-1599468504 tempest-AttachVolumeTestJSON-1599468504-project] Attributes excluded by policy engine: ['standard_attr_id', 'binding:profile', 'binding:host_id', 'binding:vif_type', 'binding:vif_details'] {{(pid=104014) _exclude_attributes_by_policy /opt/stack/neutron/neutron/pecan_wsgi/hooks/policy_enforcement.py:255}}
Dec 20 12:40:30.880156 dv-cinder-811877-4-smb neutron-server[104014]: INFO neutron.wsgi [req-257e6e64-7212-4dea-8fab-67c9f7f7e70c req-c80bb53f-dbd0-4320-a496-66fd7854a0e7 tempest-AttachVolumeTestJSON-1599468504 tempest-AttachVolumeTestJSON-1599468504-project] 10.222.0.49 "GET /v2.0/ports?device_id=99214a98-076e-49df-b873-45c765ce4342 HTTP/1.1" status: 200 len: 945 time: 0.0615041
Dec 20 12:40:30.893199 dv-cinder-811877-4-smb neutron-server[104014]: DEBUG neutron.wsgi [-] (104014) accepted ('10.222.0.49', 48478) {{(pid=104014) server /usr/local/lib/python3.8/dist-packages/eventlet/wsgi.py:1004}}
Dec 20 12:40:30.901313 dv-cinder-811877-4-smb neutron-server[104014]: DEBUG neutron.api.v2.base [None req-1a7c2d04-6bc1-4efe-88d6-14c2b20ee926 tempest-AttachVolumeTestJSON-1599468504 tempest-AttachVolumeTestJSON-1599468504-project] Request body: {'floatingip': {'port_id': '8f07582a-6a88-4ccc-8ad3-7c701ffee51a'}} {{(pid=104014) prepare_request_body /opt/stack/neutron/neutron/api/v2/base.py:729}}
Dec 20 12:40:31.014205 dv-cinder-811877-4-smb neutron-server[104014]: DEBUG neutron_lib.callbacks.manager [None req-1a7c2d04-6bc1-4efe-88d6-14c2b20ee926 tempest-AttachVolumeTestJSON-1599468504 tempest-AttachVolumeTestJSON-1599468504-project] Publish callbacks [] for floatingip, before_update {{(pid=104014) _notify_loop /usr/local/lib/python3.8/dist-packages/neutron_lib/callbacks/manager.py:175}}
Dec 20 12:40:31.152219 dv-cinder-811877-4-smb neutron-server[104017]: DEBUG neutron.db.agents_db [None req-e34bddce-d2e5-4fe5-a749-5cfb5d7c298c None None] Agent healthcheck: found 6 active agents {{(pid=104017) agent_health_check /opt/stack/neutron/neutron/db/agents_db.py:317}}
Dec 20 12:40:31.179634 dv-cinder-811877-4-smb neutron-server[104010]: DEBUG neutron.wsgi [-] (104010) accepted ('10.222.0.49', 48486) {{(pid=104010) server /usr/local/lib/python3.8/dist-packages/eventlet/wsgi.py:1004}}
Dec 20 12:40:31.198547 dv-cinder-811877-4-smb neutron-server[104010]: DEBUG neutron.pecan_wsgi.hooks.policy_enforcement [req-bdc3a645-fc7a-42b7-86e6-7024f94eda0c req-77be48a1-edb4-4137-9e8e-f3fda5272d81 tempest-ServerRescueNegativeTestJSON-613561278 tempest-ServerRescueNegativeTestJSON-613561278-project] Attributes excluded by policy engine: ['standard_attr_id', 'binding:profile', 'binding:host_id', 'binding:vif_type', 'binding:vif_details'] {{(pid=104010) _exclude_attributes_by_policy /opt/stack/neutron/neutron/pecan_wsgi/hooks/policy_enforcement.py:255}}
Dec 20 12:40:31.208531 dv-cinder-811877-4-smb neutron-server[104010]: INFO neutron.wsgi [req-bdc3a645-fc7a-42b7-86e6-7024f94eda0c req-77be48a1-edb4-4137-9e8e-f3fda5272d81 tempest-ServerRescueNegativeTestJSON-613561278 tempest-ServerRescueNegativeTestJSON-613561278-project] 10.222.0.49 "GET /v2.0/ports?device_id=27cd351d-49e5-4edd-933a-4fccda402c98 HTTP/1.1" status: 200 len: 946 time: 0.1124949
Dec 20 12:40:31.313233 dv-cinder-811877-4-smb neutron-server[104010]: INFO neutron.wsgi [req-bdc3a645-fc7a-42b7-86e6-7024f94eda0c req-28718c64-4aef-4e35-aa3b-cb293cf5173f tempest-ServerRescueNegativeTestJSON-613561278 tempest-ServerRescueNegativeTestJSON-613561278-project] 10.222.0.49 "GET /v2.0/security-groups?id=9cd3ffe4-1e9e-4488-934b-e50236597e1c&fields=id&fields=name HTTP/1.1" status: 200 len: 286 time: 0.1014428
Dec 20 12:40:31.326700 dv-cinder-811877-4-smb neutron-server[104010]: INFO neutron.wsgi [None req-8cb6887c-2d3e-4f9d-a937-c13ec4407729 admin admin] 10.222.0.49 "GET /v2.0/security-groups?tenant_id=cf9c61b27c864a168885b57e06523c01&name=default HTTP/1.1" status: 200 len: 2992 time: 0.1456473
Dec 20 12:40:31.334890 dv-cinder-811877-4-smb neutron-server[104010]: DEBUG neutron.wsgi [-] (104010) accepted ('10.222.0.49', 48488) {{(pid=104010) server /usr/local/lib/python3.8/dist-packages/eventlet/wsgi.py:1004}}
Dec 20 12:40:31.446571 dv-cinder-811877-4-smb neutron-server[104010]: DEBUG neutron_lib.callbacks.manager [None req-90982923-3092-4a4a-90ba-69a39028c49b admin admin] Publish callbacks [] for security_group, before_delete {{(pid=104010) _notify_loop /usr/local/lib/python3.8/dist-packages/neutron_lib/callbacks/manager.py:175}}
Dec 20 12:40:31.489179 dv-cinder-811877-4-smb neutron-server[104010]: DEBUG neutron_lib.callbacks.manager [None req-90982923-3092-4a4a-90ba-69a39028c49b admin admin] Publish callbacks [] for security_group, precommit_delete {{(pid=104010) _notify_loop /usr/local/lib/python3.8/dist-packages/neutron_lib/callbacks/manager.py:175}}
Dec 20 12:40:31.563342 dv-cinder-811877-4-smb neutron-server[104010]: DEBUG neutron_lib.callbacks.manager [None req-90982923-3092-4a4a-90ba-69a39028c49b admin admin] Publish callbacks ['neutron.plugins.ml2.ovo_rpc._ObjectChangeHandler.handle_event-647665'] for security_group, after_delete {{(pid=104010) _notify_loop /usr/local/lib/python3.8/dist-packages/neutron_lib/callbacks/manager.py:175}}
Dec 20 12:40:31.567683 dv-cinder-811877-4-smb neutron-server[104010]: DEBUG neutron_lib.callbacks.manager [None req-90982923-3092-4a4a-90ba-69a39028c49b admin admin] Publish callbacks [] for security_group, before_response {{(pid=104010) _notify_loop /usr/local/lib/python3.8/dist-packages/neutron_lib/callbacks/manager.py:175}}
Dec 20 12:40:31.569358 dv-cinder-811877-4-smb neutron-server[104010]: INFO neutron.wsgi [None req-90982923-3092-4a4a-90ba-69a39028c49b admin admin] 10.222.0.49 "DELETE /v2.0/security-groups/5dfd2887-a0b3-4b23-9cce-380b6e97959e HTTP/1.1" status: 204 len: 168 time: 0.2304544
Dec 20 12:40:31.580921 dv-cinder-811877-4-smb neutron-server[104010]: DEBUG neutron.api.rpc.handlers.resources_rpc [None req-90982923-3092-4a4a-90ba-69a39028c49b admin admin] Pushing event deleted for resources: {'SecurityGroup': ['ID=5dfd2887-a0b3-4b23-9cce-380b6e97959e,revision_number=None']} {{(pid=104010) push /opt/stack/neutron/neutron/api/rpc/handlers/resources_rpc.py:237}}
Dec 20 12:40:32.026944 dv-cinder-811877-4-smb neutron-server[104014]: DEBUG neutron_lib.db.resource_extend [None req-1a7c2d04-6bc1-4efe-88d6-14c2b20ee926 tempest-AttachVolumeTestJSON-1599468504 tempest-AttachVolumeTestJSON-1599468504-project] It took 0.11 seconds to run function 'neutron_lib.db.resource_extend.apply_funcs' {{(pid=104014) wrapper /usr/local/lib/python3.8/dist-packages/oslo_utils/timeutils.py:386}}
Dec 20 12:40:32.079898 dv-cinder-811877-4-smb neutron-server[104014]: DEBUG neutron.pecan_wsgi.hooks.policy_enforcement [req-0b21866e-63c9-4a5c-bf00-721da10bb548 req-fe3c99d4-32b0-43f5-8db4-0443648ac4fa tempest-AttachVolumeShelveTestJSON-470569198 tempest-AttachVolumeShelveTestJSON-470569198-project] Attributes excluded by policy engine: ['standard_attr_id', 'binding:profile', 'binding:host_id', 'binding:vif_type', 'binding:vif_details'] {{(pid=104014) _exclude_attributes_by_policy /opt/stack/neutron/neutron/pecan_wsgi/hooks/policy_enforcement.py:255}}
Dec 20 12:40:32.092006 dv-cinder-811877-4-smb neutron-server[104014]: INFO neutron.wsgi [req-0b21866e-63c9-4a5c-bf00-721da10bb548 req-fe3c99d4-32b0-43f5-8db4-0443648ac4fa tempest-AttachVolumeShelveTestJSON-470569198 tempest-AttachVolumeShelveTestJSON-470569198-project] 10.222.0.49 "GET /v2.0/ports?device_id=67315523-2b38-4ccd-8ac8-4b0d5513ded8 HTTP/1.1" status: 200 len: 946 time: 0.2514968
Dec 20 12:40:32.197892 dv-cinder-811877-4-smb neutron-server[104014]: DEBUG neutron_lib.callbacks.manager [None req-1a7c2d04-6bc1-4efe-88d6-14c2b20ee926 tempest-AttachVolumeTestJSON-1599468504 tempest-AttachVolumeTestJSON-1599468504-project] Publish callbacks [] for floatingip, precommit_update {{(pid=104014) _notify_loop /usr/local/lib/python3.8/dist-packages/neutron_lib/callbacks/manager.py:175}}
Dec 20 12:40:32.205623 dv-cinder-811877-4-smb neutron-server[104014]: DEBUG neutron_lib.callbacks.manager [None req-1a7c2d04-6bc1-4efe-88d6-14c2b20ee926 tempest-AttachVolumeTestJSON-1599468504 tempest-AttachVolumeTestJSON-1599468504-project] Publish callbacks ['neutron.services.l3_router.l3_router_plugin.DVRResourceOperationHandler._create_dvr_floating_gw_port-534488'] for floatingip, after_update {{(pid=104014) _notify_loop /usr/local/lib/python3.8/dist-packages/neutron_lib/callbacks/manager.py:175}}
Dec 20 12:40:32.286439 dv-cinder-811877-4-smb neutron-server[104014]: INFO neutron.wsgi [req-0b21866e-63c9-4a5c-bf00-721da10bb548 req-80454378-8d19-4dce-a6ae-27c2925ce80e tempest-AttachVolumeShelveTestJSON-470569198 tempest-AttachVolumeShelveTestJSON-470569198-project] 10.222.0.49 "GET /v2.0/security-groups?id=01de92e1-7f39-4705-a642-241449d289e5&fields=id&fields=name HTTP/1.1" status: 200 len: 312 time: 0.1925044
Dec 20 12:40:32.421877 dv-cinder-811877-4-smb neutron-server[104014]: INFO neutron.db.l3_db [None req-1a7c2d04-6bc1-4efe-88d6-14c2b20ee926 tempest-AttachVolumeTestJSON-1599468504 tempest-AttachVolumeTestJSON-1599468504-project] Floating IP 57a985fa-ceba-4f51-a436-01a8b322e46c associated. External IP: 172.28.2.72, port: 8f07582a-6a88-4ccc-8ad3-7c701ffee51a.
Dec 20 12:40:32.554861 dv-cinder-811877-4-smb neutron-server[104010]: DEBUG neutron.pecan_wsgi.hooks.policy_enforcement [req-2fafad57-279a-4f9b-a369-30951c5329af req-14690cb3-d570-4349-ab37-92c063340b57 tempest-AttachVolumeShelveTestJSON-470569198 tempest-AttachVolumeShelveTestJSON-470569198-project] Attributes excluded by policy engine: ['standard_attr_id', 'binding:profile', 'binding:host_id', 'binding:vif_type', 'binding:vif_details'] {{(pid=104010) _exclude_attributes_by_policy /opt/stack/neutron/neutron/pecan_wsgi/hooks/policy_enforcement.py:255}}
Dec 20 12:40:32.560028 dv-cinder-811877-4-smb neutron-server[104010]: INFO neutron.wsgi [req-2fafad57-279a-4f9b-a369-30951c5329af req-14690cb3-d570-4349-ab37-92c063340b57 tempest-AttachVolumeShelveTestJSON-470569198 tempest-AttachVolumeShelveTestJSON-470569198-project] 10.222.0.49 "GET /v2.0/ports?device_id=67315523-2b38-4ccd-8ac8-4b0d5513ded8 HTTP/1.1" status: 200 len: 946 time: 0.1352546
Dec 20 12:40:32.578749 dv-cinder-811877-4-smb neutron-server[104010]: DEBUG neutron.wsgi [-] (104010) accepted ('10.222.0.49', 48544) {{(pid=104010) server /usr/local/lib/python3.8/dist-packages/eventlet/wsgi.py:1004}}
Dec 20 12:40:32.597108 dv-cinder-811877-4-smb neutron-server[104010]: DEBUG neutron.api.v2.base [None req-1245eb5e-07d3-4a43-b461-808e77d1da39 tempest-AttachVolumeShelveTestJSON-470569198 tempest-AttachVolumeShelveTestJSON-470569198-project] Request body: {'floatingip': {'port_id': '37ca2003-081f-4e0b-b8a5-4659a08cf03c'}} {{(pid=104010) prepare_request_body /opt/stack/neutron/neutron/api/v2/base.py:729}}
Dec 20 12:40:32.740387 dv-cinder-811877-4-smb neutron-server[104010]: DEBUG neutron_lib.callbacks.manager [None req-1245eb5e-07d3-4a43-b461-808e77d1da39 tempest-AttachVolumeShelveTestJSON-470569198 tempest-AttachVolumeShelveTestJSON-470569198-project] Publish callbacks [] for floatingip, before_update {{(pid=104010) _notify_loop /usr/local/lib/python3.8/dist-packages/neutron_lib/callbacks/manager.py:175}}
Dec 20 12:40:32.802584 dv-cinder-811877-4-smb neutron-server[104010]: DEBUG neutron.wsgi [-] (104010) accepted ('10.222.0.49', 48556) {{(pid=104010) server /usr/local/lib/python3.8/dist-packages/eventlet/wsgi.py:1004}}
Dec 20 12:40:32.908642 dv-cinder-811877-4-smb neutron-server[104014]: DEBUG neutron.pecan_wsgi.hooks.policy_enforcement [req-2a9644eb-4cf1-4e78-a30a-8a0bf1db12a9 req-67ce9a23-2ae2-475e-83f4-0ce0851e96fa tempest-ServerRescueNegativeTestJSON-613561278 tempest-ServerRescueNegativeTestJSON-613561278-project] Attributes excluded by policy engine: ['standard_attr_id', 'binding:profile', 'binding:host_id', 'binding:vif_type', 'binding:vif_details'] {{(pid=104014) _exclude_attributes_by_policy /opt/stack/neutron/neutron/pecan_wsgi/hooks/policy_enforcement.py:255}}
Dec 20 12:40:32.916515 dv-cinder-811877-4-smb neutron-server[104014]: INFO neutron.wsgi [req-2a9644eb-4cf1-4e78-a30a-8a0bf1db12a9 req-67ce9a23-2ae2-475e-83f4-0ce0851e96fa tempest-ServerRescueNegativeTestJSON-613561278 tempest-ServerRescueNegativeTestJSON-613561278-project] 10.222.0.49 "GET /v2.0/ports?device_id=27cd351d-49e5-4edd-933a-4fccda402c98 HTTP/1.1" status: 200 len: 946 time: 0.4420722
Dec 20 12:40:33.021069 dv-cinder-811877-4-smb neutron-server[104014]: INFO neutron.wsgi [req-2a9644eb-4cf1-4e78-a30a-8a0bf1db12a9 req-832ea6de-00d4-4185-99a8-5e61ae8d0456 tempest-ServerRescueNegativeTestJSON-613561278 tempest-ServerRescueNegativeTestJSON-613561278-project] 10.222.0.49 "GET /v2.0/security-groups?id=9cd3ffe4-1e9e-4488-934b-e50236597e1c&fields=id&fields=name HTTP/1.1" status: 200 len: 286 time: 0.1030443
Dec 20 12:40:33.124598 dv-cinder-811877-4-smb neutron-server[104014]: DEBUG neutron.scheduler.l3_agent_scheduler [None req-1a7c2d04-6bc1-4efe-88d6-14c2b20ee926 tempest-AttachVolumeTestJSON-1599468504 tempest-AttachVolumeTestJSON-1599468504-project] Router d3690068-ede0-4f1d-a86c-309ee7233496 has already been hosted by L3 agent 74f1cc84-2740-4390-9a65-4849570f0b2c {{(pid=104014) _get_candidates /opt/stack/neutron/neutron/scheduler/l3_agent_scheduler.py:126}}
Dec 20 12:40:33.273943 dv-cinder-811877-4-smb neutron-server[104014]: DEBUG neutron.api.rpc.agentnotifiers.l3_rpc_agent_api [None req-1a7c2d04-6bc1-4efe-88d6-14c2b20ee926 tempest-AttachVolumeTestJSON-1599468504 tempest-AttachVolumeTestJSON-1599468504-project] Notify agent at l3_agent.dv-cinder-811877-4-smb the message routers_updated {{(pid=104014) _agent_notification /opt/stack/neutron/neutron/api/rpc/agentnotifiers/l3_rpc_agent_api.py:65}}
Dec 20 12:40:33.291338 dv-cinder-811877-4-smb neutron-server[104017]: DEBUG neutron.api.rpc.handlers.l3_rpc [None req-62ce555c-6f13-4c54-b894-1b5e9dfedc5f None None] Sync routers for ids ['d3690068-ede0-4f1d-a86c-309ee7233496'] in dv-cinder-811877-4-smb {{(pid=104017) sync_routers /opt/stack/neutron/neutron/api/rpc/handlers/l3_rpc.py:125}}
Dec 20 12:40:33.292255 dv-cinder-811877-4-smb neutron-server[104014]: DEBUG neutron_lib.callbacks.manager [None req-1a7c2d04-6bc1-4efe-88d6-14c2b20ee926 tempest-AttachVolumeTestJSON-1599468504 tempest-AttachVolumeTestJSON-1599468504-project] Publish callbacks ['neutron.notifiers.nova.Notifier._send_nova_notification-40994'] for floatingip, before_response {{(pid=104014) _notify_loop /usr/local/lib/python3.8/dist-packages/neutron_lib/callbacks/manager.py:175}}
Dec 20 12:40:33.310374 dv-cinder-811877-4-smb neutron-server[104010]: DEBUG neutron.api.v2.base [None req-55dfeb8e-07a9-4ab5-8ab7-6915700c8cea admin admin] Request body: {'network': {'name': 'tempest-AttachVolumeNegativeTest-4984965-network', 'tenant_id': 'e98d773d16184f07b3b46f02ce347749'}} {{(pid=104010) prepare_request_body /opt/stack/neutron/neutron/api/v2/base.py:729}}
Dec 20 12:40:33.311283 dv-cinder-811877-4-smb neutron-server[104017]: DEBUG neutron.db.l3_dvrscheduler_db [None req-62ce555c-6f13-4c54-b894-1b5e9dfedc5f None None] Routers {'d3690068-ede0-4f1d-a86c-309ee7233496'} bound to L3 agent in host dv-cinder-811877-4-smb {{(pid=104017) _get_router_ids_for_agent /opt/stack/neutron/neutron/db/l3_dvrscheduler_db.py:420}}
Dec 20 12:40:33.312529 dv-cinder-811877-4-smb neutron-server[104017]: DEBUG neutron.db.l3_hamode_db [None req-62ce555c-6f13-4c54-b894-1b5e9dfedc5f None None] neutron.services.l3_router.l3_router_plugin.L3RouterPlugin method get_ha_sync_data_for_host called with arguments (, 'dv-cinder-811877-4-smb', Agent(admin_state_up=True,agent_type='L3 agent',availability_zone='nova',binary='neutron-l3-agent',configurations={"agent_mode": "legacy", "ex_gw_ports": 4, "extensions": [], "floating_ips": 0, "handle_internal_only_routers": true, "interface_driver": "openvswitch", "interfaces": 4, "log_agent_heartbeats": false, "routers": 4},created_at=2021-12-20T12:31:16Z,description=,heartbeat_timestamp=2021-12-20T12:40:16Z,host='dv-cinder-811877-4-smb',id=74f1cc84-2740-4390-9a65-4849570f0b2c,load=0,resource_versions=,resources_synced=,started_at=2021-12-20T12:31:16Z,topic='l3_agent')) {'router_ids': ['d3690068-ede0-4f1d-a86c-309ee7233496'], 'active': True} {{(pid=104017) wrapper /usr/local/lib/python3.8/dist-packages/oslo_log/helpers.py:65}}
Dec 20 12:40:33.333976 dv-cinder-811877-4-smb neutron-server[104014]: INFO neutron.wsgi [None req-1a7c2d04-6bc1-4efe-88d6-14c2b20ee926 tempest-AttachVolumeTestJSON-1599468504 tempest-AttachVolumeTestJSON-1599468504-project] 10.222.0.49 "PUT /v2.0/floatingips/57a985fa-ceba-4f51-a436-01a8b322e46c HTTP/1.1" status: 200 len: 990 time: 2.4347763
Dec 20 12:40:33.334307 dv-cinder-811877-4-smb neutron-server[104014]: DEBUG neutron.notifiers.nova [-] Sending events: [{'name': 'network-changed', 'server_uuid': '99214a98-076e-49df-b873-45c765ce4342', 'tag': '8f07582a-6a88-4ccc-8ad3-7c701ffee51a'}] {{(pid=104014) send_events /opt/stack/neutron/neutron/notifiers/nova.py:262}}
Dec 20 12:40:33.339147 dv-cinder-811877-4-smb neutron-server[104014]: DEBUG novaclient.v2.client [-] REQ: curl -g -i --cacert "/opt/stack/data/ca-bundle.pem" -X POST http://10.222.0.49/compute/v2.1/os-server-external-events -H "Accept: application/json" -H "Content-Type: application/json" -H "User-Agent: python-novaclient" -H "X-Auth-Token: {SHA256}8e76942d0dfa27246e68af992ea4295016fd3efddf999fcecccd969e4ca80fe9" -H "X-OpenStack-Nova-API-Version: 2.1" -H "X-OpenStack-Request-ID: req-0fdb7584-359e-4bdc-b624-4ba9b4e17970" -d '{"events": [{"name": "network-changed", "server_uuid": "99214a98-076e-49df-b873-45c765ce4342", "tag": "8f07582a-6a88-4ccc-8ad3-7c701ffee51a"}]}' {{(pid=104014) _http_log_request /usr/local/lib/python3.8/dist-packages/keystoneauth1/session.py:519}}
Dec 20 12:40:33.437985 dv-cinder-811877-4-smb neutron-server[104010]: DEBUG neutron.pecan_wsgi.hooks.quota_enforcement [None req-55dfeb8e-07a9-4ab5-8ab7-6915700c8cea admin admin] Made reservation on behalf of e98d773d16184f07b3b46f02ce347749 for: {'network': 1} {{(pid=104010) before /opt/stack/neutron/neutron/pecan_wsgi/hooks/quota_enforcement.py:53}}
Dec 20 12:40:33.440731 dv-cinder-811877-4-smb neutron-server[104010]: DEBUG neutron_lib.callbacks.manager [None req-55dfeb8e-07a9-4ab5-8ab7-6915700c8cea admin admin] Publish callbacks ['neutron.plugins.ml2.plugin.SecurityGroupDbMixin._ensure_default_security_group_handler-1621504'] for network, before_create {{(pid=104010) _notify_loop /usr/local/lib/python3.8/dist-packages/neutron_lib/callbacks/manager.py:175}}
Dec 20 12:40:33.450069 dv-cinder-811877-4-smb neutron-server[104014]: DEBUG novaclient.v2.client [-] RESP: [200] Connection: close Content-Length: 179 Content-Type: application/json Date: Mon, 20 Dec 2021 12:40:33 GMT OpenStack-API-Version: compute 2.1 Server: Apache/2.4.41 (Ubuntu) Vary: OpenStack-API-Version,X-OpenStack-Nova-API-Version X-OpenStack-Nova-API-Version: 2.1 x-compute-request-id: req-a5ab4664-4882-4ac2-b5b6-aa5b3e9c033c x-openstack-request-id: req-a5ab4664-4882-4ac2-b5b6-aa5b3e9c033c {{(pid=104014) _http_log_response /usr/local/lib/python3.8/dist-packages/keystoneauth1/session.py:550}}
Dec 20 12:40:33.450386 dv-cinder-811877-4-smb neutron-server[104014]: DEBUG novaclient.v2.client [-] RESP BODY: {"events": [{"name": "network-changed", "server_uuid": "99214a98-076e-49df-b873-45c765ce4342", "tag": "8f07582a-6a88-4ccc-8ad3-7c701ffee51a", "status": "completed", "code": 200}]} {{(pid=104014) _http_log_response /usr/local/lib/python3.8/dist-packages/keystoneauth1/session.py:582}}
Dec 20 12:40:33.450643 dv-cinder-811877-4-smb neutron-server[104014]: DEBUG novaclient.v2.client [-] POST call to compute for http://10.222.0.49/compute/v2.1/os-server-external-events used request id req-a5ab4664-4882-4ac2-b5b6-aa5b3e9c033c {{(pid=104014) request /usr/local/lib/python3.8/dist-packages/keystoneauth1/session.py:954}}
Dec 20 12:40:33.451103 dv-cinder-811877-4-smb neutron-server[104014]: INFO neutron.notifiers.nova [-] Nova event response: {'name': 'network-changed', 'server_uuid': '99214a98-076e-49df-b873-45c765ce4342', 'tag': '8f07582a-6a88-4ccc-8ad3-7c701ffee51a', 'status': 'completed', 'code': 200}
Dec 20 12:40:33.458530 dv-cinder-811877-4-smb neutron-server[104010]: DEBUG neutron_lib.callbacks.manager [None req-55dfeb8e-07a9-4ab5-8ab7-6915700c8cea admin admin] Publish callbacks [] for security_group, before_create {{(pid=104010) _notify_loop /usr/local/lib/python3.8/dist-packages/neutron_lib/callbacks/manager.py:175}}
Dec 20 12:40:33.493919 dv-cinder-811877-4-smb neutron-server[104017]: DEBUG neutron.db.l3_dvr_db [None req-62ce555c-6f13-4c54-b894-1b5e9dfedc5f None None] Set router d3690068-ede0-4f1d-a86c-309ee7233496 gateway port host: dv-cinder-811877-4-smb {{(pid=104017) _build_routers_list /opt/stack/neutron/neutron/db/l3_dvr_db.py:906}}
Dec 20 12:40:33.562472 dv-cinder-811877-4-smb neutron-server[104014]: DEBUG neutron.pecan_wsgi.hooks.policy_enforcement [req-0fdb7584-359e-4bdc-b624-4ba9b4e17970 req-8beef5ca-8d72-4b23-a96e-4318cab61ca4 service neutron] Attributes excluded by policy engine: ['standard_attr_id'] {{(pid=104014) _exclude_attributes_by_policy /opt/stack/neutron/neutron/pecan_wsgi/hooks/policy_enforcement.py:255}}
Dec 20 12:40:33.566929 dv-cinder-811877-4-smb neutron-server[104014]: INFO neutron.wsgi [req-0fdb7584-359e-4bdc-b624-4ba9b4e17970 req-8beef5ca-8d72-4b23-a96e-4318cab61ca4 service neutron] 10.222.0.72 "GET /v2.0/ports?tenant_id=68e4f1393e634129926a83c4a619144a&device_id=99214a98-076e-49df-b873-45c765ce4342 HTTP/1.1" status: 200 len: 1098 time: 0.1022294
Dec 20 12:40:33.743208 dv-cinder-811877-4-smb neutron-server[104014]: DEBUG neutron.pecan_wsgi.hooks.policy_enforcement [req-0fdb7584-359e-4bdc-b624-4ba9b4e17970 req-ba3c2dad-3808-44ba-b02d-6a34ec3de31b service neutron] Attributes excluded by policy engine: ['standard_attr_id', 'vlan_transparent'] {{(pid=104014) _exclude_attributes_by_policy /opt/stack/neutron/neutron/pecan_wsgi/hooks/policy_enforcement.py:255}}
Dec 20 12:40:33.744913 dv-cinder-811877-4-smb neutron-server[104014]: INFO neutron.wsgi [req-0fdb7584-359e-4bdc-b624-4ba9b4e17970 req-ba3c2dad-3808-44ba-b02d-6a34ec3de31b service neutron] 10.222.0.72 "GET /v2.0/networks?id=aa75b951-a0c2-4405-a75d-903c4c0ea5ed HTTP/1.1" status: 200 len: 911 time: 0.1690228
Dec 20 12:40:33.834711 dv-cinder-811877-4-smb neutron-server[104014]: DEBUG neutron.wsgi [-] (104014) accepted ('10.222.0.49', 48606) {{(pid=104014) server /usr/local/lib/python3.8/dist-packages/eventlet/wsgi.py:1004}}
Dec 20 12:40:34.021040 dv-cinder-811877-4-smb neutron-server[104014]: INFO neutron.wsgi [req-0fdb7584-359e-4bdc-b624-4ba9b4e17970 req-21733742-3d53-4b21-bb21-8e4a96749710 service neutron] 10.222.0.72 "GET /v2.0/floatingips?fixed_ip_address=172.20.0.4&port_id=8f07582a-6a88-4ccc-8ad3-7c701ffee51a HTTP/1.1" status: 200 len: 998 time: 0.2668717
Dec 20 12:40:34.036945 dv-cinder-811877-4-smb neutron-server[104017]: DEBUG neutron.db.l3_hamode_db [None req-62ce555c-6f13-4c54-b894-1b5e9dfedc5f None None] neutron.services.l3_router.l3_router_plugin.L3RouterPlugin method _process_sync_ha_data called with arguments (, [{'id': 'd3690068-ede0-4f1d-a86c-309ee7233496', 'name': 'tempest-AttachVolumeTestJSON-598594980-router', 'tenant_id': '68e4f1393e634129926a83c4a619144a', 'admin_state_up': True, 'status': 'ACTIVE', 'external_gateway_info': {'network_id': '02e0dbc7-79a6-4678-80e3-1e4d733a5b6b', 'external_fixed_ips': [{'subnet_id': 'ad2f8465-0339-4873-9919-2e31744acae3', 'ip_address': '172.28.2.159'}], 'enable_snat': True}, 'gw_port_id': '0026fab2-35ba-4ff8-889f-7c7dbd5c65e0', 'description': '', 'availability_zones': ['nova'], 'distributed': False, 'ha': False, 'ha_vr_id': 0, 'availability_zone_hints': [], 'routes': [], 'flavor_id': None, 'tags': [], 'created_at': '2021-12-20T12:39:37Z', 'updated_at': '2021-12-20T12:39:56Z', 'revision_number': 4, 'project_id': '68e4f1393e634129926a83c4a619144a', 'gw_port': {'id': '0026fab2-35ba-4ff8-889f-7c7dbd5c65e0', 'name': '', 'network_id': '02e0dbc7-79a6-4678-80e3-1e4d733a5b6b', 'tenant_id': '', 'mac_address': 'fa:16:3e:06:ad:b7', 'admin_state_up': True, 'status': 'ACTIVE', 'device_id': 'd3690068-ede0-4f1d-a86c-309ee7233496', 'device_owner': 'network:router_gateway', 'standard_attr_id': 76, 'fixed_ips': [{'subnet_id': 'ad2f8465-0339-4873-9919-2e31744acae3', 'ip_address': '172.28.2.159', 'prefixlen': 24}], 'allowed_address_pairs': [], 'extra_dhcp_opts': [], 'security_groups': [], 'description': '', 'binding:vnic_type': 'normal', 'binding:profile': {}, 'binding:host_id': 'dv-cinder-811877-4-smb', 'binding:vif_type': 'ovs', 'binding:vif_details': {'connectivity': 'l2', 'port_filter': True, 'ovs_hybrid_plug': False, 'datapath_type': 'system', 'bridge_name': 'br-int'}, 'port_security_enabled': False, 'tags': [], 'created_at': '2021-12-20T12:39:40Z', 'updated_at': '2021-12-20T12:40:03Z', 'revision_number': 4, 'project_id': '', 'subnets': [{'id': 'ad2f8465-0339-4873-9919-2e31744acae3', 'cidr': '172.28.2.0/24', 'gateway_ip': '172.28.2.1', 'dns_nameservers': [], 'ipv6_ra_mode': None, 'subnetpool_id': None}], 'extra_subnets': [], 'address_scopes': {4: None, 6: None}, 'mtu': 1500}, 'enable_snat': True, 'gw_port_host': 'dv-cinder-811877-4-smb', '_floatingips': [{'id': '57a985fa-ceba-4f51-a436-01a8b322e46c', 'tenant_id': '68e4f1393e634129926a83c4a619144a', 'floating_ip_address': '172.28.2.72', 'floating_network_id': '02e0dbc7-79a6-4678-80e3-1e4d733a5b6b', 'router_id': 'd3690068-ede0-4f1d-a86c-309ee7233496', 'port_id': '8f07582a-6a88-4ccc-8ad3-7c701ffee51a', 'fixed_ip_address': '172.20.0.4', 'status': 'DOWN', 'standard_attr_id': 145, 'description': '', 'qos_policy_id': None, 'qos_network_policy_id': None, 'port_details': {'name': '', 'network_id': 'aa75b951-a0c2-4405-a75d-903c4c0ea5ed', 'mac_address': 'fa:16:3e:41:39:ff', 'admin_state_up': True, 'status': 'ACTIVE', 'device_id': '99214a98-076e-49df-b873-45c765ce4342', 'device_owner': 'compute:nova'}, 'dns_domain': '', 'dns_name': '', 'tags': [], 'created_at': '2021-12-20T12:40:09Z', 'updated_at': '2021-12-20T12:40:31Z', 'revision_number': 1, 'project_id': '68e4f1393e634129926a83c4a619144a', 'fixed_ip_address_scope': None}], '_interfaces': [{'id': '87135543-d0fa-419f-aa45-67de46ee2ac7', 'name': '', 'network_id': 'aa75b951-a0c2-4405-a75d-903c4c0ea5ed', 'tenant_id': '68e4f1393e634129926a83c4a619144a', 'mac_address': 'fa:16:3e:b7:58:23', 'admin_state_up': True, 'status': 'ACTIVE', 'device_id': 'd3690068-ede0-4f1d-a86c-309ee7233496', 'device_owner': 'network:router_interface', 'standard_attr_id': 107, 'fixed_ips': [{'subnet_id': 'bea114ca-902a-414b-a3a5-6ea245b73664', 'ip_address': '172.20.0.1', 'prefixlen': 28}], 'allowed_address_pairs': [], 'extra_dhcp_opts': [], 'security_groups': [], 'description': '', 'binding:vnic_type': 'normal', 'binding:profile': {}, 'binding:host_id': 'dv-cinder-811877-4-smb', 'binding:vif_type': 'ovs', 'binding:vif_details': {'connectivity': 'l2', 'port_filter': True, 'ovs_hybrid_plug': False, 'datapath_type': 'system', 'bridge_name': 'br-int'}, 'port_security_enabled': False, 'tags': [], 'created_at': '2021-12-20T12:39:53Z', 'updated_at': '2021-12-20T12:40:09Z', 'revision_number': 5, 'project_id': '68e4f1393e634129926a83c4a619144a', 'subnets': [{'id': 'bea114ca-902a-414b-a3a5-6ea245b73664', 'cidr': '172.20.0.0/28', 'gateway_ip': '172.20.0.1', 'dns_nameservers': [], 'ipv6_ra_mode': None, 'subnetpool_id': None}], 'extra_subnets': [], 'address_scopes': {4: None, 6: None}, 'mtu': 1500}]}], 'dv-cinder-811877-4-smb', False) {} {{(pid=104017) wrapper /usr/local/lib/python3.8/dist-packages/oslo_log/helpers.py:65}}
Dec 20 12:40:34.109238 dv-cinder-811877-4-smb neutron-server[104017]: DEBUG neutron.api.rpc.handlers.l3_rpc [None req-62ce555c-6f13-4c54-b894-1b5e9dfedc5f None None] Checking router: d3690068-ede0-4f1d-a86c-309ee7233496 for host: dv-cinder-811877-4-smb {{(pid=104017) _ensure_host_set_on_ports /opt/stack/neutron/neutron/api/rpc/handlers/l3_rpc.py:155}}
Dec 20 12:40:34.128719 dv-cinder-811877-4-smb neutron-server[104017]: DEBUG neutron.db.l3_dvrscheduler_db [None req-62ce555c-6f13-4c54-b894-1b5e9dfedc5f None None] Routers {'d3690068-ede0-4f1d-a86c-309ee7233496'} bound to L3 agent in host dv-cinder-811877-4-smb {{(pid=104017) _get_router_ids_for_agent /opt/stack/neutron/neutron/db/l3_dvrscheduler_db.py:420}}
Dec 20 12:40:34.133081 dv-cinder-811877-4-smb neutron-server[104017]: DEBUG neutron.db.l3_hamode_db [None req-62ce555c-6f13-4c54-b894-1b5e9dfedc5f None None] neutron.services.l3_router.l3_router_plugin.L3RouterPlugin method get_ha_sync_data_for_host called with arguments (, 'dv-cinder-811877-4-smb', Agent(admin_state_up=True,agent_type='L3 agent',availability_zone='nova',binary='neutron-l3-agent',configurations={"agent_mode": "legacy", "ex_gw_ports": 4, "extensions": [], "floating_ips": 0, "handle_internal_only_routers": true, "interface_driver": "openvswitch", "interfaces": 4, "log_agent_heartbeats": false, "routers": 4},created_at=2021-12-20T12:31:16Z,description=,heartbeat_timestamp=2021-12-20T12:40:16Z,host='dv-cinder-811877-4-smb',id=74f1cc84-2740-4390-9a65-4849570f0b2c,load=0,resource_versions=,resources_synced=,started_at=2021-12-20T12:31:16Z,topic='l3_agent')) {'router_ids': ['d3690068-ede0-4f1d-a86c-309ee7233496'], 'active': True} {{(pid=104017) wrapper /usr/local/lib/python3.8/dist-packages/oslo_log/helpers.py:65}}
Dec 20 12:40:34.165667 dv-cinder-811877-4-smb neutron-server[104010]: DEBUG neutron_lib.callbacks.manager [None req-1245eb5e-07d3-4a43-b461-808e77d1da39 tempest-AttachVolumeShelveTestJSON-470569198 tempest-AttachVolumeShelveTestJSON-470569198-project] Publish callbacks [] for floatingip, precommit_update {{(pid=104010) _notify_loop /usr/local/lib/python3.8/dist-packages/neutron_lib/callbacks/manager.py:175}}
Dec 20 12:40:34.171946 dv-cinder-811877-4-smb neutron-server[104010]: DEBUG neutron_lib.callbacks.manager [None req-55dfeb8e-07a9-4ab5-8ab7-6915700c8cea admin admin] Publish callbacks [] for security_group, precommit_create {{(pid=104010) _notify_loop /usr/local/lib/python3.8/dist-packages/neutron_lib/callbacks/manager.py:175}}
Dec 20 12:40:34.175474 dv-cinder-811877-4-smb neutron-server[104010]: DEBUG neutron_lib.callbacks.manager [None req-1245eb5e-07d3-4a43-b461-808e77d1da39 tempest-AttachVolumeShelveTestJSON-470569198 tempest-AttachVolumeShelveTestJSON-470569198-project] Publish callbacks ['neutron.services.l3_router.l3_router_plugin.DVRResourceOperationHandler._create_dvr_floating_gw_port-534488'] for floatingip, after_update {{(pid=104010) _notify_loop /usr/local/lib/python3.8/dist-packages/neutron_lib/callbacks/manager.py:175}}
Dec 20 12:40:34.180571 dv-cinder-811877-4-smb neutron-server[104014]: DEBUG neutron_lib.callbacks.manager [None req-2109eb85-c40b-4dff-bbb5-8617de57eb2e admin admin] Publish callbacks [] for security_group, before_create {{(pid=104014) _notify_loop /usr/local/lib/python3.8/dist-packages/neutron_lib/callbacks/manager.py:175}}
Dec 20 12:40:34.185173 dv-cinder-811877-4-smb neutron-server[104010]: DEBUG neutron_lib.callbacks.manager [None req-55dfeb8e-07a9-4ab5-8ab7-6915700c8cea admin admin] Publish callbacks ['neutron.plugins.ml2.ovo_rpc._ObjectChangeHandler.handle_event-647665'] for security_group, after_create {{(pid=104010) _notify_loop /usr/local/lib/python3.8/dist-packages/neutron_lib/callbacks/manager.py:175}}
Dec 20 12:40:34.257563 dv-cinder-811877-4-smb neutron-server[104010]: DEBUG neutron.api.rpc.handlers.resources_rpc [None req-55dfeb8e-07a9-4ab5-8ab7-6915700c8cea admin admin] Pushing event updated for resources: {'SecurityGroup': ['ID=c5310d76-b122-4e71-9563-e55ee490f62e,revision_number=1']} {{(pid=104010) push /opt/stack/neutron/neutron/api/rpc/handlers/resources_rpc.py:237}}
Dec 20 12:40:34.260125 dv-cinder-811877-4-smb neutron-server[104014]: DEBUG neutron.pecan_wsgi.hooks.policy_enforcement [req-0fdb7584-359e-4bdc-b624-4ba9b4e17970 req-b68d7108-ca9e-4f42-b322-774623716a15 service neutron] Attributes excluded by policy engine: ['standard_attr_id', 'shared', 'segment_id'] {{(pid=104014) _exclude_attributes_by_policy /opt/stack/neutron/neutron/pecan_wsgi/hooks/policy_enforcement.py:255}}
Dec 20 12:40:34.263027 dv-cinder-811877-4-smb neutron-server[104014]: INFO neutron.wsgi [req-0fdb7584-359e-4bdc-b624-4ba9b4e17970 req-b68d7108-ca9e-4f42-b322-774623716a15 service neutron] 10.222.0.72 "GET /v2.0/subnets?id=bea114ca-902a-414b-a3a5-6ea245b73664 HTTP/1.1" status: 200 len: 849 time: 0.2260993
Dec 20 12:40:34.278086 dv-cinder-811877-4-smb neutron-server[104010]: DEBUG neutron.plugins.ml2.drivers.helpers [None req-55dfeb8e-07a9-4ab5-8ab7-6915700c8cea admin admin] vlan segment allocate from pool success with {'physical_network': 'physnet1', 'vlan_id': 522} {{(pid=104010) allocate_partially_specified_segment /opt/stack/neutron/neutron/plugins/ml2/drivers/helpers.py:153}}
Dec 20 12:40:34.363068 dv-cinder-811877-4-smb neutron-server[104014]: DEBUG neutron.pecan_wsgi.hooks.policy_enforcement [req-9811c6d2-e37d-4b76-afe7-db7c7eadf4fe req-368068a6-7d10-49df-9914-417238c6d38d tempest-ServerRescueNegativeTestJSON-613561278 tempest-ServerRescueNegativeTestJSON-613561278-project] Attributes excluded by policy engine: ['standard_attr_id', 'binding:profile', 'binding:host_id', 'binding:vif_type', 'binding:vif_details'] {{(pid=104014) _exclude_attributes_by_policy /opt/stack/neutron/neutron/pecan_wsgi/hooks/policy_enforcement.py:255}}
Dec 20 12:40:34.371476 dv-cinder-811877-4-smb neutron-server[104014]: INFO neutron.wsgi [req-9811c6d2-e37d-4b76-afe7-db7c7eadf4fe req-368068a6-7d10-49df-9914-417238c6d38d tempest-ServerRescueNegativeTestJSON-613561278 tempest-ServerRescueNegativeTestJSON-613561278-project] 10.222.0.49 "GET /v2.0/ports?device_id=27cd351d-49e5-4edd-933a-4fccda402c98 HTTP/1.1" status: 200 len: 946 time: 0.1920369
Dec 20 12:40:34.379206 dv-cinder-811877-4-smb neutron-server[104010]: DEBUG neutron_lib.callbacks.manager [None req-55dfeb8e-07a9-4ab5-8ab7-6915700c8cea admin admin] Publish callbacks ['neutron.plugins.ml2.plugin.Ml2Plugin._handle_segment_change-1668644'] for segment, precommit_create {{(pid=104010) _notify_loop /usr/local/lib/python3.8/dist-packages/neutron_lib/callbacks/manager.py:175}}
Dec 20 12:40:34.379579 dv-cinder-811877-4-smb neutron-server[104010]: INFO neutron.db.segments_db [None req-55dfeb8e-07a9-4ab5-8ab7-6915700c8cea admin admin] Added segment c1c9c7c5-0b76-4a80-94a1-1262d648a90c of type vlan for network 1f0234f2-3d89-4070-98e1-564eaa3eec27
Dec 20 12:40:34.405105 dv-cinder-811877-4-smb neutron-server[104017]: DEBUG neutron.db.l3_dvr_db [None req-62ce555c-6f13-4c54-b894-1b5e9dfedc5f None None] Set router d3690068-ede0-4f1d-a86c-309ee7233496 gateway port host: dv-cinder-811877-4-smb {{(pid=104017) _build_routers_list /opt/stack/neutron/neutron/db/l3_dvr_db.py:906}}
Dec 20 12:40:34.421855 dv-cinder-811877-4-smb neutron-server[104014]: DEBUG neutron.pecan_wsgi.hooks.policy_enforcement [req-0fdb7584-359e-4bdc-b624-4ba9b4e17970 req-ef87f62a-f9c6-4229-bc8c-6219542068c5 service neutron] Attributes excluded by policy engine: ['standard_attr_id'] {{(pid=104014) _exclude_attributes_by_policy /opt/stack/neutron/neutron/pecan_wsgi/hooks/policy_enforcement.py:255}}
Dec 20 12:40:34.423370 dv-cinder-811877-4-smb neutron-server[104014]: INFO neutron.wsgi [req-0fdb7584-359e-4bdc-b624-4ba9b4e17970 req-ef87f62a-f9c6-4229-bc8c-6219542068c5 service neutron] 10.222.0.72 "GET /v2.0/ports?network_id=aa75b951-a0c2-4405-a75d-903c4c0ea5ed&device_owner=network%3Adhcp HTTP/1.1" status: 200 len: 1173 time: 0.1432049
Dec 20 12:40:34.453899 dv-cinder-811877-4-smb neutron-server[104014]: DEBUG neutron_lib.callbacks.manager [None req-2109eb85-c40b-4dff-bbb5-8617de57eb2e admin admin] Publish callbacks [] for security_group, precommit_create {{(pid=104014) _notify_loop /usr/local/lib/python3.8/dist-packages/neutron_lib/callbacks/manager.py:175}}
Dec 20 12:40:34.484504 dv-cinder-811877-4-smb neutron-server[104014]: DEBUG neutron_lib.callbacks.manager [None req-2109eb85-c40b-4dff-bbb5-8617de57eb2e admin admin] Publish callbacks ['neutron.plugins.ml2.ovo_rpc._ObjectChangeHandler.handle_event-647665'] for security_group, after_create {{(pid=104014) _notify_loop /usr/local/lib/python3.8/dist-packages/neutron_lib/callbacks/manager.py:175}}
Dec 20 12:40:34.522258 dv-cinder-811877-4-smb neutron-server[104010]: INFO neutron.db.l3_db [None req-1245eb5e-07d3-4a43-b461-808e77d1da39 tempest-AttachVolumeShelveTestJSON-470569198 tempest-AttachVolumeShelveTestJSON-470569198-project] Floating IP 35368157-dc38-44ef-8905-c848dad74c0b associated. External IP: 172.28.2.200, port: 37ca2003-081f-4e0b-b8a5-4659a08cf03c.
Dec 20 12:40:34.586927 dv-cinder-811877-4-smb neutron-server[104010]: DEBUG neutron_lib.callbacks.manager [None req-55dfeb8e-07a9-4ab5-8ab7-6915700c8cea admin admin] Publish callbacks ['neutron.services.auto_allocate.db._ensure_external_network_default_value_callback-8742987152954'] for network, precommit_create {{(pid=104010) _notify_loop /usr/local/lib/python3.8/dist-packages/neutron_lib/callbacks/manager.py:175}}
Dec 20 12:40:34.633915 dv-cinder-811877-4-smb neutron-server[104014]: INFO neutron.wsgi [req-9811c6d2-e37d-4b76-afe7-db7c7eadf4fe req-eebfa1d8-996f-4890-a766-35d32dbc70fb tempest-ServerRescueNegativeTestJSON-613561278 tempest-ServerRescueNegativeTestJSON-613561278-project] 10.222.0.49 "GET /v2.0/security-groups?id=9cd3ffe4-1e9e-4488-934b-e50236597e1c&fields=id&fields=name HTTP/1.1" status: 200 len: 286 time: 0.2615252
Dec 20 12:40:34.672239 dv-cinder-811877-4-smb neutron-server[104014]: INFO neutron.wsgi [None req-2109eb85-c40b-4dff-bbb5-8617de57eb2e admin admin] 10.222.0.49 "GET /v2.0/security-groups?tenant_id=9cabaa31e98c41869c8312be8de498b9&name=default HTTP/1.1" status: 200 len: 2996 time: 0.8361602
Dec 20 12:40:34.674652 dv-cinder-811877-4-smb neutron-server[104010]: DEBUG neutron.wsgi [-] (104010) accepted ('10.222.0.49', 48630) {{(pid=104010) server /usr/local/lib/python3.8/dist-packages/eventlet/wsgi.py:1004}}
Dec 20 12:40:34.679203 dv-cinder-811877-4-smb neutron-server[104014]: DEBUG neutron.api.rpc.handlers.resources_rpc [None req-2109eb85-c40b-4dff-bbb5-8617de57eb2e admin admin] Pushing event updated for resources: {'SecurityGroup': ['ID=42041cd3-e214-452f-8fa2-8f8b7e5faab7,revision_number=1']} {{(pid=104014) push /opt/stack/neutron/neutron/api/rpc/handlers/resources_rpc.py:237}}
Dec 20 12:40:34.727169 dv-cinder-811877-4-smb neutron-server[104010]: DEBUG neutron_lib.callbacks.manager [None req-55dfeb8e-07a9-4ab5-8ab7-6915700c8cea admin admin] Publish callbacks ['neutron.plugins.ml2.ovo_rpc._ObjectChangeHandler.handle_event-650814', 'neutron.api.rpc.agentnotifiers.dhcp_rpc_agent_api.DhcpAgentNotifyAPI._native_event_send_dhcp_notification-554823'] for network, after_create {{(pid=104010) _notify_loop /usr/local/lib/python3.8/dist-packages/neutron_lib/callbacks/manager.py:175}}
Dec 20 12:40:34.728401 dv-cinder-811877-4-smb neutron-server[104010]: DEBUG neutron.pecan_wsgi.hooks.policy_enforcement [None req-55dfeb8e-07a9-4ab5-8ab7-6915700c8cea admin admin] Attributes excluded by policy engine: ['standard_attr_id', 'vlan_transparent'] {{(pid=104010) _exclude_attributes_by_policy /opt/stack/neutron/neutron/pecan_wsgi/hooks/policy_enforcement.py:255}}
Dec 20 12:40:34.732458 dv-cinder-811877-4-smb neutron-server[104010]: DEBUG neutron_lib.callbacks.manager [None req-55dfeb8e-07a9-4ab5-8ab7-6915700c8cea admin admin] Publish callbacks ['neutron.api.rpc.agentnotifiers.dhcp_rpc_agent_api.DhcpAgentNotifyAPI._send_dhcp_notification-554933'] for network, before_response {{(pid=104010) _notify_loop /usr/local/lib/python3.8/dist-packages/neutron_lib/callbacks/manager.py:175}}
Dec 20 12:40:34.753238 dv-cinder-811877-4-smb neutron-server[104014]: INFO neutron.wsgi [req-bb9bf5f6-dc59-40e3-a107-8fffc39b8308 req-871aabe7-013a-4e81-b183-2e4df0900dc6 service neutron] 10.222.0.72 "GET /v2.0/ports?device_id=22fed935-88e8-4d26-80af-501c219ce4d1&fields=binding%3Ahost_id&fields=binding%3Avif_type HTTP/1.1" status: 200 len: 275 time: 0.2189956
Dec 20 12:40:34.776552 dv-cinder-811877-4-smb neutron-server[104014]: INFO neutron.wsgi [req-0fdb7584-359e-4bdc-b624-4ba9b4e17970 req-b4696c94-7704-4467-83cb-ab30dbd9125c service neutron] 10.222.0.72 "GET /v2.0/networks/aa75b951-a0c2-4405-a75d-903c4c0ea5ed?fields=segments HTTP/1.1" status: 200 len: 212 time: 0.3159750
