Sep 30 06:27:28.917916 dv-cinder-811877-1-iscsi neutron-server[94002]: DEBUG neutron.db.l3_hamode_db [None req-1165a051-bd75-4e12-bf3e-946a1e64973d None None] neutron.services.l3_router.l3_router_plugin.L3RouterPlugin method get_ha_sync_data_for_host called with arguments (, 'dv-cinder-811877-1-iscsi', Agent(admin_state_up=True,agent_type='L3 agent',availability_zone='nova',binary='neutron-l3-agent',configurations={"agent_mode": "legacy", "ex_gw_ports": 1, "extensions": [], "floating_ips": 0, "handle_internal_only_routers": true, "interface_driver": "openvswitch", "interfaces": 1, "log_agent_heartbeats": false, "routers": 1},created_at=2021-09-30T06:19:31Z,description=,heartbeat_timestamp=2021-09-30T06:27:01Z,host='dv-cinder-811877-1-iscsi',id=f054bd23-6895-478f-87a4-7cc0e21c04e0,load=0,resource_versions=,resources_synced=,started_at=2021-09-30T06:19:31Z,topic='l3_agent')) {'router_ids': ['7f324adc-6df9-469a-bdd2-c103c76ced6e'], 'active': True} {{(pid=94002) wrapper /usr/local/lib/python3.8/dist-packages/oslo_log/helpers.py:65}}
Sep 30 06:27:28.922720 dv-cinder-811877-1-iscsi neutron-server[94000]: DEBUG neutron_lib.callbacks.manager [None req-dc0ca9ae-4d8a-49e0-9a20-0debbf750d05 admin admin] Notify callbacks [] for router, before_response {{(pid=94000) _notify_loop /usr/local/lib/python3.8/dist-packages/neutron_lib/callbacks/manager.py:192}}
Sep 30 06:27:28.926857 dv-cinder-811877-1-iscsi neutron-server[94000]: INFO neutron.wsgi [None req-dc0ca9ae-4d8a-49e0-9a20-0debbf750d05 admin admin] 10.222.0.36 "POST /v2.0/routers HTTP/1.1" status: 201 len: 927 time: 2.9199026
Sep 30 06:27:28.927662 dv-cinder-811877-1-iscsi neutron-server[94000]: DEBUG neutron.wsgi [-] (94000) accepted ('10.222.0.36', 50484) {{(pid=94000) server /usr/local/lib/python3.8/dist-packages/eventlet/wsgi.py:982}}
Sep 30 06:27:28.994565 dv-cinder-811877-1-iscsi neutron-server[93999]: DEBUG neutron.plugins.ml2.drivers.helpers [None req-4c7e98e4-91e5-4f43-af30-82047d641ae5 admin admin] vlan segment allocate from pool success with {'physical_network': 'physnet1', 'vlan_id': 305} {{(pid=93999) allocate_partially_specified_segment /opt/stack/neutron/neutron/plugins/ml2/drivers/helpers.py:153}}
Sep 30 06:27:29.001501 dv-cinder-811877-1-iscsi neutron-server[94001]: DEBUG neutron.api.rpc.handlers.dhcp_rpc [None req-e00a208b-8e37-4dfc-b8fa-24d743feba7a None None] Network 5fefac64-03c4-43dd-a17b-d4a261fa3173 requested from dv-cinder-811877-1-iscsi {{(pid=94001) get_network_info /opt/stack/neutron/neutron/api/rpc/handlers/dhcp_rpc.py:218}}
Sep 30 06:27:29.036616 dv-cinder-811877-1-iscsi neutron-server[93999]: DEBUG neutron_lib.callbacks.manager [None req-4c7e98e4-91e5-4f43-af30-82047d641ae5 admin admin] Notify callbacks ['neutron.plugins.ml2.plugin.Ml2Plugin._handle_segment_change-583621'] for segment, precommit_create {{(pid=93999) _notify_loop /usr/local/lib/python3.8/dist-packages/neutron_lib/callbacks/manager.py:192}}
Sep 30 06:27:29.037081 dv-cinder-811877-1-iscsi neutron-server[93999]: INFO neutron.db.segments_db [None req-4c7e98e4-91e5-4f43-af30-82047d641ae5 admin admin] Added segment fb392b75-2cea-4ed8-909e-87c2ccb253f8 of type vlan for network 92aa8f19-aafd-4462-9d7f-7e5f878c12b2
Sep 30 06:27:29.088488 dv-cinder-811877-1-iscsi neutron-server[93999]: DEBUG neutron_lib.callbacks.manager [None req-4c7e98e4-91e5-4f43-af30-82047d641ae5 admin admin] Notify callbacks ['neutron.services.auto_allocate.db._ensure_external_network_default_value_callback-8727545443103'] for network, precommit_create {{(pid=93999) _notify_loop /usr/local/lib/python3.8/dist-packages/neutron_lib/callbacks/manager.py:192}}
Sep 30 06:27:29.119663 dv-cinder-811877-1-iscsi neutron-server[93999]: DEBUG neutron.api.v2.base [None req-7c6a0ae8-bd82-4624-b67d-cd9908213166 admin admin] Request body: {'subnet': {'network_id': '09d5236c-0c6b-4c44-9520-bda2caf4b4f2', 'cidr': '172.20.0.0/28', 'name': 'tempest-DeleteServersTestJSON-955443740-subnet', 'tenant_id': '9783cdb7db93417f80c3dff4dd3da4b1', 'enable_dhcp': False, 'ip_version': 4}} {{(pid=93999) prepare_request_body /opt/stack/neutron/neutron/api/v2/base.py:730}}
Sep 30 06:27:29.149892 dv-cinder-811877-1-iscsi neutron-server[93999]: DEBUG neutron_lib.callbacks.manager [None req-4c7e98e4-91e5-4f43-af30-82047d641ae5 admin admin] Notify callbacks ['neutron.plugins.ml2.ovo_rpc._ObjectChangeHandler.handle_event-531200', 'neutron.api.rpc.agentnotifiers.dhcp_rpc_agent_api.DhcpAgentNotifyAPI._native_event_send_dhcp_notification-7821886'] for network, after_create {{(pid=93999) _notify_loop /usr/local/lib/python3.8/dist-packages/neutron_lib/callbacks/manager.py:192}}
Sep 30 06:27:29.151209 dv-cinder-811877-1-iscsi neutron-server[93999]: DEBUG neutron.pecan_wsgi.hooks.policy_enforcement [None req-4c7e98e4-91e5-4f43-af30-82047d641ae5 admin admin] Attributes excluded by policy engine: ['standard_attr_id', 'vlan_transparent'] {{(pid=93999) _exclude_attributes_by_policy /opt/stack/neutron/neutron/pecan_wsgi/hooks/policy_enforcement.py:255}}
Sep 30 06:27:29.151976 dv-cinder-811877-1-iscsi neutron-server[93999]: DEBUG neutron_lib.callbacks.manager [None req-4c7e98e4-91e5-4f43-af30-82047d641ae5 admin admin] Notify callbacks ['neutron.api.rpc.agentnotifiers.dhcp_rpc_agent_api.DhcpAgentNotifyAPI._send_dhcp_notification-7821868'] for network, before_response {{(pid=93999) _notify_loop /usr/local/lib/python3.8/dist-packages/neutron_lib/callbacks/manager.py:192}}
Sep 30 06:27:29.164793 dv-cinder-811877-1-iscsi neutron-server[93999]: DEBUG neutron.api.rpc.handlers.resources_rpc [None req-4c7e98e4-91e5-4f43-af30-82047d641ae5 admin admin] Pushing event updated for resources: {'SecurityGroup': ['ID=242618b0-ac68-459f-b4d2-f082fc76c0e3,revision_number=1']} {{(pid=93999) push /opt/stack/neutron/neutron/api/rpc/handlers/resources_rpc.py:237}}
Sep 30 06:27:29.200668 dv-cinder-811877-1-iscsi neutron-server[93999]: DEBUG neutron_lib.callbacks.manager [None req-57a8e231-53c2-406a-b3e4-1741b9348439 admin admin] Notify callbacks [] for router_controller, precommit_add_association {{(pid=93999) _notify_loop /usr/local/lib/python3.8/dist-packages/neutron_lib/callbacks/manager.py:192}}
Sep 30 06:27:29.262316 dv-cinder-811877-1-iscsi neutron-server[93999]: DEBUG neutron.api.rpc.handlers.resources_rpc [None req-4c7e98e4-91e5-4f43-af30-82047d641ae5 admin admin] Pushing event updated for resources: {'Network': ['ID=92aa8f19-aafd-4462-9d7f-7e5f878c12b2,revision_number=1']} {{(pid=93999) push /opt/stack/neutron/neutron/api/rpc/handlers/resources_rpc.py:237}}
Sep 30 06:27:29.265308 dv-cinder-811877-1-iscsi neutron-server[93999]: INFO neutron.wsgi [None req-4c7e98e4-91e5-4f43-af30-82047d641ae5 admin admin] 10.222.0.36 "POST /v2.0/networks HTTP/1.1" status: 201 len: 883 time: 1.5654340
Sep 30 06:27:29.339927 dv-cinder-811877-1-iscsi neutron-server[93999]: DEBUG neutron.wsgi [-] (93999) accepted ('10.222.0.36', 50502) {{(pid=93999) server /usr/local/lib/python3.8/dist-packages/eventlet/wsgi.py:982}}
Sep 30 06:27:29.353481 dv-cinder-811877-1-iscsi neutron-server[94001]: DEBUG neutron_lib.callbacks.manager [None req-1a5ef50c-1a60-4eeb-b96e-cf5df6fcca4b None None] Notify callbacks ['neutron.plugins.ml2.plugin.SecurityGroupDbMixin._ensure_default_security_group_handler-653538'] for port, before_update {{(pid=94001) _notify_loop /usr/local/lib/python3.8/dist-packages/neutron_lib/callbacks/manager.py:192}}
Sep 30 06:27:29.388690 dv-cinder-811877-1-iscsi neutron-server[94001]: DEBUG neutron.plugins.ml2.rpc [None req-1a5ef50c-1a60-4eeb-b96e-cf5df6fcca4b None None] Network 92aa8f19-aafd-4462-9d7f-7e5f878c12b2 details requested by agent ovs-agent-dv-cinder-811877-1-iscsi with host dv-cinder-811877-1-iscsi {{(pid=94001) get_network_details /opt/stack/neutron/neutron/plugins/ml2/rpc.py:248}}
Sep 30 06:27:29.414856 dv-cinder-811877-1-iscsi neutron-server[93999]: DEBUG neutron_lib.callbacks.manager [None req-57a8e231-53c2-406a-b3e4-1741b9348439 admin admin] Notify callbacks [] for router_gateway, precommit_update {{(pid=93999) _notify_loop /usr/local/lib/python3.8/dist-packages/neutron_lib/callbacks/manager.py:192}}
Sep 30 06:27:29.420399 dv-cinder-811877-1-iscsi neutron-server[94001]: DEBUG neutron.plugins.ml2.db [None req-1a5ef50c-1a60-4eeb-b96e-cf5df6fcca4b None None] For port d1128586-2b67-4462-b5b1-83e6f2c41bdc, host dv-cinder-811877-1-iscsi, got binding levels [PortBindingLevel(driver='openvswitch',host='dv-cinder-811877-1-iscsi',level=0,port_id=d1128586-2b67-4462-b5b1-83e6f2c41bdc,segment=NetworkSegment(2a6dd986-63b3-41e2-80f5-fecbf28b70d3),segment_id=2a6dd986-63b3-41e2-80f5-fecbf28b70d3)] {{(pid=94001) get_binding_level_objs /opt/stack/neutron/neutron/plugins/ml2/db.py:74}}
Sep 30 06:27:29.428145 dv-cinder-811877-1-iscsi neutron-server[93999]: DEBUG neutron.api.v2.base [None req-eea17ae3-02b5-480b-8bb7-db381a7b4449 admin admin] Request body: {'subnet': {'network_id': '92aa8f19-aafd-4462-9d7f-7e5f878c12b2', 'cidr': '172.20.0.0/28', 'name': 'tempest-AttachVolumeTestJSON-934096422-subnet', 'tenant_id': 'fd01cd14f23840e59331ece07bbcdf9e', 'enable_dhcp': True, 'ip_version': 4}} {{(pid=93999) prepare_request_body /opt/stack/neutron/neutron/api/v2/base.py:730}}
Sep 30 06:27:29.434672 dv-cinder-811877-1-iscsi neutron-server[94001]: DEBUG neutron_lib.callbacks.manager [None req-1a5ef50c-1a60-4eeb-b96e-cf5df6fcca4b None None] Notify callbacks ['neutron.plugins.ml2.plugin.SecurityGroupServerNotifierRpcMixin._notify_sg_on_port_change-653473', 'neutron.plugins.ml2.ovo_rpc._ObjectChangeHandler.handle_event-967789', 'neutron.api.rpc.agentnotifiers.dhcp_rpc_agent_api.DhcpAgentNotifyAPI._native_event_send_dhcp_notification-7821886', 'neutron.db.l3_db.L3RpcNotifierMixin._notify_gateway_port_ip_changed-8727545992452', 'neutron.db.l3_dvrscheduler_db._notify_l3_agent_port_update-8727545489363', 'neutron.db.l3_hascheduler_db._notify_l3_agent_ha_port_update-8727545489381'] for port, after_update {{(pid=94001) _notify_loop /usr/local/lib/python3.8/dist-packages/neutron_lib/callbacks/manager.py:192}}
Sep 30 06:27:29.449861 dv-cinder-811877-1-iscsi neutron-server[94002]: DEBUG neutron.db.l3_dvr_db [None req-1165a051-bd75-4e12-bf3e-946a1e64973d None None] Set router 7f324adc-6df9-469a-bdd2-c103c76ced6e gateway port host: dv-cinder-811877-1-iscsi {{(pid=94002) _build_routers_list /opt/stack/neutron/neutron/db/l3_dvr_db.py:906}}
Sep 30 06:27:29.485808 dv-cinder-811877-1-iscsi neutron-server[93999]: DEBUG neutron_lib.db.api [None req-eea17ae3-02b5-480b-8bb7-db381a7b4449 admin admin] Retry wrapper got retriable exception: (pymysql.err.OperationalError) (1213, 'Deadlock found when trying to get lock; try restarting transaction')
Sep 30 06:27:29.485808 dv-cinder-811877-1-iscsi neutron-server[93999]: [SQL: DELETE FROM reservations WHERE reservations.project_id = %(project_id_1)s AND reservations.expiration < %(expiration_1)s]
Sep 30 06:27:29.485808 dv-cinder-811877-1-iscsi neutron-server[93999]: [parameters: {'project_id_1': 'fd01cd14f23840e59331ece07bbcdf9e', 'expiration_1': datetime.datetime(2021, 9, 30, 6, 27, 9, 448260)}]
Sep 30 06:27:29.485808 dv-cinder-811877-1-iscsi neutron-server[93999]: (Background on this error at: https://sqlalche.me/e/14/e3q8) {{(pid=93999) wrapped /usr/local/lib/python3.8/dist-packages/neutron_lib/db/api.py:183}}
Sep 30 06:27:29.486264 dv-cinder-811877-1-iscsi neutron-server[93999]: DEBUG oslo_db.api [None req-eea17ae3-02b5-480b-8bb7-db381a7b4449 admin admin] Performing DB retry for function neutron.db.quota.driver_nolock.DbQuotaNoLockDriver.make_reservation {{(pid=93999) wrapper /usr/local/lib/python3.8/dist-packages/oslo_db/api.py:155}}
Sep 30 06:27:29.522957 dv-cinder-811877-1-iscsi neutron-server[94001]: DEBUG neutron.api.rpc.handlers.dhcp_rpc [None req-5a810670-48cd-4952-bb8c-627c391d22eb None None] Network 5c01f472-be09-4f47-a17f-2a759f124795 requested from dv-cinder-811877-1-iscsi {{(pid=94001) get_network_info /opt/stack/neutron/neutron/api/rpc/handlers/dhcp_rpc.py:218}}
Sep 30 06:27:29.548133 dv-cinder-811877-1-iscsi neutron-server[93999]: DEBUG neutron.pecan_wsgi.hooks.quota_enforcement [None req-7c6a0ae8-bd82-4624-b67d-cd9908213166 admin admin] Made reservation on behalf of 9783cdb7db93417f80c3dff4dd3da4b1 for: {'subnet': 1} {{(pid=93999) before /opt/stack/neutron/neutron/pecan_wsgi/hooks/quota_enforcement.py:53}}
Sep 30 06:27:29.551062 dv-cinder-811877-1-iscsi neutron-server[93999]: DEBUG neutron_lib.callbacks.manager [None req-7c6a0ae8-bd82-4624-b67d-cd9908213166 admin admin] Notify callbacks [] for subnet, before_create {{(pid=93999) _notify_loop /usr/local/lib/python3.8/dist-packages/neutron_lib/callbacks/manager.py:192}}
Sep 30 06:27:29.656461 dv-cinder-811877-1-iscsi neutron-server[94001]: DEBUG neutron.api.rpc.handlers.resources_rpc [None req-1a5ef50c-1a60-4eeb-b96e-cf5df6fcca4b None None] Pushing event updated for resources: {'Port': ['ID=d1128586-2b67-4462-b5b1-83e6f2c41bdc,revision_number=3']} {{(pid=94001) push /opt/stack/neutron/neutron/api/rpc/handlers/resources_rpc.py:237}}
Sep 30 06:27:29.821944 dv-cinder-811877-1-iscsi neutron-server[94001]: DEBUG neutron.db.provisioning_blocks [None req-02169e3d-6247-41aa-9bc8-5c72370a46d7 None None] Provisioning complete for port d1128586-2b67-4462-b5b1-83e6f2c41bdc triggered by entity DHCP. {{(pid=94001) provisioning_complete /opt/stack/neutron/neutron/db/provisioning_blocks.py:139}}
Sep 30 06:27:29.822139 dv-cinder-811877-1-iscsi neutron-server[94001]: DEBUG neutron_lib.callbacks.manager [None req-02169e3d-6247-41aa-9bc8-5c72370a46d7 None None] Notify callbacks ['neutron.plugins.ml2.plugin.Ml2Plugin._port_provisioned-597822'] for port, provisioning_complete {{(pid=94001) _notify_loop /usr/local/lib/python3.8/dist-packages/neutron_lib/callbacks/manager.py:192}}
Sep 30 06:27:29.834409 dv-cinder-811877-1-iscsi neutron-server[94000]: DEBUG neutron_lib.callbacks.manager [None req-651223f9-d0f3-4e33-abd7-0d77c61ded03 admin admin] Notify callbacks ['neutron.plugins.ml2.plugin.SecurityGroupDbMixin._ensure_default_security_group_handler-653538'] for port, before_create {{(pid=94000) _notify_loop /usr/local/lib/python3.8/dist-packages/neutron_lib/callbacks/manager.py:192}}
Sep 30 06:27:29.990718 dv-cinder-811877-1-iscsi neutron-server[94002]: DEBUG neutron.db.l3_hamode_db [None req-1165a051-bd75-4e12-bf3e-946a1e64973d None None] neutron.services.l3_router.l3_router_plugin.L3RouterPlugin method _process_sync_ha_data called with arguments (, [{'id': '7f324adc-6df9-469a-bdd2-c103c76ced6e', 'name': 'tempest-AttachVolumeShelveTestJSON-1787567531-router', 'tenant_id': '3f54d397fb6646ca811cd4b70b8b5d31', 'admin_state_up': True, 'status': 'ACTIVE', 'external_gateway_info': {'network_id': 'ddd8ee8b-b24f-47fb-afd7-cfc700c93624', 'external_fixed_ips': [{'subnet_id': '4727b4cf-a8ea-4dab-8db4-019b4e8b0546', 'ip_address': '172.27.1.2'}], 'enable_snat': True}, 'gw_port_id': '9739d183-b8a8-4538-9e9b-4bb77499d5e2', 'description': '', 'availability_zones': ['nova'], 'distributed': False, 'ha': False, 'ha_vr_id': 0, 'availability_zone_hints': [], 'routes': [], 'flavor_id': None, 'tags': [], 'created_at': '2021-09-30T06:27:26Z', 'updated_at': '2021-09-30T06:27:27Z', 'revision_number': 3, 'project_id': '3f54d397fb6646ca811cd4b70b8b5d31', 'gw_port': {'id': '9739d183-b8a8-4538-9e9b-4bb77499d5e2', 'name': '', 'network_id': 'ddd8ee8b-b24f-47fb-afd7-cfc700c93624', 'tenant_id': '', 'mac_address': 'fa:16:3e:2d:9d:cf', 'admin_state_up': True, 'status': 'DOWN', 'device_id': '7f324adc-6df9-469a-bdd2-c103c76ced6e', 'device_owner': 'network:router_gateway', 'standard_attr_id': 41, 'fixed_ips': [{'subnet_id': '4727b4cf-a8ea-4dab-8db4-019b4e8b0546', 'ip_address': '172.27.1.2', 'prefixlen': 24}], 'allowed_address_pairs': [], 'extra_dhcp_opts': [], 'security_groups': [], 'description': '', 'binding:vnic_type': 'normal', 'binding:profile': {}, 'binding:host_id': '', 'binding:vif_type': 'unbound', 'binding:vif_details': {}, 'port_security_enabled': False, 'tags': [], 'created_at': '2021-09-30T06:27:26Z', 'updated_at': '2021-09-30T06:27:26Z', 'revision_number': 1, 'project_id': '', 'subnets': [{'id': '4727b4cf-a8ea-4dab-8db4-019b4e8b0546', 'cidr': '172.27.1.0/24', 'gateway_ip': '172.27.1.1', 'dns_nameservers': [], 'ipv6_ra_mode': None, 'subnetpool_id': None}], 'extra_subnets': [], 'address_scopes': {4: None, 6: None}, 'mtu': 1500}, 'enable_snat': True, 'gw_port_host': 'dv-cinder-811877-1-iscsi'}], 'dv-cinder-811877-1-iscsi', False) {} {{(pid=94002) wrapper /usr/local/lib/python3.8/dist-packages/oslo_log/helpers.py:65}}
Sep 30 06:27:30.031653 dv-cinder-811877-1-iscsi neutron-server[94002]: DEBUG neutron.api.rpc.handlers.l3_rpc [None req-1165a051-bd75-4e12-bf3e-946a1e64973d None None] Checking router: 7f324adc-6df9-469a-bdd2-c103c76ced6e for host: dv-cinder-811877-1-iscsi {{(pid=94002) _ensure_host_set_on_ports /opt/stack/neutron/neutron/api/rpc/handlers/l3_rpc.py:155}}
Sep 30 06:27:30.032391 dv-cinder-811877-1-iscsi neutron-server[94002]: DEBUG neutron.api.rpc.handlers.l3_rpc [None req-1165a051-bd75-4e12-bf3e-946a1e64973d None None] Updating router 7f324adc-6df9-469a-bdd2-c103c76ced6e port 9739d183-b8a8-4538-9e9b-4bb77499d5e2 binding host dv-cinder-811877-1-iscsi {{(pid=94002) _ensure_host_set_on_port /opt/stack/neutron/neutron/api/rpc/handlers/l3_rpc.py:205}}
Sep 30 06:27:30.129253 dv-cinder-811877-1-iscsi neutron-server[94002]: DEBUG neutron_lib.callbacks.manager [None req-1165a051-bd75-4e12-bf3e-946a1e64973d None None] Notify callbacks ['neutron.plugins.ml2.plugin.SecurityGroupDbMixin._ensure_default_security_group_handler-653538'] for port, before_update {{(pid=94002) _notify_loop /usr/local/lib/python3.8/dist-packages/neutron_lib/callbacks/manager.py:192}}
Sep 30 06:27:30.209768 dv-cinder-811877-1-iscsi neutron-server[94000]: DEBUG neutron.db.db_base_plugin_common [None req-651223f9-d0f3-4e33-abd7-0d77c61ded03 admin admin] Allocated IP 172.20.0.1 (5fefac64-03c4-43dd-a17b-d4a261fa3173/05cd2f04-a42c-4ac5-94b6-16f7140b471b/6c81a548-ac26-40cb-9e6a-6ecb4b9bad29) {{(pid=94000) _store_ip_allocation /opt/stack/neutron/neutron/db/db_base_plugin_common.py:131}}
Sep 30 06:27:30.214218 dv-cinder-811877-1-iscsi neutron-server[94001]: DEBUG neutron.db.provisioning_blocks [None req-7ba80443-031e-40b0-a060-a9e440821c11 None None] Provisioning complete for port d1128586-2b67-4462-b5b1-83e6f2c41bdc triggered by entity DHCP. {{(pid=94001) provisioning_complete /opt/stack/neutron/neutron/db/provisioning_blocks.py:139}}
Sep 30 06:27:30.215869 dv-cinder-811877-1-iscsi neutron-server[94001]: DEBUG neutron_lib.callbacks.manager [None req-7ba80443-031e-40b0-a060-a9e440821c11 None None] Notify callbacks ['neutron.plugins.ml2.plugin.Ml2Plugin._port_provisioned-597822'] for port, provisioning_complete {{(pid=94001) _notify_loop /usr/local/lib/python3.8/dist-packages/neutron_lib/callbacks/manager.py:192}}
Sep 30 06:27:30.233495 dv-cinder-811877-1-iscsi neutron-server[94001]: DEBUG neutron.plugins.ml2.rpc [None req-1a5ef50c-1a60-4eeb-b96e-cf5df6fcca4b None None] Device d1128586-2b67-4462-b5b1-83e6f2c41bdc up at agent ovs-agent-dv-cinder-811877-1-iscsi {{(pid=94001) update_device_up /opt/stack/neutron/neutron/plugins/ml2/rpc.py:296}}
Sep 30 06:27:30.236721 dv-cinder-811877-1-iscsi neutron-server[93999]: DEBUG neutron.pecan_wsgi.hooks.quota_enforcement [None req-eea17ae3-02b5-480b-8bb7-db381a7b4449 admin admin] Made reservation on behalf of fd01cd14f23840e59331ece07bbcdf9e for: {'subnet': 1} {{(pid=93999) before /opt/stack/neutron/neutron/pecan_wsgi/hooks/quota_enforcement.py:53}}
Sep 30 06:27:30.242081 dv-cinder-811877-1-iscsi neutron-server[93999]: DEBUG neutron_lib.callbacks.manager [None req-eea17ae3-02b5-480b-8bb7-db381a7b4449 admin admin] Notify callbacks [] for subnet, before_create {{(pid=93999) _notify_loop /usr/local/lib/python3.8/dist-packages/neutron_lib/callbacks/manager.py:192}}
Sep 30 06:27:30.249276 dv-cinder-811877-1-iscsi neutron-server[93999]: DEBUG neutron_lib.callbacks.manager [None req-7c6a0ae8-bd82-4624-b67d-cd9908213166 admin admin] Notify callbacks ['neutron.plugins.ml2.ovo_rpc._ObjectChangeHandler.handle_event-531387', 'neutron.api.rpc.agentnotifiers.dhcp_rpc_agent_api.DhcpAgentNotifyAPI._native_event_send_dhcp_notification-7821886'] for subnet, after_create {{(pid=93999) _notify_loop /usr/local/lib/python3.8/dist-packages/neutron_lib/callbacks/manager.py:192}}
Sep 30 06:27:30.270091 dv-cinder-811877-1-iscsi neutron-server[93999]: DEBUG neutron_lib.callbacks.manager [None req-57a8e231-53c2-406a-b3e4-1741b9348439 admin admin] Notify callbacks [] for router_gateway, before_create {{(pid=93999) _notify_loop /usr/local/lib/python3.8/dist-packages/neutron_lib/callbacks/manager.py:192}}
Sep 30 06:27:30.365794 dv-cinder-811877-1-iscsi neutron-server[94000]: DEBUG neutron_lib.callbacks.manager [None req-651223f9-d0f3-4e33-abd7-0d77c61ded03 admin admin] Notify callbacks [] for port, precommit_create {{(pid=94000) _notify_loop /usr/local/lib/python3.8/dist-packages/neutron_lib/callbacks/manager.py:192}}
Sep 30 06:27:30.405857 dv-cinder-811877-1-iscsi neutron-server[93999]: DEBUG neutron_lib.callbacks.manager [None req-57a8e231-53c2-406a-b3e4-1741b9348439 admin admin] Notify callbacks ['neutron.plugins.ml2.plugin.SecurityGroupDbMixin._ensure_default_security_group_handler-653538'] for port, before_create {{(pid=93999) _notify_loop /usr/local/lib/python3.8/dist-packages/neutron_lib/callbacks/manager.py:192}}
Sep 30 06:27:30.408054 dv-cinder-811877-1-iscsi neutron-server[94001]: DEBUG neutron.db.provisioning_blocks [None req-1a5ef50c-1a60-4eeb-b96e-cf5df6fcca4b None None] Provisioning complete for port d1128586-2b67-4462-b5b1-83e6f2c41bdc triggered by entity L2. {{(pid=94001) provisioning_complete /opt/stack/neutron/neutron/db/provisioning_blocks.py:139}}
Sep 30 06:27:30.408641 dv-cinder-811877-1-iscsi neutron-server[94001]: DEBUG neutron_lib.callbacks.manager [None req-1a5ef50c-1a60-4eeb-b96e-cf5df6fcca4b None None] Notify callbacks ['neutron.plugins.ml2.plugin.Ml2Plugin._port_provisioned-597822'] for port, provisioning_complete {{(pid=94001) _notify_loop /usr/local/lib/python3.8/dist-packages/neutron_lib/callbacks/manager.py:192}}
Sep 30 06:27:30.421060 dv-cinder-811877-1-iscsi neutron-server[93999]: DEBUG neutron.plugins.ml2.drivers.mech_agent [None req-7c6a0ae8-bd82-4624-b67d-cd9908213166 admin admin] Checking segment: {'id': 'f7de19b9-6a8b-4c13-864b-abf85c02a385', 'network_type': 'vlan', 'physical_network': 'physnet1', 'segmentation_id': 315, 'network_id': '09d5236c-0c6b-4c44-9520-bda2caf4b4f2'} for mappings: {'physnet1': 'br-data'} with network types: ['local', 'flat', 'vlan'] {{(pid=93999) check_segment_for_agent /opt/stack/neutron/neutron/plugins/ml2/drivers/mech_agent.py:358}}
Sep 30 06:27:30.421326 dv-cinder-811877-1-iscsi neutron-server[93999]: DEBUG neutron.scheduler.dhcp_agent_scheduler [None req-7c6a0ae8-bd82-4624-b67d-cd9908213166 admin admin] Network hostable DHCP agents. Network: 09d5236c-0c6b-4c44-9520-bda2caf4b4f2, hostable agents: ['2764eebb-577a-46b3-8e38-018fcc444f25'], hosted agents: [] {{(pid=93999) _get_network_hostable_dhcp_agents /opt/stack/neutron/neutron/scheduler/dhcp_agent_scheduler.py:329}}
Sep 30 06:27:30.425315 dv-cinder-811877-1-iscsi neutron-server[94000]: DEBUG neutron_lib.callbacks.manager [None req-651223f9-d0f3-4e33-abd7-0d77c61ded03 admin admin] Notify callbacks ['neutron.plugins.ml2.plugin.SecurityGroupServerNotifierRpcMixin._notify_sg_on_port_change-653473', 'neutron.plugins.ml2.ovo_rpc._ObjectChangeHandler.handle_event-967789', 'neutron.api.rpc.agentnotifiers.dhcp_rpc_agent_api.DhcpAgentNotifyAPI._native_event_send_dhcp_notification-7821886', 'neutron.db.l3_dvrscheduler_db._notify_l3_agent_new_port-8727545489345'] for port, after_create {{(pid=94000) _notify_loop /usr/local/lib/python3.8/dist-packages/neutron_lib/callbacks/manager.py:192}}
Sep 30 06:27:30.555674 dv-cinder-811877-1-iscsi neutron-server[94000]: DEBUG neutron.api.rpc.handlers.resources_rpc [None req-651223f9-d0f3-4e33-abd7-0d77c61ded03 admin admin] Pushing event updated for resources: {'Port': ['ID=6c81a548-ac26-40cb-9e6a-6ecb4b9bad29,revision_number=1']} {{(pid=94000) push /opt/stack/neutron/neutron/api/rpc/handlers/resources_rpc.py:237}}
Sep 30 06:27:30.557482 dv-cinder-811877-1-iscsi neutron-server[94002]: DEBUG neutron_lib.callbacks.manager [None req-1165a051-bd75-4e12-bf3e-946a1e64973d None None] Notify callbacks [] for port, precommit_update {{(pid=94002) _notify_loop /usr/local/lib/python3.8/dist-packages/neutron_lib/callbacks/manager.py:192}}
Sep 30 06:27:30.573207 dv-cinder-811877-1-iscsi neutron-server[94002]: DEBUG neutron_lib.callbacks.manager [None req-1165a051-bd75-4e12-bf3e-946a1e64973d None None] Notify callbacks ['neutron.plugins.ml2.plugin.SecurityGroupServerNotifierRpcMixin._notify_sg_on_port_change-653473', 'neutron.plugins.ml2.ovo_rpc._ObjectChangeHandler.handle_event-967789', 'neutron.api.rpc.agentnotifiers.dhcp_rpc_agent_api.DhcpAgentNotifyAPI._native_event_send_dhcp_notification-7821886', 'neutron.db.l3_db.L3RpcNotifierMixin._notify_gateway_port_ip_changed-8727545992452', 'neutron.db.l3_dvrscheduler_db._notify_l3_agent_port_update-8727545489363', 'neutron.db.l3_hascheduler_db._notify_l3_agent_ha_port_update-8727545489381'] for port, after_update {{(pid=94002) _notify_loop /usr/local/lib/python3.8/dist-packages/neutron_lib/callbacks/manager.py:192}}
Sep 30 06:27:30.577535 dv-cinder-811877-1-iscsi neutron-server[94000]: DEBUG neutron.scheduler.dhcp_agent_scheduler [None req-651223f9-d0f3-4e33-abd7-0d77c61ded03 admin admin] Network 5fefac64-03c4-43dd-a17b-d4a261fa3173 is already hosted by enough agents. {{(pid=94000) _get_dhcp_agents_hosting_network /opt/stack/neutron/neutron/scheduler/dhcp_agent_scheduler.py:275}}
Sep 30 06:27:30.581611 dv-cinder-811877-1-iscsi neutron-server[94000]: DEBUG neutron.scheduler.base_scheduler [None req-651223f9-d0f3-4e33-abd7-0d77c61ded03 admin admin] Resources bound (agent type, host, resource id): {{(pid=94000) schedule /opt/stack/neutron/neutron/scheduler/base_scheduler.py:57}}
Sep 30 06:27:30.597695 dv-cinder-811877-1-iscsi neutron-server[94000]: DEBUG neutron.db.l3_dvrscheduler_db [None req-651223f9-d0f3-4e33-abd7-0d77c61ded03 admin admin] Received port after_create {{(pid=94000) _notify_l3_agent_new_port /opt/stack/neutron/neutron/db/l3_dvrscheduler_db.py:535}}
Sep 30 06:27:30.597862 dv-cinder-811877-1-iscsi neutron-server[93999]: DEBUG neutron.scheduler.dhcp_agent_scheduler [None req-7c6a0ae8-bd82-4624-b67d-cd9908213166 admin admin] Network 09d5236c-0c6b-4c44-9520-bda2caf4b4f2 is scheduled to be hosted by DHCP agent 2764eebb-577a-46b3-8e38-018fcc444f25 with binding_index 1 {{(pid=93999) bind /opt/stack/neutron/neutron/scheduler/dhcp_agent_scheduler.py:227}}
Sep 30 06:27:30.598766 dv-cinder-811877-1-iscsi neutron-server[94000]: DEBUG neutron_lib.callbacks.manager [None req-651223f9-d0f3-4e33-abd7-0d77c61ded03 admin admin] Notify callbacks ['neutron.services.l3_router.l3_router_plugin.DVRResourceOperationHandler._add_csnat_on_interface_create-7878021'] for router_interface, before_create {{(pid=94000) _notify_loop /usr/local/lib/python3.8/dist-packages/neutron_lib/callbacks/manager.py:192}}
Sep 30 06:27:30.665967 dv-cinder-811877-1-iscsi neutron-server[94002]: DEBUG neutron.api.rpc.handlers.resources_rpc [None req-03f4aef5-35aa-4861-a30a-e479809ebe94 None None] Pushing event updated for resources: {'Port': ['ID=9739d183-b8a8-4538-9e9b-4bb77499d5e2,revision_number=2']} {{(pid=94002) push /opt/stack/neutron/neutron/api/rpc/handlers/resources_rpc.py:237}}
Sep 30 06:27:30.684466 dv-cinder-811877-1-iscsi neutron-server[94002]: DEBUG neutron.plugins.ml2.managers [None req-1165a051-bd75-4e12-bf3e-946a1e64973d None None] Attempting to bind port 9739d183-b8a8-4538-9e9b-4bb77499d5e2 on host dv-cinder-811877-1-iscsi for vnic_type normal with profile {{(pid=94002) bind_port /opt/stack/neutron/neutron/plugins/ml2/managers.py:790}}
Sep 30 06:27:30.684918 dv-cinder-811877-1-iscsi neutron-server[94002]: DEBUG neutron.plugins.ml2.managers [None req-1165a051-bd75-4e12-bf3e-946a1e64973d None None] Attempting to bind port 9739d183-b8a8-4538-9e9b-4bb77499d5e2 by drivers openvswitch,hyperv on host dv-cinder-811877-1-iscsi at level 0 using segments [{'id': 'f18bb042-e630-4c4b-b384-e9bf093ecc8b', 'network_type': 'flat', 'physical_network': 'physnet1', 'segmentation_id': None, 'network_id': 'ddd8ee8b-b24f-47fb-afd7-cfc700c93624'}] {{(pid=94002) _bind_port_level /opt/stack/neutron/neutron/plugins/ml2/managers.py:815}}
Sep 30 06:27:30.685359 dv-cinder-811877-1-iscsi neutron-server[94002]: DEBUG neutron.plugins.ml2.drivers.mech_agent [None req-1165a051-bd75-4e12-bf3e-946a1e64973d None None] Attempting to bind port 9739d183-b8a8-4538-9e9b-4bb77499d5e2 on network ddd8ee8b-b24f-47fb-afd7-cfc700c93624 {{(pid=94002) bind_port /opt/stack/neutron/neutron/plugins/ml2/drivers/mech_agent.py:91}}
Sep 30 06:27:30.699472 dv-cinder-811877-1-iscsi neutron-server[94002]: DEBUG neutron.plugins.ml2.drivers.mech_agent [None req-1165a051-bd75-4e12-bf3e-946a1e64973d None None] Checking agent: {'id': '38eed8e6-19bc-4ff2-90e0-3c7aa8a3a275', 'agent_type': 'Open vSwitch agent', 'binary': 'neutron-openvswitch-agent', 'topic': 'N/A', 'host': 'dv-cinder-811877-1-iscsi', 'admin_state_up': True, 'created_at': datetime.datetime(2021, 9, 30, 6, 19, 32), 'started_at': datetime.datetime(2021, 9, 30, 6, 20, 2), 'heartbeat_timestamp': datetime.datetime(2021, 9, 30, 6, 27, 2), 'description': None, 'resources_synced': None, 'availability_zone': None, 'alive': True, 'configurations': {'arp_responder_enabled': False, 'baremetal_smartnic': False, 'bridge_mappings': {'physnet1': 'br-data'}, 'datapath_type': 'system', 'devices': 0, 'enable_distributed_routing': False, 'extensions': [], 'in_distributed_mode': False, 'integration_bridge': 'br-int', 'l2_population': False, 'log_agent_heartbeats': False, 'ovs_capabilities': {'datapath_types': ['netdev', 'system'], 'iface_types': ['erspan', 'geneve', 'gre', 'internal', 'ip6erspan', 'ip6gre', 'lisp', 'patch', 'stt', 'system', 'tap', 'vxlan']}, 'ovs_hybrid_plug': False, 'resource_provider_bandwidths': {}, 'resource_provider_hypervisors': {'br-data': 'dv-cinder-811877-1-iscsi'}, 'resource_provider_inventory_defaults': {'allocation_ratio': 1.0, 'min_unit': 1, 'step_size': 1, 'reserved': 0}, 'tunnel_types': [], 'tunneling_ip': None, 'vhostuser_socket_dir': '/var/run/openvswitch'}, 'resource_versions': {'AddressGroup': '1.2', 'ConntrackHelper': '1.0', 'Log': '1.0', 'Network': '1.1', 'Port': '1.7', 'PortForwarding': '1.2', 'QosPolicy': '1.9', 'SecurityGroup': '1.4', 'SecurityGroupRule': '1.2', 'SubPort': '1.0', 'Subnet': '1.1', 'Trunk': '1.1'}} {{(pid=94002) bind_port /opt/stack/neutron/neutron/plugins/ml2/drivers/mech_agent.py:110}}
Sep 30 06:27:30.700017 dv-cinder-811877-1-iscsi neutron-server[94002]: DEBUG neutron.plugins.ml2.drivers.mech_agent [None req-1165a051-bd75-4e12-bf3e-946a1e64973d None None] Checking segment: {'id': 'f18bb042-e630-4c4b-b384-e9bf093ecc8b', 'network_type': 'flat', 'physical_network': 'physnet1', 'segmentation_id': None, 'network_id': 'ddd8ee8b-b24f-47fb-afd7-cfc700c93624'} for mappings: {'physnet1': 'br-data'} with network types: ['local', 'flat', 'vlan'] {{(pid=94002) check_segment_for_agent /opt/stack/neutron/neutron/plugins/ml2/drivers/mech_agent.py:358}}
Sep 30 06:27:30.700637 dv-cinder-811877-1-iscsi neutron-server[94002]: DEBUG neutron_lib.callbacks.manager [None req-1165a051-bd75-4e12-bf3e-946a1e64973d None None] Notify callbacks [] for ovs_bridge_name, before_read {{(pid=94002) _notify_loop /usr/local/lib/python3.8/dist-packages/neutron_lib/callbacks/manager.py:192}}
Sep 30 06:27:30.701279 dv-cinder-811877-1-iscsi neutron-server[94002]: DEBUG neutron.plugins.ml2.drivers.mech_agent [None req-1165a051-bd75-4e12-bf3e-946a1e64973d None None] Bound using segment: {'id': 'f18bb042-e630-4c4b-b384-e9bf093ecc8b', 'network_type': 'flat', 'physical_network': 'physnet1', 'segmentation_id': None, 'network_id': 'ddd8ee8b-b24f-47fb-afd7-cfc700c93624'} {{(pid=94002) bind_port /opt/stack/neutron/neutron/plugins/ml2/drivers/mech_agent.py:120}}
Sep 30 06:27:30.701765 dv-cinder-811877-1-iscsi neutron-server[94002]: DEBUG neutron.plugins.ml2.managers [None req-1165a051-bd75-4e12-bf3e-946a1e64973d None None] Bound port: 9739d183-b8a8-4538-9e9b-4bb77499d5e2, host: dv-cinder-811877-1-iscsi, vif_type: ovs, vif_details: {"connectivity": "l2", "port_filter": true, "ovs_hybrid_plug": false, "datapath_type": "system", "bridge_name": "br-int"}, binding_levels: [{'bound_driver': 'openvswitch', 'bound_segment': {'id': 'f18bb042-e630-4c4b-b384-e9bf093ecc8b', 'network_type': 'flat', 'physical_network': 'physnet1', 'segmentation_id': None, 'network_id': 'ddd8ee8b-b24f-47fb-afd7-cfc700c93624'}}] {{(pid=94002) _bind_port_level /opt/stack/neutron/neutron/plugins/ml2/managers.py:928}}
Sep 30 06:27:30.702252 dv-cinder-811877-1-iscsi neutron-server[94002]: DEBUG neutron_lib.callbacks.manager [None req-1165a051-bd75-4e12-bf3e-946a1e64973d None None] Notify callbacks ['neutron.plugins.ml2.plugin.SecurityGroupDbMixin._ensure_default_security_group_handler-653538'] for port, before_update {{(pid=94002) _notify_loop /usr/local/lib/python3.8/dist-packages/neutron_lib/callbacks/manager.py:192}}
Sep 30 06:27:30.719135 dv-cinder-811877-1-iscsi neutron-server[93999]: DEBUG neutron.scheduler.base_scheduler [None req-7c6a0ae8-bd82-4624-b67d-cd9908213166 admin admin] Resources bound (agent type, host, resource id): (DHCP agent, dv-cinder-811877-1-iscsi, 09d5236c-0c6b-4c44-9520-bda2caf4b4f2) {{(pid=93999) schedule /opt/stack/neutron/neutron/scheduler/base_scheduler.py:57}}
Sep 30 06:27:30.737417 dv-cinder-811877-1-iscsi neutron-server[94001]: DEBUG neutron.api.rpc.handlers.dhcp_rpc [None req-94fb3138-8c55-423c-9aa7-4a4954bf66b9 None None] Network 09d5236c-0c6b-4c44-9520-bda2caf4b4f2 requested from dv-cinder-811877-1-iscsi {{(pid=94001) get_network_info /opt/stack/neutron/neutron/api/rpc/handlers/dhcp_rpc.py:218}}
Sep 30 06:27:30.775386 dv-cinder-811877-1-iscsi neutron-server[93999]: DEBUG neutron.pecan_wsgi.hooks.policy_enforcement [None req-7c6a0ae8-bd82-4624-b67d-cd9908213166 admin admin] Attributes excluded by policy engine: ['standard_attr_id', 'shared', 'network'] {{(pid=93999) _exclude_attributes_by_policy /opt/stack/neutron/neutron/pecan_wsgi/hooks/policy_enforcement.py:255}}
Sep 30 06:27:30.776072 dv-cinder-811877-1-iscsi neutron-server[93999]: DEBUG neutron_lib.callbacks.manager [None req-7c6a0ae8-bd82-4624-b67d-cd9908213166 admin admin] Notify callbacks ['neutron.api.rpc.agentnotifiers.dhcp_rpc_agent_api.DhcpAgentNotifyAPI._send_dhcp_notification-7821868'] for subnet, before_response {{(pid=93999) _notify_loop /usr/local/lib/python3.8/dist-packages/neutron_lib/callbacks/manager.py:192}}
Sep 30 06:27:30.798077 dv-cinder-811877-1-iscsi neutron-server[93999]: DEBUG neutron.api.rpc.handlers.resources_rpc [None req-7c6a0ae8-bd82-4624-b67d-cd9908213166 admin admin] Pushing event updated for resources: {'Subnet': ['ID=2cc33e45-6ebd-4aca-ac3c-4bbace2f6c45,revision_number=0']} {{(pid=93999) push /opt/stack/neutron/neutron/api/rpc/handlers/resources_rpc.py:237}}
Sep 30 06:27:30.801315 dv-cinder-811877-1-iscsi neutron-server[94002]: DEBUG neutron.plugins.ml2.db [None req-1165a051-bd75-4e12-bf3e-946a1e64973d None None] For port 9739d183-b8a8-4538-9e9b-4bb77499d5e2, host dv-cinder-811877-1-iscsi, cleared binding levels {{(pid=94002) clear_binding_levels /opt/stack/neutron/neutron/plugins/ml2/db.py:87}}
Sep 30 06:27:30.807971 dv-cinder-811877-1-iscsi neutron-server[94002]: DEBUG neutron.plugins.ml2.db [None req-1165a051-bd75-4e12-bf3e-946a1e64973d None None] For port 9739d183-b8a8-4538-9e9b-4bb77499d5e2, host dv-cinder-811877-1-iscsi, set binding levels [PortBindingLevel(driver='openvswitch',host='dv-cinder-811877-1-iscsi',level=0,port_id=9739d183-b8a8-4538-9e9b-4bb77499d5e2,segment=NetworkSegment(f18bb042-e630-4c4b-b384-e9bf093ecc8b),segment_id=f18bb042-e630-4c4b-b384-e9bf093ecc8b)] {{(pid=94002) set_binding_levels /opt/stack/neutron/neutron/plugins/ml2/db.py:59}}
Sep 30 06:27:30.816214 dv-cinder-811877-1-iscsi neutron-server[94002]: DEBUG neutron.api.rpc.callbacks.version_manager [None req-03f4aef5-35aa-4861-a30a-e479809ebe94 None None] Version for resource type AddressGroup changed None to 1.2 on consumer Open vSwitch agent@dv-cinder-811877-1-iscsi {{(pid=94002) _set_version /opt/stack/neutron/neutron/api/rpc/callbacks/version_manager.py:113}}
Sep 30 06:27:30.816830 dv-cinder-811877-1-iscsi neutron-server[94002]: DEBUG neutron.api.rpc.callbacks.version_manager [None req-03f4aef5-35aa-4861-a30a-e479809ebe94 None None] Version for resource type ConntrackHelper changed None to 1.0 on consumer Open vSwitch agent@dv-cinder-811877-1-iscsi {{(pid=94002) _set_version /opt/stack/neutron/neutron/api/rpc/callbacks/version_manager.py:113}}
Sep 30 06:27:30.820881 dv-cinder-811877-1-iscsi neutron-server[94002]: DEBUG neutron.api.rpc.callbacks.version_manager [None req-03f4aef5-35aa-4861-a30a-e479809ebe94 None None] Version for resource type Log changed None to 1.0 on consumer Open vSwitch agent@dv-cinder-811877-1-iscsi {{(pid=94002) _set_version /opt/stack/neutron/neutron/api/rpc/callbacks/version_manager.py:113}}
Sep 30 06:27:30.821373 dv-cinder-811877-1-iscsi neutron-server[94002]: DEBUG neutron.api.rpc.callbacks.version_manager [None req-03f4aef5-35aa-4861-a30a-e479809ebe94 None None] Version for resource type Network changed None to 1.1 on consumer Open vSwitch agent@dv-cinder-811877-1-iscsi {{(pid=94002) _set_version /opt/stack/neutron/neutron/api/rpc/callbacks/version_manager.py:113}}
Sep 30 06:27:30.821812 dv-cinder-811877-1-iscsi neutron-server[94002]: DEBUG neutron.api.rpc.callbacks.version_manager [None req-03f4aef5-35aa-4861-a30a-e479809ebe94 None None] Version for resource type Port changed None to 1.7 on consumer Open vSwitch agent@dv-cinder-811877-1-iscsi {{(pid=94002) _set_version /opt/stack/neutron/neutron/api/rpc/callbacks/version_manager.py:113}}
Sep 30 06:27:30.822215 dv-cinder-811877-1-iscsi neutron-server[94002]: DEBUG neutron.api.rpc.callbacks.version_manager [None req-03f4aef5-35aa-4861-a30a-e479809ebe94 None None] Version for resource type PortForwarding changed None to 1.2 on consumer Open vSwitch agent@dv-cinder-811877-1-iscsi {{(pid=94002) _set_version /opt/stack/neutron/neutron/api/rpc/callbacks/version_manager.py:113}}
Sep 30 06:27:30.822663 dv-cinder-811877-1-iscsi neutron-server[94002]: DEBUG neutron.api.rpc.callbacks.version_manager [None req-03f4aef5-35aa-4861-a30a-e479809ebe94 None None] Version for resource type QosPolicy changed None to 1.9 on consumer Open vSwitch agent@dv-cinder-811877-1-iscsi {{(pid=94002) _set_version /opt/stack/neutron/neutron/api/rpc/callbacks/version_manager.py:113}}
Sep 30 06:27:30.823343 dv-cinder-811877-1-iscsi neutron-server[94002]: DEBUG neutron.api.rpc.callbacks.version_manager [None req-03f4aef5-35aa-4861-a30a-e479809ebe94 None None] Version for resource type SecurityGroup changed None to 1.4 on consumer Open vSwitch agent@dv-cinder-811877-1-iscsi {{(pid=94002) _set_version /opt/stack/neutron/neutron/api/rpc/callbacks/version_manager.py:113}}
Sep 30 06:27:30.823886 dv-cinder-811877-1-iscsi neutron-server[94002]: DEBUG neutron.api.rpc.callbacks.version_manager [None req-03f4aef5-35aa-4861-a30a-e479809ebe94 None None] Version for resource type SecurityGroupRule changed None to 1.2 on consumer Open vSwitch agent@dv-cinder-811877-1-iscsi {{(pid=94002) _set_version /opt/stack/neutron/neutron/api/rpc/callbacks/version_manager.py:113}}
Sep 30 06:27:30.834091 dv-cinder-811877-1-iscsi neutron-server[93999]: INFO neutron.wsgi [None req-7c6a0ae8-bd82-4624-b67d-cd9908213166 admin admin] 10.222.0.36 "POST /v2.0/subnets HTTP/1.1" status: 201 len: 848 time: 1.8332908
Sep 30 06:27:30.835214 dv-cinder-811877-1-iscsi neutron-server[94002]: DEBUG neutron.api.rpc.callbacks.version_manager [None req-03f4aef5-35aa-4861-a30a-e479809ebe94 None None] Version for resource type SubPort changed None to 1.0 on consumer Open vSwitch agent@dv-cinder-811877-1-iscsi {{(pid=94002) _set_version /opt/stack/neutron/neutron/api/rpc/callbacks/version_manager.py:113}}
Sep 30 06:27:30.839809 dv-cinder-811877-1-iscsi neutron-server[94002]: DEBUG neutron.api.rpc.callbacks.version_manager [None req-03f4aef5-35aa-4861-a30a-e479809ebe94 None None] Version for resource type Subnet changed None to 1.1 on consumer Open vSwitch agent@dv-cinder-811877-1-iscsi {{(pid=94002) _set_version /opt/stack/neutron/neutron/api/rpc/callbacks/version_manager.py:113}}
Sep 30 06:27:30.840263 dv-cinder-811877-1-iscsi neutron-server[94002]: DEBUG neutron.api.rpc.callbacks.version_manager [None req-03f4aef5-35aa-4861-a30a-e479809ebe94 None None] Version for resource type Trunk changed None to 1.1 on consumer Open vSwitch agent@dv-cinder-811877-1-iscsi {{(pid=94002) _set_version /opt/stack/neutron/neutron/api/rpc/callbacks/version_manager.py:113}}
Sep 30 06:27:30.841456 dv-cinder-811877-1-iscsi neutron-server[94002]: DEBUG neutron.api.rpc.callbacks.version_manager [None req-03f4aef5-35aa-4861-a30a-e479809ebe94 None None] Tracked resource versions report:
Sep 30 06:27:30.841456 dv-cinder-811877-1-iscsi neutron-server[94002]: pushed versions:
Sep 30 06:27:30.841456 dv-cinder-811877-1-iscsi neutron-server[94002]: { 'AddressGroup': {'1.2'},
Sep 30 06:27:30.841456 dv-cinder-811877-1-iscsi neutron-server[94002]: 'ConntrackHelper': {'1.0'},
Sep 30 06:27:30.841456 dv-cinder-811877-1-iscsi neutron-server[94002]: 'Log': {'1.0'},
Sep 30 06:27:30.841456 dv-cinder-811877-1-iscsi neutron-server[94002]: 'Network': {'1.1'},
Sep 30 06:27:30.841456 dv-cinder-811877-1-iscsi neutron-server[94002]: 'Port': {'1.7'},
Sep 30 06:27:30.841456 dv-cinder-811877-1-iscsi neutron-server[94002]: 'PortForwarding': {'1.2'},
Sep 30 06:27:30.841456 dv-cinder-811877-1-iscsi neutron-server[94002]: 'QosPolicy': {'1.9'},
Sep 30 06:27:30.841456 dv-cinder-811877-1-iscsi neutron-server[94002]: 'SecurityGroup': {'1.4'},
Sep 30 06:27:30.841456 dv-cinder-811877-1-iscsi neutron-server[94002]: 'SecurityGroupRule': {'1.2'},
Sep 30 06:27:30.841456 dv-cinder-811877-1-iscsi neutron-server[94002]: 'SubPort': {'1.0'},
Sep 30 06:27:30.841456 dv-cinder-811877-1-iscsi neutron-server[94002]: 'Subnet': {'1.1'},
Sep 30 06:27:30.841456 dv-cinder-811877-1-iscsi neutron-server[94002]: 'Trunk': {'1.1'}}
Sep 30 06:27:30.841456 dv-cinder-811877-1-iscsi neutron-server[94002]: consumer versions:
Sep 30 06:27:30.841456 dv-cinder-811877-1-iscsi neutron-server[94002]: { DHCP agent@dv-cinder-811877-1-iscsi: {},
Sep 30 06:27:30.841456 dv-cinder-811877-1-iscsi neutron-server[94002]: HyperV agent@hv-cinder-81187: {},
Sep 30 06:27:30.841456 dv-cinder-811877-1-iscsi neutron-server[94002]: L3 agent@dv-cinder-811877-1-iscsi: {},
Sep 30 06:27:30.841456 dv-cinder-811877-1-iscsi neutron-server[94002]: Metadata agent@dv-cinder-811877-1-iscsi: {},
Sep 30 06:27:30.841456 dv-cinder-811877-1-iscsi neutron-server[94002]: Metering agent@dv-cinder-811877-1-iscsi: {},
Sep 30 06:27:30.841456 dv-cinder-811877-1-iscsi neutron-server[94002]: Open vSwitch agent@dv-cinder-811877-1-iscsi: { 'AddressGroup': '1.2',
Sep 30 06:27:30.841456 dv-cinder-811877-1-iscsi neutron-server[94002]: 'ConntrackHelper': '1.0',
Sep 30 06:27:30.841456 dv-cinder-811877-1-iscsi neutron-server[94002]: 'Log': '1.0',
Sep 30 06:27:30.841456 dv-cinder-811877-1-iscsi neutron-server[94002]: 'Network': '1.1',
Sep 30 06:27:30.841456 dv-cinder-811877-1-iscsi neutron-server[94002]: 'Port': '1.7',
Sep 30 06:27:30.841456 dv-cinder-811877-1-iscsi neutron-server[94002]: 'PortForwarding': '1.2',
Sep 30 06:27:30.841456 dv-cinder-811877-1-iscsi neutron-server[94002]: 'QosPolicy': '1.9',
Sep 30 06:27:30.841456 dv-cinder-811877-1-iscsi neutron-server[94002]: 'SecurityGroup': '1.4',
Sep 30 06:27:30.841456 dv-cinder-811877-1-iscsi neutron-server[94002]: 'SecurityGroupRule': '1.2',
Sep 30 06:27:30.841456 dv-cinder-811877-1-iscsi neutron-server[94002]: 'SubPort': '1.0',
Sep 30 06:27:30.841456 dv-cinder-811877-1-iscsi neutron-server[94002]: 'Subnet': '1.1',
Sep 30 06:27:30.841456 dv-cinder-811877-1-iscsi neutron-server[94002]: 'Trunk': '1.1'}}
Sep 30 06:27:30.841456 dv-cinder-811877-1-iscsi neutron-server[94002]: {{(pid=94002) report /opt/stack/neutron/neutron/api/rpc/callbacks/version_manager.py:175}}
Sep 30 06:27:30.853862 dv-cinder-811877-1-iscsi neutron-server[94002]: DEBUG neutron_lib.callbacks.manager [None req-1165a051-bd75-4e12-bf3e-946a1e64973d None None] Notify callbacks ['neutron.plugins.ml2.plugin.SecurityGroupServerNotifierRpcMixin._notify_sg_on_port_change-653473', 'neutron.plugins.ml2.ovo_rpc._ObjectChangeHandler.handle_event-967789', 'neutron.api.rpc.agentnotifiers.dhcp_rpc_agent_api.DhcpAgentNotifyAPI._native_event_send_dhcp_notification-7821886', 'neutron.db.l3_db.L3RpcNotifierMixin._notify_gateway_port_ip_changed-8727545992452', 'neutron.db.l3_dvrscheduler_db._notify_l3_agent_port_update-8727545489363', 'neutron.db.l3_hascheduler_db._notify_l3_agent_ha_port_update-8727545489381'] for port, after_update {{(pid=94002) _notify_loop /usr/local/lib/python3.8/dist-packages/neutron_lib/callbacks/manager.py:192}}
Sep 30 06:27:30.992435 dv-cinder-811877-1-iscsi neutron-server[94002]: DEBUG neutron.db.l3_dvrscheduler_db [None req-1165a051-bd75-4e12-bf3e-946a1e64973d None None] Routers {'7f324adc-6df9-469a-bdd2-c103c76ced6e'} bound to L3 agent in host dv-cinder-811877-1-iscsi {{(pid=94002) _get_router_ids_for_agent /opt/stack/neutron/neutron/db/l3_dvrscheduler_db.py:420}}
Sep 30 06:27:30.996536 dv-cinder-811877-1-iscsi neutron-server[94002]: DEBUG neutron.db.l3_hamode_db [None req-1165a051-bd75-4e12-bf3e-946a1e64973d None None] neutron.services.l3_router.l3_router_plugin.L3RouterPlugin method get_ha_sync_data_for_host called with arguments (, 'dv-cinder-811877-1-iscsi', Agent(admin_state_up=True,agent_type='L3 agent',availability_zone='nova',binary='neutron-l3-agent',configurations={"agent_mode": "legacy", "ex_gw_ports": 1, "extensions": [], "floating_ips": 0, "handle_internal_only_routers": true, "interface_driver": "openvswitch", "interfaces": 1, "log_agent_heartbeats": false, "routers": 1},created_at=2021-09-30T06:19:31Z,description=,heartbeat_timestamp=2021-09-30T06:27:01Z,host='dv-cinder-811877-1-iscsi',id=f054bd23-6895-478f-87a4-7cc0e21c04e0,load=0,resource_versions=,resources_synced=,started_at=2021-09-30T06:19:31Z,topic='l3_agent')) {'router_ids': ['7f324adc-6df9-469a-bdd2-c103c76ced6e'], 'active': True} {{(pid=94002) wrapper /usr/local/lib/python3.8/dist-packages/oslo_log/helpers.py:65}}
Sep 30 06:27:31.020109 dv-cinder-811877-1-iscsi neutron-server[93999]: DEBUG neutron.db.db_base_plugin_common [None req-57a8e231-53c2-406a-b3e4-1741b9348439 admin admin] Allocated IP 172.27.1.211 (ddd8ee8b-b24f-47fb-afd7-cfc700c93624/4727b4cf-a8ea-4dab-8db4-019b4e8b0546/bcf4ee31-af07-4d64-ac85-119b115a742e) {{(pid=93999) _store_ip_allocation /opt/stack/neutron/neutron/db/db_base_plugin_common.py:131}}
Sep 30 06:27:31.047575 dv-cinder-811877-1-iscsi neutron-server[94001]: DEBUG neutron.api.rpc.handlers.dhcp_rpc [None req-09bbde4b-98a7-4306-9c77-2e49de1307ba None None] Network 09d5236c-0c6b-4c44-9520-bda2caf4b4f2 requested from dv-cinder-811877-1-iscsi {{(pid=94001) get_network_info /opt/stack/neutron/neutron/api/rpc/handlers/dhcp_rpc.py:218}}
Sep 30 06:27:31.107167 dv-cinder-811877-1-iscsi neutron-server[94002]: DEBUG neutron.api.rpc.handlers.resources_rpc [None req-03f4aef5-35aa-4861-a30a-e479809ebe94 None None] Pushing event updated for resources: {'Port': ['ID=9739d183-b8a8-4538-9e9b-4bb77499d5e2,revision_number=3']} {{(pid=94002) push /opt/stack/neutron/neutron/api/rpc/handlers/resources_rpc.py:237}}
Sep 30 06:27:31.129479 dv-cinder-811877-1-iscsi neutron-server[94001]: DEBUG neutron.db.provisioning_blocks [None req-4215a130-d64f-4416-bc9c-2acd8df7a879 None None] Provisioning complete for port 6c81a548-ac26-40cb-9e6a-6ecb4b9bad29 triggered by entity DHCP. {{(pid=94001) provisioning_complete /opt/stack/neutron/neutron/db/provisioning_blocks.py:139}}
Sep 30 06:27:31.131999 dv-cinder-811877-1-iscsi neutron-server[94001]: DEBUG neutron_lib.callbacks.manager [None req-4215a130-d64f-4416-bc9c-2acd8df7a879 None None] Notify callbacks ['neutron.plugins.ml2.plugin.Ml2Plugin._port_provisioned-597822'] for port, provisioning_complete {{(pid=94001) _notify_loop /usr/local/lib/python3.8/dist-packages/neutron_lib/callbacks/manager.py:192}}
Sep 30 06:27:31.247782 dv-cinder-811877-1-iscsi neutron-server[94000]: DEBUG neutron_lib.callbacks.manager [None req-651223f9-d0f3-4e33-abd7-0d77c61ded03 admin admin] Notify callbacks ['neutron.plugins.ml2.plugin.SecurityGroupDbMixin._ensure_default_security_group_handler-653538'] for port, before_update {{(pid=94000) _notify_loop /usr/local/lib/python3.8/dist-packages/neutron_lib/callbacks/manager.py:192}}
Sep 30 06:27:31.303552 dv-cinder-811877-1-iscsi neutron-server[94002]: DEBUG neutron.db.l3_dvr_db [None req-1165a051-bd75-4e12-bf3e-946a1e64973d None None] Set router 7f324adc-6df9-469a-bdd2-c103c76ced6e gateway port host: dv-cinder-811877-1-iscsi {{(pid=94002) _build_routers_list /opt/stack/neutron/neutron/db/l3_dvr_db.py:906}}
Sep 30 06:27:31.304115 dv-cinder-811877-1-iscsi neutron-server[93999]: DEBUG neutron_lib.callbacks.manager [None req-57a8e231-53c2-406a-b3e4-1741b9348439 admin admin] Notify callbacks [] for port, precommit_create {{(pid=93999) _notify_loop /usr/local/lib/python3.8/dist-packages/neutron_lib/callbacks/manager.py:192}}
Sep 30 06:27:31.398128 dv-cinder-811877-1-iscsi neutron-server[94001]: DEBUG neutron.plugins.ml2.plugin [None req-4215a130-d64f-4416-bc9c-2acd8df7a879 None None] Port 6c81a548-ac26-40cb-9e6a-6ecb4b9bad29 cannot update to ACTIVE because it is not bound. {{(pid=94001) _port_provisioned /opt/stack/neutron/neutron/plugins/ml2/plugin.py:338}}
