Nov 16 00:29:37.993836 dv-cinder-811154-2-iscsi neutron-server[107821]: DEBUG neutron.api.rpc.callbacks.version_manager [None req-9bb724f3-c881-48fd-b8d6-5eed529940c1 None None] Version for resource type Log changed None to 1.0 on consumer Open vSwitch agent@dv-cinder-811154-2-iscsi {{(pid=107821) _set_version /opt/stack/neutron/neutron/api/rpc/callbacks/version_manager.py:113}}
Nov 16 00:29:37.994379 dv-cinder-811154-2-iscsi neutron-server[107821]: DEBUG neutron.api.rpc.callbacks.version_manager [None req-9bb724f3-c881-48fd-b8d6-5eed529940c1 None None] Version for resource type Network changed None to 1.1 on consumer Open vSwitch agent@dv-cinder-811154-2-iscsi {{(pid=107821) _set_version /opt/stack/neutron/neutron/api/rpc/callbacks/version_manager.py:113}}
Nov 16 00:29:37.994929 dv-cinder-811154-2-iscsi neutron-server[107821]: DEBUG neutron.api.rpc.callbacks.version_manager [None req-9bb724f3-c881-48fd-b8d6-5eed529940c1 None None] Version for resource type Port changed None to 1.7 on consumer Open vSwitch agent@dv-cinder-811154-2-iscsi {{(pid=107821) _set_version /opt/stack/neutron/neutron/api/rpc/callbacks/version_manager.py:113}}
Nov 16 00:29:37.995509 dv-cinder-811154-2-iscsi neutron-server[107821]: DEBUG neutron.api.rpc.callbacks.version_manager [None req-9bb724f3-c881-48fd-b8d6-5eed529940c1 None None] Version for resource type PortForwarding changed None to 1.2 on consumer Open vSwitch agent@dv-cinder-811154-2-iscsi {{(pid=107821) _set_version /opt/stack/neutron/neutron/api/rpc/callbacks/version_manager.py:113}}
Nov 16 00:29:37.996044 dv-cinder-811154-2-iscsi neutron-server[107821]: DEBUG neutron.api.rpc.callbacks.version_manager [None req-9bb724f3-c881-48fd-b8d6-5eed529940c1 None None] Version for resource type QosPolicy changed None to 1.9 on consumer Open vSwitch agent@dv-cinder-811154-2-iscsi {{(pid=107821) _set_version /opt/stack/neutron/neutron/api/rpc/callbacks/version_manager.py:113}}
Nov 16 00:29:37.996574 dv-cinder-811154-2-iscsi neutron-server[107821]: DEBUG neutron.api.rpc.callbacks.version_manager [None req-9bb724f3-c881-48fd-b8d6-5eed529940c1 None None] Version for resource type SecurityGroup changed None to 1.4 on consumer Open vSwitch agent@dv-cinder-811154-2-iscsi {{(pid=107821) _set_version /opt/stack/neutron/neutron/api/rpc/callbacks/version_manager.py:113}}
Nov 16 00:29:37.997245 dv-cinder-811154-2-iscsi neutron-server[107821]: DEBUG neutron.api.rpc.callbacks.version_manager [None req-9bb724f3-c881-48fd-b8d6-5eed529940c1 None None] Version for resource type SecurityGroupRule changed None to 1.2 on consumer Open vSwitch agent@dv-cinder-811154-2-iscsi {{(pid=107821) _set_version /opt/stack/neutron/neutron/api/rpc/callbacks/version_manager.py:113}}
Nov 16 00:29:37.997789 dv-cinder-811154-2-iscsi neutron-server[107821]: DEBUG neutron.api.rpc.callbacks.version_manager [None req-9bb724f3-c881-48fd-b8d6-5eed529940c1 None None] Version for resource type SubPort changed None to 1.0 on consumer Open vSwitch agent@dv-cinder-811154-2-iscsi {{(pid=107821) _set_version /opt/stack/neutron/neutron/api/rpc/callbacks/version_manager.py:113}}
Nov 16 00:29:37.998326 dv-cinder-811154-2-iscsi neutron-server[107821]: DEBUG neutron.api.rpc.callbacks.version_manager [None req-9bb724f3-c881-48fd-b8d6-5eed529940c1 None None] Version for resource type Subnet changed None to 1.1 on consumer Open vSwitch agent@dv-cinder-811154-2-iscsi {{(pid=107821) _set_version /opt/stack/neutron/neutron/api/rpc/callbacks/version_manager.py:113}}
Nov 16 00:29:37.998877 dv-cinder-811154-2-iscsi neutron-server[107821]: DEBUG neutron.api.rpc.callbacks.version_manager [None req-9bb724f3-c881-48fd-b8d6-5eed529940c1 None None] Version for resource type Trunk changed None to 1.1 on consumer Open vSwitch agent@dv-cinder-811154-2-iscsi {{(pid=107821) _set_version /opt/stack/neutron/neutron/api/rpc/callbacks/version_manager.py:113}}
Nov 16 00:29:38.019795 dv-cinder-811154-2-iscsi neutron-server[107819]: INFO neutron.wsgi [req-22cb915a-78ed-4856-befe-b9ee10565afb req-0fad9faf-81ff-4e1a-980a-49894e1b5469 tempest-ServerRescueNegativeTestJSON-1592611832 tempest-ServerRescueNegativeTestJSON-1592611832-project] 10.222.0.31 "GET /v2.0/security-groups?id=55405c69-d8ab-4222-9666-764e840b6d64&fields=id&fields=name HTTP/1.1" status: 200 len: 286 time: 0.3106825
Nov 16 00:29:38.070889 dv-cinder-811154-2-iscsi neutron-server[107821]: DEBUG neutron.db.provisioning_blocks [None req-c696bf6d-dce0-4d5b-a21f-7c36423465c7 None None] Provisioning complete for port f970cf71-5863-496c-8a90-42d123e046ef triggered by entity DHCP. {{(pid=107821) provisioning_complete /opt/stack/neutron/neutron/db/provisioning_blocks.py:139}}
Nov 16 00:29:38.071346 dv-cinder-811154-2-iscsi neutron-server[107821]: DEBUG neutron_lib.callbacks.manager [None req-c696bf6d-dce0-4d5b-a21f-7c36423465c7 None None] Notify callbacks ['neutron.plugins.ml2.plugin.Ml2Plugin._port_provisioned-997603'] for port, provisioning_complete {{(pid=107821) _notify_loop /usr/local/lib/python3.8/dist-packages/neutron_lib/callbacks/manager.py:192}}
Nov 16 00:29:38.095318 dv-cinder-811154-2-iscsi neutron-server[107821]: DEBUG neutron_lib.callbacks.manager [None req-960d2fd9-b30f-4779-a2ad-db4aed2635f7 None None] Notify callbacks ['neutron.services.segments.db._update_segment_host_mapping_for_agent-8732623882262', 'neutron.plugins.ml2.plugin.Ml2Plugin._retry_binding_revived_agents-997426'] for agent, after_update {{(pid=107821) _notify_loop /usr/local/lib/python3.8/dist-packages/neutron_lib/callbacks/manager.py:192}}
Nov 16 00:29:38.131079 dv-cinder-811154-2-iscsi neutron-server[107819]: INFO neutron.wsgi [req-be9e5db5-95ab-419d-b70d-aeb63b92e604 req-8f006b78-7591-48ee-b25d-c5abe19c0695 service neutron] 10.222.0.36 "GET /v2.0/floatingips?fixed_ip_address=172.20.0.7&port_id=c1f88a1d-9b68-4cbe-84d4-91309b1307d6 HTTP/1.1" status: 200 len: 217 time: 0.1679804
Nov 16 00:29:38.163771 dv-cinder-811154-2-iscsi neutron-server[107820]: INFO neutron.wsgi [req-835605af-067e-427b-b4ce-a9d498d24fd4 req-1e0100a1-e5a5-4024-8c46-c332d85ba040 tempest-DeleteServersTestJSON-1617066579 tempest-DeleteServersTestJSON-1617066579-project] 10.222.0.31 "GET /v2.0/security-groups?id=e4bdeed6-6339-406f-8130-b63ce6a2128e&fields=id&fields=name HTTP/1.1" status: 200 len: 286 time: 0.1690567
Nov 16 00:29:38.208593 dv-cinder-811154-2-iscsi neutron-server[107821]: DEBUG neutron.plugins.ml2.db [None req-66833dc0-52db-40c2-a2c3-95837191b9ab None None] For port f970cf71-5863-496c-8a90-42d123e046ef, host dv-cinder-811154-2-iscsi, cleared binding levels {{(pid=107821) clear_binding_levels /opt/stack/neutron/neutron/plugins/ml2/db.py:87}}
Nov 16 00:29:38.216846 dv-cinder-811154-2-iscsi neutron-server[107819]: DEBUG neutron.api.rpc.handlers.resources_rpc [None req-fba3f049-8322-44a3-bf28-29eb3a9576e5 admin admin] Pushing event updated for resources: {'Subnet': ['ID=091ef40c-d44f-4760-9056-8593e116ad4d,revision_number=0']} {{(pid=107819) push /opt/stack/neutron/neutron/api/rpc/handlers/resources_rpc.py:237}}
Nov 16 00:29:38.248693 dv-cinder-811154-2-iscsi neutron-server[107820]: INFO neutron.wsgi [req-1620aa40-29f7-412e-a081-c0777837dbf0 req-cb8685a1-481d-47f8-befd-377dba3994cb service neutron] 10.222.0.36 "GET /v2.0/networks/2716731e-1433-4cb7-8b9e-2e41adaa7566?fields=segments HTTP/1.1" status: 200 len: 212 time: 0.2508705
Nov 16 00:29:38.262040 dv-cinder-811154-2-iscsi neutron-server[107819]: DEBUG neutron.pecan_wsgi.hooks.policy_enforcement [req-be9e5db5-95ab-419d-b70d-aeb63b92e604 req-22e07f3c-d89e-43f8-9e3d-10c2336ab151 service neutron] Attributes excluded by policy engine: ['standard_attr_id', 'shared'] {{(pid=107819) _exclude_attributes_by_policy /opt/stack/neutron/neutron/pecan_wsgi/hooks/policy_enforcement.py:255}}
Nov 16 00:29:38.263915 dv-cinder-811154-2-iscsi neutron-server[107819]: INFO neutron.wsgi [req-be9e5db5-95ab-419d-b70d-aeb63b92e604 req-22e07f3c-d89e-43f8-9e3d-10c2336ab151 service neutron] 10.222.0.36 "GET /v2.0/subnets?id=e065f267-c6f8-4c5b-abd1-ebb094a971ff HTTP/1.1" status: 200 len: 858 time: 0.1227331
Nov 16 00:29:38.265907 dv-cinder-811154-2-iscsi neutron-server[107819]: DEBUG neutron.plugins.ml2.drivers.mech_agent [None req-fba3f049-8322-44a3-bf28-29eb3a9576e5 admin admin] Checking segment: {'id': 'fd2db102-4917-4a43-b1af-da728749dbf5', 'network_type': 'vlan', 'physical_network': 'physnet1', 'segmentation_id': 332, 'network_id': 'b879129b-75bd-4c79-880e-a9ff55e234be'} for mappings: {'physnet1': 'br-data'} with network types: ['local', 'flat', 'vlan'] {{(pid=107819) check_segment_for_agent /opt/stack/neutron/neutron/plugins/ml2/drivers/mech_agent.py:358}}
Nov 16 00:29:38.266259 dv-cinder-811154-2-iscsi neutron-server[107819]: DEBUG neutron.scheduler.dhcp_agent_scheduler [None req-fba3f049-8322-44a3-bf28-29eb3a9576e5 admin admin] Network hostable DHCP agents. Network: b879129b-75bd-4c79-880e-a9ff55e234be, hostable agents: ['263914cb-91fa-4489-99b2-d7f1a9393bc2'], hosted agents: [] {{(pid=107819) _get_network_hostable_dhcp_agents /opt/stack/neutron/neutron/scheduler/dhcp_agent_scheduler.py:329}}
Nov 16 00:29:38.312485 dv-cinder-811154-2-iscsi neutron-server[107819]: INFO neutron.wsgi [req-be9e5db5-95ab-419d-b70d-aeb63b92e604 req-57e3a533-dd56-45c2-8b5a-15cc7fc4982b service neutron] 10.222.0.36 "GET /v2.0/ports?network_id=2716731e-1433-4cb7-8b9e-2e41adaa7566&device_owner=network%3Adhcp HTTP/1.1" status: 200 len: 210 time: 0.0368879
Nov 16 00:29:38.322552 dv-cinder-811154-2-iscsi neutron-server[107819]: DEBUG neutron.pecan_wsgi.hooks.policy_enforcement [req-a61d3b9e-73a4-4b86-837b-85ee2cf36ad5 req-53d77f62-cae0-48f7-94c5-4e9b5392621e tempest-AttachVolumeTestJSON-2051232536 tempest-AttachVolumeTestJSON-2051232536-project] Attributes excluded by policy engine: ['standard_attr_id', 'binding:profile', 'binding:host_id', 'binding:vif_type', 'binding:vif_details'] {{(pid=107819) _exclude_attributes_by_policy /opt/stack/neutron/neutron/pecan_wsgi/hooks/policy_enforcement.py:255}}
Nov 16 00:29:38.331762 dv-cinder-811154-2-iscsi neutron-server[107819]: INFO neutron.wsgi [req-a61d3b9e-73a4-4b86-837b-85ee2cf36ad5 req-53d77f62-cae0-48f7-94c5-4e9b5392621e tempest-AttachVolumeTestJSON-2051232536 tempest-AttachVolumeTestJSON-2051232536-project] 10.222.0.31 "GET /v2.0/ports?device_id=d6f376e4-af26-4799-9127-58d9efd50cdc HTTP/1.1" status: 200 len: 945 time: 0.1379375
Nov 16 00:29:38.346938 dv-cinder-811154-2-iscsi neutron-server[107821]: DEBUG neutron.plugins.ml2.db [None req-66833dc0-52db-40c2-a2c3-95837191b9ab None None] For port f970cf71-5863-496c-8a90-42d123e046ef, host dv-cinder-811154-2-iscsi, set binding levels [PortBindingLevel(driver='openvswitch',host='dv-cinder-811154-2-iscsi',level=0,port_id=f970cf71-5863-496c-8a90-42d123e046ef,segment=NetworkSegment(53cdbf7a-7b3a-4746-bd3d-f21d4b66c7f2),segment_id=53cdbf7a-7b3a-4746-bd3d-f21d4b66c7f2)] {{(pid=107821) set_binding_levels /opt/stack/neutron/neutron/plugins/ml2/db.py:59}}
Nov 16 00:29:38.354817 dv-cinder-811154-2-iscsi neutron-server[107821]: DEBUG neutron.plugins.ml2.plugin [None req-c696bf6d-dce0-4d5b-a21f-7c36423465c7 None None] Port f970cf71-5863-496c-8a90-42d123e046ef cannot update to ACTIVE because it is not bound. {{(pid=107821) _port_provisioned /opt/stack/neutron/neutron/plugins/ml2/plugin.py:338}}
Nov 16 00:29:38.373949 dv-cinder-811154-2-iscsi neutron-server[107819]: DEBUG neutron.scheduler.dhcp_agent_scheduler [None req-fba3f049-8322-44a3-bf28-29eb3a9576e5 admin admin] Network b879129b-75bd-4c79-880e-a9ff55e234be is scheduled to be hosted by DHCP agent 263914cb-91fa-4489-99b2-d7f1a9393bc2 with binding_index 1 {{(pid=107819) bind /opt/stack/neutron/neutron/scheduler/dhcp_agent_scheduler.py:227}}
Nov 16 00:29:38.398986 dv-cinder-811154-2-iscsi neutron-server[107821]: DEBUG neutron_lib.callbacks.manager [None req-66833dc0-52db-40c2-a2c3-95837191b9ab None None] Notify callbacks ['neutron.plugins.ml2.plugin.SecurityGroupServerNotifierRpcMixin._notify_sg_on_port_change-582986', 'neutron.plugins.ml2.ovo_rpc._ObjectChangeHandler.handle_event-414699', 'neutron.api.rpc.agentnotifiers.dhcp_rpc_agent_api.DhcpAgentNotifyAPI._native_event_send_dhcp_notification-1605570', 'neutron.db.l3_db.L3RpcNotifierMixin._notify_gateway_port_ip_changed-8732623904588', 'neutron.db.l3_dvrscheduler_db._notify_l3_agent_port_update-8732623583070', 'neutron.db.l3_hascheduler_db._notify_l3_agent_ha_port_update-8732623583088'] for port, after_update {{(pid=107821) _notify_loop /usr/local/lib/python3.8/dist-packages/neutron_lib/callbacks/manager.py:192}}
Nov 16 00:29:38.426618 dv-cinder-811154-2-iscsi neutron-server[107819]: DEBUG neutron.scheduler.base_scheduler [None req-fba3f049-8322-44a3-bf28-29eb3a9576e5 admin admin] Resources bound (agent type, host, resource id): (DHCP agent, dv-cinder-811154-2-iscsi, b879129b-75bd-4c79-880e-a9ff55e234be) {{(pid=107819) schedule /opt/stack/neutron/neutron/scheduler/base_scheduler.py:57}}
Nov 16 00:29:38.457107 dv-cinder-811154-2-iscsi neutron-server[107819]: DEBUG neutron.pecan_wsgi.hooks.policy_enforcement [None req-fba3f049-8322-44a3-bf28-29eb3a9576e5 admin admin] Attributes excluded by policy engine: ['standard_attr_id', 'shared', 'network'] {{(pid=107819) _exclude_attributes_by_policy /opt/stack/neutron/neutron/pecan_wsgi/hooks/policy_enforcement.py:255}}
Nov 16 00:29:38.457725 dv-cinder-811154-2-iscsi neutron-server[107819]: DEBUG neutron_lib.callbacks.manager [None req-fba3f049-8322-44a3-bf28-29eb3a9576e5 admin admin] Notify callbacks ['neutron.api.rpc.agentnotifiers.dhcp_rpc_agent_api.DhcpAgentNotifyAPI._send_dhcp_notification-1605616'] for subnet, before_response {{(pid=107819) _notify_loop /usr/local/lib/python3.8/dist-packages/neutron_lib/callbacks/manager.py:192}}
Nov 16 00:29:38.481805 dv-cinder-811154-2-iscsi neutron-server[107819]: INFO neutron.wsgi [req-a61d3b9e-73a4-4b86-837b-85ee2cf36ad5 req-ce05a55e-548c-4fa9-809c-21ab9df73c37 tempest-AttachVolumeTestJSON-2051232536 tempest-AttachVolumeTestJSON-2051232536-project] 10.222.0.31 "GET /v2.0/security-groups?id=99ec69f6-4a8c-4196-aec4-0951844ac9d4&fields=id&fields=name HTTP/1.1" status: 200 len: 312 time: 0.1490300
Nov 16 00:29:38.511447 dv-cinder-811154-2-iscsi neutron-server[107821]: DEBUG neutron.api.rpc.handlers.dhcp_rpc [None req-63aeabec-5f61-4495-a6bd-1e32021e704b None None] Network b879129b-75bd-4c79-880e-a9ff55e234be requested from dv-cinder-811154-2-iscsi {{(pid=107821) get_network_info /opt/stack/neutron/neutron/api/rpc/handlers/dhcp_rpc.py:218}}
Nov 16 00:29:38.514629 dv-cinder-811154-2-iscsi neutron-server[107819]: INFO neutron.wsgi [None req-fba3f049-8322-44a3-bf28-29eb3a9576e5 admin admin] 10.222.0.31 "POST /v2.0/subnets HTTP/1.1" status: 201 len: 848 time: 1.4973867
Nov 16 00:29:38.516994 dv-cinder-811154-2-iscsi neutron-server[107819]: DEBUG neutron.wsgi [-] (107819) accepted ('10.222.0.31', 41976) {{(pid=107819) server /usr/local/lib/python3.8/dist-packages/eventlet/wsgi.py:982}}
Nov 16 00:29:38.524011 dv-cinder-811154-2-iscsi neutron-server[107819]: DEBUG neutron.api.v2.base [None req-60f6d29c-4545-42db-85fd-ac06b80bf600 admin admin] Request body: {'router': {'name': 'tempest-TestVolumeBootPattern-1556183593-router', 'tenant_id': '30d229004e0747948d2d5fb16167b784', 'external_gateway_info': {'network_id': '5c6eca8e-5393-4671-a80e-522d209200b1'}}} {{(pid=107819) prepare_request_body /opt/stack/neutron/neutron/api/v2/base.py:729}}
Nov 16 00:29:38.527678 dv-cinder-811154-2-iscsi neutron-server[107820]: INFO neutron.wsgi [req-1620aa40-29f7-412e-a081-c0777837dbf0 req-febadf83-9717-493d-98a8-b372d8e482e7 service neutron] 10.222.0.36 "GET /v2.0/networks/2716731e-1433-4cb7-8b9e-2e41adaa7566?fields=provider%3Aphysical_network&fields=provider%3Anetwork_type HTTP/1.1" status: 200 len: 281 time: 0.2704628
Nov 16 00:29:38.529228 dv-cinder-811154-2-iscsi neutron-server[107819]: INFO neutron.wsgi [req-be9e5db5-95ab-419d-b70d-aeb63b92e604 req-1ca2c47d-6b48-4b21-9ea4-4b9244e32d65 service neutron] 10.222.0.36 "GET /v2.0/networks/2716731e-1433-4cb7-8b9e-2e41adaa7566?fields=segments HTTP/1.1" status: 200 len: 212 time: 0.1935861
Nov 16 00:29:38.613256 dv-cinder-811154-2-iscsi neutron-server[107821]: DEBUG neutron.db.l3_dvrscheduler_db [None req-66833dc0-52db-40c2-a2c3-95837191b9ab None None] Routers {'47ddca5e-401e-473d-8328-5d6228e7521d'} bound to L3 agent in host dv-cinder-811154-2-iscsi {{(pid=107821) _get_router_ids_for_agent /opt/stack/neutron/neutron/db/l3_dvrscheduler_db.py:420}}
Nov 16 00:29:38.613910 dv-cinder-811154-2-iscsi neutron-server[107819]: DEBUG neutron_lib.callbacks.manager [None req-60f6d29c-4545-42db-85fd-ac06b80bf600 admin admin] Notify callbacks ['neutron.services.l3_router.l3_router_plugin.L3_HA_NAT_db_mixin._before_router_create_handler-2066656', 'neutron.services.l3_router.service_providers.driver_controller.DriverController._check_router_request-4629'] for router, before_create {{(pid=107819) _notify_loop /usr/local/lib/python3.8/dist-packages/neutron_lib/callbacks/manager.py:192}}
Nov 16 00:29:38.614040 dv-cinder-811154-2-iscsi neutron-server[107821]: DEBUG neutron.db.l3_hamode_db [None req-66833dc0-52db-40c2-a2c3-95837191b9ab None None] neutron.services.l3_router.l3_router_plugin.L3RouterPlugin method get_ha_sync_data_for_host called with arguments (, 'dv-cinder-811154-2-iscsi', Agent(admin_state_up=True,agent_type='L3 agent',availability_zone='nova',binary='neutron-l3-agent',configurations={"agent_mode": "legacy", "ex_gw_ports": 4, "extensions": [], "floating_ips": 0, "handle_internal_only_routers": true, "interface_driver": "openvswitch", "interfaces": 4, "log_agent_heartbeats": false, "routers": 4},created_at=2021-11-16T00:20:31Z,description=,heartbeat_timestamp=2021-11-16T00:29:31Z,host='dv-cinder-811154-2-iscsi',id=96cb3919-af28-41dc-adc5-c8b7628131a7,load=0,resource_versions=,resources_synced=,started_at=2021-11-16T00:20:31Z,topic='l3_agent')) {'router_ids': ['47ddca5e-401e-473d-8328-5d6228e7521d'], 'active': True} {{(pid=107821) wrapper /usr/local/lib/python3.8/dist-packages/oslo_log/helpers.py:65}}
Nov 16 00:29:38.616069 dv-cinder-811154-2-iscsi neutron-server[107819]: DEBUG neutron_lib.callbacks.manager [None req-60f6d29c-4545-42db-85fd-ac06b80bf600 admin admin] Notify callbacks ['neutron.services.l3_router.l3_router_plugin.L3_HA_NAT_db_mixin._precommit_router_create-2066452', 'neutron.services.l3_router.l3_router_plugin.DVRResourceOperationHandler._set_distributed_flag-2073786', 'neutron.services.l3_router.l3_router_plugin.RouterAvailabilityZoneMixin._process_az_request-2030539', 'neutron.services.l3_router.service_providers.driver_controller.DriverController._set_router_provider-4654'] for router, precommit_create {{(pid=107819) _notify_loop /usr/local/lib/python3.8/dist-packages/neutron_lib/callbacks/manager.py:192}}
Nov 16 00:29:38.776072 dv-cinder-811154-2-iscsi neutron-server[107820]: DEBUG neutron.pecan_wsgi.hooks.policy_enforcement [req-3bd84407-72d5-4825-ba1b-5ff83fe93af9 req-3e2ef9c2-9c30-4756-9cfd-f3cf9a28a521 tempest-AttachVolumeShelveTestJSON-1434524064 tempest-AttachVolumeShelveTestJSON-1434524064-project] Attributes excluded by policy engine: ['standard_attr_id', 'binding:profile', 'binding:host_id', 'binding:vif_type', 'binding:vif_details'] {{(pid=107820) _exclude_attributes_by_policy /opt/stack/neutron/neutron/pecan_wsgi/hooks/policy_enforcement.py:255}}
Nov 16 00:29:38.776808 dv-cinder-811154-2-iscsi neutron-server[107821]: DEBUG neutron.db.l3_dvr_db [None req-66833dc0-52db-40c2-a2c3-95837191b9ab None None] Set router 47ddca5e-401e-473d-8328-5d6228e7521d gateway port host: dv-cinder-811154-2-iscsi {{(pid=107821) _build_routers_list /opt/stack/neutron/neutron/db/l3_dvr_db.py:906}}
Nov 16 00:29:38.778739 dv-cinder-811154-2-iscsi neutron-server[107820]: INFO neutron.wsgi [req-3bd84407-72d5-4825-ba1b-5ff83fe93af9 req-3e2ef9c2-9c30-4756-9cfd-f3cf9a28a521 tempest-AttachVolumeShelveTestJSON-1434524064 tempest-AttachVolumeShelveTestJSON-1434524064-project] 10.222.0.31 "GET /v2.0/ports?device_id=3f9b823f-75c2-4baf-9577-5dc85ec77405 HTTP/1.1" status: 200 len: 946 time: 0.1010261
Nov 16 00:29:38.860752 dv-cinder-811154-2-iscsi neutron-server[107820]: INFO neutron.wsgi [req-3bd84407-72d5-4825-ba1b-5ff83fe93af9 req-34024b88-7f84-446d-94e7-caec5d75ce03 tempest-AttachVolumeShelveTestJSON-1434524064 tempest-AttachVolumeShelveTestJSON-1434524064-project] 10.222.0.31 "GET /v2.0/security-groups?id=bcd0a26b-dce1-4875-8a58-6653b13844e1&fields=id&fields=name HTTP/1.1" status: 200 len: 311 time: 0.0721841
Nov 16 00:29:38.868139 dv-cinder-811154-2-iscsi neutron-server[107819]: DEBUG neutron_lib.callbacks.manager [None req-60f6d29c-4545-42db-85fd-ac06b80bf600 admin admin] Notify callbacks [] for router_controller, precommit_add_association {{(pid=107819) _notify_loop /usr/local/lib/python3.8/dist-packages/neutron_lib/callbacks/manager.py:192}}
Nov 16 00:29:38.918606 dv-cinder-811154-2-iscsi neutron-server[107821]: DEBUG neutron.api.rpc.handlers.resources_rpc [None req-9bb724f3-c881-48fd-b8d6-5eed529940c1 None None] Pushing event updated for resources: {'Port': ['ID=f970cf71-5863-496c-8a90-42d123e046ef,revision_number=4']} {{(pid=107821) push /opt/stack/neutron/neutron/api/rpc/handlers/resources_rpc.py:237}}
Nov 16 00:29:39.007917 dv-cinder-811154-2-iscsi neutron-server[107819]: INFO neutron.wsgi [req-be9e5db5-95ab-419d-b70d-aeb63b92e604 req-dd800eb1-5607-49f0-91ac-cb1db7592fca service neutron] 10.222.0.36 "GET /v2.0/networks/2716731e-1433-4cb7-8b9e-2e41adaa7566?fields=provider%3Aphysical_network&fields=provider%3Anetwork_type HTTP/1.1" status: 200 len: 281 time: 0.4621310
Nov 16 00:29:39.136149 dv-cinder-811154-2-iscsi neutron-server[107821]: DEBUG neutron.db.provisioning_blocks [None req-da817589-bfe6-4c40-bf8b-a8bc128c4b89 None None] Provisioning complete for port f970cf71-5863-496c-8a90-42d123e046ef triggered by entity DHCP. {{(pid=107821) provisioning_complete /opt/stack/neutron/neutron/db/provisioning_blocks.py:139}}
Nov 16 00:29:39.136590 dv-cinder-811154-2-iscsi neutron-server[107821]: DEBUG neutron_lib.callbacks.manager [None req-da817589-bfe6-4c40-bf8b-a8bc128c4b89 None None] Notify callbacks ['neutron.plugins.ml2.plugin.Ml2Plugin._port_provisioned-997603'] for port, provisioning_complete {{(pid=107821) _notify_loop /usr/local/lib/python3.8/dist-packages/neutron_lib/callbacks/manager.py:192}}
Nov 16 00:29:39.170339 dv-cinder-811154-2-iscsi neutron-server[107819]: DEBUG neutron_lib.callbacks.manager [None req-60f6d29c-4545-42db-85fd-ac06b80bf600 admin admin] Notify callbacks [] for router_gateway, precommit_update {{(pid=107819) _notify_loop /usr/local/lib/python3.8/dist-packages/neutron_lib/callbacks/manager.py:192}}
Nov 16 00:29:39.208591 dv-cinder-811154-2-iscsi neutron-server[107820]: DEBUG neutron.pecan_wsgi.hooks.policy_enforcement [req-708385d5-8a57-4894-8526-ff4c882d01af req-d97d7871-93af-4965-acc1-4add7fd9aa5e tempest-DeleteServersTestJSON-1617066579 tempest-DeleteServersTestJSON-1617066579-project] Attributes excluded by policy engine: ['standard_attr_id', 'binding:profile', 'binding:host_id', 'binding:vif_type', 'binding:vif_details'] {{(pid=107820) _exclude_attributes_by_policy /opt/stack/neutron/neutron/pecan_wsgi/hooks/policy_enforcement.py:255}}
Nov 16 00:29:39.210905 dv-cinder-811154-2-iscsi neutron-server[107820]: INFO neutron.wsgi [req-708385d5-8a57-4894-8526-ff4c882d01af req-d97d7871-93af-4965-acc1-4add7fd9aa5e tempest-DeleteServersTestJSON-1617066579 tempest-DeleteServersTestJSON-1617066579-project] 10.222.0.36 "GET /v2.0/ports?device_id=bea7d54f-7240-4037-b2c3-137104f78dac HTTP/1.1" status: 200 len: 945 time: 0.1856163
Nov 16 00:29:39.440270 dv-cinder-811154-2-iscsi neutron-server[107821]: DEBUG neutron.api.rpc.handlers.dhcp_rpc [None req-095a9be3-fc75-46e2-929a-1f14b7c7ebf6 None None] Create dhcp port {'port': {'name': '', 'admin_state_up': True, 'device_id': 'dhcped883c85-b389-5ee4-9026-be174b7b30ef-b879129b-75bd-4c79-880e-a9ff55e234be', 'network_id': 'b879129b-75bd-4c79-880e-a9ff55e234be', 'tenant_id': '30d229004e0747948d2d5fb16167b784', 'fixed_ips': [{'subnet_id': '091ef40c-d44f-4760-9056-8593e116ad4d'}]}} from dv-cinder-811154-2-iscsi. {{(pid=107821) create_dhcp_port /opt/stack/neutron/neutron/api/rpc/handlers/dhcp_rpc.py:285}}
Nov 16 00:29:39.441302 dv-cinder-811154-2-iscsi neutron-server[107821]: DEBUG neutron_lib.callbacks.manager [None req-095a9be3-fc75-46e2-929a-1f14b7c7ebf6 None None] Notify callbacks ['neutron.plugins.ml2.plugin.SecurityGroupDbMixin._ensure_default_security_group_handler-582921'] for port, before_create {{(pid=107821) _notify_loop /usr/local/lib/python3.8/dist-packages/neutron_lib/callbacks/manager.py:192}}
Nov 16 00:29:39.530314 dv-cinder-811154-2-iscsi neutron-server[107820]: DEBUG neutron.plugins.ml2.plugin [req-708385d5-8a57-4894-8526-ff4c882d01af req-26324765-aa16-4abd-91b7-03c7f5b90715 tempest-DeleteServersTestJSON-1617066579 tempest-DeleteServersTestJSON-1617066579-project] Deleting port 039fa937-ef8e-4555-be41-74f1bdbe2313 {{(pid=107820) _pre_delete_port /opt/stack/neutron/neutron/plugins/ml2/plugin.py:1931}}
Nov 16 00:29:39.530314 dv-cinder-811154-2-iscsi neutron-server[107820]: DEBUG neutron_lib.callbacks.manager [req-708385d5-8a57-4894-8526-ff4c882d01af req-26324765-aa16-4abd-91b7-03c7f5b90715 tempest-DeleteServersTestJSON-1617066579 tempest-DeleteServersTestJSON-1617066579-project] Notify callbacks ['neutron.db.l3_db.L3_NAT_dbonly_mixin._prevent_l3_port_delete_callback-8732623897914'] for port, before_delete {{(pid=107820) _notify_loop /usr/local/lib/python3.8/dist-packages/neutron_lib/callbacks/manager.py:192}}
Nov 16 00:29:39.554074 dv-cinder-811154-2-iscsi neutron-server[107819]: DEBUG neutron.pecan_wsgi.hooks.policy_enforcement [req-18139f52-2eab-4d77-8b0b-a885bf3700a5 req-7ab9040e-08d4-42b9-ad08-5d8d17fc7245 tempest-ServerRescueNegativeTestJSON-1592611832 tempest-ServerRescueNegativeTestJSON-1592611832-project] Attributes excluded by policy engine: ['standard_attr_id', 'binding:profile', 'binding:host_id', 'binding:vif_type', 'binding:vif_details'] {{(pid=107819) _exclude_attributes_by_policy /opt/stack/neutron/neutron/pecan_wsgi/hooks/policy_enforcement.py:255}}
Nov 16 00:29:39.557122 dv-cinder-811154-2-iscsi neutron-server[107819]: INFO neutron.wsgi [req-18139f52-2eab-4d77-8b0b-a885bf3700a5 req-7ab9040e-08d4-42b9-ad08-5d8d17fc7245 tempest-ServerRescueNegativeTestJSON-1592611832 tempest-ServerRescueNegativeTestJSON-1592611832-project] 10.222.0.31 "GET /v2.0/ports?device_id=e9fc982a-6c0b-4489-8e17-7be77c13ddaf HTTP/1.1" status: 200 len: 945 time: 0.2069902
Nov 16 00:29:39.634208 dv-cinder-811154-2-iscsi neutron-server[107821]: DEBUG neutron_lib.callbacks.manager [None req-da817589-bfe6-4c40-bf8b-a8bc128c4b89 None None] Notify callbacks ['neutron.plugins.ml2.plugin.SecurityGroupDbMixin._ensure_default_security_group_handler-582921'] for port, before_update {{(pid=107821) _notify_loop /usr/local/lib/python3.8/dist-packages/neutron_lib/callbacks/manager.py:192}}
Nov 16 00:29:39.702345 dv-cinder-811154-2-iscsi neutron-server[107820]: DEBUG neutron.pecan_wsgi.hooks.policy_enforcement [req-7e9b6cfe-546f-4e65-9f26-092a1be88ee1 req-df0ad2ca-6d5c-45e5-b677-cafab1d917fe tempest-DeleteServersTestJSON-1617066579 tempest-DeleteServersTestJSON-1617066579-project] Attributes excluded by policy engine: ['standard_attr_id', 'binding:profile', 'binding:host_id', 'binding:vif_type', 'binding:vif_details'] {{(pid=107820) _exclude_attributes_by_policy /opt/stack/neutron/neutron/pecan_wsgi/hooks/policy_enforcement.py:255}}
Nov 16 00:29:39.704014 dv-cinder-811154-2-iscsi neutron-server[107820]: INFO neutron.wsgi [req-7e9b6cfe-546f-4e65-9f26-092a1be88ee1 req-df0ad2ca-6d5c-45e5-b677-cafab1d917fe tempest-DeleteServersTestJSON-1617066579 tempest-DeleteServersTestJSON-1617066579-project] 10.222.0.31 "GET /v2.0/ports?device_id=bea7d54f-7240-4037-b2c3-137104f78dac HTTP/1.1" status: 200 len: 945 time: 0.2385149
Nov 16 00:29:39.772978 dv-cinder-811154-2-iscsi neutron-server[107820]: DEBUG neutron.plugins.ml2.db [req-708385d5-8a57-4894-8526-ff4c882d01af req-26324765-aa16-4abd-91b7-03c7f5b90715 tempest-DeleteServersTestJSON-1617066579 tempest-DeleteServersTestJSON-1617066579-project] For port 039fa937-ef8e-4555-be41-74f1bdbe2313, host hv-cinder-81115, got binding levels [PortBindingLevel(driver='hyperv',host='hv-cinder-81115',level=0,port_id=039fa937-ef8e-4555-be41-74f1bdbe2313,segment=NetworkSegment(bba6eeeb-50bd-4926-b568-3e30e80feb0b),segment_id=bba6eeeb-50bd-4926-b568-3e30e80feb0b)] {{(pid=107820) get_binding_level_objs /opt/stack/neutron/neutron/plugins/ml2/db.py:74}}
Nov 16 00:29:39.773284 dv-cinder-811154-2-iscsi neutron-server[107820]: DEBUG neutron_lib.callbacks.manager [req-708385d5-8a57-4894-8526-ff4c882d01af req-26324765-aa16-4abd-91b7-03c7f5b90715 tempest-DeleteServersTestJSON-1617066579 tempest-DeleteServersTestJSON-1617066579-project] Notify callbacks ['neutron.services.l3_router.l3_router_plugin.L3_NAT_dbonly_mixin._precommit_delete_port_callback-2073220'] for port, precommit_delete {{(pid=107820) _notify_loop /usr/local/lib/python3.8/dist-packages/neutron_lib/callbacks/manager.py:192}}
Nov 16 00:29:39.805623 dv-cinder-811154-2-iscsi neutron-server[107820]: INFO neutron.wsgi [req-7e9b6cfe-546f-4e65-9f26-092a1be88ee1 req-e4b6a2aa-6848-4fff-96f3-e3db2723ce98 tempest-DeleteServersTestJSON-1617066579 tempest-DeleteServersTestJSON-1617066579-project] 10.222.0.31 "GET /v2.0/security-groups?id=e4bdeed6-6339-406f-8130-b63ce6a2128e&fields=id&fields=name HTTP/1.1" status: 200 len: 286 time: 0.0838330
Nov 16 00:29:39.812853 dv-cinder-811154-2-iscsi neutron-server[107820]: DEBUG neutron.plugins.ml2.plugin [req-708385d5-8a57-4894-8526-ff4c882d01af req-26324765-aa16-4abd-91b7-03c7f5b90715 tempest-DeleteServersTestJSON-1617066579 tempest-DeleteServersTestJSON-1617066579-project] Calling delete_port for 039fa937-ef8e-4555-be41-74f1bdbe2313 owned by compute:nova {{(pid=107820) delete_port /opt/stack/neutron/neutron/plugins/ml2/plugin.py:2009}}
Nov 16 00:29:40.086852 dv-cinder-811154-2-iscsi neutron-server[107821]: DEBUG neutron.db.db_base_plugin_common [None req-095a9be3-fc75-46e2-929a-1f14b7c7ebf6 None None] Allocated IP 172.20.0.2 (b879129b-75bd-4c79-880e-a9ff55e234be/091ef40c-d44f-4760-9056-8593e116ad4d/1f87a390-6e69-4dc3-88d4-c33a811e8589) {{(pid=107821) _store_ip_allocation /opt/stack/neutron/neutron/db/db_base_plugin_common.py:131}}
Nov 16 00:29:40.123354 dv-cinder-811154-2-iscsi neutron-server[107820]: DEBUG neutron_lib.callbacks.manager [req-708385d5-8a57-4894-8526-ff4c882d01af req-26324765-aa16-4abd-91b7-03c7f5b90715 tempest-DeleteServersTestJSON-1617066579 tempest-DeleteServersTestJSON-1617066579-project] Notify callbacks ['neutron.plugins.ml2.plugin.SecurityGroupServerNotifierRpcMixin._notify_sg_on_port_change-582986', 'neutron.plugins.ml2.ovo_rpc._ObjectChangeHandler.handle_event-414699', 'neutron.api.rpc.agentnotifiers.dhcp_rpc_agent_api.DhcpAgentNotifyAPI._native_event_send_dhcp_notification-1605570', 'neutron.db.l3_db.L3RpcNotifierMixin._notify_routers_callback-8732623904570', 'neutron.db.l3_dvrscheduler_db._notify_port_delete-8732623583061'] for port, after_delete {{(pid=107820) _notify_loop /usr/local/lib/python3.8/dist-packages/neutron_lib/callbacks/manager.py:192}}
Nov 16 00:29:40.297002 dv-cinder-811154-2-iscsi neutron-server[107820]: DEBUG neutron.api.rpc.handlers.resources_rpc [None req-26324765-aa16-4abd-91b7-03c7f5b90715 tempest-DeleteServersTestJSON-1617066579 tempest-DeleteServersTestJSON-1617066579-project] Pushing event deleted for resources: {'Port': ['ID=039fa937-ef8e-4555-be41-74f1bdbe2313,revision_number=None']} {{(pid=107820) push /opt/stack/neutron/neutron/api/rpc/handlers/resources_rpc.py:237}}
Nov 16 00:29:40.319099 dv-cinder-811154-2-iscsi neutron-server[107821]: DEBUG neutron_lib.callbacks.manager [None req-095a9be3-fc75-46e2-929a-1f14b7c7ebf6 None None] Notify callbacks [] for port, precommit_create {{(pid=107821) _notify_loop /usr/local/lib/python3.8/dist-packages/neutron_lib/callbacks/manager.py:192}}
Nov 16 00:29:40.327912 dv-cinder-811154-2-iscsi neutron-server[107821]: DEBUG neutron.plugins.ml2.db [None req-960d2fd9-b30f-4779-a2ad-db4aed2635f7 None None] get_ports_and_sgs() called for port_ids ['039fa937-ef8e-4555-be41-74f1bdbe2313'] {{(pid=107821) get_ports_and_sgs /opt/stack/neutron/neutron/plugins/ml2/db.py:156}}
Nov 16 00:29:40.329157 dv-cinder-811154-2-iscsi neutron-server[107820]: DEBUG neutron.db.l3_dvrscheduler_db [req-708385d5-8a57-4894-8526-ff4c882d01af req-26324765-aa16-4abd-91b7-03c7f5b90715 tempest-DeleteServersTestJSON-1617066579 tempest-DeleteServersTestJSON-1617066579-project] No DVR routers for this DVR port 039fa937-ef8e-4555-be41-74f1bdbe2313 on host hv-cinder-81115 {{(pid=107820) get_dvr_routers_to_remove /opt/stack/neutron/neutron/db/l3_dvrscheduler_db.py:214}}
Nov 16 00:29:40.336041 dv-cinder-811154-2-iscsi neutron-server[107820]: DEBUG neutron_lib.callbacks.manager [req-708385d5-8a57-4894-8526-ff4c882d01af req-26324765-aa16-4abd-91b7-03c7f5b90715 tempest-DeleteServersTestJSON-1617066579 tempest-DeleteServersTestJSON-1617066579-project] Notify callbacks ['neutron.notifiers.nova.Notifier._send_nova_notification-451465'] for port, before_response {{(pid=107820) _notify_loop /usr/local/lib/python3.8/dist-packages/neutron_lib/callbacks/manager.py:192}}
Nov 16 00:29:40.341287 dv-cinder-811154-2-iscsi neutron-server[107821]: DEBUG neutron_lib.callbacks.manager [None req-095a9be3-fc75-46e2-929a-1f14b7c7ebf6 None None] Notify callbacks ['neutron.plugins.ml2.plugin.SecurityGroupServerNotifierRpcMixin._notify_sg_on_port_change-582986', 'neutron.plugins.ml2.ovo_rpc._ObjectChangeHandler.handle_event-414699', 'neutron.api.rpc.agentnotifiers.dhcp_rpc_agent_api.DhcpAgentNotifyAPI._native_event_send_dhcp_notification-1605570', 'neutron.db.l3_dvrscheduler_db._notify_l3_agent_new_port-8732623583052'] for port, after_create {{(pid=107821) _notify_loop /usr/local/lib/python3.8/dist-packages/neutron_lib/callbacks/manager.py:192}}
Nov 16 00:29:40.342436 dv-cinder-811154-2-iscsi neutron-server[107820]: INFO neutron.wsgi [req-708385d5-8a57-4894-8526-ff4c882d01af req-26324765-aa16-4abd-91b7-03c7f5b90715 tempest-DeleteServersTestJSON-1617066579 tempest-DeleteServersTestJSON-1617066579-project] 10.222.0.36 "DELETE /v2.0/ports/039fa937-ef8e-4555-be41-74f1bdbe2313 HTTP/1.1" status: 204 len: 173 time: 1.1202717
Nov 16 00:29:40.345779 dv-cinder-811154-2-iscsi neutron-server[107820]: DEBUG neutron.notifiers.nova [-] Sending events: [{'server_uuid': 'bea7d54f-7240-4037-b2c3-137104f78dac', 'name': 'network-vif-deleted', 'tag': '039fa937-ef8e-4555-be41-74f1bdbe2313'}] {{(pid=107820) send_events /opt/stack/neutron/neutron/notifiers/nova.py:262}}
Nov 16 00:29:40.350964 dv-cinder-811154-2-iscsi neutron-server[107820]: DEBUG novaclient.v2.client [-] REQ: curl -g -i --cacert "/opt/stack/data/ca-bundle.pem" -X POST http://10.222.0.31/compute/v2.1/os-server-external-events -H "Accept: application/json" -H "Content-Type: application/json" -H "User-Agent: python-novaclient" -H "X-Auth-Token: {SHA256}9ab4ded18db7c0328b42b6a92e4bd143d702b9de0cd1665cf5f0149782308bef" -H "X-OpenStack-Nova-API-Version: 2.1" -H "X-OpenStack-Request-ID: req-7fd9cd01-ada9-4885-9a2a-6a357f971719" -d '{"events": [{"server_uuid": "bea7d54f-7240-4037-b2c3-137104f78dac", "name": "network-vif-deleted", "tag": "039fa937-ef8e-4555-be41-74f1bdbe2313"}]}' {{(pid=107820) _http_log_request /usr/local/lib/python3.8/dist-packages/keystoneauth1/session.py:519}}
Nov 16 00:29:40.371338 dv-cinder-811154-2-iscsi neutron-server[107820]: DEBUG neutron.pecan_wsgi.hooks.policy_enforcement [req-9ccdd012-0c16-45de-af11-bda57db899ca req-e61dcc7e-cdaf-49fe-a141-fe184b7931eb tempest-AttachVolumeTestJSON-2051232536 tempest-AttachVolumeTestJSON-2051232536-project] Attributes excluded by policy engine: ['standard_attr_id', 'binding:profile', 'binding:host_id', 'binding:vif_type', 'binding:vif_details'] {{(pid=107820) _exclude_attributes_by_policy /opt/stack/neutron/neutron/pecan_wsgi/hooks/policy_enforcement.py:255}}
Nov 16 00:29:40.374949 dv-cinder-811154-2-iscsi neutron-server[107820]: INFO neutron.wsgi [req-9ccdd012-0c16-45de-af11-bda57db899ca req-e61dcc7e-cdaf-49fe-a141-fe184b7931eb tempest-AttachVolumeTestJSON-2051232536 tempest-AttachVolumeTestJSON-2051232536-project] 10.222.0.31 "GET /v2.0/ports?device_id=d6f376e4-af26-4799-9127-58d9efd50cdc HTTP/1.1" status: 200 len: 945 time: 0.2326195
Nov 16 00:29:40.446209 dv-cinder-811154-2-iscsi neutron-server[107821]: DEBUG neutron.db.l3_hamode_db [None req-66833dc0-52db-40c2-a2c3-95837191b9ab None None] neutron.services.l3_router.l3_router_plugin.L3RouterPlugin method _process_sync_ha_data called with arguments (, [{'id': '47ddca5e-401e-473d-8328-5d6228e7521d', 'name': 'tempest-TestVolumeBootPattern-1832063080-router', 'tenant_id': 'cce0078a151f47738c5863929c403dc7', 'admin_state_up': True, 'status': 'ACTIVE', 'external_gateway_info': {'network_id': '5c6eca8e-5393-4671-a80e-522d209200b1', 'external_fixed_ips': [{'subnet_id': '448fb321-2fcf-4085-a956-7b82f3b9b2d7', 'ip_address': '172.27.1.188'}], 'enable_snat': True}, 'gw_port_id': '5bda8aa7-5147-4e7a-980d-4db2c02970a5', 'description': '', 'availability_zones': ['nova'], 'distributed': False, 'ha': False, 'ha_vr_id': 0, 'availability_zone_hints': [], 'routes': [], 'flavor_id': None, 'tags': [], 'created_at': '2021-11-16T00:29:27Z', 'updated_at': '2021-11-16T00:29:33Z', 'revision_number': 4, 'project_id': 'cce0078a151f47738c5863929c403dc7', 'gw_port': {'id': '5bda8aa7-5147-4e7a-980d-4db2c02970a5', 'name': '', 'network_id': '5c6eca8e-5393-4671-a80e-522d209200b1', 'tenant_id': '', 'mac_address': 'fa:16:3e:51:0f:a4', 'admin_state_up': True, 'status': 'ACTIVE', 'device_id': '47ddca5e-401e-473d-8328-5d6228e7521d', 'device_owner': 'network:router_gateway', 'standard_attr_id': 219, 'fixed_ips': [{'subnet_id': '448fb321-2fcf-4085-a956-7b82f3b9b2d7', 'ip_address': '172.27.1.188', 'prefixlen': 24}], 'allowed_address_pairs': [], 'extra_dhcp_opts': [], 'security_groups': [], 'description': '', 'binding:vnic_type': 'normal', 'binding:profile': {}, 'binding:host_id': 'dv-cinder-811154-2-iscsi', 'binding:vif_type': 'ovs', 'binding:vif_details': {'connectivity': 'l2', 'port_filter': True, 'ovs_hybrid_plug': False, 'datapath_type': 'system', 'bridge_name': 'br-int'}, 'port_security_enabled': False, 'tags': [], 'created_at': '2021-11-16T00:29:28Z', 'updated_at': '2021-11-16T00:29:35Z', 'revision_number': 4, 'project_id': '', 'subnets': [{'id': '448fb321-2fcf-4085-a956-7b82f3b9b2d7', 'cidr': '172.27.1.0/24', 'gateway_ip': '172.27.1.1', 'dns_nameservers': [], 'ipv6_ra_mode': None, 'subnetpool_id': None}], 'extra_subnets': [], 'address_scopes': {4: None, 6: None}, 'mtu': 1500}, 'enable_snat': True, 'gw_port_host': 'dv-cinder-811154-2-iscsi', '_interfaces': [{'id': 'f970cf71-5863-496c-8a90-42d123e046ef', 'name': '', 'network_id': '5b2f5911-2804-41c1-a851-8f21bec631b6', 'tenant_id': 'cce0078a151f47738c5863929c403dc7', 'mac_address': 'fa:16:3e:99:7a:9d', 'admin_state_up': True, 'status': 'DOWN', 'device_id': '47ddca5e-401e-473d-8328-5d6228e7521d', 'device_owner': 'network:router_interface', 'standard_attr_id': 220, 'fixed_ips': [{'subnet_id': '0b0d7396-e983-4a74-8d10-1a9b1e1cc49f', 'ip_address': '172.20.0.1', 'prefixlen': 28}], 'allowed_address_pairs': [], 'extra_dhcp_opts': [], 'security_groups': [], 'description': '', 'binding:vnic_type': 'normal', 'binding:profile': {}, 'binding:host_id': 'dv-cinder-811154-2-iscsi', 'binding:vif_type': 'ovs', 'binding:vif_details': {'connectivity': 'l2', 'port_filter': True, 'ovs_hybrid_plug': False, 'datapath_type': 'system', 'bridge_name': 'br-int'}, 'port_security_enabled': False, 'tags': [], 'created_at': '2021-11-16T00:29:32Z', 'updated_at': '2021-11-16T00:29:38Z', 'revision_number': 4, 'project_id': 'cce0078a151f47738c5863929c403dc7', 'subnets': [{'id': '0b0d7396-e983-4a74-8d10-1a9b1e1cc49f', 'cidr': '172.20.0.0/28', 'gateway_ip': '172.20.0.1', 'dns_nameservers': [], 'ipv6_ra_mode': None, 'subnetpool_id': None}], 'extra_subnets': [], 'address_scopes': {4: None, 6: None}, 'mtu': 1500}]}], 'dv-cinder-811154-2-iscsi', False) {} {{(pid=107821) wrapper /usr/local/lib/python3.8/dist-packages/oslo_log/helpers.py:65}}
Nov 16 00:29:40.447945 dv-cinder-811154-2-iscsi neutron-server[107820]: INFO neutron.wsgi [req-9ccdd012-0c16-45de-af11-bda57db899ca req-52872465-a1b6-4eda-9b1a-4ef617b38bfd tempest-AttachVolumeTestJSON-2051232536 tempest-AttachVolumeTestJSON-2051232536-project] 10.222.0.31 "GET /v2.0/security-groups?id=99ec69f6-4a8c-4196-aec4-0951844ac9d4&fields=id&fields=name HTTP/1.1" status: 200 len: 312 time: 0.0585330
Nov 16 00:29:40.456422 dv-cinder-811154-2-iscsi neutron-server[107821]: DEBUG neutron.plugins.ml2.db [None req-da817589-bfe6-4c40-bf8b-a8bc128c4b89 None None] For port f970cf71-5863-496c-8a90-42d123e046ef, host dv-cinder-811154-2-iscsi, got binding levels [PortBindingLevel(driver='openvswitch',host='dv-cinder-811154-2-iscsi',level=0,port_id=f970cf71-5863-496c-8a90-42d123e046ef,segment=NetworkSegment(53cdbf7a-7b3a-4746-bd3d-f21d4b66c7f2),segment_id=53cdbf7a-7b3a-4746-bd3d-f21d4b66c7f2)] {{(pid=107821) get_binding_level_objs /opt/stack/neutron/neutron/plugins/ml2/db.py:74}}
Nov 16 00:29:40.459645 dv-cinder-811154-2-iscsi neutron-server[107821]: DEBUG neutron.scheduler.dhcp_agent_scheduler [None req-095a9be3-fc75-46e2-929a-1f14b7c7ebf6 None None] Network b879129b-75bd-4c79-880e-a9ff55e234be is already hosted by enough agents. {{(pid=107821) _get_dhcp_agents_hosting_network /opt/stack/neutron/neutron/scheduler/dhcp_agent_scheduler.py:275}}
Nov 16 00:29:40.464501 dv-cinder-811154-2-iscsi neutron-server[107821]: DEBUG neutron.scheduler.base_scheduler [None req-095a9be3-fc75-46e2-929a-1f14b7c7ebf6 None None] Resources bound (agent type, host, resource id): {{(pid=107821) schedule /opt/stack/neutron/neutron/scheduler/base_scheduler.py:57}}
Nov 16 00:29:40.499095 dv-cinder-811154-2-iscsi neutron-server[107821]: DEBUG neutron.db.l3_dvrscheduler_db [None req-095a9be3-fc75-46e2-929a-1f14b7c7ebf6 None None] Received port after_create {{(pid=107821) _notify_l3_agent_new_port /opt/stack/neutron/neutron/db/l3_dvrscheduler_db.py:535}}
Nov 16 00:29:40.506851 dv-cinder-811154-2-iscsi neutron-server[107821]: DEBUG neutron_lib.callbacks.manager [None req-da817589-bfe6-4c40-bf8b-a8bc128c4b89 None None] Notify callbacks ['neutron.plugins.ml2.plugin.SecurityGroupServerNotifierRpcMixin._notify_sg_on_port_change-582986', 'neutron.plugins.ml2.ovo_rpc._ObjectChangeHandler.handle_event-414699', 'neutron.api.rpc.agentnotifiers.dhcp_rpc_agent_api.DhcpAgentNotifyAPI._native_event_send_dhcp_notification-1605570', 'neutron.db.l3_db.L3RpcNotifierMixin._notify_gateway_port_ip_changed-8732623904588', 'neutron.db.l3_dvrscheduler_db._notify_l3_agent_port_update-8732623583070', 'neutron.db.l3_hascheduler_db._notify_l3_agent_ha_port_update-8732623583088'] for port, after_update {{(pid=107821) _notify_loop /usr/local/lib/python3.8/dist-packages/neutron_lib/callbacks/manager.py:192}}
Nov 16 00:29:40.508995 dv-cinder-811154-2-iscsi neutron-server[107821]: DEBUG neutron.api.rpc.handlers.l3_rpc [None req-66833dc0-52db-40c2-a2c3-95837191b9ab None None] The sync data for ids ['47ddca5e-401e-473d-8328-5d6228e7521d'] in dv-cinder-811154-2-iscsi is: [{'id': '47ddca5e-401e-473d-8328-5d6228e7521d', 'name': 'tempest-TestVolumeBootPattern-1832063080-router', 'tenant_id': 'cce0078a151f47738c5863929c403dc7', 'admin_state_up': True, 'status': 'ACTIVE', 'external_gateway_info': {'network_id': '5c6eca8e-5393-4671-a80e-522d209200b1', 'external_fixed_ips': [{'subnet_id': '448fb321-2fcf-4085-a956-7b82f3b9b2d7', 'ip_address': '172.27.1.188'}], 'enable_snat': True}, 'gw_port_id': '5bda8aa7-5147-4e7a-980d-4db2c02970a5', 'description': '', 'availability_zones': ['nova'], 'distributed': False, 'ha': False, 'ha_vr_id': 0, 'availability_zone_hints': [], 'routes': [], 'flavor_id': None, 'tags': [], 'created_at': '2021-11-16T00:29:27Z', 'updated_at': '2021-11-16T00:29:33Z', 'revision_number': 4, 'project_id': 'cce0078a151f47738c5863929c403dc7', 'gw_port': {'id': '5bda8aa7-5147-4e7a-980d-4db2c02970a5', 'name': '', 'network_id': '5c6eca8e-5393-4671-a80e-522d209200b1', 'tenant_id': '', 'mac_address': 'fa:16:3e:51:0f:a4', 'admin_state_up': True, 'status': 'ACTIVE', 'device_id': '47ddca5e-401e-473d-8328-5d6228e7521d', 'device_owner': 'network:router_gateway', 'standard_attr_id': 219, 'fixed_ips': [{'subnet_id': '448fb321-2fcf-4085-a956-7b82f3b9b2d7', 'ip_address': '172.27.1.188', 'prefixlen': 24}], 'allowed_address_pairs': [], 'extra_dhcp_opts': [], 'security_groups': [], 'description': '', 'binding:vnic_type': 'normal', 'binding:profile': {}, 'binding:host_id': 'dv-cinder-811154-2-iscsi', 'binding:vif_type': 'ovs', 'binding:vif_details': {'connectivity': 'l2', 'port_filter': True, 'ovs_hybrid_plug': False, 'datapath_type': 'system', 'bridge_name': 'br-int'}, 'port_security_enabled': False, 'tags': [], 'created_at': '2021-11-16T00:29:28Z', 'updated_at': '2021-11-16T00:29:35Z', 'revision_number': 4, 'project_id': '', 'subnets': [{'id': '448fb321-2fcf-4085-a956-7b82f3b9b2d7', 'cidr': '172.27.1.0/24', 'gateway_ip': '172.27.1.1', 'dns_nameservers': [], 'ipv6_ra_mode': None, 'subnetpool_id': None}], 'extra_subnets': [], 'address_scopes': {4: None, 6: None}, 'mtu': 1500}, 'enable_snat': True, 'gw_port_host': 'dv-cinder-811154-2-iscsi', '_interfaces': [{'id': 'f970cf71-5863-496c-8a90-42d123e046ef', 'name': '', 'network_id': '5b2f5911-2804-41c1-a851-8f21bec631b6', 'tenant_id': 'cce0078a151f47738c5863929c403dc7', 'mac_address': 'fa:16:3e:99:7a:9d', 'admin_state_up': True, 'status': 'DOWN', 'device_id': '47ddca5e-401e-473d-8328-5d6228e7521d', 'device_owner': 'network:router_interface', 'standard_attr_id': 220, 'fixed_ips': [{'subnet_id': '0b0d7396-e983-4a74-8d10-1a9b1e1cc49f', 'ip_address': '172.20.0.1', 'prefixlen': 28}], 'allowed_address_pairs': [], 'extra_dhcp_opts': [], 'security_groups': [], 'description': '', 'binding:vnic_type': 'normal', 'binding:profile': {}, 'binding:host_id': 'dv-cinder-811154-2-iscsi', 'binding:vif_type': 'ovs', 'binding:vif_details': {'connectivity': 'l2', 'port_filter': True, 'ovs_hybrid_plug': False, 'datapath_type': 'system', 'bridge_name': 'br-int'}, 'port_security_enabled': False, 'tags': [], 'created_at': '2021-11-16T00:29:32Z', 'updated_at': '2021-11-16T00:29:38Z', 'revision_number': 4, 'project_id': 'cce0078a151f47738c5863929c403dc7', 'subnets': [{'id': '0b0d7396-e983-4a74-8d10-1a9b1e1cc49f', 'cidr': '172.20.0.0/28', 'gateway_ip': '172.20.0.1', 'dns_nameservers': [], 'ipv6_ra_mode': None, 'subnetpool_id': None}], 'extra_subnets': [], 'address_scopes': {4: None, 6: None}, 'mtu': 1500}]}] {{(pid=107821) sync_routers /opt/stack/neutron/neutron/api/rpc/handlers/l3_rpc.py:137}}
Nov 16 00:29:40.520906 dv-cinder-811154-2-iscsi neutron-server[107821]: DEBUG neutron.api.rpc.handlers.resources_rpc [None req-095a9be3-fc75-46e2-929a-1f14b7c7ebf6 None None] Pushing event updated for resources: {'Port': ['ID=1f87a390-6e69-4dc3-88d4-c33a811e8589,revision_number=1']} {{(pid=107821) push /opt/stack/neutron/neutron/api/rpc/handlers/resources_rpc.py:237}}
Nov 16 00:29:40.630706 dv-cinder-811154-2-iscsi neutron-server[107821]: DEBUG neutron.api.rpc.handlers.resources_rpc [None req-da817589-bfe6-4c40-bf8b-a8bc128c4b89 None None] Pushing event updated for resources: {'Port': ['ID=f970cf71-5863-496c-8a90-42d123e046ef,revision_number=5']} {{(pid=107821) push /opt/stack/neutron/neutron/api/rpc/handlers/resources_rpc.py:237}}
Nov 16 00:29:40.659253 dv-cinder-811154-2-iscsi neutron-server[107819]: INFO neutron.wsgi [req-18139f52-2eab-4d77-8b0b-a885bf3700a5 req-91a22946-fd02-4ad2-8ee3-239d0eda7560 tempest-ServerRescueNegativeTestJSON-1592611832 tempest-ServerRescueNegativeTestJSON-1592611832-project] 10.222.0.31 "GET /v2.0/security-groups?id=55405c69-d8ab-4222-9666-764e840b6d64&fields=id&fields=name HTTP/1.1" status: 200 len: 286 time: 1.0749567
Nov 16 00:29:40.672887 dv-cinder-811154-2-iscsi neutron-server[107821]: DEBUG neutron.plugins.ml2.managers [None req-095a9be3-fc75-46e2-929a-1f14b7c7ebf6 None None] Attempting to bind port 1f87a390-6e69-4dc3-88d4-c33a811e8589 on host dv-cinder-811154-2-iscsi for vnic_type normal with profile {{(pid=107821) bind_port /opt/stack/neutron/neutron/plugins/ml2/managers.py:790}}
Nov 16 00:29:40.673272 dv-cinder-811154-2-iscsi neutron-server[107821]: DEBUG neutron.plugins.ml2.managers [None req-095a9be3-fc75-46e2-929a-1f14b7c7ebf6 None None] Attempting to bind port 1f87a390-6e69-4dc3-88d4-c33a811e8589 by drivers openvswitch,hyperv on host dv-cinder-811154-2-iscsi at level 0 using segments [{'id': 'fd2db102-4917-4a43-b1af-da728749dbf5', 'network_type': 'vlan', 'physical_network': 'physnet1', 'segmentation_id': 332, 'network_id': 'b879129b-75bd-4c79-880e-a9ff55e234be'}] {{(pid=107821) _bind_port_level /opt/stack/neutron/neutron/plugins/ml2/managers.py:815}}
Nov 16 00:29:40.673631 dv-cinder-811154-2-iscsi neutron-server[107821]: DEBUG neutron.plugins.ml2.drivers.mech_agent [None req-095a9be3-fc75-46e2-929a-1f14b7c7ebf6 None None] Attempting to bind port 1f87a390-6e69-4dc3-88d4-c33a811e8589 on network b879129b-75bd-4c79-880e-a9ff55e234be {{(pid=107821) bind_port /opt/stack/neutron/neutron/plugins/ml2/drivers/mech_agent.py:91}}
