Sep 26 11:13:40.148553 dv-cinder-811032-1-iscsi devstack@n-api.service[93308]: INFO nova.api.openstack.requestlog [None req-76c47242-ac37-426a-a957-5865a5fd4045 None None] 10.222.0.15 "GET /compute/v2.1/" status: 200 len: 388 microversion: 2.1 time: 0.001807
Sep 26 11:13:40.149273 dv-cinder-811032-1-iscsi devstack@n-api.service[93308]: [pid: 93308|app: 0|req: 1/1] 10.222.0.15 () {50 vars in 789 bytes} [Sun Sep 26 11:13:40 2021] GET /compute/v2.1/ => generated 388 bytes in 3 msecs (HTTP/1.1 200) 9 headers in 357 bytes (1 switches on core 0)
Sep 26 11:13:40.167624 dv-cinder-811032-1-iscsi devstack@n-api.service[93309]: WARNING keystonemiddleware.auth_token [None req-6b5aa304-00c2-4b03-bdad-8aae74797ff5 None None] AuthToken middleware is set with keystone_authtoken.service_token_roles_required set to False. This is backwards compatible but deprecated behaviour. Please set this to True.
Sep 26 11:13:40.172936 dv-cinder-811032-1-iscsi devstack@n-api.service[93309]: WARNING keystonemiddleware.auth_token [None req-6b5aa304-00c2-4b03-bdad-8aae74797ff5 None None] Configuring www_authenticate_uri to point to the public identity endpoint is required; clients may not be able to authenticate against an admin endpoint
Sep 26 11:13:40.178717 dv-cinder-811032-1-iscsi devstack@n-api.service[93309]: WSGI app 0 (mountpoint='') ready in 6 seconds on interpreter 0x55ca598e79c0 pid: 93309 (default app)
Sep 26 11:15:03.096395 dv-cinder-811032-1-iscsi devstack@n-api.service[93308]: DEBUG nova.api.openstack.wsgi [None req-76c47242-ac37-426a-a957-5865a5fd4045 None None] Calling method '>' {{(pid=93308) _process_stack /opt/stack/nova/nova/api/openstack/wsgi.py:513}}
Sep 26 11:15:03.097388 dv-cinder-811032-1-iscsi devstack@n-api.service[93308]: INFO nova.api.openstack.requestlog [None req-76c47242-ac37-426a-a957-5865a5fd4045 None None] 10.222.0.15 "GET /compute/v2.1" status: 200 len: 388 microversion: 2.1 time: 0.001433
Sep 26 11:15:03.097792 dv-cinder-811032-1-iscsi devstack@n-api.service[93308]: [pid: 93308|app: 0|req: 2/2] 10.222.0.15 () {54 vars in 931 bytes} [Sun Sep 26 11:15:03 2021] GET /compute/v2.1 => generated 388 bytes in 2 msecs (HTTP/1.1 200) 9 headers in 357 bytes (1 switches on core 0)
Sep 26 11:15:03.530153 dv-cinder-811032-1-iscsi devstack@n-api.service[93309]: DEBUG nova.api.openstack.wsgi [None req-91c70b74-60bf-4793-8cb4-7ab9a1e7ddf1 admin admin] Calling method '>' {{(pid=93309) _process_stack /opt/stack/nova/nova/api/openstack/wsgi.py:513}}
Sep 26 11:15:03.559513 dv-cinder-811032-1-iscsi devstack@n-api.service[93309]: INFO nova.api.openstack.requestlog [None req-91c70b74-60bf-4793-8cb4-7ab9a1e7ddf1 admin admin] 10.222.0.15 "GET /compute/v2.1/flavors/detail?is_public=True" status: 200 len: 15 microversion: 2.61 time: 0.453909
Sep 26 11:15:03.560076 dv-cinder-811032-1-iscsi devstack@n-api.service[93309]: [pid: 93309|app: 0|req: 1/3] 10.222.0.15 () {60 vars in 1292 bytes} [Sun Sep 26 11:15:03 2021] GET /compute/v2.1/flavors/detail?is_public=True => generated 15 bytes in 456 msecs (HTTP/1.1 200) 9 headers in 358 bytes (1 switches on core 0)
Sep 26 11:15:05.866019 dv-cinder-811032-1-iscsi devstack@n-api.service[93308]: DEBUG nova.api.openstack.wsgi [None req-76c47242-ac37-426a-a957-5865a5fd4045 None None] Calling method '>' {{(pid=93308) _process_stack /opt/stack/nova/nova/api/openstack/wsgi.py:513}}
Sep 26 11:15:05.866725 dv-cinder-811032-1-iscsi devstack@n-api.service[93308]: INFO nova.api.openstack.requestlog [None req-76c47242-ac37-426a-a957-5865a5fd4045 None None] 10.222.0.15 "GET /compute/v2.1" status: 200 len: 388 microversion: 2.1 time: 0.001413
Sep 26 11:15:05.868968 dv-cinder-811032-1-iscsi devstack@n-api.service[93308]: [pid: 93308|app: 0|req: 3/4] 10.222.0.15 () {54 vars in 931 bytes} [Sun Sep 26 11:15:05 2021] GET /compute/v2.1 => generated 388 bytes in 2 msecs (HTTP/1.1 200) 9 headers in 357 bytes (2 switches on core 0)
Sep 26 11:15:05.928663 dv-cinder-811032-1-iscsi devstack@n-api.service[93309]: DEBUG nova.api.openstack.wsgi [None req-b2136027-0185-4b3d-b22b-374432d59f22 admin admin] Action: 'create', calling method: >, body: {"flavor": {"swap": 0, "name": "cirros256", "id": "c1", "ram": 256, "os-flavor-access:is_public": true, "rxtx_factor": 1.0, "vcpus": 1, "OS-FLV-EXT-DATA:ephemeral": 0, "disk": 1}} {{(pid=93309) _process_stack /opt/stack/nova/nova/api/openstack/wsgi.py:511}}
Sep 26 11:15:05.946786 dv-cinder-811032-1-iscsi devstack@n-api.service[93309]: /usr/local/lib/python3.8/dist-packages/oslo_policy/policy.py:1064: UserWarning: Policy os_compute_api:os-flavor-manage:create failed scope check. The token used to make the request was project scoped but the policy requires ['system'] scope. This behavior may change in the future where using the intended scope is required
Sep 26 11:15:05.946786 dv-cinder-811032-1-iscsi devstack@n-api.service[93309]: warnings.warn(msg)
Sep 26 11:15:05.976736 dv-cinder-811032-1-iscsi devstack@n-api.service[93309]: INFO nova.api.openstack.requestlog [None req-b2136027-0185-4b3d-b22b-374432d59f22 admin admin] 10.222.0.15 "POST /compute/v2.1/flavors" status: 200 len: 407 microversion: 2.61 time: 0.100658
Sep 26 11:15:05.977384 dv-cinder-811032-1-iscsi devstack@n-api.service[93309]: [pid: 93309|app: 0|req: 2/5] 10.222.0.15 () {64 vars in 1283 bytes} [Sun Sep 26 11:15:05 2021] POST /compute/v2.1/flavors => generated 407 bytes in 102 msecs (HTTP/1.1 200) 9 headers in 359 bytes (1 switches on core 0)
Sep 26 11:15:06.196539 dv-cinder-811032-1-iscsi devstack@n-api.service[93308]: DEBUG nova.api.openstack.wsgi [None req-acd816a4-7520-4d43-b4bd-595ee334f0ae admin admin] Action: 'create', calling method: >, body: {"extra_specs": {"hw_rng:allowed": "True"}} {{(pid=93308) _process_stack /opt/stack/nova/nova/api/openstack/wsgi.py:511}}
Sep 26 11:15:06.198902 dv-cinder-811032-1-iscsi devstack@n-api.service[93308]: /usr/local/lib/python3.8/dist-packages/oslo_policy/policy.py:1064: UserWarning: Policy os_compute_api:os-flavor-extra-specs:create failed scope check. The token used to make the request was project scoped but the policy requires ['system'] scope. This behavior may change in the future where using the intended scope is required
Sep 26 11:15:06.198902 dv-cinder-811032-1-iscsi devstack@n-api.service[93308]: warnings.warn(msg)
Sep 26 11:15:06.251519 dv-cinder-811032-1-iscsi devstack@n-api.service[93308]: INFO nova.api.openstack.requestlog [None req-acd816a4-7520-4d43-b4bd-595ee334f0ae admin admin] 10.222.0.15 "POST /compute/v2.1/flavors/c1/os-extra_specs" status: 200 len: 43 microversion: 2.61 time: 0.264705
Sep 26 11:15:06.252517 dv-cinder-811032-1-iscsi devstack@n-api.service[93308]: [pid: 93308|app: 0|req: 4/6] 10.222.0.15 () {64 vars in 1336 bytes} [Sun Sep 26 11:15:05 2021] POST /compute/v2.1/flavors/c1/os-extra_specs => generated 43 bytes in 266 msecs (HTTP/1.1 200) 9 headers in 358 bytes (1 switches on core 0)
Sep 26 11:15:08.541834 dv-cinder-811032-1-iscsi devstack@n-api.service[93309]: DEBUG nova.api.openstack.wsgi [None req-b2136027-0185-4b3d-b22b-374432d59f22 admin admin] Calling method '>' {{(pid=93309) _process_stack /opt/stack/nova/nova/api/openstack/wsgi.py:513}}
Sep 26 11:15:08.542902 dv-cinder-811032-1-iscsi devstack@n-api.service[93309]: INFO nova.api.openstack.requestlog [None req-b2136027-0185-4b3d-b22b-374432d59f22 admin admin] 10.222.0.15 "GET /compute/v2.1" status: 200 len: 388 microversion: 2.1 time: 0.001452
Sep 26 11:15:08.543303 dv-cinder-811032-1-iscsi devstack@n-api.service[93309]: [pid: 93309|app: 0|req: 3/7] 10.222.0.15 () {54 vars in 931 bytes} [Sun Sep 26 11:15:08 2021] GET /compute/v2.1 => generated 388 bytes in 2 msecs (HTTP/1.1 200) 9 headers in 357 bytes (1 switches on core 0)
Sep 26 11:15:08.660772 dv-cinder-811032-1-iscsi devstack@n-api.service[93308]: DEBUG nova.api.openstack.wsgi [None req-8759df12-fa52-47d5-b550-a03fbf2dc9e1 admin admin] Action: 'create', calling method: >, body: {"flavor": {"id": "d1", "rxtx_factor": 1.0, "OS-FLV-EXT-DATA:ephemeral": 0, "swap": 0, "disk": 5, "os-flavor-access:is_public": true, "vcpus": 1, "name": "ds512M", "ram": 512}} {{(pid=93308) _process_stack /opt/stack/nova/nova/api/openstack/wsgi.py:511}}
Sep 26 11:15:08.679068 dv-cinder-811032-1-iscsi devstack@n-api.service[93308]: /usr/local/lib/python3.8/dist-packages/oslo_policy/policy.py:1064: UserWarning: Policy os_compute_api:os-flavor-manage:create failed scope check. The token used to make the request was project scoped but the policy requires ['system'] scope. This behavior may change in the future where using the intended scope is required
Sep 26 11:15:08.679068 dv-cinder-811032-1-iscsi devstack@n-api.service[93308]: warnings.warn(msg)
Sep 26 11:15:08.698993 dv-cinder-811032-1-iscsi devstack@n-api.service[93308]: INFO nova.api.openstack.requestlog [None req-8759df12-fa52-47d5-b550-a03fbf2dc9e1 admin admin] 10.222.0.15 "POST /compute/v2.1/flavors" status: 200 len: 404 microversion: 2.61 time: 0.148438
Sep 26 11:15:08.699667 dv-cinder-811032-1-iscsi devstack@n-api.service[93308]: [pid: 93308|app: 0|req: 5/8] 10.222.0.15 () {64 vars in 1283 bytes} [Sun Sep 26 11:15:08 2021] POST /compute/v2.1/flavors => generated 404 bytes in 150 msecs (HTTP/1.1 200) 9 headers in 359 bytes (1 switches on core 0)
Sep 26 11:15:08.713114 dv-cinder-811032-1-iscsi devstack@n-api.service[93309]: DEBUG nova.api.openstack.wsgi [None req-5cc31ca8-e0b5-4496-bf27-ac2474f789e6 admin admin] Action: 'create', calling method: >, body: {"extra_specs": {"hw_rng:allowed": "True"}} {{(pid=93309) _process_stack /opt/stack/nova/nova/api/openstack/wsgi.py:511}}
Sep 26 11:15:08.714977 dv-cinder-811032-1-iscsi devstack@n-api.service[93309]: /usr/local/lib/python3.8/dist-packages/oslo_policy/policy.py:1064: UserWarning: Policy os_compute_api:os-flavor-extra-specs:create failed scope check. The token used to make the request was project scoped but the policy requires ['system'] scope. This behavior may change in the future where using the intended scope is required
Sep 26 11:15:08.714977 dv-cinder-811032-1-iscsi devstack@n-api.service[93309]: warnings.warn(msg)
Sep 26 11:15:08.752238 dv-cinder-811032-1-iscsi devstack@n-api.service[93309]: INFO nova.api.openstack.requestlog [None req-5cc31ca8-e0b5-4496-bf27-ac2474f789e6 admin admin] 10.222.0.15 "POST /compute/v2.1/flavors/d1/os-extra_specs" status: 200 len: 43 microversion: 2.61 time: 0.042761
Sep 26 11:15:08.754593 dv-cinder-811032-1-iscsi devstack@n-api.service[93309]: [pid: 93309|app: 0|req: 4/9] 10.222.0.15 () {64 vars in 1336 bytes} [Sun Sep 26 11:15:08 2021] POST /compute/v2.1/flavors/d1/os-extra_specs => generated 43 bytes in 44 msecs (HTTP/1.1 200) 9 headers in 358 bytes (2 switches on core 0)
Sep 26 11:15:10.986149 dv-cinder-811032-1-iscsi devstack@n-api.service[93308]: DEBUG nova.api.openstack.wsgi [None req-8759df12-fa52-47d5-b550-a03fbf2dc9e1 admin admin] Calling method '>' {{(pid=93308) _process_stack /opt/stack/nova/nova/api/openstack/wsgi.py:513}}
Sep 26 11:15:10.987215 dv-cinder-811032-1-iscsi devstack@n-api.service[93308]: INFO nova.api.openstack.requestlog [None req-8759df12-fa52-47d5-b550-a03fbf2dc9e1 admin admin] 10.222.0.15 "GET /compute/v2.1" status: 200 len: 388 microversion: 2.1 time: 0.001523
Sep 26 11:15:10.987778 dv-cinder-811032-1-iscsi devstack@n-api.service[93308]: [pid: 93308|app: 0|req: 6/10] 10.222.0.15 () {54 vars in 931 bytes} [Sun Sep 26 11:15:10 2021] GET /compute/v2.1 => generated 388 bytes in 2 msecs (HTTP/1.1 200) 9 headers in 357 bytes (1 switches on core 0)
Sep 26 11:15:11.064448 dv-cinder-811032-1-iscsi devstack@n-api.service[93309]: DEBUG nova.api.openstack.wsgi [None req-f1914899-1ecd-46d2-a334-23ee5fe02eed admin admin] Action: 'create', calling method: >, body: {"flavor": {"swap": 0, "name": "ds1G", "vcpus": 1, "id": "d2", "OS-FLV-EXT-DATA:ephemeral": 0, "ram": 1024, "rxtx_factor": 1.0, "disk": 10, "os-flavor-access:is_public": true}} {{(pid=93309) _process_stack /opt/stack/nova/nova/api/openstack/wsgi.py:511}}
Sep 26 11:15:11.093129 dv-cinder-811032-1-iscsi devstack@n-api.service[93309]: INFO nova.api.openstack.requestlog [None req-f1914899-1ecd-46d2-a334-23ee5fe02eed admin admin] 10.222.0.15 "POST /compute/v2.1/flavors" status: 200 len: 404 microversion: 2.61 time: 0.098459
Sep 26 11:15:11.102146 dv-cinder-811032-1-iscsi devstack@n-api.service[93309]: [pid: 93309|app: 0|req: 5/11] 10.222.0.15 () {64 vars in 1283 bytes} [Sun Sep 26 11:15:10 2021] POST /compute/v2.1/flavors => generated 404 bytes in 102 msecs (HTTP/1.1 200) 9 headers in 359 bytes (2 switches on core 0)
Sep 26 11:15:11.109684 dv-cinder-811032-1-iscsi devstack@n-api.service[93308]: DEBUG nova.api.openstack.wsgi [None req-ef05de09-5035-4173-9bbf-da24b413cd85 admin admin] Action: 'create', calling method: >, body: {"extra_specs": {"hw_rng:allowed": "True"}} {{(pid=93308) _process_stack /opt/stack/nova/nova/api/openstack/wsgi.py:511}}
Sep 26 11:15:11.135020 dv-cinder-811032-1-iscsi devstack@n-api.service[93308]: INFO nova.api.openstack.requestlog [None req-ef05de09-5035-4173-9bbf-da24b413cd85 admin admin] 10.222.0.15 "POST /compute/v2.1/flavors/d2/os-extra_specs" status: 200 len: 43 microversion: 2.61 time: 0.029895
Sep 26 11:15:11.135805 dv-cinder-811032-1-iscsi devstack@n-api.service[93308]: [pid: 93308|app: 0|req: 7/12] 10.222.0.15 () {64 vars in 1336 bytes} [Sun Sep 26 11:15:11 2021] POST /compute/v2.1/flavors/d2/os-extra_specs => generated 43 bytes in 31 msecs (HTTP/1.1 200) 9 headers in 358 bytes (1 switches on core 0)
Sep 26 11:15:13.433248 dv-cinder-811032-1-iscsi devstack@n-api.service[93309]: DEBUG nova.api.openstack.wsgi [None req-f1914899-1ecd-46d2-a334-23ee5fe02eed admin admin] Calling method '>' {{(pid=93309) _process_stack /opt/stack/nova/nova/api/openstack/wsgi.py:513}}
Sep 26 11:15:13.434183 dv-cinder-811032-1-iscsi devstack@n-api.service[93309]: INFO nova.api.openstack.requestlog [None req-f1914899-1ecd-46d2-a334-23ee5fe02eed admin admin] 10.222.0.15 "GET /compute/v2.1" status: 200 len: 388 microversion: 2.1 time: 0.001462
Sep 26 11:15:13.434575 dv-cinder-811032-1-iscsi devstack@n-api.service[93309]: [pid: 93309|app: 0|req: 6/13] 10.222.0.15 () {54 vars in 931 bytes} [Sun Sep 26 11:15:13 2021] GET /compute/v2.1 => generated 388 bytes in 2 msecs (HTTP/1.1 200) 9 headers in 357 bytes (1 switches on core 0)
Sep 26 11:15:13.499535 dv-cinder-811032-1-iscsi devstack@n-api.service[93308]: DEBUG nova.api.openstack.wsgi [None req-3b1fbc4e-a719-4495-85dc-49ed0d9d4c88 admin admin] Action: 'create', calling method: >, body: {"flavor": {"rxtx_factor": 1.0, "os-flavor-access:is_public": true, "swap": 0, "OS-FLV-EXT-DATA:ephemeral": 0, "id": "d3", "vcpus": 2, "name": "ds2G", "disk": 10, "ram": 2048}} {{(pid=93308) _process_stack /opt/stack/nova/nova/api/openstack/wsgi.py:511}}
Sep 26 11:15:13.518528 dv-cinder-811032-1-iscsi devstack@n-api.service[93308]: INFO nova.api.openstack.requestlog [None req-3b1fbc4e-a719-4495-85dc-49ed0d9d4c88 admin admin] 10.222.0.15 "POST /compute/v2.1/flavors" status: 200 len: 404 microversion: 2.61 time: 0.076313
Sep 26 11:15:13.519275 dv-cinder-811032-1-iscsi devstack@n-api.service[93308]: [pid: 93308|app: 0|req: 8/14] 10.222.0.15 () {64 vars in 1283 bytes} [Sun Sep 26 11:15:13 2021] POST /compute/v2.1/flavors => generated 404 bytes in 78 msecs (HTTP/1.1 200) 9 headers in 359 bytes (2 switches on core 0)
Sep 26 11:15:13.532373 dv-cinder-811032-1-iscsi devstack@n-api.service[93309]: DEBUG nova.api.openstack.wsgi [None req-4a1581a2-a451-4f89-a1bd-a4b3558abb7d admin admin] Action: 'create', calling method: >, body: {"extra_specs": {"hw_rng:allowed": "True"}} {{(pid=93309) _process_stack /opt/stack/nova/nova/api/openstack/wsgi.py:511}}
Sep 26 11:15:13.556753 dv-cinder-811032-1-iscsi devstack@n-api.service[93309]: INFO nova.api.openstack.requestlog [None req-4a1581a2-a451-4f89-a1bd-a4b3558abb7d admin admin] 10.222.0.15 "POST /compute/v2.1/flavors/d3/os-extra_specs" status: 200 len: 43 microversion: 2.61 time: 0.028434
Sep 26 11:15:13.557009 dv-cinder-811032-1-iscsi devstack@n-api.service[93309]: [pid: 93309|app: 0|req: 7/15] 10.222.0.15 () {64 vars in 1336 bytes} [Sun Sep 26 11:15:13 2021] POST /compute/v2.1/flavors/d3/os-extra_specs => generated 43 bytes in 30 msecs (HTTP/1.1 200) 9 headers in 358 bytes (1 switches on core 0)
Sep 26 11:15:15.828515 dv-cinder-811032-1-iscsi devstack@n-api.service[93308]: DEBUG nova.api.openstack.wsgi [None req-3b1fbc4e-a719-4495-85dc-49ed0d9d4c88 admin admin] Calling method '>' {{(pid=93308) _process_stack /opt/stack/nova/nova/api/openstack/wsgi.py:513}}
Sep 26 11:15:15.829663 dv-cinder-811032-1-iscsi devstack@n-api.service[93308]: INFO nova.api.openstack.requestlog [None req-3b1fbc4e-a719-4495-85dc-49ed0d9d4c88 admin admin] 10.222.0.15 "GET /compute/v2.1" status: 200 len: 388 microversion: 2.1 time: 0.003371
Sep 26 11:15:15.830204 dv-cinder-811032-1-iscsi devstack@n-api.service[93308]: [pid: 93308|app: 0|req: 9/16] 10.222.0.15 () {54 vars in 931 bytes} [Sun Sep 26 11:15:15 2021] GET /compute/v2.1 => generated 388 bytes in 7 msecs (HTTP/1.1 200) 9 headers in 357 bytes (1 switches on core 0)
Sep 26 11:15:15.898593 dv-cinder-811032-1-iscsi devstack@n-api.service[93309]: DEBUG nova.api.openstack.wsgi [None req-0649a215-5e9a-4ec4-bac6-65c49bf1ae32 admin admin] Action: 'create', calling method: >, body: {"flavor": {"id": "d4", "rxtx_factor": 1.0, "ram": 4096, "name": "ds4G", "vcpus": 4, "disk": 20, "swap": 0, "OS-FLV-EXT-DATA:ephemeral": 0, "os-flavor-access:is_public": true}} {{(pid=93309) _process_stack /opt/stack/nova/nova/api/openstack/wsgi.py:511}}
Sep 26 11:15:15.922000 dv-cinder-811032-1-iscsi devstack@n-api.service[93309]: INFO nova.api.openstack.requestlog [None req-0649a215-5e9a-4ec4-bac6-65c49bf1ae32 admin admin] 10.222.0.15 "POST /compute/v2.1/flavors" status: 200 len: 404 microversion: 2.61 time: 0.083524
Sep 26 11:15:15.922925 dv-cinder-811032-1-iscsi devstack@n-api.service[93309]: [pid: 93309|app: 0|req: 8/17] 10.222.0.15 () {64 vars in 1283 bytes} [Sun Sep 26 11:15:15 2021] POST /compute/v2.1/flavors => generated 404 bytes in 86 msecs (HTTP/1.1 200) 9 headers in 359 bytes (1 switches on core 0)
Sep 26 11:15:15.939531 dv-cinder-811032-1-iscsi devstack@n-api.service[93308]: DEBUG nova.api.openstack.wsgi [None req-f8ac05eb-b745-482a-aa1e-daaad77320a9 admin admin] Action: 'create', calling method: >, body: {"extra_specs": {"hw_rng:allowed": "True"}} {{(pid=93308) _process_stack /opt/stack/nova/nova/api/openstack/wsgi.py:511}}
Sep 26 11:15:15.962913 dv-cinder-811032-1-iscsi devstack@n-api.service[93308]: INFO nova.api.openstack.requestlog [None req-f8ac05eb-b745-482a-aa1e-daaad77320a9 admin admin] 10.222.0.15 "POST /compute/v2.1/flavors/d4/os-extra_specs" status: 200 len: 43 microversion: 2.61 time: 0.029732
Sep 26 11:15:15.963693 dv-cinder-811032-1-iscsi devstack@n-api.service[93308]: [pid: 93308|app: 0|req: 10/18] 10.222.0.15 () {64 vars in 1336 bytes} [Sun Sep 26 11:15:15 2021] POST /compute/v2.1/flavors/d4/os-extra_specs => generated 43 bytes in 31 msecs (HTTP/1.1 200) 9 headers in 358 bytes (2 switches on core 0)
Sep 26 11:15:18.279555 dv-cinder-811032-1-iscsi devstack@n-api.service[93309]: DEBUG nova.api.openstack.wsgi [None req-0649a215-5e9a-4ec4-bac6-65c49bf1ae32 admin admin] Calling method '>' {{(pid=93309) _process_stack /opt/stack/nova/nova/api/openstack/wsgi.py:513}}
Sep 26 11:15:18.280607 dv-cinder-811032-1-iscsi devstack@n-api.service[93309]: INFO nova.api.openstack.requestlog [None req-0649a215-5e9a-4ec4-bac6-65c49bf1ae32 admin admin] 10.222.0.15 "GET /compute/v2.1" status: 200 len: 388 microversion: 2.1 time: 0.001525
Sep 26 11:15:18.281095 dv-cinder-811032-1-iscsi devstack@n-api.service[93309]: [pid: 93309|app: 0|req: 9/19] 10.222.0.15 () {54 vars in 931 bytes} [Sun Sep 26 11:15:18 2021] GET /compute/v2.1 => generated 388 bytes in 3 msecs (HTTP/1.1 200) 9 headers in 357 bytes (1 switches on core 0)
Sep 26 11:15:18.345725 dv-cinder-811032-1-iscsi devstack@n-api.service[93308]: DEBUG nova.api.openstack.wsgi [None req-67906c9c-7519-4ee2-8fb0-6e964d6815c7 admin admin] Calling method '>' {{(pid=93308) _process_stack /opt/stack/nova/nova/api/openstack/wsgi.py:513}}
Sep 26 11:15:18.370444 dv-cinder-811032-1-iscsi devstack@n-api.service[93308]: INFO nova.api.openstack.requestlog [None req-67906c9c-7519-4ee2-8fb0-6e964d6815c7 admin admin] 10.222.0.15 "GET /compute/v2.1/flavors/detail?is_public=True" status: 200 len: 2106 microversion: 2.61 time: 0.081714
Sep 26 11:15:18.371219 dv-cinder-811032-1-iscsi devstack@n-api.service[93308]: [pid: 93308|app: 0|req: 11/20] 10.222.0.15 () {60 vars in 1292 bytes} [Sun Sep 26 11:15:18 2021] GET /compute/v2.1/flavors/detail?is_public=True => generated 2106 bytes in 83 msecs (HTTP/1.1 200) 9 headers in 360 bytes (1 switches on core 0)
Sep 26 11:15:20.966413 dv-cinder-811032-1-iscsi devstack@n-api.service[93309]: DEBUG nova.api.openstack.wsgi [None req-0649a215-5e9a-4ec4-bac6-65c49bf1ae32 admin admin] Calling method '>' {{(pid=93309) _process_stack /opt/stack/nova/nova/api/openstack/wsgi.py:513}}
Sep 26 11:15:20.968021 dv-cinder-811032-1-iscsi devstack@n-api.service[93309]: INFO nova.api.openstack.requestlog [None req-0649a215-5e9a-4ec4-bac6-65c49bf1ae32 admin admin] 10.222.0.15 "GET /compute/v2.1" status: 200 len: 388 microversion: 2.1 time: 0.002102
Sep 26 11:15:20.968584 dv-cinder-811032-1-iscsi devstack@n-api.service[93309]: [pid: 93309|app: 0|req: 10/21] 10.222.0.15 () {54 vars in 931 bytes} [Sun Sep 26 11:15:20 2021] GET /compute/v2.1 => generated 388 bytes in 4 msecs (HTTP/1.1 200) 9 headers in 357 bytes (1 switches on core 0)
Sep 26 11:15:21.031044 dv-cinder-811032-1-iscsi devstack@n-api.service[93308]: DEBUG nova.api.openstack.wsgi [None req-b9f67ba4-ec0b-47c8-8eeb-5452e65601bd admin admin] Action: 'create', calling method: >, body: {"flavor": {"disk": 1, "rxtx_factor": 1.0, "name": "m1.tiny", "swap": 0, "ram": 512, "vcpus": 1, "os-flavor-access:is_public": true, "id": "1", "OS-FLV-EXT-DATA:ephemeral": 0}} {{(pid=93308) _process_stack /opt/stack/nova/nova/api/openstack/wsgi.py:511}}
Sep 26 11:15:21.051295 dv-cinder-811032-1-iscsi devstack@n-api.service[93308]: INFO nova.api.openstack.requestlog [None req-b9f67ba4-ec0b-47c8-8eeb-5452e65601bd admin admin] 10.222.0.15 "POST /compute/v2.1/flavors" status: 200 len: 402 microversion: 2.61 time: 0.075790
Sep 26 11:15:21.051932 dv-cinder-811032-1-iscsi devstack@n-api.service[93308]: [pid: 93308|app: 0|req: 12/22] 10.222.0.15 () {64 vars in 1283 bytes} [Sun Sep 26 11:15:20 2021] POST /compute/v2.1/flavors => generated 402 bytes in 77 msecs (HTTP/1.1 200) 9 headers in 359 bytes (2 switches on core 0)
Sep 26 11:15:21.064356 dv-cinder-811032-1-iscsi devstack@n-api.service[93309]: DEBUG nova.api.openstack.wsgi [None req-190a6cf8-9109-411a-ad7f-a283b9116a2e admin admin] Action: 'create', calling method: >, body: {"extra_specs": {"hw_rng:allowed": "True"}} {{(pid=93309) _process_stack /opt/stack/nova/nova/api/openstack/wsgi.py:511}}
Sep 26 11:15:21.087348 dv-cinder-811032-1-iscsi devstack@n-api.service[93309]: INFO nova.api.openstack.requestlog [None req-190a6cf8-9109-411a-ad7f-a283b9116a2e admin admin] 10.222.0.15 "POST /compute/v2.1/flavors/1/os-extra_specs" status: 200 len: 43 microversion: 2.61 time: 0.026665
Sep 26 11:15:21.087921 dv-cinder-811032-1-iscsi devstack@n-api.service[93309]: [pid: 93309|app: 0|req: 11/23] 10.222.0.15 () {64 vars in 1333 bytes} [Sun Sep 26 11:15:21 2021] POST /compute/v2.1/flavors/1/os-extra_specs => generated 43 bytes in 28 msecs (HTTP/1.1 200) 9 headers in 358 bytes (1 switches on core 0)
Sep 26 11:15:23.434026 dv-cinder-811032-1-iscsi devstack@n-api.service[93308]: DEBUG nova.api.openstack.wsgi [None req-b9f67ba4-ec0b-47c8-8eeb-5452e65601bd admin admin] Calling method '>' {{(pid=93308) _process_stack /opt/stack/nova/nova/api/openstack/wsgi.py:513}}
Sep 26 11:15:23.435361 dv-cinder-811032-1-iscsi devstack@n-api.service[93308]: INFO nova.api.openstack.requestlog [None req-b9f67ba4-ec0b-47c8-8eeb-5452e65601bd admin admin] 10.222.0.15 "GET /compute/v2.1" status: 200 len: 388 microversion: 2.1 time: 0.001476
Sep 26 11:15:23.435361 dv-cinder-811032-1-iscsi devstack@n-api.service[93308]: [pid: 93308|app: 0|req: 13/24] 10.222.0.15 () {54 vars in 931 bytes} [Sun Sep 26 11:15:23 2021] GET /compute/v2.1 => generated 388 bytes in 2 msecs (HTTP/1.1 200) 9 headers in 357 bytes (1 switches on core 0)
Sep 26 11:15:23.505912 dv-cinder-811032-1-iscsi devstack@n-api.service[93309]: DEBUG nova.api.openstack.wsgi [None req-407aca4f-f0e9-4189-98df-78bd127f578c admin admin] Action: 'create', calling method: >, body: {"flavor": {"OS-FLV-EXT-DATA:ephemeral": 0, "os-flavor-access:is_public": true, "ram": 2048, "vcpus": 1, "id": "2", "rxtx_factor": 1.0, "disk": 20, "name": "m1.small", "swap": 0}} {{(pid=93309) _process_stack /opt/stack/nova/nova/api/openstack/wsgi.py:511}}
Sep 26 11:15:23.525078 dv-cinder-811032-1-iscsi devstack@n-api.service[93309]: INFO nova.api.openstack.requestlog [None req-407aca4f-f0e9-4189-98df-78bd127f578c admin admin] 10.222.0.15 "POST /compute/v2.1/flavors" status: 200 len: 405 microversion: 2.61 time: 0.080950
Sep 26 11:15:23.525629 dv-cinder-811032-1-iscsi devstack@n-api.service[93309]: [pid: 93309|app: 0|req: 12/25] 10.222.0.15 () {64 vars in 1283 bytes} [Sun Sep 26 11:15:23 2021] POST /compute/v2.1/flavors => generated 405 bytes in 83 msecs (HTTP/1.1 200) 9 headers in 359 bytes (1 switches on core 0)
Sep 26 11:15:23.539050 dv-cinder-811032-1-iscsi devstack@n-api.service[93308]: DEBUG nova.api.openstack.wsgi [None req-66a891a7-7b04-4db2-8789-5049c3e8142a admin admin] Action: 'create', calling method: >, body: {"extra_specs": {"hw_rng:allowed": "True"}} {{(pid=93308) _process_stack /opt/stack/nova/nova/api/openstack/wsgi.py:511}}
Sep 26 11:15:23.564048 dv-cinder-811032-1-iscsi devstack@n-api.service[93308]: INFO nova.api.openstack.requestlog [None req-66a891a7-7b04-4db2-8789-5049c3e8142a admin admin] 10.222.0.15 "POST /compute/v2.1/flavors/2/os-extra_specs" status: 200 len: 43 microversion: 2.61 time: 0.028506
Sep 26 11:15:23.564655 dv-cinder-811032-1-iscsi devstack@n-api.service[93308]: [pid: 93308|app: 0|req: 14/26] 10.222.0.15 () {64 vars in 1333 bytes} [Sun Sep 26 11:15:23 2021] POST /compute/v2.1/flavors/2/os-extra_specs => generated 43 bytes in 30 msecs (HTTP/1.1 200) 9 headers in 358 bytes (1 switches on core 0)
Sep 26 11:15:25.972693 dv-cinder-811032-1-iscsi devstack@n-api.service[93309]: DEBUG nova.api.openstack.wsgi [None req-407aca4f-f0e9-4189-98df-78bd127f578c admin admin] Calling method '>' {{(pid=93309) _process_stack /opt/stack/nova/nova/api/openstack/wsgi.py:513}}
Sep 26 11:15:25.973718 dv-cinder-811032-1-iscsi devstack@n-api.service[93309]: INFO nova.api.openstack.requestlog [None req-407aca4f-f0e9-4189-98df-78bd127f578c admin admin] 10.222.0.15 "GET /compute/v2.1" status: 200 len: 388 microversion: 2.1 time: 0.001499
Sep 26 11:15:25.974118 dv-cinder-811032-1-iscsi devstack@n-api.service[93309]: [pid: 93309|app: 0|req: 13/27] 10.222.0.15 () {54 vars in 931 bytes} [Sun Sep 26 11:15:25 2021] GET /compute/v2.1 => generated 388 bytes in 2 msecs (HTTP/1.1 200) 9 headers in 357 bytes (1 switches on core 0)
Sep 26 11:15:26.038827 dv-cinder-811032-1-iscsi devstack@n-api.service[93308]: DEBUG nova.api.openstack.wsgi [None req-bd380df1-e0b5-4e2a-8d6e-92deb24d067b admin admin] Action: 'create', calling method: >, body: {"flavor": {"name": "m1.medium", "OS-FLV-EXT-DATA:ephemeral": 0, "os-flavor-access:is_public": true, "swap": 0, "id": "3", "disk": 40, "vcpus": 2, "ram": 4096, "rxtx_factor": 1.0}} {{(pid=93308) _process_stack /opt/stack/nova/nova/api/openstack/wsgi.py:511}}
Sep 26 11:15:26.057623 dv-cinder-811032-1-iscsi devstack@n-api.service[93308]: INFO nova.api.openstack.requestlog [None req-bd380df1-e0b5-4e2a-8d6e-92deb24d067b admin admin] 10.222.0.15 "POST /compute/v2.1/flavors" status: 200 len: 406 microversion: 2.61 time: 0.076697
Sep 26 11:15:26.058179 dv-cinder-811032-1-iscsi devstack@n-api.service[93308]: [pid: 93308|app: 0|req: 15/28] 10.222.0.15 () {64 vars in 1283 bytes} [Sun Sep 26 11:15:25 2021] POST /compute/v2.1/flavors => generated 406 bytes in 78 msecs (HTTP/1.1 200) 9 headers in 359 bytes (2 switches on core 0)
Sep 26 11:15:26.072130 dv-cinder-811032-1-iscsi devstack@n-api.service[93309]: DEBUG nova.api.openstack.wsgi [None req-bd314165-cf1a-4f0e-8c10-de016d5af856 admin admin] Action: 'create', calling method: >, body: {"extra_specs": {"hw_rng:allowed": "True"}} {{(pid=93309) _process_stack /opt/stack/nova/nova/api/openstack/wsgi.py:511}}
Sep 26 11:15:26.098227 dv-cinder-811032-1-iscsi devstack@n-api.service[93309]: INFO nova.api.openstack.requestlog [None req-bd314165-cf1a-4f0e-8c10-de016d5af856 admin admin] 10.222.0.15 "POST /compute/v2.1/flavors/3/os-extra_specs" status: 200 len: 43 microversion: 2.61 time: 0.030247
Sep 26 11:15:26.098913 dv-cinder-811032-1-iscsi devstack@n-api.service[93309]: [pid: 93309|app: 0|req: 14/29] 10.222.0.15 () {64 vars in 1333 bytes} [Sun Sep 26 11:15:26 2021] POST /compute/v2.1/flavors/3/os-extra_specs => generated 43 bytes in 32 msecs (HTTP/1.1 200) 9 headers in 358 bytes (2 switches on core 0)
Sep 26 11:15:28.897177 dv-cinder-811032-1-iscsi devstack@n-api.service[93308]: DEBUG nova.api.openstack.wsgi [None req-bd380df1-e0b5-4e2a-8d6e-92deb24d067b admin admin] Calling method '>' {{(pid=93308) _process_stack /opt/stack/nova/nova/api/openstack/wsgi.py:513}}
Sep 26 11:15:28.898174 dv-cinder-811032-1-iscsi devstack@n-api.service[93308]: INFO nova.api.openstack.requestlog [None req-bd380df1-e0b5-4e2a-8d6e-92deb24d067b admin admin] 10.222.0.15 "GET /compute/v2.1" status: 200 len: 388 microversion: 2.1 time: 0.001435
Sep 26 11:15:28.898592 dv-cinder-811032-1-iscsi devstack@n-api.service[93308]: [pid: 93308|app: 0|req: 16/30] 10.222.0.15 () {54 vars in 931 bytes} [Sun Sep 26 11:15:28 2021] GET /compute/v2.1 => generated 388 bytes in 2 msecs (HTTP/1.1 200) 9 headers in 357 bytes (1 switches on core 0)
Sep 26 11:15:28.984673 dv-cinder-811032-1-iscsi devstack@n-api.service[93309]: DEBUG nova.api.openstack.wsgi [None req-8fd7dd0d-0bab-483e-b7dc-73de8b3d2adb admin admin] Action: 'create', calling method: >, body: {"flavor": {"id": "4", "OS-FLV-EXT-DATA:ephemeral": 0, "swap": 0, "rxtx_factor": 1.0, "name": "m1.large", "vcpus": 4, "ram": 8192, "os-flavor-access:is_public": true, "disk": 80}} {{(pid=93309) _process_stack /opt/stack/nova/nova/api/openstack/wsgi.py:511}}
Sep 26 11:15:29.016239 dv-cinder-811032-1-iscsi devstack@n-api.service[93309]: INFO nova.api.openstack.requestlog [None req-8fd7dd0d-0bab-483e-b7dc-73de8b3d2adb admin admin] 10.222.0.15 "POST /compute/v2.1/flavors" status: 200 len: 405 microversion: 2.61 time: 0.110311
Sep 26 11:15:29.017258 dv-cinder-811032-1-iscsi devstack@n-api.service[93309]: [pid: 93309|app: 0|req: 15/31] 10.222.0.15 () {64 vars in 1283 bytes} [Sun Sep 26 11:15:28 2021] POST /compute/v2.1/flavors => generated 405 bytes in 112 msecs (HTTP/1.1 200) 9 headers in 359 bytes (2 switches on core 0)
Sep 26 11:15:29.033155 dv-cinder-811032-1-iscsi devstack@n-api.service[93308]: DEBUG nova.api.openstack.wsgi [None req-91fe9e6f-0046-4cd5-9fc4-16538c67c4f4 admin admin] Action: 'create', calling method: >, body: {"extra_specs": {"hw_rng:allowed": "True"}} {{(pid=93308) _process_stack /opt/stack/nova/nova/api/openstack/wsgi.py:511}}
Sep 26 11:15:29.071330 dv-cinder-811032-1-iscsi devstack@n-api.service[93308]: INFO nova.api.openstack.requestlog [None req-91fe9e6f-0046-4cd5-9fc4-16538c67c4f4 admin admin] 10.222.0.15 "POST /compute/v2.1/flavors/4/os-extra_specs" status: 200 len: 43 microversion: 2.61 time: 0.044325
Sep 26 11:15:29.082670 dv-cinder-811032-1-iscsi devstack@n-api.service[93308]: [pid: 93308|app: 0|req: 17/32] 10.222.0.15 () {64 vars in 1333 bytes} [Sun Sep 26 11:15:29 2021] POST /compute/v2.1/flavors/4/os-extra_specs => generated 43 bytes in 46 msecs (HTTP/1.1 200) 9 headers in 358 bytes (1 switches on core 0)
Sep 26 11:15:31.420487 dv-cinder-811032-1-iscsi devstack@n-api.service[93309]: DEBUG nova.api.openstack.wsgi [None req-8fd7dd0d-0bab-483e-b7dc-73de8b3d2adb admin admin] Calling method '>' {{(pid=93309) _process_stack /opt/stack/nova/nova/api/openstack/wsgi.py:513}}
Sep 26 11:15:31.421891 dv-cinder-811032-1-iscsi devstack@n-api.service[93309]: INFO nova.api.openstack.requestlog [None req-8fd7dd0d-0bab-483e-b7dc-73de8b3d2adb admin admin] 10.222.0.15 "GET /compute/v2.1" status: 200 len: 388 microversion: 2.1 time: 0.001554
Sep 26 11:15:31.422371 dv-cinder-811032-1-iscsi devstack@n-api.service[93309]: [pid: 93309|app: 0|req: 16/33] 10.222.0.15 () {54 vars in 931 bytes} [Sun Sep 26 11:15:31 2021] GET /compute/v2.1 => generated 388 bytes in 3 msecs (HTTP/1.1 200) 9 headers in 357 bytes (1 switches on core 0)
Sep 26 11:15:31.485957 dv-cinder-811032-1-iscsi devstack@n-api.service[93308]: DEBUG nova.api.openstack.wsgi [None req-148e8e6c-00c0-427b-a4a9-dc1ab43bf7f0 admin admin] Action: 'create', calling method: >, body: {"flavor": {"swap": 0, "id": "5", "OS-FLV-EXT-DATA:ephemeral": 0, "ram": 16384, "vcpus": 8, "name": "m1.xlarge", "disk": 160, "rxtx_factor": 1.0, "os-flavor-access:is_public": true}} {{(pid=93308) _process_stack /opt/stack/nova/nova/api/openstack/wsgi.py:511}}
Sep 26 11:15:31.505356 dv-cinder-811032-1-iscsi devstack@n-api.service[93308]: INFO nova.api.openstack.requestlog [None req-148e8e6c-00c0-427b-a4a9-dc1ab43bf7f0 admin admin] 10.222.0.15 "POST /compute/v2.1/flavors" status: 200 len: 408 microversion: 2.61 time: 0.076376
Sep 26 11:15:31.506687 dv-cinder-811032-1-iscsi devstack@n-api.service[93308]: [pid: 93308|app: 0|req: 18/34] 10.222.0.15 () {64 vars in 1283 bytes} [Sun Sep 26 11:15:31 2021] POST /compute/v2.1/flavors => generated 408 bytes in 78 msecs (HTTP/1.1 200) 9 headers in 359 bytes (1 switches on core 0)
Sep 26 11:15:31.519346 dv-cinder-811032-1-iscsi devstack@n-api.service[93309]: DEBUG nova.api.openstack.wsgi [None req-731da880-9992-4352-b062-b31900db4479 admin admin] Action: 'create', calling method: >, body: {"extra_specs": {"hw_rng:allowed": "True"}} {{(pid=93309) _process_stack /opt/stack/nova/nova/api/openstack/wsgi.py:511}}
Sep 26 11:15:31.550939 dv-cinder-811032-1-iscsi devstack@n-api.service[93309]: INFO nova.api.openstack.requestlog [None req-731da880-9992-4352-b062-b31900db4479 admin admin] 10.222.0.15 "POST /compute/v2.1/flavors/5/os-extra_specs" status: 200 len: 43 microversion: 2.61 time: 0.035797
Sep 26 11:15:31.551622 dv-cinder-811032-1-iscsi devstack@n-api.service[93309]: [pid: 93309|app: 0|req: 17/35] 10.222.0.15 () {64 vars in 1333 bytes} [Sun Sep 26 11:15:31 2021] POST /compute/v2.1/flavors/5/os-extra_specs => generated 43 bytes in 37 msecs (HTTP/1.1 200) 9 headers in 358 bytes (1 switches on core 0)
Sep 26 11:16:10.352739 dv-cinder-811032-1-iscsi devstack@n-api.service[93308]: DEBUG nova.api.openstack.wsgi [None req-148e8e6c-00c0-427b-a4a9-dc1ab43bf7f0 admin admin] Calling method '>' {{(pid=93308) _process_stack /opt/stack/nova/nova/api/openstack/wsgi.py:513}}
Sep 26 11:16:10.353740 dv-cinder-811032-1-iscsi devstack@n-api.service[93308]: INFO nova.api.openstack.requestlog [None req-148e8e6c-00c0-427b-a4a9-dc1ab43bf7f0 admin admin] 10.222.0.15 "GET /compute/v2.1" status: 200 len: 388 microversion: 2.1 time: 0.001425
Sep 26 11:16:10.354133 dv-cinder-811032-1-iscsi devstack@n-api.service[93308]: [pid: 93308|app: 0|req: 19/36] 10.222.0.15 () {54 vars in 931 bytes} [Sun Sep 26 11:16:10 2021] GET /compute/v2.1 => generated 388 bytes in 2 msecs (HTTP/1.1 200) 9 headers in 357 bytes (1 switches on core 0)
Sep 26 11:16:10.411710 dv-cinder-811032-1-iscsi devstack@n-api.service[93309]: DEBUG nova.api.openstack.wsgi [None req-0ecd9dc2-1133-4181-8776-c844868d65d8 admin admin] Calling method '>' {{(pid=93309) _process_stack /opt/stack/nova/nova/api/openstack/wsgi.py:513}}
Sep 26 11:16:10.428839 dv-cinder-811032-1-iscsi devstack@n-api.service[93309]: INFO nova.api.openstack.requestlog [None req-0ecd9dc2-1133-4181-8776-c844868d65d8 admin admin] 10.222.0.15 "GET /compute/v2.1/flavors/detail?is_public=True" status: 200 len: 4202 microversion: 2.61 time: 0.067539
Sep 26 11:16:10.429370 dv-cinder-811032-1-iscsi devstack@n-api.service[93309]: [pid: 93309|app: 0|req: 18/37] 10.222.0.15 () {60 vars in 1292 bytes} [Sun Sep 26 11:16:10 2021] GET /compute/v2.1/flavors/detail?is_public=True => generated 4202 bytes in 69 msecs (HTTP/1.1 200) 9 headers in 360 bytes (1 switches on core 0)
Sep 26 11:16:11.877000 dv-cinder-811032-1-iscsi devstack@n-api.service[93308]: DEBUG nova.api.openstack.wsgi [None req-148e8e6c-00c0-427b-a4a9-dc1ab43bf7f0 admin admin] Calling method '>' {{(pid=93308) _process_stack /opt/stack/nova/nova/api/openstack/wsgi.py:513}}
Sep 26 11:16:11.878014 dv-cinder-811032-1-iscsi devstack@n-api.service[93308]: INFO nova.api.openstack.requestlog [None req-148e8e6c-00c0-427b-a4a9-dc1ab43bf7f0 admin admin] 10.222.0.15 "GET /compute/v2.1" status: 200 len: 388 microversion: 2.1 time: 0.001431
Sep 26 11:16:11.878409 dv-cinder-811032-1-iscsi devstack@n-api.service[93308]: [pid: 93308|app: 0|req: 20/38] 10.222.0.15 () {56 vars in 1075 bytes} [Sun Sep 26 11:16:11 2021] GET /compute/v2.1 => generated 388 bytes in 2 msecs (HTTP/1.1 200) 9 headers in 357 bytes (1 switches on core 0)
Sep 26 11:16:12.074020 dv-cinder-811032-1-iscsi devstack@n-api.service[93309]: DEBUG nova.api.openstack.wsgi [None req-61e9d3d1-87d7-4400-a14f-b2bcb77b9f4a admin admin] Calling method '>' {{(pid=93309) _process_stack /opt/stack/nova/nova/api/openstack/wsgi.py:513}}
Sep 26 11:16:12.080591 dv-cinder-811032-1-iscsi devstack@n-api.service[93309]: INFO nova.api.openstack.wsgi [None req-61e9d3d1-87d7-4400-a14f-b2bcb77b9f4a admin admin] HTTP exception thrown: Flavor 42 could not be found.
Sep 26 11:16:12.081155 dv-cinder-811032-1-iscsi devstack@n-api.service[93309]: DEBUG nova.api.openstack.wsgi [None req-61e9d3d1-87d7-4400-a14f-b2bcb77b9f4a admin admin] Returning 404 to user: Flavor 42 could not be found. {{(pid=93309) __call__ /opt/stack/nova/nova/api/openstack/wsgi.py:936}}
Sep 26 11:16:12.081948 dv-cinder-811032-1-iscsi devstack@n-api.service[93309]: INFO nova.api.openstack.requestlog [None req-61e9d3d1-87d7-4400-a14f-b2bcb77b9f4a admin admin] 10.222.0.15 "GET /compute/v2.1/flavors/42" status: 404 len: 75 microversion: 2.90 time: 0.058461
Sep 26 11:16:12.082508 dv-cinder-811032-1-iscsi devstack@n-api.service[93309]: [pid: 93309|app: 0|req: 19/39] 10.222.0.15 () {60 vars in 1191 bytes} [Sun Sep 26 11:16:12 2021] GET /compute/v2.1/flavors/42 => generated 75 bytes in 60 msecs (HTTP/1.1 404) 9 headers in 380 bytes (1 switches on core 0)
Sep 26 11:16:12.093028 dv-cinder-811032-1-iscsi devstack@n-api.service[93308]: DEBUG nova.api.openstack.wsgi [None req-dbe4c21f-f8d7-4b9b-bf0f-82c936cbacb1 admin admin] Calling method '>' {{(pid=93308) _process_stack /opt/stack/nova/nova/api/openstack/wsgi.py:513}}
Sep 26 11:16:12.115602 dv-cinder-811032-1-iscsi devstack@n-api.service[93308]: INFO nova.api.openstack.requestlog [None req-dbe4c21f-f8d7-4b9b-bf0f-82c936cbacb1 admin admin] 10.222.0.15 "GET /compute/v2.1/flavors?is_public=None" status: 200 len: 2056 microversion: 2.90 time: 0.026698
Sep 26 11:16:12.116177 dv-cinder-811032-1-iscsi devstack@n-api.service[93308]: [pid: 93308|app: 0|req: 21/40] 10.222.0.15 () {60 vars in 1211 bytes} [Sun Sep 26 11:16:12 2021] GET /compute/v2.1/flavors?is_public=None => generated 2056 bytes in 28 msecs (HTTP/1.1 200) 9 headers in 360 bytes (1 switches on core 0)
Sep 26 11:16:12.127865 dv-cinder-811032-1-iscsi devstack@n-api.service[93309]: DEBUG nova.api.openstack.wsgi [None req-a490b1e1-3042-4766-a9a9-e9095d6b3f20 admin admin] Calling method '>' {{(pid=93309) _process_stack /opt/stack/nova/nova/api/openstack/wsgi.py:513}}
Sep 26 11:16:12.149150 dv-cinder-811032-1-iscsi devstack@n-api.service[93309]: INFO nova.api.openstack.requestlog [None req-a490b1e1-3042-4766-a9a9-e9095d6b3f20 admin admin] 10.222.0.15 "GET /compute/v2.1/flavors?is_public=None" status: 200 len: 2056 microversion: 2.90 time: 0.026267
Sep 26 11:16:12.149684 dv-cinder-811032-1-iscsi devstack@n-api.service[93309]: [pid: 93309|app: 0|req: 20/41] 10.222.0.15 () {60 vars in 1211 bytes} [Sun Sep 26 11:16:12 2021] GET /compute/v2.1/flavors?is_public=None => generated 2056 bytes in 27 msecs (HTTP/1.1 200) 9 headers in 360 bytes (1 switches on core 0)
Sep 26 11:16:12.159756 dv-cinder-811032-1-iscsi devstack@n-api.service[93308]: DEBUG nova.api.openstack.wsgi [None req-e50448b6-5f39-4829-931d-21ee4c38b5ec admin admin] Calling method '>' {{(pid=93308) _process_stack /opt/stack/nova/nova/api/openstack/wsgi.py:513}}
Sep 26 11:16:12.165152 dv-cinder-811032-1-iscsi devstack@n-api.service[93308]: INFO nova.api.openstack.wsgi [None req-e50448b6-5f39-4829-931d-21ee4c38b5ec admin admin] HTTP exception thrown: Flavor 42 could not be found.
Sep 26 11:16:12.165723 dv-cinder-811032-1-iscsi devstack@n-api.service[93308]: DEBUG nova.api.openstack.wsgi [None req-e50448b6-5f39-4829-931d-21ee4c38b5ec admin admin] Returning 404 to user: Flavor 42 could not be found. {{(pid=93308) __call__ /opt/stack/nova/nova/api/openstack/wsgi.py:936}}
Sep 26 11:16:12.166506 dv-cinder-811032-1-iscsi devstack@n-api.service[93308]: INFO nova.api.openstack.requestlog [None req-e50448b6-5f39-4829-931d-21ee4c38b5ec admin admin] 10.222.0.15 "GET /compute/v2.1/flavors/42" status: 404 len: 75 microversion: 2.90 time: 0.010337
Sep 26 11:16:12.167027 dv-cinder-811032-1-iscsi devstack@n-api.service[93308]: [pid: 93308|app: 0|req: 22/42] 10.222.0.15 () {60 vars in 1191 bytes} [Sun Sep 26 11:16:12 2021] GET /compute/v2.1/flavors/42 => generated 75 bytes in 11 msecs (HTTP/1.1 404) 9 headers in 380 bytes (2 switches on core 0)
Sep 26 11:16:13.516739 dv-cinder-811032-1-iscsi devstack@n-api.service[93309]: DEBUG nova.api.openstack.wsgi [None req-a490b1e1-3042-4766-a9a9-e9095d6b3f20 admin admin] Calling method '>' {{(pid=93309) _process_stack /opt/stack/nova/nova/api/openstack/wsgi.py:513}}
Sep 26 11:16:13.517768 dv-cinder-811032-1-iscsi devstack@n-api.service[93309]: INFO nova.api.openstack.requestlog [None req-a490b1e1-3042-4766-a9a9-e9095d6b3f20 admin admin] 10.222.0.15 "GET /compute/v2.1" status: 200 len: 388 microversion: 2.1 time: 0.001420
Sep 26 11:16:13.518160 dv-cinder-811032-1-iscsi devstack@n-api.service[93309]: [pid: 93309|app: 0|req: 21/43] 10.222.0.15 () {56 vars in 1075 bytes} [Sun Sep 26 11:16:13 2021] GET /compute/v2.1 => generated 388 bytes in 2 msecs (HTTP/1.1 200) 9 headers in 357 bytes (1 switches on core 0)
Sep 26 11:16:13.710037 dv-cinder-811032-1-iscsi devstack@n-api.service[93308]: DEBUG nova.api.openstack.wsgi [None req-d0a3f72a-caa7-4640-95b0-a59eed68d551 admin admin] Calling method '>' {{(pid=93308) _process_stack /opt/stack/nova/nova/api/openstack/wsgi.py:513}}
Sep 26 11:16:13.715752 dv-cinder-811032-1-iscsi devstack@n-api.service[93308]: INFO nova.api.openstack.wsgi [None req-d0a3f72a-caa7-4640-95b0-a59eed68d551 admin admin] HTTP exception thrown: Flavor 84 could not be found.
Sep 26 11:16:13.716570 dv-cinder-811032-1-iscsi devstack@n-api.service[93308]: DEBUG nova.api.openstack.wsgi [None req-d0a3f72a-caa7-4640-95b0-a59eed68d551 admin admin] Returning 404 to user: Flavor 84 could not be found. {{(pid=93308) __call__ /opt/stack/nova/nova/api/openstack/wsgi.py:936}}
Sep 26 11:16:13.718060 dv-cinder-811032-1-iscsi devstack@n-api.service[93308]: INFO nova.api.openstack.requestlog [None req-d0a3f72a-caa7-4640-95b0-a59eed68d551 admin admin] 10.222.0.15 "GET /compute/v2.1/flavors/84" status: 404 len: 75 microversion: 2.90 time: 0.060217
Sep 26 11:16:13.718745 dv-cinder-811032-1-iscsi devstack@n-api.service[93308]: [pid: 93308|app: 0|req: 23/44] 10.222.0.15 () {60 vars in 1191 bytes} [Sun Sep 26 11:16:13 2021] GET /compute/v2.1/flavors/84 => generated 75 bytes in 62 msecs (HTTP/1.1 404) 9 headers in 380 bytes (1 switches on core 0)
Sep 26 11:16:13.728557 dv-cinder-811032-1-iscsi devstack@n-api.service[93309]: DEBUG nova.api.openstack.wsgi [None req-5b2d3f80-4ee2-4488-b2a2-54ee04275006 admin admin] Calling method '>' {{(pid=93309) _process_stack /opt/stack/nova/nova/api/openstack/wsgi.py:513}}
Sep 26 11:16:13.742043 dv-cinder-811032-1-iscsi devstack@n-api.service[93309]: INFO nova.api.openstack.requestlog [None req-5b2d3f80-4ee2-4488-b2a2-54ee04275006 admin admin] 10.222.0.15 "GET /compute/v2.1/flavors?is_public=None" status: 200 len: 2056 microversion: 2.90 time: 0.017136
Sep 26 11:16:13.742578 dv-cinder-811032-1-iscsi devstack@n-api.service[93309]: [pid: 93309|app: 0|req: 22/45] 10.222.0.15 () {60 vars in 1211 bytes} [Sun Sep 26 11:16:13 2021] GET /compute/v2.1/flavors?is_public=None => generated 2056 bytes in 18 msecs (HTTP/1.1 200) 9 headers in 360 bytes (1 switches on core 0)
Sep 26 11:16:13.752467 dv-cinder-811032-1-iscsi devstack@n-api.service[93308]: DEBUG nova.api.openstack.wsgi [None req-fcb8b3b6-6875-417f-b923-928e236e4946 admin admin] Calling method '>' {{(pid=93308) _process_stack /opt/stack/nova/nova/api/openstack/wsgi.py:513}}
Sep 26 11:16:13.766532 dv-cinder-811032-1-iscsi devstack@n-api.service[93308]: INFO nova.api.openstack.requestlog [None req-fcb8b3b6-6875-417f-b923-928e236e4946 admin admin] 10.222.0.15 "GET /compute/v2.1/flavors?is_public=None" status: 200 len: 2056 microversion: 2.90 time: 0.017684
Sep 26 11:16:13.767110 dv-cinder-811032-1-iscsi devstack@n-api.service[93308]: [pid: 93308|app: 0|req: 24/46] 10.222.0.15 () {60 vars in 1211 bytes} [Sun Sep 26 11:16:13 2021] GET /compute/v2.1/flavors?is_public=None => generated 2056 bytes in 19 msecs (HTTP/1.1 200) 9 headers in 360 bytes (2 switches on core 0)
Sep 26 11:16:13.776756 dv-cinder-811032-1-iscsi devstack@n-api.service[93309]: DEBUG nova.api.openstack.wsgi [None req-9e5df8ec-015b-4a72-83a5-a317c8417179 admin admin] Calling method '>' {{(pid=93309) _process_stack /opt/stack/nova/nova/api/openstack/wsgi.py:513}}
Sep 26 11:16:13.782531 dv-cinder-811032-1-iscsi devstack@n-api.service[93309]: INFO nova.api.openstack.wsgi [None req-9e5df8ec-015b-4a72-83a5-a317c8417179 admin admin] HTTP exception thrown: Flavor 84 could not be found.
Sep 26 11:16:13.783135 dv-cinder-811032-1-iscsi devstack@n-api.service[93309]: DEBUG nova.api.openstack.wsgi [None req-9e5df8ec-015b-4a72-83a5-a317c8417179 admin admin] Returning 404 to user: Flavor 84 could not be found. {{(pid=93309) __call__ /opt/stack/nova/nova/api/openstack/wsgi.py:936}}
Sep 26 11:16:13.783911 dv-cinder-811032-1-iscsi devstack@n-api.service[93309]: INFO nova.api.openstack.requestlog [None req-9e5df8ec-015b-4a72-83a5-a317c8417179 admin admin] 10.222.0.15 "GET /compute/v2.1/flavors/84" status: 404 len: 75 microversion: 2.90 time: 0.010669
Sep 26 11:16:13.784391 dv-cinder-811032-1-iscsi devstack@n-api.service[93309]: [pid: 93309|app: 0|req: 23/47] 10.222.0.15 () {60 vars in 1191 bytes} [Sun Sep 26 11:16:13 2021] GET /compute/v2.1/flavors/84 => generated 75 bytes in 12 msecs (HTTP/1.1 404) 9 headers in 380 bytes (1 switches on core 0)
Sep 26 11:16:15.144139 dv-cinder-811032-1-iscsi devstack@n-api.service[93308]: DEBUG nova.api.openstack.wsgi [None req-fcb8b3b6-6875-417f-b923-928e236e4946 admin admin] Calling method '>' {{(pid=93308) _process_stack /opt/stack/nova/nova/api/openstack/wsgi.py:513}}
Sep 26 11:16:15.145178 dv-cinder-811032-1-iscsi devstack@n-api.service[93308]: INFO nova.api.openstack.requestlog [None req-fcb8b3b6-6875-417f-b923-928e236e4946 admin admin] 10.222.0.15 "GET /compute/v2.1" status: 200 len: 388 microversion: 2.1 time: 0.001472
Sep 26 11:16:15.145570 dv-cinder-811032-1-iscsi devstack@n-api.service[93308]: [pid: 93308|app: 0|req: 25/48] 10.222.0.15 () {56 vars in 1075 bytes} [Sun Sep 26 11:16:15 2021] GET /compute/v2.1 => generated 388 bytes in 2 msecs (HTTP/1.1 200) 9 headers in 357 bytes (1 switches on core 0)
Sep 26 11:16:15.335419 dv-cinder-811032-1-iscsi devstack@n-api.service[93309]: DEBUG nova.api.openstack.wsgi [None req-b5ec3e5b-e050-47a8-9a38-0782f7b98aea admin admin] Calling method '>' {{(pid=93309) _process_stack /opt/stack/nova/nova/api/openstack/wsgi.py:513}}
Sep 26 11:16:15.341188 dv-cinder-811032-1-iscsi devstack@n-api.service[93309]: INFO nova.api.openstack.wsgi [None req-b5ec3e5b-e050-47a8-9a38-0782f7b98aea admin admin] HTTP exception thrown: Flavor 451 could not be found.
Sep 26 11:16:15.341742 dv-cinder-811032-1-iscsi devstack@n-api.service[93309]: DEBUG nova.api.openstack.wsgi [None req-b5ec3e5b-e050-47a8-9a38-0782f7b98aea admin admin] Returning 404 to user: Flavor 451 could not be found. {{(pid=93309) __call__ /opt/stack/nova/nova/api/openstack/wsgi.py:936}}
Sep 26 11:16:15.343265 dv-cinder-811032-1-iscsi devstack@n-api.service[93309]: INFO nova.api.openstack.requestlog [None req-b5ec3e5b-e050-47a8-9a38-0782f7b98aea admin admin] 10.222.0.15 "GET /compute/v2.1/flavors/451" status: 404 len: 76 microversion: 2.90 time: 0.059538
Sep 26 11:16:15.343760 dv-cinder-811032-1-iscsi devstack@n-api.service[93309]: [pid: 93309|app: 0|req: 24/49] 10.222.0.15 () {60 vars in 1194 bytes} [Sun Sep 26 11:16:15 2021] GET /compute/v2.1/flavors/451 => generated 76 bytes in 61 msecs (HTTP/1.1 404) 9 headers in 380 bytes (2 switches on core 0)
Sep 26 11:16:15.353365 dv-cinder-811032-1-iscsi devstack@n-api.service[93308]: DEBUG nova.api.openstack.wsgi [None req-03b50423-eee9-498e-8d52-5457172fcde2 admin admin] Calling method '>' {{(pid=93308) _process_stack /opt/stack/nova/nova/api/openstack/wsgi.py:513}}
Sep 26 11:16:15.366614 dv-cinder-811032-1-iscsi devstack@n-api.service[93308]: INFO nova.api.openstack.requestlog [None req-03b50423-eee9-498e-8d52-5457172fcde2 admin admin] 10.222.0.15 "GET /compute/v2.1/flavors?is_public=None" status: 200 len: 2056 microversion: 2.90 time: 0.016681
Sep 26 11:16:15.367149 dv-cinder-811032-1-iscsi devstack@n-api.service[93308]: [pid: 93308|app: 0|req: 26/50] 10.222.0.15 () {60 vars in 1211 bytes} [Sun Sep 26 11:16:15 2021] GET /compute/v2.1/flavors?is_public=None => generated 2056 bytes in 18 msecs (HTTP/1.1 200) 9 headers in 360 bytes (1 switches on core 0)
