Sep 24 03:32:02.717660 dv-cinder-810800-1-smb neutron-server[93935]: DEBUG neutron.plugins.ml2.rpc [None req-c8479f4e-6195-43ab-855c-23795d2fb8b9 None None] Returning: {'device': '0ca6373b-7769-47b4-b63d-0d5884386a4f', 'network_id': '0d08ac02-b884-461a-a63f-4a1db1c98e1e', 'port_id': '0ca6373b-7769-47b4-b63d-0d5884386a4f', 'mac_address': 'fa:16:3e:ff:1c:53', 'admin_state_up': True, 'network_type': 'vlan', 'segmentation_id': 199, 'physical_network': 'physnet1', 'mtu': 1500, 'fixed_ips': [{'subnet_id': 'e255401e-a880-4478-9ffa-7d74c9426cbe', 'ip_address': '172.20.0.7'}], 'device_owner': 'compute:nova', 'allowed_address_pairs': [], 'port_security_enabled': True, 'qos_policy_id': None, 'network_qos_policy_id': None, 'profile': {}, 'propagate_uplink_status': False} {{(pid=93935) _get_device_details /opt/stack/neutron/neutron/plugins/ml2/rpc.py:184}}
Sep 24 03:32:02.763742 dv-cinder-810800-1-smb neutron-server[93935]: DEBUG neutron_lib.callbacks.manager [None req-c8479f4e-6195-43ab-855c-23795d2fb8b9 None None] Notify callbacks ['neutron.plugins.ml2.plugin.SecurityGroupDbMixin._ensure_default_security_group_handler-667170'] for port, before_update {{(pid=93935) _notify_loop /usr/local/lib/python3.8/dist-packages/neutron_lib/callbacks/manager.py:192}}
Sep 24 03:32:02.788642 dv-cinder-810800-1-smb neutron-server[93935]: DEBUG neutron.notifiers.nova [None req-c8479f4e-6195-43ab-855c-23795d2fb8b9 None None] Ignoring state change previous_port_status: DOWN current_port_status: BUILD port_id 0ca6373b-7769-47b4-b63d-0d5884386a4f {{(pid=93935) record_port_status_changed /opt/stack/neutron/neutron/notifiers/nova.py:224}}
Sep 24 03:32:02.802135 dv-cinder-810800-1-smb neutron-server[93933]: DEBUG neutron_lib.callbacks.manager [None req-daed78e4-825a-4945-a196-2428c9b96295 admin admin] Notify callbacks [] for security_group, before_delete {{(pid=93933) _notify_loop /usr/local/lib/python3.8/dist-packages/neutron_lib/callbacks/manager.py:192}}
Sep 24 03:32:02.809239 dv-cinder-810800-1-smb neutron-server[93935]: DEBUG neutron.plugins.ml2.db [None req-c8479f4e-6195-43ab-855c-23795d2fb8b9 None None] For port 0ca6373b-7769-47b4-b63d-0d5884386a4f, host hv-cinder-81080, got binding levels [PortBindingLevel(driver='hyperv',host='hv-cinder-81080',level=0,port_id=0ca6373b-7769-47b4-b63d-0d5884386a4f,segment=NetworkSegment(400dc462-5b3a-4881-8091-91b055bacb36),segment_id=400dc462-5b3a-4881-8091-91b055bacb36)] {{(pid=93935) get_binding_level_objs /opt/stack/neutron/neutron/plugins/ml2/db.py:74}}
Sep 24 03:32:02.815826 dv-cinder-810800-1-smb neutron-server[93935]: DEBUG neutron_lib.callbacks.manager [None req-c8479f4e-6195-43ab-855c-23795d2fb8b9 None None] Notify callbacks ['neutron.plugins.ml2.plugin.SecurityGroupServerNotifierRpcMixin._notify_sg_on_port_change-667233', 'neutron.plugins.ml2.ovo_rpc._ObjectChangeHandler.handle_event-62068', 'neutron.api.rpc.agentnotifiers.dhcp_rpc_agent_api.DhcpAgentNotifyAPI._native_event_send_dhcp_notification-1636810', 'neutron.db.l3_db.L3RpcNotifierMixin._notify_gateway_port_ip_changed-8756389111044', 'neutron.db.l3_dvrscheduler_db._notify_l3_agent_port_update-8756388624595', 'neutron.db.l3_hascheduler_db._notify_l3_agent_ha_port_update-8756388624613'] for port, after_update {{(pid=93935) _notify_loop /usr/local/lib/python3.8/dist-packages/neutron_lib/callbacks/manager.py:192}}
Sep 24 03:32:02.833077 dv-cinder-810800-1-smb neutron-server[93933]: DEBUG neutron_lib.callbacks.manager [None req-daed78e4-825a-4945-a196-2428c9b96295 admin admin] Notify callbacks [] for security_group, precommit_delete {{(pid=93933) _notify_loop /usr/local/lib/python3.8/dist-packages/neutron_lib/callbacks/manager.py:192}}
Sep 24 03:32:02.891731 dv-cinder-810800-1-smb neutron-server[93935]: DEBUG neutron.api.rpc.handlers.resources_rpc [None req-c8479f4e-6195-43ab-855c-23795d2fb8b9 None None] Pushing event updated for resources: {'Port': ['ID=0ca6373b-7769-47b4-b63d-0d5884386a4f,revision_number=4']} {{(pid=93935) push /opt/stack/neutron/neutron/api/rpc/handlers/resources_rpc.py:237}}
Sep 24 03:32:02.919854 dv-cinder-810800-1-smb neutron-server[93933]: DEBUG neutron_lib.callbacks.manager [None req-daed78e4-825a-4945-a196-2428c9b96295 admin admin] Notify callbacks ['neutron.plugins.ml2.ovo_rpc._ObjectChangeHandler.handle_event-1675474'] for security_group, after_delete {{(pid=93933) _notify_loop /usr/local/lib/python3.8/dist-packages/neutron_lib/callbacks/manager.py:192}}
Sep 24 03:32:02.919854 dv-cinder-810800-1-smb neutron-server[93933]: DEBUG neutron_lib.callbacks.manager [None req-daed78e4-825a-4945-a196-2428c9b96295 admin admin] Notify callbacks [] for security_group, before_response {{(pid=93933) _notify_loop /usr/local/lib/python3.8/dist-packages/neutron_lib/callbacks/manager.py:192}}
Sep 24 03:32:02.919854 dv-cinder-810800-1-smb neutron-server[93933]: INFO neutron.wsgi [None req-daed78e4-825a-4945-a196-2428c9b96295 admin admin] 10.222.0.21 "DELETE /v2.0/security-groups/9af56f47-e25c-43a4-8c88-6f85e7786528 HTTP/1.1" status: 204 len: 168 time: 0.2236848
Sep 24 03:32:02.926769 dv-cinder-810800-1-smb neutron-server[93933]: DEBUG neutron.api.rpc.handlers.resources_rpc [None req-daed78e4-825a-4945-a196-2428c9b96295 admin admin] Pushing event deleted for resources: {'SecurityGroup': ['ID=9af56f47-e25c-43a4-8c88-6f85e7786528,revision_number=None']} {{(pid=93933) push /opt/stack/neutron/neutron/api/rpc/handlers/resources_rpc.py:237}}
Sep 24 03:32:03.051739 dv-cinder-810800-1-smb neutron-server[93933]: DEBUG neutron.pecan_wsgi.hooks.policy_enforcement [req-beb9108f-63fb-41b4-9b7d-05da713042f9 req-a83c5102-c37c-4325-8de8-aadbe1f2aed9 tempest-AttachVolumeShelveTestJSON-368966635 tempest-AttachVolumeShelveTestJSON-368966635-project] Attributes excluded by policy engine: ['standard_attr_id', 'binding:profile', 'binding:host_id', 'binding:vif_type', 'binding:vif_details'] {{(pid=93933) _exclude_attributes_by_policy /opt/stack/neutron/neutron/pecan_wsgi/hooks/policy_enforcement.py:255}}
Sep 24 03:32:03.055413 dv-cinder-810800-1-smb neutron-server[93933]: INFO neutron.wsgi [req-beb9108f-63fb-41b4-9b7d-05da713042f9 req-a83c5102-c37c-4325-8de8-aadbe1f2aed9 tempest-AttachVolumeShelveTestJSON-368966635 tempest-AttachVolumeShelveTestJSON-368966635-project] 10.222.0.21 "GET /v2.0/ports?device_id=5a44cf89-3501-4a33-81c9-ed9535b6dd42 HTTP/1.1" status: 200 len: 944 time: 0.0743897
Sep 24 03:32:03.124987 dv-cinder-810800-1-smb neutron-server[93933]: INFO neutron.wsgi [req-beb9108f-63fb-41b4-9b7d-05da713042f9 req-8cdb38c6-da65-4ab6-af90-0f8463dcf389 tempest-AttachVolumeShelveTestJSON-368966635 tempest-AttachVolumeShelveTestJSON-368966635-project] 10.222.0.21 "GET /v2.0/security-groups?id=c1910a03-9b4e-406f-8e5a-3ffe80d20f6f&fields=id&fields=name HTTP/1.1" status: 200 len: 312 time: 0.0635226
Sep 24 03:32:03.151980 dv-cinder-810800-1-smb neutron-server[93935]: DEBUG neutron.plugins.ml2.db [None req-c8479f4e-6195-43ab-855c-23795d2fb8b9 None None] get_ports_and_sgs() called for port_ids ['0ca6373b-7769-47b4-b63d-0d5884386a4f'] {{(pid=93935) get_ports_and_sgs /opt/stack/neutron/neutron/plugins/ml2/db.py:156}}
Sep 24 03:32:03.497379 dv-cinder-810800-1-smb neutron-server[93933]: DEBUG neutron.wsgi [-] (93933) accepted ('10.222.0.21', 48184) {{(pid=93933) server /usr/local/lib/python3.8/dist-packages/eventlet/wsgi.py:982}}
Sep 24 03:32:03.511119 dv-cinder-810800-1-smb neutron-server[93933]: DEBUG neutron_lib.callbacks.manager [None req-2c426bba-d8fe-47f9-8122-5b6623883999 admin admin] Notify callbacks [] for security_group, before_create {{(pid=93933) _notify_loop /usr/local/lib/python3.8/dist-packages/neutron_lib/callbacks/manager.py:192}}
Sep 24 03:32:03.672166 dv-cinder-810800-1-smb neutron-server[93934]: DEBUG neutron.pecan_wsgi.hooks.policy_enforcement [req-ebc9b5e6-cd4f-415c-aed3-e02ee6849db9 req-1ddf33fc-168c-499f-a6d0-399ca8cfe0ca tempest-DeleteServersTestJSON-972983359 tempest-DeleteServersTestJSON-972983359-project] Attributes excluded by policy engine: ['standard_attr_id', 'binding:profile', 'binding:host_id', 'binding:vif_type', 'binding:vif_details'] {{(pid=93934) _exclude_attributes_by_policy /opt/stack/neutron/neutron/pecan_wsgi/hooks/policy_enforcement.py:255}}
Sep 24 03:32:03.680818 dv-cinder-810800-1-smb neutron-server[93934]: INFO neutron.wsgi [req-ebc9b5e6-cd4f-415c-aed3-e02ee6849db9 req-1ddf33fc-168c-499f-a6d0-399ca8cfe0ca tempest-DeleteServersTestJSON-972983359 tempest-DeleteServersTestJSON-972983359-project] 10.222.0.21 "GET /v2.0/ports?device_id=fdfb874c-d975-4a38-b2cb-8f9181adc9c8 HTTP/1.1" status: 200 len: 946 time: 0.0639403
Sep 24 03:32:03.708836 dv-cinder-810800-1-smb neutron-server[93933]: DEBUG neutron_lib.callbacks.manager [None req-2c426bba-d8fe-47f9-8122-5b6623883999 admin admin] Notify callbacks [] for security_group, precommit_create {{(pid=93933) _notify_loop /usr/local/lib/python3.8/dist-packages/neutron_lib/callbacks/manager.py:192}}
Sep 24 03:32:03.718199 dv-cinder-810800-1-smb neutron-server[93933]: DEBUG neutron.pecan_wsgi.hooks.policy_enforcement [req-07f1c91c-d528-4243-bfad-0ac9c71b18ca req-52b383bd-1a78-4935-9fc5-7b313eb2d48a tempest-ServerRescueNegativeTestJSON-2028025524 tempest-ServerRescueNegativeTestJSON-2028025524-project] Attributes excluded by policy engine: ['standard_attr_id', 'binding:profile', 'binding:host_id', 'binding:vif_type', 'binding:vif_details'] {{(pid=93933) _exclude_attributes_by_policy /opt/stack/neutron/neutron/pecan_wsgi/hooks/policy_enforcement.py:255}}
Sep 24 03:32:03.719976 dv-cinder-810800-1-smb neutron-server[93933]: INFO neutron.wsgi [req-07f1c91c-d528-4243-bfad-0ac9c71b18ca req-52b383bd-1a78-4935-9fc5-7b313eb2d48a tempest-ServerRescueNegativeTestJSON-2028025524 tempest-ServerRescueNegativeTestJSON-2028025524-project] 10.222.0.21 "GET /v2.0/ports?device_id=15eecb23-10f6-49c5-a926-9018838dbd98 HTTP/1.1" status: 200 len: 946 time: 0.1060843
Sep 24 03:32:03.721721 dv-cinder-810800-1-smb neutron-server[93933]: DEBUG neutron_lib.callbacks.manager [None req-2c426bba-d8fe-47f9-8122-5b6623883999 admin admin] Notify callbacks ['neutron.plugins.ml2.ovo_rpc._ObjectChangeHandler.handle_event-1675474'] for security_group, after_create {{(pid=93933) _notify_loop /usr/local/lib/python3.8/dist-packages/neutron_lib/callbacks/manager.py:192}}
Sep 24 03:32:03.724741 dv-cinder-810800-1-smb neutron-server[93934]: INFO neutron.wsgi [req-ebc9b5e6-cd4f-415c-aed3-e02ee6849db9 req-c9efacea-4a12-43cf-833c-38f8b066e027 tempest-DeleteServersTestJSON-972983359 tempest-DeleteServersTestJSON-972983359-project] 10.222.0.21 "GET /v2.0/security-groups?id=7f2d881e-71a8-40e2-8459-36ef980bc873&fields=id&fields=name HTTP/1.1" status: 200 len: 286 time: 0.0428855
Sep 24 03:32:03.788645 dv-cinder-810800-1-smb neutron-server[93933]: DEBUG neutron.api.rpc.handlers.resources_rpc [None req-2c426bba-d8fe-47f9-8122-5b6623883999 admin admin] Pushing event updated for resources: {'SecurityGroup': ['ID=90d918c2-4734-44cc-863d-6aa92c08772e,revision_number=1']} {{(pid=93933) push /opt/stack/neutron/neutron/api/rpc/handlers/resources_rpc.py:237}}
Sep 24 03:32:03.794894 dv-cinder-810800-1-smb neutron-server[93933]: INFO neutron.wsgi [None req-2c426bba-d8fe-47f9-8122-5b6623883999 admin admin] 10.222.0.21 "GET /v2.0/security-groups?tenant_id=4d81b46b77f34705ab13587d33955f06&name=default HTTP/1.1" status: 200 len: 2979 time: 0.2965376
Sep 24 03:32:03.797429 dv-cinder-810800-1-smb neutron-server[93933]: DEBUG neutron.wsgi [-] (93933) accepted ('10.222.0.21', 48208) {{(pid=93933) server /usr/local/lib/python3.8/dist-packages/eventlet/wsgi.py:982}}
Sep 24 03:32:03.871071 dv-cinder-810800-1-smb neutron-server[93933]: INFO neutron.wsgi [req-07f1c91c-d528-4243-bfad-0ac9c71b18ca req-66c2b7b0-6feb-4b7c-a06b-d53defd519c6 tempest-ServerRescueNegativeTestJSON-2028025524 tempest-ServerRescueNegativeTestJSON-2028025524-project] 10.222.0.21 "GET /v2.0/security-groups?id=457b6c4d-c09d-4405-ad7b-06a212c482b1&fields=id&fields=name HTTP/1.1" status: 200 len: 286 time: 0.1157925
Sep 24 03:32:03.885585 dv-cinder-810800-1-smb neutron-server[93933]: DEBUG neutron_lib.callbacks.manager [None req-4d0be861-e831-41ea-b788-a2c6ce70a7cc admin admin] Notify callbacks [] for security_group, before_delete {{(pid=93933) _notify_loop /usr/local/lib/python3.8/dist-packages/neutron_lib/callbacks/manager.py:192}}
Sep 24 03:32:03.924867 dv-cinder-810800-1-smb neutron-server[93933]: DEBUG neutron_lib.callbacks.manager [None req-4d0be861-e831-41ea-b788-a2c6ce70a7cc admin admin] Notify callbacks [] for security_group, precommit_delete {{(pid=93933) _notify_loop /usr/local/lib/python3.8/dist-packages/neutron_lib/callbacks/manager.py:192}}
Sep 24 03:32:03.991979 dv-cinder-810800-1-smb neutron-server[93933]: DEBUG neutron_lib.callbacks.manager [None req-4d0be861-e831-41ea-b788-a2c6ce70a7cc admin admin] Notify callbacks ['neutron.plugins.ml2.ovo_rpc._ObjectChangeHandler.handle_event-1675474'] for security_group, after_delete {{(pid=93933) _notify_loop /usr/local/lib/python3.8/dist-packages/neutron_lib/callbacks/manager.py:192}}
Sep 24 03:32:03.996024 dv-cinder-810800-1-smb neutron-server[93933]: DEBUG neutron_lib.callbacks.manager [None req-4d0be861-e831-41ea-b788-a2c6ce70a7cc admin admin] Notify callbacks [] for security_group, before_response {{(pid=93933) _notify_loop /usr/local/lib/python3.8/dist-packages/neutron_lib/callbacks/manager.py:192}}
Sep 24 03:32:03.997408 dv-cinder-810800-1-smb neutron-server[93933]: INFO neutron.wsgi [None req-4d0be861-e831-41ea-b788-a2c6ce70a7cc admin admin] 10.222.0.21 "DELETE /v2.0/security-groups/90d918c2-4734-44cc-863d-6aa92c08772e HTTP/1.1" status: 204 len: 168 time: 0.1989949
Sep 24 03:32:04.014035 dv-cinder-810800-1-smb neutron-server[93933]: DEBUG neutron.api.rpc.handlers.resources_rpc [None req-4d0be861-e831-41ea-b788-a2c6ce70a7cc admin admin] Pushing event deleted for resources: {'SecurityGroup': ['ID=90d918c2-4734-44cc-863d-6aa92c08772e,revision_number=None']} {{(pid=93933) push /opt/stack/neutron/neutron/api/rpc/handlers/resources_rpc.py:237}}
Sep 24 03:32:04.017083 dv-cinder-810800-1-smb neutron-server[93934]: DEBUG neutron.pecan_wsgi.hooks.policy_enforcement [req-5545a4bd-bb61-4276-848e-3603cc394e30 req-a3ccdcf4-631f-4c31-bd1b-d304e417fe4f tempest-AttachVolumeNegativeTest-1413191581 tempest-AttachVolumeNegativeTest-1413191581-project] Attributes excluded by policy engine: ['standard_attr_id', 'vlan_transparent', 'provider:network_type', 'provider:physical_network', 'provider:segmentation_id'] {{(pid=93934) _exclude_attributes_by_policy /opt/stack/neutron/neutron/pecan_wsgi/hooks/policy_enforcement.py:255}}
Sep 24 03:32:04.031049 dv-cinder-810800-1-smb neutron-server[93934]: INFO neutron.wsgi [req-5545a4bd-bb61-4276-848e-3603cc394e30 req-a3ccdcf4-631f-4c31-bd1b-d304e417fe4f tempest-AttachVolumeNegativeTest-1413191581 tempest-AttachVolumeNegativeTest-1413191581-project] 10.222.0.21 "GET /v2.0/networks?id=bc281972-6598-41da-8040-daa77bfe73d6 HTTP/1.1" status: 200 len: 814 time: 0.1847436
Sep 24 03:32:04.063191 dv-cinder-810800-1-smb neutron-server[93934]: INFO neutron.wsgi [req-5545a4bd-bb61-4276-848e-3603cc394e30 req-7558d82e-cb7f-4631-94b0-70846ed705aa tempest-AttachVolumeNegativeTest-1413191581 tempest-AttachVolumeNegativeTest-1413191581-project] 10.222.0.21 "GET /v2.0/quotas/41664021447b49b3a5faa652385e59f1 HTTP/1.1" status: 200 len: 375 time: 0.0311389
Sep 24 03:32:04.125857 dv-cinder-810800-1-smb neutron-server[93934]: INFO neutron.wsgi [req-5545a4bd-bb61-4276-848e-3603cc394e30 req-4c6ad597-2d69-4a77-a333-368113143586 tempest-AttachVolumeNegativeTest-1413191581 tempest-AttachVolumeNegativeTest-1413191581-project] 10.222.0.21 "GET /v2.0/ports?tenant_id=41664021447b49b3a5faa652385e59f1&fields=id HTTP/1.1" status: 200 len: 255 time: 0.0610006
Sep 24 03:32:04.274787 dv-cinder-810800-1-smb neutron-server[93934]: INFO neutron.wsgi [req-5545a4bd-bb61-4276-848e-3603cc394e30 req-b37bc476-402d-408f-a968-b44a0ff04c8a service neutron] 10.222.0.21 "GET /v2.0/networks/bc281972-6598-41da-8040-daa77bfe73d6?fields=segments HTTP/1.1" status: 200 len: 212 time: 0.1472383
Sep 24 03:32:04.302998 dv-cinder-810800-1-smb neutron-server[93933]: DEBUG neutron.pecan_wsgi.hooks.policy_enforcement [req-3df6f700-7b45-4f52-8913-3bd09894e3d0 req-644cdbe7-1c9e-4763-870c-cd075aed28b1 tempest-AttachVolumeShelveTestJSON-368966635 tempest-AttachVolumeShelveTestJSON-368966635-project] Attributes excluded by policy engine: ['standard_attr_id', 'binding:profile', 'binding:host_id', 'binding:vif_type', 'binding:vif_details'] {{(pid=93933) _exclude_attributes_by_policy /opt/stack/neutron/neutron/pecan_wsgi/hooks/policy_enforcement.py:255}}
Sep 24 03:32:04.310449 dv-cinder-810800-1-smb neutron-server[93933]: INFO neutron.wsgi [req-3df6f700-7b45-4f52-8913-3bd09894e3d0 req-644cdbe7-1c9e-4763-870c-cd075aed28b1 tempest-AttachVolumeShelveTestJSON-368966635 tempest-AttachVolumeShelveTestJSON-368966635-project] 10.222.0.21 "GET /v2.0/ports?device_id=5a44cf89-3501-4a33-81c9-ed9535b6dd42 HTTP/1.1" status: 200 len: 944 time: 0.0768666
Sep 24 03:32:04.385338 dv-cinder-810800-1-smb neutron-server[93934]: INFO neutron.wsgi [req-5545a4bd-bb61-4276-848e-3603cc394e30 req-da7b987a-d369-4670-abde-49e14da246d7 service neutron] 10.222.0.21 "GET /v2.0/networks/bc281972-6598-41da-8040-daa77bfe73d6?fields=provider%3Aphysical_network&fields=provider%3Anetwork_type HTTP/1.1" status: 200 len: 281 time: 0.1042736
Sep 24 03:32:04.401494 dv-cinder-810800-1-smb neutron-server[93933]: INFO neutron.wsgi [req-3df6f700-7b45-4f52-8913-3bd09894e3d0 req-73acdb3b-321f-42f9-b755-a3d1c5f544d8 tempest-AttachVolumeShelveTestJSON-368966635 tempest-AttachVolumeShelveTestJSON-368966635-project] 10.222.0.21 "GET /v2.0/security-groups?id=c1910a03-9b4e-406f-8e5a-3ffe80d20f6f&fields=id&fields=name HTTP/1.1" status: 200 len: 312 time: 0.0801859
Sep 24 03:32:04.618654 dv-cinder-810800-1-smb neutron-server[93933]: INFO neutron.wsgi [req-27b6c02e-41d2-4a58-b696-182f0d6ffee5 req-22576a1f-d9fb-4415-8d81-0ce1c0cd339c tempest-AttachVolumeNegativeTest-1413191581 tempest-AttachVolumeNegativeTest-1413191581-project] 10.222.0.21 "GET /v2.0/ports?device_id=cee54f6d-3770-4728-8b82-c232d2ee1262 HTTP/1.1" status: 200 len: 210 time: 0.0429525
Sep 24 03:32:04.623013 dv-cinder-810800-1-smb neutron-server[93935]: DEBUG neutron.plugins.ml2.rpc [None req-c8479f4e-6195-43ab-855c-23795d2fb8b9 None None] Device 0ca6373b-7769-47b4-b63d-0d5884386a4f up at agent hyperv_hv-cinder-81080 {{(pid=93935) update_device_up /opt/stack/neutron/neutron/plugins/ml2/rpc.py:296}}
Sep 24 03:32:04.750480 dv-cinder-810800-1-smb neutron-server[93935]: DEBUG neutron.db.provisioning_blocks [None req-c8479f4e-6195-43ab-855c-23795d2fb8b9 None None] Provisioning for port 0ca6373b-7769-47b4-b63d-0d5884386a4f completed by entity L2. {{(pid=93935) provisioning_complete /opt/stack/neutron/neutron/db/provisioning_blocks.py:133}}
Sep 24 03:32:04.755120 dv-cinder-810800-1-smb neutron-server[93935]: DEBUG neutron.db.provisioning_blocks [None req-c8479f4e-6195-43ab-855c-23795d2fb8b9 None None] Provisioning complete for port 0ca6373b-7769-47b4-b63d-0d5884386a4f triggered by entity L2. {{(pid=93935) provisioning_complete /opt/stack/neutron/neutron/db/provisioning_blocks.py:139}}
Sep 24 03:32:04.755555 dv-cinder-810800-1-smb neutron-server[93935]: DEBUG neutron_lib.callbacks.manager [None req-c8479f4e-6195-43ab-855c-23795d2fb8b9 None None] Notify callbacks ['neutron.plugins.ml2.plugin.Ml2Plugin._port_provisioned-708606'] for port, provisioning_complete {{(pid=93935) _notify_loop /usr/local/lib/python3.8/dist-packages/neutron_lib/callbacks/manager.py:192}}
Sep 24 03:32:04.889863 dv-cinder-810800-1-smb neutron-server[93935]: DEBUG neutron_lib.callbacks.manager [None req-c8479f4e-6195-43ab-855c-23795d2fb8b9 None None] Notify callbacks ['neutron.plugins.ml2.plugin.SecurityGroupDbMixin._ensure_default_security_group_handler-667170'] for port, before_update {{(pid=93935) _notify_loop /usr/local/lib/python3.8/dist-packages/neutron_lib/callbacks/manager.py:192}}
Sep 24 03:32:04.896920 dv-cinder-810800-1-smb neutron-server[93934]: DEBUG neutron.pecan_wsgi.hooks.policy_enforcement [req-aa2fb866-ace3-4b55-887e-1a5a83907080 req-1ce577ac-dc5b-4036-8885-fc8dc3301096 tempest-DeleteServersTestJSON-972983359 tempest-DeleteServersTestJSON-972983359-project] Attributes excluded by policy engine: ['standard_attr_id', 'binding:profile', 'binding:host_id', 'binding:vif_type', 'binding:vif_details'] {{(pid=93934) _exclude_attributes_by_policy /opt/stack/neutron/neutron/pecan_wsgi/hooks/policy_enforcement.py:255}}
Sep 24 03:32:04.899953 dv-cinder-810800-1-smb neutron-server[93934]: INFO neutron.wsgi [req-aa2fb866-ace3-4b55-887e-1a5a83907080 req-1ce577ac-dc5b-4036-8885-fc8dc3301096 tempest-DeleteServersTestJSON-972983359 tempest-DeleteServersTestJSON-972983359-project] 10.222.0.21 "GET /v2.0/ports?device_id=fdfb874c-d975-4a38-b2cb-8f9181adc9c8 HTTP/1.1" status: 200 len: 946 time: 0.0732236
Sep 24 03:32:04.934204 dv-cinder-810800-1-smb neutron-server[93935]: DEBUG neutron.plugins.ml2.db [None req-c8479f4e-6195-43ab-855c-23795d2fb8b9 None None] For port 0ca6373b-7769-47b4-b63d-0d5884386a4f, host hv-cinder-81080, got binding levels [PortBindingLevel(driver='hyperv',host='hv-cinder-81080',level=0,port_id=0ca6373b-7769-47b4-b63d-0d5884386a4f,segment=NetworkSegment(400dc462-5b3a-4881-8091-91b055bacb36),segment_id=400dc462-5b3a-4881-8091-91b055bacb36)] {{(pid=93935) get_binding_level_objs /opt/stack/neutron/neutron/plugins/ml2/db.py:74}}
Sep 24 03:32:04.935594 dv-cinder-810800-1-smb neutron-server[93935]: DEBUG neutron.notifiers.nova [-] Sending events: [{'server_uuid': '5a44cf89-3501-4a33-81c9-ed9535b6dd42', 'name': 'network-vif-plugged', 'status': 'completed', 'tag': '0ca6373b-7769-47b4-b63d-0d5884386a4f'}] {{(pid=93935) send_events /opt/stack/neutron/neutron/notifiers/nova.py:262}}
Sep 24 03:32:04.938988 dv-cinder-810800-1-smb neutron-server[93935]: DEBUG novaclient.v2.client [-] REQ: curl -g -i --cacert "/opt/stack/data/ca-bundle.pem" -X POST http://10.222.0.21/compute/v2.1/os-server-external-events -H "Accept: application/json" -H "Content-Type: application/json" -H "User-Agent: python-novaclient" -H "X-Auth-Token: {SHA256}285b216151ef1dbf46911335f1cc6fbc780477503c4181172e3ea4386d0f7f2d" -H "X-OpenStack-Nova-API-Version: 2.1" -H "X-OpenStack-Request-ID: req-219b3d0f-f698-4ef9-b1fa-7120a1e1b43c" -d '{"events": [{"server_uuid": "5a44cf89-3501-4a33-81c9-ed9535b6dd42", "name": "network-vif-plugged", "status": "completed", "tag": "0ca6373b-7769-47b4-b63d-0d5884386a4f"}]}' {{(pid=93935) _http_log_request /usr/local/lib/python3.8/dist-packages/keystoneauth1/session.py:519}}
Sep 24 03:32:04.949415 dv-cinder-810800-1-smb neutron-server[93935]: DEBUG neutron_lib.callbacks.manager [None req-c8479f4e-6195-43ab-855c-23795d2fb8b9 None None] Notify callbacks ['neutron.plugins.ml2.plugin.SecurityGroupServerNotifierRpcMixin._notify_sg_on_port_change-667233', 'neutron.plugins.ml2.ovo_rpc._ObjectChangeHandler.handle_event-62068', 'neutron.api.rpc.agentnotifiers.dhcp_rpc_agent_api.DhcpAgentNotifyAPI._native_event_send_dhcp_notification-1636810', 'neutron.db.l3_db.L3RpcNotifierMixin._notify_gateway_port_ip_changed-8756389111044', 'neutron.db.l3_dvrscheduler_db._notify_l3_agent_port_update-8756388624595', 'neutron.db.l3_hascheduler_db._notify_l3_agent_ha_port_update-8756388624613'] for port, after_update {{(pid=93935) _notify_loop /usr/local/lib/python3.8/dist-packages/neutron_lib/callbacks/manager.py:192}}
Sep 24 03:32:05.000598 dv-cinder-810800-1-smb neutron-server[93934]: INFO neutron.wsgi [req-aa2fb866-ace3-4b55-887e-1a5a83907080 req-f691173b-4ccf-46c3-adc8-2b6c92993d72 tempest-DeleteServersTestJSON-972983359 tempest-DeleteServersTestJSON-972983359-project] 10.222.0.21 "GET /v2.0/security-groups?id=7f2d881e-71a8-40e2-8459-36ef980bc873&fields=id&fields=name HTTP/1.1" status: 200 len: 286 time: 0.0937126
Sep 24 03:32:05.029888 dv-cinder-810800-1-smb neutron-server[93935]: DEBUG neutron.api.rpc.handlers.resources_rpc [None req-c8479f4e-6195-43ab-855c-23795d2fb8b9 None None] Pushing event updated for resources: {'Port': ['ID=0ca6373b-7769-47b4-b63d-0d5884386a4f,revision_number=5']} {{(pid=93935) push /opt/stack/neutron/neutron/api/rpc/handlers/resources_rpc.py:237}}
Sep 24 03:32:05.064315 dv-cinder-810800-1-smb neutron-server[93933]: DEBUG neutron.pecan_wsgi.hooks.policy_enforcement [req-3da2f3cd-921c-4a30-ab6d-573f76a2db31 req-b29d82c2-a90d-4c62-b272-b1f0cb470f10 tempest-ServerRescueNegativeTestJSON-2028025524 tempest-ServerRescueNegativeTestJSON-2028025524-project] Attributes excluded by policy engine: ['standard_attr_id', 'binding:profile', 'binding:host_id', 'binding:vif_type', 'binding:vif_details'] {{(pid=93933) _exclude_attributes_by_policy /opt/stack/neutron/neutron/pecan_wsgi/hooks/policy_enforcement.py:255}}
Sep 24 03:32:05.066457 dv-cinder-810800-1-smb neutron-server[93935]: DEBUG novaclient.v2.client [-] RESP: [200] Connection: close Content-Length: 183 Content-Type: application/json Date: Fri, 24 Sep 2021 03:32:04 GMT OpenStack-API-Version: compute 2.1 Server: Apache/2.4.41 (Ubuntu) Vary: OpenStack-API-Version,X-OpenStack-Nova-API-Version X-OpenStack-Nova-API-Version: 2.1 x-compute-request-id: req-43152f74-5ed8-48ec-989d-9f1e7debdcc2 x-openstack-request-id: req-43152f74-5ed8-48ec-989d-9f1e7debdcc2 {{(pid=93935) _http_log_response /usr/local/lib/python3.8/dist-packages/keystoneauth1/session.py:550}}
Sep 24 03:32:05.066752 dv-cinder-810800-1-smb neutron-server[93935]: DEBUG novaclient.v2.client [-] RESP BODY: {"events": [{"server_uuid": "5a44cf89-3501-4a33-81c9-ed9535b6dd42", "name": "network-vif-plugged", "status": "completed", "tag": "0ca6373b-7769-47b4-b63d-0d5884386a4f", "code": 200}]} {{(pid=93935) _http_log_response /usr/local/lib/python3.8/dist-packages/keystoneauth1/session.py:582}}
Sep 24 03:32:05.067009 dv-cinder-810800-1-smb neutron-server[93935]: DEBUG novaclient.v2.client [-] POST call to compute for http://10.222.0.21/compute/v2.1/os-server-external-events used request id req-43152f74-5ed8-48ec-989d-9f1e7debdcc2 {{(pid=93935) request /usr/local/lib/python3.8/dist-packages/keystoneauth1/session.py:954}}
Sep 24 03:32:05.067667 dv-cinder-810800-1-smb neutron-server[93935]: INFO neutron.notifiers.nova [-] Nova event response: {'server_uuid': '5a44cf89-3501-4a33-81c9-ed9535b6dd42', 'name': 'network-vif-plugged', 'status': 'completed', 'tag': '0ca6373b-7769-47b4-b63d-0d5884386a4f', 'code': 200}
Sep 24 03:32:05.067919 dv-cinder-810800-1-smb neutron-server[93933]: INFO neutron.wsgi [req-3da2f3cd-921c-4a30-ab6d-573f76a2db31 req-b29d82c2-a90d-4c62-b272-b1f0cb470f10 tempest-ServerRescueNegativeTestJSON-2028025524 tempest-ServerRescueNegativeTestJSON-2028025524-project] 10.222.0.21 "GET /v2.0/ports?device_id=15eecb23-10f6-49c5-a926-9018838dbd98 HTTP/1.1" status: 200 len: 946 time: 0.0766890
Sep 24 03:32:05.128177 dv-cinder-810800-1-smb neutron-server[93933]: INFO neutron.wsgi [req-3da2f3cd-921c-4a30-ab6d-573f76a2db31 req-0b9f33f6-45ef-45ba-b2b9-5cdb016950a4 tempest-ServerRescueNegativeTestJSON-2028025524 tempest-ServerRescueNegativeTestJSON-2028025524-project] 10.222.0.21 "GET /v2.0/security-groups?id=457b6c4d-c09d-4405-ad7b-06a212c482b1&fields=id&fields=name HTTP/1.1" status: 200 len: 286 time: 0.0538771
Sep 24 03:32:05.316461 dv-cinder-810800-1-smb neutron-server[93934]: DEBUG neutron.pecan_wsgi.hooks.policy_enforcement [req-84581111-6240-4db8-afb2-49b83d51d4ab req-7c3ed08f-2f1b-41fb-a9a9-2d5eec337076 service neutron] Attributes excluded by policy engine: ['standard_attr_id'] {{(pid=93934) _exclude_attributes_by_policy /opt/stack/neutron/neutron/pecan_wsgi/hooks/policy_enforcement.py:255}}
Sep 24 03:32:05.318223 dv-cinder-810800-1-smb neutron-server[93934]: INFO neutron.wsgi [req-84581111-6240-4db8-afb2-49b83d51d4ab req-7c3ed08f-2f1b-41fb-a9a9-2d5eec337076 service neutron] 10.222.0.55 "GET /v2.0/ports?device_id=5a44cf89-3501-4a33-81c9-ed9535b6dd42 HTTP/1.1" status: 200 len: 1098 time: 0.0576046
Sep 24 03:32:05.365745 dv-cinder-810800-1-smb neutron-server[93934]: INFO neutron.wsgi [req-84581111-6240-4db8-afb2-49b83d51d4ab req-1a0d7274-bd98-488a-b79f-37089c754e29 service neutron] 10.222.0.55 "GET /v2.0/security-groups?id=c1910a03-9b4e-406f-8e5a-3ffe80d20f6f&fields=id&fields=name HTTP/1.1" status: 200 len: 312 time: 0.0367084
Sep 24 03:32:05.385416 dv-cinder-810800-1-smb neutron-server[93934]: DEBUG neutron.wsgi [-] (93934) accepted ('10.222.0.21', 48310) {{(pid=93934) server /usr/local/lib/python3.8/dist-packages/eventlet/wsgi.py:982}}
Sep 24 03:32:05.515514 dv-cinder-810800-1-smb neutron-server[93934]: DEBUG neutron_lib.callbacks.manager [None req-08f132f6-b68f-44a2-b342-a9419a0ca14e admin admin] Notify callbacks [] for security_group, before_create {{(pid=93934) _notify_loop /usr/local/lib/python3.8/dist-packages/neutron_lib/callbacks/manager.py:192}}
Sep 24 03:32:05.553302 dv-cinder-810800-1-smb neutron-server[93934]: DEBUG neutron.pecan_wsgi.hooks.policy_enforcement [req-71c3d131-6f3f-4400-bad1-0559632f2694 req-b031d8c9-10cf-4ec2-96e2-67a3a3d6ed5d tempest-AttachVolumeShelveTestJSON-368966635 tempest-AttachVolumeShelveTestJSON-368966635-project] Attributes excluded by policy engine: ['standard_attr_id', 'binding:profile', 'binding:host_id', 'binding:vif_type', 'binding:vif_details'] {{(pid=93934) _exclude_attributes_by_policy /opt/stack/neutron/neutron/pecan_wsgi/hooks/policy_enforcement.py:255}}
Sep 24 03:32:05.554796 dv-cinder-810800-1-smb neutron-server[93934]: INFO neutron.wsgi [req-71c3d131-6f3f-4400-bad1-0559632f2694 req-b031d8c9-10cf-4ec2-96e2-67a3a3d6ed5d tempest-AttachVolumeShelveTestJSON-368966635 tempest-AttachVolumeShelveTestJSON-368966635-project] 10.222.0.21 "GET /v2.0/ports?device_id=5a44cf89-3501-4a33-81c9-ed9535b6dd42 HTTP/1.1" status: 200 len: 945 time: 0.0787354
Sep 24 03:32:05.625776 dv-cinder-810800-1-smb neutron-server[93934]: INFO neutron.wsgi [req-71c3d131-6f3f-4400-bad1-0559632f2694 req-cd23d329-fd1f-40f7-8c3c-32b66cfede34 tempest-AttachVolumeShelveTestJSON-368966635 tempest-AttachVolumeShelveTestJSON-368966635-project] 10.222.0.21 "GET /v2.0/security-groups?id=c1910a03-9b4e-406f-8e5a-3ffe80d20f6f&fields=id&fields=name HTTP/1.1" status: 200 len: 312 time: 0.0588517
Sep 24 03:32:05.715588 dv-cinder-810800-1-smb neutron-server[93934]: DEBUG neutron_lib.callbacks.manager [None req-08f132f6-b68f-44a2-b342-a9419a0ca14e admin admin] Notify callbacks [] for security_group, precommit_create {{(pid=93934) _notify_loop /usr/local/lib/python3.8/dist-packages/neutron_lib/callbacks/manager.py:192}}
Sep 24 03:32:05.723028 dv-cinder-810800-1-smb neutron-server[93934]: DEBUG neutron_lib.callbacks.manager [None req-08f132f6-b68f-44a2-b342-a9419a0ca14e admin admin] Notify callbacks ['neutron.plugins.ml2.ovo_rpc._ObjectChangeHandler.handle_event-1675474'] for security_group, after_create {{(pid=93934) _notify_loop /usr/local/lib/python3.8/dist-packages/neutron_lib/callbacks/manager.py:192}}
Sep 24 03:32:05.769669 dv-cinder-810800-1-smb neutron-server[93933]: INFO neutron.wsgi [req-4e5f19ba-37c4-45ac-b662-ccbaa94139aa req-df022923-9865-404b-b05b-5d967c08a603 tempest-AttachVolumeNegativeTest-1413191581 tempest-AttachVolumeNegativeTest-1413191581-project] 10.222.0.21 "GET /v2.0/ports?device_id=cee54f6d-3770-4728-8b82-c232d2ee1262 HTTP/1.1" status: 200 len: 210 time: 0.0534976
Sep 24 03:32:05.786309 dv-cinder-810800-1-smb neutron-server[93934]: INFO neutron.wsgi [None req-08f132f6-b68f-44a2-b342-a9419a0ca14e admin admin] 10.222.0.21 "GET /v2.0/security-groups?tenant_id=a7176c649584423c805e1a0d95ed7de3&name=default HTTP/1.1" status: 200 len: 2979 time: 0.3981001
Sep 24 03:32:05.786309 dv-cinder-810800-1-smb neutron-server[93934]: DEBUG neutron.api.rpc.handlers.resources_rpc [None req-08f132f6-b68f-44a2-b342-a9419a0ca14e admin admin] Pushing event updated for resources: {'SecurityGroup': ['ID=55b98968-dc96-4116-b1e7-32897694e8ec,revision_number=1']} {{(pid=93934) push /opt/stack/neutron/neutron/api/rpc/handlers/resources_rpc.py:237}}
Sep 24 03:32:05.787556 dv-cinder-810800-1-smb neutron-server[93933]: DEBUG neutron.wsgi [-] (93933) accepted ('10.222.0.21', 48342) {{(pid=93933) server /usr/local/lib/python3.8/dist-packages/eventlet/wsgi.py:982}}
Sep 24 03:32:05.850598 dv-cinder-810800-1-smb neutron-server[93933]: DEBUG neutron_lib.callbacks.manager [None req-998124d8-4bc6-4328-a46b-3e81f252ad17 admin admin] Notify callbacks [] for security_group, before_delete {{(pid=93933) _notify_loop /usr/local/lib/python3.8/dist-packages/neutron_lib/callbacks/manager.py:192}}
Sep 24 03:32:05.881629 dv-cinder-810800-1-smb neutron-server[93933]: DEBUG neutron_lib.callbacks.manager [None req-998124d8-4bc6-4328-a46b-3e81f252ad17 admin admin] Notify callbacks [] for security_group, precommit_delete {{(pid=93933) _notify_loop /usr/local/lib/python3.8/dist-packages/neutron_lib/callbacks/manager.py:192}}
Sep 24 03:32:05.945808 dv-cinder-810800-1-smb neutron-server[93933]: DEBUG neutron_lib.callbacks.manager [None req-998124d8-4bc6-4328-a46b-3e81f252ad17 admin admin] Notify callbacks ['neutron.plugins.ml2.ovo_rpc._ObjectChangeHandler.handle_event-1675474'] for security_group, after_delete {{(pid=93933) _notify_loop /usr/local/lib/python3.8/dist-packages/neutron_lib/callbacks/manager.py:192}}
Sep 24 03:32:05.948646 dv-cinder-810800-1-smb neutron-server[93933]: DEBUG neutron_lib.callbacks.manager [None req-998124d8-4bc6-4328-a46b-3e81f252ad17 admin admin] Notify callbacks [] for security_group, before_response {{(pid=93933) _notify_loop /usr/local/lib/python3.8/dist-packages/neutron_lib/callbacks/manager.py:192}}
Sep 24 03:32:05.953172 dv-cinder-810800-1-smb neutron-server[93933]: INFO neutron.wsgi [None req-998124d8-4bc6-4328-a46b-3e81f252ad17 admin admin] 10.222.0.21 "DELETE /v2.0/security-groups/55b98968-dc96-4116-b1e7-32897694e8ec HTTP/1.1" status: 204 len: 168 time: 0.1643229
Sep 24 03:32:05.962046 dv-cinder-810800-1-smb neutron-server[93933]: DEBUG neutron.api.rpc.handlers.resources_rpc [None req-998124d8-4bc6-4328-a46b-3e81f252ad17 admin admin] Pushing event deleted for resources: {'SecurityGroup': ['ID=55b98968-dc96-4116-b1e7-32897694e8ec,revision_number=None']} {{(pid=93933) push /opt/stack/neutron/neutron/api/rpc/handlers/resources_rpc.py:237}}
Sep 24 03:32:06.088353 dv-cinder-810800-1-smb neutron-server[93934]: DEBUG neutron.pecan_wsgi.hooks.policy_enforcement [req-d59ca4e1-623f-4275-a263-588c6a291c4c req-c18e8765-7815-4d50-992f-9d24629cbca4 tempest-DeleteServersTestJSON-972983359 tempest-DeleteServersTestJSON-972983359-project] Attributes excluded by policy engine: ['standard_attr_id', 'binding:profile', 'binding:host_id', 'binding:vif_type', 'binding:vif_details'] {{(pid=93934) _exclude_attributes_by_policy /opt/stack/neutron/neutron/pecan_wsgi/hooks/policy_enforcement.py:255}}
Sep 24 03:32:06.090744 dv-cinder-810800-1-smb neutron-server[93934]: INFO neutron.wsgi [req-d59ca4e1-623f-4275-a263-588c6a291c4c req-c18e8765-7815-4d50-992f-9d24629cbca4 tempest-DeleteServersTestJSON-972983359 tempest-DeleteServersTestJSON-972983359-project] 10.222.0.55 "GET /v2.0/ports?device_id=fdfb874c-d975-4a38-b2cb-8f9181adc9c8 HTTP/1.1" status: 200 len: 946 time: 0.0538845
Sep 24 03:32:06.265323 dv-cinder-810800-1-smb neutron-server[93934]: DEBUG neutron.pecan_wsgi.hooks.policy_enforcement [req-f7478c11-0a29-4160-8eba-06ce69cb7089 req-d2f392f7-b47a-418f-a020-c82f94f2c3bd tempest-DeleteServersTestJSON-972983359 tempest-DeleteServersTestJSON-972983359-project] Attributes excluded by policy engine: ['standard_attr_id', 'binding:profile', 'binding:host_id', 'binding:vif_type', 'binding:vif_details'] {{(pid=93934) _exclude_attributes_by_policy /opt/stack/neutron/neutron/pecan_wsgi/hooks/policy_enforcement.py:255}}
Sep 24 03:32:06.273709 dv-cinder-810800-1-smb neutron-server[93934]: INFO neutron.wsgi [req-f7478c11-0a29-4160-8eba-06ce69cb7089 req-d2f392f7-b47a-418f-a020-c82f94f2c3bd tempest-DeleteServersTestJSON-972983359 tempest-DeleteServersTestJSON-972983359-project] 10.222.0.21 "GET /v2.0/ports?device_id=fdfb874c-d975-4a38-b2cb-8f9181adc9c8 HTTP/1.1" status: 200 len: 946 time: 0.1817448
Sep 24 03:32:06.323815 dv-cinder-810800-1-smb neutron-server[93933]: DEBUG neutron.wsgi [-] (93933) accepted ('10.222.0.21', 48366) {{(pid=93933) server /usr/local/lib/python3.8/dist-packages/eventlet/wsgi.py:982}}
Sep 24 03:32:06.354473 dv-cinder-810800-1-smb neutron-server[93934]: INFO neutron.wsgi [req-f7478c11-0a29-4160-8eba-06ce69cb7089 req-f67b636d-124b-4fd4-9a8c-8617648c158c tempest-DeleteServersTestJSON-972983359 tempest-DeleteServersTestJSON-972983359-project] 10.222.0.21 "GET /v2.0/security-groups?id=7f2d881e-71a8-40e2-8459-36ef980bc873&fields=id&fields=name HTTP/1.1" status: 200 len: 286 time: 0.0797153
Sep 24 03:32:06.356130 dv-cinder-810800-1-smb neutron-server[93933]: DEBUG neutron.pecan_wsgi.hooks.policy_enforcement [req-d5aed62f-531b-4766-bd9d-ab76cc4728ec req-98d1c284-d623-4e33-9890-9c25ff9c114d tempest-ServerRescueNegativeTestJSON-2028025524 tempest-ServerRescueNegativeTestJSON-2028025524-project] Attributes excluded by policy engine: ['standard_attr_id', 'binding:profile', 'binding:host_id', 'binding:vif_type', 'binding:vif_details'] {{(pid=93933) _exclude_attributes_by_policy /opt/stack/neutron/neutron/pecan_wsgi/hooks/policy_enforcement.py:255}}
Sep 24 03:32:06.358711 dv-cinder-810800-1-smb neutron-server[93933]: INFO neutron.wsgi [req-d5aed62f-531b-4766-bd9d-ab76cc4728ec req-98d1c284-d623-4e33-9890-9c25ff9c114d tempest-ServerRescueNegativeTestJSON-2028025524 tempest-ServerRescueNegativeTestJSON-2028025524-project] 10.222.0.21 "GET /v2.0/ports?device_id=15eecb23-10f6-49c5-a926-9018838dbd98 HTTP/1.1" status: 200 len: 946 time: 0.1201544
Sep 24 03:32:06.424602 dv-cinder-810800-1-smb neutron-server[93934]: DEBUG neutron.plugins.ml2.plugin [req-d59ca4e1-623f-4275-a263-588c6a291c4c req-c0ec5c19-2784-4c28-a264-f49f20a2836d tempest-DeleteServersTestJSON-972983359 tempest-DeleteServersTestJSON-972983359-project] Deleting port 0b7ef6e2-bf99-404c-a7a0-3774dc416a0c {{(pid=93934) _pre_delete_port /opt/stack/neutron/neutron/plugins/ml2/plugin.py:1931}}
Sep 24 03:32:06.424836 dv-cinder-810800-1-smb neutron-server[93934]: DEBUG neutron_lib.callbacks.manager [req-d59ca4e1-623f-4275-a263-588c6a291c4c req-c0ec5c19-2784-4c28-a264-f49f20a2836d tempest-DeleteServersTestJSON-972983359 tempest-DeleteServersTestJSON-972983359-project] Notify callbacks ['neutron.db.l3_db.L3_NAT_dbonly_mixin._prevent_l3_port_delete_callback-8756389105960'] for port, before_delete {{(pid=93934) _notify_loop /usr/local/lib/python3.8/dist-packages/neutron_lib/callbacks/manager.py:192}}
Sep 24 03:32:06.473586 dv-cinder-810800-1-smb neutron-server[93933]: INFO neutron.wsgi [req-d5aed62f-531b-4766-bd9d-ab76cc4728ec req-dfde80f5-22ad-4915-a24c-888e1fc1bec8 tempest-ServerRescueNegativeTestJSON-2028025524 tempest-ServerRescueNegativeTestJSON-2028025524-project] 10.222.0.21 "GET /v2.0/security-groups?id=457b6c4d-c09d-4405-ad7b-06a212c482b1&fields=id&fields=name HTTP/1.1" status: 200 len: 286 time: 0.1039612
Sep 24 03:32:06.554048 dv-cinder-810800-1-smb neutron-server[93933]: DEBUG neutron.wsgi [-] (93933) accepted ('10.222.0.21', 48374) {{(pid=93933) server /usr/local/lib/python3.8/dist-packages/eventlet/wsgi.py:982}}
Sep 24 03:32:06.557145 dv-cinder-810800-1-smb neutron-server[93934]: DEBUG neutron.plugins.ml2.db [req-d59ca4e1-623f-4275-a263-588c6a291c4c req-c0ec5c19-2784-4c28-a264-f49f20a2836d tempest-DeleteServersTestJSON-972983359 tempest-DeleteServersTestJSON-972983359-project] For port 0b7ef6e2-bf99-404c-a7a0-3774dc416a0c, host hv-cinder-81080, got binding levels [PortBindingLevel(driver='hyperv',host='hv-cinder-81080',level=0,port_id=0b7ef6e2-bf99-404c-a7a0-3774dc416a0c,segment=NetworkSegment(b7305d46-e67a-47a1-9864-abb9014dcf99),segment_id=b7305d46-e67a-47a1-9864-abb9014dcf99)] {{(pid=93934) get_binding_level_objs /opt/stack/neutron/neutron/plugins/ml2/db.py:74}}
Sep 24 03:32:06.557800 dv-cinder-810800-1-smb neutron-server[93934]: DEBUG neutron_lib.callbacks.manager [req-d59ca4e1-623f-4275-a263-588c6a291c4c req-c0ec5c19-2784-4c28-a264-f49f20a2836d tempest-DeleteServersTestJSON-972983359 tempest-DeleteServersTestJSON-972983359-project] Notify callbacks ['neutron.services.l3_router.l3_router_plugin.L3_NAT_dbonly_mixin._precommit_delete_port_callback-1648926'] for port, precommit_delete {{(pid=93934) _notify_loop /usr/local/lib/python3.8/dist-packages/neutron_lib/callbacks/manager.py:192}}
Sep 24 03:32:06.574452 dv-cinder-810800-1-smb neutron-server[93934]: DEBUG neutron.plugins.ml2.plugin [req-d59ca4e1-623f-4275-a263-588c6a291c4c req-c0ec5c19-2784-4c28-a264-f49f20a2836d tempest-DeleteServersTestJSON-972983359 tempest-DeleteServersTestJSON-972983359-project] Calling delete_port for 0b7ef6e2-bf99-404c-a7a0-3774dc416a0c owned by compute:nova {{(pid=93934) delete_port /opt/stack/neutron/neutron/plugins/ml2/plugin.py:2009}}
Sep 24 03:32:06.577085 dv-cinder-810800-1-smb neutron-server[93933]: DEBUG neutron_lib.callbacks.manager [None req-f195a03a-257f-4563-b089-4ad591425689 admin admin] Notify callbacks [] for security_group, before_create {{(pid=93933) _notify_loop /usr/local/lib/python3.8/dist-packages/neutron_lib/callbacks/manager.py:192}}
Sep 24 03:32:06.600286 dv-cinder-810800-1-smb neutron-server[93933]: DEBUG neutron_lib.callbacks.manager [None req-32d01299-a67e-4b72-a548-e043af94db13 admin admin] Notify callbacks [] for security_group, before_create {{(pid=93933) _notify_loop /usr/local/lib/python3.8/dist-packages/neutron_lib/callbacks/manager.py:192}}
Sep 24 03:32:06.648094 dv-cinder-810800-1-smb neutron-server[93933]: DEBUG neutron.pecan_wsgi.hooks.policy_enforcement [req-5545a4bd-bb61-4276-848e-3603cc394e30 req-e4c4feab-d9fb-4e5b-afa7-bd7c4ff5d2d5 tempest-AttachVolumeNegativeTest-1413191581 tempest-AttachVolumeNegativeTest-1413191581-project] Attributes excluded by policy engine: ['standard_attr_id', 'vlan_transparent', 'provider:network_type', 'provider:physical_network', 'provider:segmentation_id'] {{(pid=93933) _exclude_attributes_by_policy /opt/stack/neutron/neutron/pecan_wsgi/hooks/policy_enforcement.py:255}}
Sep 24 03:32:06.650740 dv-cinder-810800-1-smb neutron-server[93933]: INFO neutron.wsgi [req-5545a4bd-bb61-4276-848e-3603cc394e30 req-e4c4feab-d9fb-4e5b-afa7-bd7c4ff5d2d5 tempest-AttachVolumeNegativeTest-1413191581 tempest-AttachVolumeNegativeTest-1413191581-project] 10.222.0.55 "GET /v2.0/networks?id=bc281972-6598-41da-8040-daa77bfe73d6 HTTP/1.1" status: 200 len: 814 time: 0.2562432
Sep 24 03:32:06.678079 dv-cinder-810800-1-smb neutron-server[93933]: DEBUG neutron.api.v2.base [req-5545a4bd-bb61-4276-848e-3603cc394e30 req-2a8bfac1-77e0-4c99-a149-90300f05338d tempest-AttachVolumeNegativeTest-1413191581 tempest-AttachVolumeNegativeTest-1413191581-project] Request body: {'port': {'device_id': 'cee54f6d-3770-4728-8b82-c232d2ee1262', 'network_id': 'bc281972-6598-41da-8040-daa77bfe73d6', 'admin_state_up': True, 'tenant_id': '41664021447b49b3a5faa652385e59f1'}} {{(pid=93933) prepare_request_body /opt/stack/neutron/neutron/api/v2/base.py:730}}
Sep 24 03:32:06.799550 dv-cinder-810800-1-smb neutron-server[93934]: DEBUG neutron.pecan_wsgi.hooks.policy_enforcement [req-db477785-6500-4292-aa84-1d5597be750c req-7b8402a9-d28d-4d08-8a5e-ae4ef8763c9f tempest-AttachVolumeShelveTestJSON-368966635 tempest-AttachVolumeShelveTestJSON-368966635-project] Attributes excluded by policy engine: ['standard_attr_id', 'binding:profile', 'binding:host_id', 'binding:vif_type', 'binding:vif_details'] {{(pid=93934) _exclude_attributes_by_policy /opt/stack/neutron/neutron/pecan_wsgi/hooks/policy_enforcement.py:255}}
Sep 24 03:32:06.801050 dv-cinder-810800-1-smb neutron-server[93934]: INFO neutron.wsgi [req-db477785-6500-4292-aa84-1d5597be750c req-7b8402a9-d28d-4d08-8a5e-ae4ef8763c9f tempest-AttachVolumeShelveTestJSON-368966635 tempest-AttachVolumeShelveTestJSON-368966635-project] 10.222.0.21 "GET /v2.0/ports?device_id=5a44cf89-3501-4a33-81c9-ed9535b6dd42 HTTP/1.1" status: 200 len: 945 time: 0.0732665
Sep 24 03:32:06.802160 dv-cinder-810800-1-smb neutron-server[93934]: DEBUG neutron_lib.callbacks.manager [req-d59ca4e1-623f-4275-a263-588c6a291c4c req-c0ec5c19-2784-4c28-a264-f49f20a2836d tempest-DeleteServersTestJSON-972983359 tempest-DeleteServersTestJSON-972983359-project] Notify callbacks ['neutron.plugins.ml2.plugin.SecurityGroupServerNotifierRpcMixin._notify_sg_on_port_change-667233', 'neutron.plugins.ml2.ovo_rpc._ObjectChangeHandler.handle_event-62068', 'neutron.api.rpc.agentnotifiers.dhcp_rpc_agent_api.DhcpAgentNotifyAPI._native_event_send_dhcp_notification-1636810', 'neutron.db.l3_db.L3RpcNotifierMixin._notify_routers_callback-8756389110510', 'neutron.db.l3_dvrscheduler_db._notify_port_delete-8756388624586'] for port, after_delete {{(pid=93934) _notify_loop /usr/local/lib/python3.8/dist-packages/neutron_lib/callbacks/manager.py:192}}
Sep 24 03:32:06.826732 dv-cinder-810800-1-smb neutron-server[93935]: DEBUG neutron.plugins.ml2.db [None req-c8479f4e-6195-43ab-855c-23795d2fb8b9 None None] get_ports_and_sgs() called for port_ids ['0b7ef6e2-bf99-404c-a7a0-3774dc416a0c'] {{(pid=93935) get_ports_and_sgs /opt/stack/neutron/neutron/plugins/ml2/db.py:156}}
Sep 24 03:32:06.827825 dv-cinder-810800-1-smb neutron-server[93933]: DEBUG neutron_lib.callbacks.manager [None req-f195a03a-257f-4563-b089-4ad591425689 admin admin] Notify callbacks [] for security_group, precommit_create {{(pid=93933) _notify_loop /usr/local/lib/python3.8/dist-packages/neutron_lib/callbacks/manager.py:192}}
Sep 24 03:32:06.838927 dv-cinder-810800-1-smb neutron-server[93933]: DEBUG neutron_lib.callbacks.manager [None req-f195a03a-257f-4563-b089-4ad591425689 admin admin] Notify callbacks ['neutron.plugins.ml2.ovo_rpc._ObjectChangeHandler.handle_event-1675474'] for security_group, after_create {{(pid=93933) _notify_loop /usr/local/lib/python3.8/dist-packages/neutron_lib/callbacks/manager.py:192}}
Sep 24 03:32:06.856443 dv-cinder-810800-1-smb neutron-server[93934]: DEBUG neutron.api.rpc.handlers.resources_rpc [None req-c0ec5c19-2784-4c28-a264-f49f20a2836d tempest-DeleteServersTestJSON-972983359 tempest-DeleteServersTestJSON-972983359-project] Pushing event deleted for resources: {'Port': ['ID=0b7ef6e2-bf99-404c-a7a0-3774dc416a0c,revision_number=None']} {{(pid=93934) push /opt/stack/neutron/neutron/api/rpc/handlers/resources_rpc.py:237}}
Sep 24 03:32:06.874373 dv-cinder-810800-1-smb neutron-server[93933]: DEBUG neutron_lib.db.api [req-5545a4bd-bb61-4276-848e-3603cc394e30 req-2a8bfac1-77e0-4c99-a149-90300f05338d tempest-AttachVolumeNegativeTest-1413191581 tempest-AttachVolumeNegativeTest-1413191581-project] Retry wrapper got retriable exception: (pymysql.err.OperationalError) (1213, 'Deadlock found when trying to get lock; try restarting transaction')
Sep 24 03:32:06.874373 dv-cinder-810800-1-smb neutron-server[93933]: [SQL: DELETE FROM reservations WHERE reservations.project_id = %(project_id_1)s AND reservations.expiration < %(expiration_1)s]
Sep 24 03:32:06.874373 dv-cinder-810800-1-smb neutron-server[93933]: [parameters: {'project_id_1': '41664021447b49b3a5faa652385e59f1', 'expiration_1': datetime.datetime(2021, 9, 24, 3, 31, 46, 832182)}]
Sep 24 03:32:06.874373 dv-cinder-810800-1-smb neutron-server[93933]: (Background on this error at: https://sqlalche.me/e/14/e3q8) {{(pid=93933) wrapped /usr/local/lib/python3.8/dist-packages/neutron_lib/db/api.py:183}}
Sep 24 03:32:06.875411 dv-cinder-810800-1-smb neutron-server[93933]: DEBUG oslo_db.api [req-5545a4bd-bb61-4276-848e-3603cc394e30 req-2a8bfac1-77e0-4c99-a149-90300f05338d tempest-AttachVolumeNegativeTest-1413191581 tempest-AttachVolumeNegativeTest-1413191581-project] Performing DB retry for function neutron.db.quota.driver_nolock.DbQuotaNoLockDriver.make_reservation {{(pid=93933) wrapper /usr/local/lib/python3.8/dist-packages/oslo_db/api.py:155}}
Sep 24 03:32:06.901192 dv-cinder-810800-1-smb neutron-server[93933]: INFO neutron.wsgi [None req-f195a03a-257f-4563-b089-4ad591425689 admin admin] 10.222.0.21 "GET /v2.0/security-groups?tenant_id=4144d6cd2a9a4293aa14e1018a213303&name=default HTTP/1.1" status: 200 len: 2979 time: 0.3433423
Sep 24 03:32:06.905201 dv-cinder-810800-1-smb neutron-server[93934]: DEBUG neutron.wsgi [-] (93934) accepted ('10.222.0.21', 48384) {{(pid=93934) server /usr/local/lib/python3.8/dist-packages/eventlet/wsgi.py:982}}
Sep 24 03:32:06.908957 dv-cinder-810800-1-smb neutron-server[93933]: DEBUG neutron.api.rpc.handlers.resources_rpc [None req-f195a03a-257f-4563-b089-4ad591425689 admin admin] Pushing event updated for resources: {'SecurityGroup': ['ID=149ac631-2f4a-4649-899a-6a3b0fe74cbb,revision_number=1']} {{(pid=93933) push /opt/stack/neutron/neutron/api/rpc/handlers/resources_rpc.py:237}}
Sep 24 03:32:06.946974 dv-cinder-810800-1-smb neutron-server[93934]: DEBUG neutron.db.l3_dvrscheduler_db [req-d59ca4e1-623f-4275-a263-588c6a291c4c req-c0ec5c19-2784-4c28-a264-f49f20a2836d tempest-DeleteServersTestJSON-972983359 tempest-DeleteServersTestJSON-972983359-project] No DVR routers for this DVR port 0b7ef6e2-bf99-404c-a7a0-3774dc416a0c on host hv-cinder-81080 {{(pid=93934) get_dvr_routers_to_remove /opt/stack/neutron/neutron/db/l3_dvrscheduler_db.py:214}}
Sep 24 03:32:06.950231 dv-cinder-810800-1-smb neutron-server[93934]: DEBUG neutron_lib.callbacks.manager [req-d59ca4e1-623f-4275-a263-588c6a291c4c req-c0ec5c19-2784-4c28-a264-f49f20a2836d tempest-DeleteServersTestJSON-972983359 tempest-DeleteServersTestJSON-972983359-project] Notify callbacks ['neutron.notifiers.nova.Notifier._send_nova_notification-193810'] for port, before_response {{(pid=93934) _notify_loop /usr/local/lib/python3.8/dist-packages/neutron_lib/callbacks/manager.py:192}}
