Sep 24 03:22:56.372856 dv-cinder-810800-1-iscsi devstack@n-api.service[93324]: [pid: 93324|app: 0|req: 1/1] 10.222.0.18 () {50 vars in 789 bytes} [Fri Sep 24 03:22:56 2021] GET /compute/v2.1/ => generated 388 bytes in 3 msecs (HTTP/1.1 200) 9 headers in 357 bytes (1 switches on core 0)
Sep 24 03:22:56.389791 dv-cinder-810800-1-iscsi devstack@n-api.service[93325]: WARNING keystonemiddleware.auth_token [None req-7402e646-6d2e-4d05-b23f-1fc8f0bb0ea5 None None] AuthToken middleware is set with keystone_authtoken.service_token_roles_required set to False. This is backwards compatible but deprecated behaviour. Please set this to True.
Sep 24 03:22:56.396559 dv-cinder-810800-1-iscsi devstack@n-api.service[93325]: WARNING keystonemiddleware.auth_token [None req-7402e646-6d2e-4d05-b23f-1fc8f0bb0ea5 None None] Configuring www_authenticate_uri to point to the public identity endpoint is required; clients may not be able to authenticate against an admin endpoint
Sep 24 03:22:56.401678 dv-cinder-810800-1-iscsi devstack@n-api.service[93325]: WSGI app 0 (mountpoint='') ready in 6 seconds on interpreter 0x55ff90ae89c0 pid: 93325 (default app)
Sep 24 03:24:17.473427 dv-cinder-810800-1-iscsi devstack@n-api.service[93324]: DEBUG nova.api.openstack.wsgi [None req-d1d74a3d-c4e8-4861-b6e7-910975210622 None None] Calling method '>' {{(pid=93324) _process_stack /opt/stack/nova/nova/api/openstack/wsgi.py:513}}
Sep 24 03:24:17.474471 dv-cinder-810800-1-iscsi devstack@n-api.service[93324]: INFO nova.api.openstack.requestlog [None req-d1d74a3d-c4e8-4861-b6e7-910975210622 None None] 10.222.0.18 "GET /compute/v2.1" status: 200 len: 388 microversion: 2.1 time: 0.001478
Sep 24 03:24:17.475036 dv-cinder-810800-1-iscsi devstack@n-api.service[93324]: [pid: 93324|app: 0|req: 2/2] 10.222.0.18 () {54 vars in 931 bytes} [Fri Sep 24 03:24:17 2021] GET /compute/v2.1 => generated 388 bytes in 2 msecs (HTTP/1.1 200) 9 headers in 357 bytes (1 switches on core 0)
Sep 24 03:24:17.916913 dv-cinder-810800-1-iscsi devstack@n-api.service[93325]: DEBUG nova.api.openstack.wsgi [None req-ed64268f-6df8-4ad5-82f2-6b3a8cc55643 admin admin] Calling method '>' {{(pid=93325) _process_stack /opt/stack/nova/nova/api/openstack/wsgi.py:513}}
Sep 24 03:24:17.946658 dv-cinder-810800-1-iscsi devstack@n-api.service[93325]: INFO nova.api.openstack.requestlog [None req-ed64268f-6df8-4ad5-82f2-6b3a8cc55643 admin admin] 10.222.0.18 "GET /compute/v2.1/flavors/detail?is_public=True" status: 200 len: 15 microversion: 2.61 time: 0.464417
Sep 24 03:24:17.947583 dv-cinder-810800-1-iscsi devstack@n-api.service[93325]: [pid: 93325|app: 0|req: 1/3] 10.222.0.18 () {60 vars in 1292 bytes} [Fri Sep 24 03:24:17 2021] GET /compute/v2.1/flavors/detail?is_public=True => generated 15 bytes in 466 msecs (HTTP/1.1 200) 9 headers in 358 bytes (1 switches on core 0)
Sep 24 03:24:20.159660 dv-cinder-810800-1-iscsi devstack@n-api.service[93324]: DEBUG nova.api.openstack.wsgi [None req-d1d74a3d-c4e8-4861-b6e7-910975210622 None None] Calling method '>' {{(pid=93324) _process_stack /opt/stack/nova/nova/api/openstack/wsgi.py:513}}
Sep 24 03:24:20.160574 dv-cinder-810800-1-iscsi devstack@n-api.service[93324]: INFO nova.api.openstack.requestlog [None req-d1d74a3d-c4e8-4861-b6e7-910975210622 None None] 10.222.0.18 "GET /compute/v2.1" status: 200 len: 388 microversion: 2.1 time: 0.001404
Sep 24 03:24:20.160986 dv-cinder-810800-1-iscsi devstack@n-api.service[93324]: [pid: 93324|app: 0|req: 3/4] 10.222.0.18 () {54 vars in 931 bytes} [Fri Sep 24 03:24:20 2021] GET /compute/v2.1 => generated 388 bytes in 2 msecs (HTTP/1.1 200) 9 headers in 357 bytes (1 switches on core 0)
Sep 24 03:24:20.225891 dv-cinder-810800-1-iscsi devstack@n-api.service[93325]: DEBUG nova.api.openstack.wsgi [None req-27b78b7d-9623-4a0f-affd-77d21cd7e2fc admin admin] Action: 'create', calling method: >, body: {"flavor": {"OS-FLV-EXT-DATA:ephemeral": 0, "disk": 1, "rxtx_factor": 1.0, "name": "cirros256", "swap": 0, "os-flavor-access:is_public": true, "ram": 256, "id": "c1", "vcpus": 1}} {{(pid=93325) _process_stack /opt/stack/nova/nova/api/openstack/wsgi.py:511}}
Sep 24 03:24:20.244352 dv-cinder-810800-1-iscsi devstack@n-api.service[93325]: /usr/local/lib/python3.8/dist-packages/oslo_policy/policy.py:1064: UserWarning: Policy os_compute_api:os-flavor-manage:create failed scope check. The token used to make the request was project scoped but the policy requires ['system'] scope. This behavior may change in the future where using the intended scope is required
Sep 24 03:24:20.244352 dv-cinder-810800-1-iscsi devstack@n-api.service[93325]: warnings.warn(msg)
Sep 24 03:24:20.276420 dv-cinder-810800-1-iscsi devstack@n-api.service[93325]: INFO nova.api.openstack.requestlog [None req-27b78b7d-9623-4a0f-affd-77d21cd7e2fc admin admin] 10.222.0.18 "POST /compute/v2.1/flavors" status: 200 len: 407 microversion: 2.61 time: 0.108696
Sep 24 03:24:20.277164 dv-cinder-810800-1-iscsi devstack@n-api.service[93325]: [pid: 93325|app: 0|req: 2/5] 10.222.0.18 () {64 vars in 1283 bytes} [Fri Sep 24 03:24:20 2021] POST /compute/v2.1/flavors => generated 407 bytes in 110 msecs (HTTP/1.1 200) 9 headers in 359 bytes (2 switches on core 0)
Sep 24 03:24:20.501193 dv-cinder-810800-1-iscsi devstack@n-api.service[93324]: DEBUG nova.api.openstack.wsgi [None req-69e96490-ef59-42f7-944b-a66ddbe143da admin admin] Action: 'create', calling method: >, body: {"extra_specs": {"hw_rng:allowed": "True"}} {{(pid=93324) _process_stack /opt/stack/nova/nova/api/openstack/wsgi.py:511}}
Sep 24 03:24:20.503531 dv-cinder-810800-1-iscsi devstack@n-api.service[93324]: /usr/local/lib/python3.8/dist-packages/oslo_policy/policy.py:1064: UserWarning: Policy os_compute_api:os-flavor-extra-specs:create failed scope check. The token used to make the request was project scoped but the policy requires ['system'] scope. This behavior may change in the future where using the intended scope is required
Sep 24 03:24:20.503531 dv-cinder-810800-1-iscsi devstack@n-api.service[93324]: warnings.warn(msg)
Sep 24 03:24:20.550722 dv-cinder-810800-1-iscsi devstack@n-api.service[93324]: INFO nova.api.openstack.requestlog [None req-69e96490-ef59-42f7-944b-a66ddbe143da admin admin] 10.222.0.18 "POST /compute/v2.1/flavors/c1/os-extra_specs" status: 200 len: 43 microversion: 2.61 time: 0.264774
Sep 24 03:24:20.551498 dv-cinder-810800-1-iscsi devstack@n-api.service[93324]: [pid: 93324|app: 0|req: 4/6] 10.222.0.18 () {64 vars in 1336 bytes} [Fri Sep 24 03:24:20 2021] POST /compute/v2.1/flavors/c1/os-extra_specs => generated 43 bytes in 266 msecs (HTTP/1.1 200) 9 headers in 358 bytes (1 switches on core 0)
Sep 24 03:24:22.819400 dv-cinder-810800-1-iscsi devstack@n-api.service[93325]: DEBUG nova.api.openstack.wsgi [None req-27b78b7d-9623-4a0f-affd-77d21cd7e2fc admin admin] Calling method '>' {{(pid=93325) _process_stack /opt/stack/nova/nova/api/openstack/wsgi.py:513}}
Sep 24 03:24:22.820339 dv-cinder-810800-1-iscsi devstack@n-api.service[93325]: INFO nova.api.openstack.requestlog [None req-27b78b7d-9623-4a0f-affd-77d21cd7e2fc admin admin] 10.222.0.18 "GET /compute/v2.1" status: 200 len: 388 microversion: 2.1 time: 0.001458
Sep 24 03:24:22.820744 dv-cinder-810800-1-iscsi devstack@n-api.service[93325]: [pid: 93325|app: 0|req: 3/7] 10.222.0.18 () {54 vars in 931 bytes} [Fri Sep 24 03:24:22 2021] GET /compute/v2.1 => generated 388 bytes in 2 msecs (HTTP/1.1 200) 9 headers in 357 bytes (1 switches on core 0)
Sep 24 03:24:22.929435 dv-cinder-810800-1-iscsi devstack@n-api.service[93324]: DEBUG nova.api.openstack.wsgi [None req-591c1ad4-c0e5-459d-bd77-8bf4629e7cf4 admin admin] Action: 'create', calling method: >, body: {"flavor": {"rxtx_factor": 1.0, "OS-FLV-EXT-DATA:ephemeral": 0, "swap": 0, "disk": 5, "vcpus": 1, "name": "ds512M", "os-flavor-access:is_public": true, "ram": 512, "id": "d1"}} {{(pid=93324) _process_stack /opt/stack/nova/nova/api/openstack/wsgi.py:511}}
Sep 24 03:24:22.947459 dv-cinder-810800-1-iscsi devstack@n-api.service[93324]: /usr/local/lib/python3.8/dist-packages/oslo_policy/policy.py:1064: UserWarning: Policy os_compute_api:os-flavor-manage:create failed scope check. The token used to make the request was project scoped but the policy requires ['system'] scope. This behavior may change in the future where using the intended scope is required
Sep 24 03:24:22.947459 dv-cinder-810800-1-iscsi devstack@n-api.service[93324]: warnings.warn(msg)
Sep 24 03:24:22.965548 dv-cinder-810800-1-iscsi devstack@n-api.service[93324]: INFO nova.api.openstack.requestlog [None req-591c1ad4-c0e5-459d-bd77-8bf4629e7cf4 admin admin] 10.222.0.18 "POST /compute/v2.1/flavors" status: 200 len: 404 microversion: 2.61 time: 0.137338
Sep 24 03:24:22.966130 dv-cinder-810800-1-iscsi devstack@n-api.service[93324]: [pid: 93324|app: 0|req: 5/8] 10.222.0.18 () {64 vars in 1283 bytes} [Fri Sep 24 03:24:22 2021] POST /compute/v2.1/flavors => generated 404 bytes in 139 msecs (HTTP/1.1 200) 9 headers in 359 bytes (1 switches on core 0)
Sep 24 03:24:22.978882 dv-cinder-810800-1-iscsi devstack@n-api.service[93325]: DEBUG nova.api.openstack.wsgi [None req-1371ab2e-1a58-477d-bce6-af1cf9fdbfa7 admin admin] Action: 'create', calling method: >, body: {"extra_specs": {"hw_rng:allowed": "True"}} {{(pid=93325) _process_stack /opt/stack/nova/nova/api/openstack/wsgi.py:511}}
Sep 24 03:24:22.980336 dv-cinder-810800-1-iscsi devstack@n-api.service[93325]: /usr/local/lib/python3.8/dist-packages/oslo_policy/policy.py:1064: UserWarning: Policy os_compute_api:os-flavor-extra-specs:create failed scope check. The token used to make the request was project scoped but the policy requires ['system'] scope. This behavior may change in the future where using the intended scope is required
Sep 24 03:24:22.980336 dv-cinder-810800-1-iscsi devstack@n-api.service[93325]: warnings.warn(msg)
Sep 24 03:24:23.016514 dv-cinder-810800-1-iscsi devstack@n-api.service[93325]: INFO nova.api.openstack.requestlog [None req-1371ab2e-1a58-477d-bce6-af1cf9fdbfa7 admin admin] 10.222.0.18 "POST /compute/v2.1/flavors/d1/os-extra_specs" status: 200 len: 43 microversion: 2.61 time: 0.041169
Sep 24 03:24:23.017342 dv-cinder-810800-1-iscsi devstack@n-api.service[93325]: [pid: 93325|app: 0|req: 4/9] 10.222.0.18 () {64 vars in 1336 bytes} [Fri Sep 24 03:24:22 2021] POST /compute/v2.1/flavors/d1/os-extra_specs => generated 43 bytes in 42 msecs (HTTP/1.1 200) 9 headers in 358 bytes (2 switches on core 0)
Sep 24 03:24:25.290190 dv-cinder-810800-1-iscsi devstack@n-api.service[93324]: DEBUG nova.api.openstack.wsgi [None req-591c1ad4-c0e5-459d-bd77-8bf4629e7cf4 admin admin] Calling method '>' {{(pid=93324) _process_stack /opt/stack/nova/nova/api/openstack/wsgi.py:513}}
Sep 24 03:24:25.291205 dv-cinder-810800-1-iscsi devstack@n-api.service[93324]: INFO nova.api.openstack.requestlog [None req-591c1ad4-c0e5-459d-bd77-8bf4629e7cf4 admin admin] 10.222.0.18 "GET /compute/v2.1" status: 200 len: 388 microversion: 2.1 time: 0.001503
Sep 24 03:24:25.291920 dv-cinder-810800-1-iscsi devstack@n-api.service[93324]: [pid: 93324|app: 0|req: 6/10] 10.222.0.18 () {54 vars in 931 bytes} [Fri Sep 24 03:24:25 2021] GET /compute/v2.1 => generated 388 bytes in 3 msecs (HTTP/1.1 200) 9 headers in 357 bytes (1 switches on core 0)
Sep 24 03:24:25.355123 dv-cinder-810800-1-iscsi devstack@n-api.service[93325]: DEBUG nova.api.openstack.wsgi [None req-a9c37146-38c0-4fe8-829d-23d7c8f2f9bd admin admin] Action: 'create', calling method: >, body: {"flavor": {"vcpus": 1, "ram": 1024, "OS-FLV-EXT-DATA:ephemeral": 0, "id": "d2", "swap": 0, "disk": 10, "rxtx_factor": 1.0, "name": "ds1G", "os-flavor-access:is_public": true}} {{(pid=93325) _process_stack /opt/stack/nova/nova/api/openstack/wsgi.py:511}}
Sep 24 03:24:25.377998 dv-cinder-810800-1-iscsi devstack@n-api.service[93325]: INFO nova.api.openstack.requestlog [None req-a9c37146-38c0-4fe8-829d-23d7c8f2f9bd admin admin] 10.222.0.18 "POST /compute/v2.1/flavors" status: 200 len: 404 microversion: 2.61 time: 0.078734
Sep 24 03:24:25.378876 dv-cinder-810800-1-iscsi devstack@n-api.service[93325]: [pid: 93325|app: 0|req: 5/11] 10.222.0.18 () {64 vars in 1283 bytes} [Fri Sep 24 03:24:25 2021] POST /compute/v2.1/flavors => generated 404 bytes in 80 msecs (HTTP/1.1 200) 9 headers in 359 bytes (1 switches on core 0)
Sep 24 03:24:25.393173 dv-cinder-810800-1-iscsi devstack@n-api.service[93324]: DEBUG nova.api.openstack.wsgi [None req-8de3bfbc-1bd6-4696-b8ea-8ecd2fb379a6 admin admin] Action: 'create', calling method: >, body: {"extra_specs": {"hw_rng:allowed": "True"}} {{(pid=93324) _process_stack /opt/stack/nova/nova/api/openstack/wsgi.py:511}}
Sep 24 03:24:25.421812 dv-cinder-810800-1-iscsi devstack@n-api.service[93324]: INFO nova.api.openstack.requestlog [None req-8de3bfbc-1bd6-4696-b8ea-8ecd2fb379a6 admin admin] 10.222.0.18 "POST /compute/v2.1/flavors/d2/os-extra_specs" status: 200 len: 43 microversion: 2.61 time: 0.033915
Sep 24 03:24:25.422495 dv-cinder-810800-1-iscsi devstack@n-api.service[93324]: [pid: 93324|app: 0|req: 7/12] 10.222.0.18 () {64 vars in 1336 bytes} [Fri Sep 24 03:24:25 2021] POST /compute/v2.1/flavors/d2/os-extra_specs => generated 43 bytes in 35 msecs (HTTP/1.1 200) 9 headers in 358 bytes (1 switches on core 0)
Sep 24 03:24:27.657997 dv-cinder-810800-1-iscsi devstack@n-api.service[93325]: DEBUG nova.api.openstack.wsgi [None req-a9c37146-38c0-4fe8-829d-23d7c8f2f9bd admin admin] Calling method '>' {{(pid=93325) _process_stack /opt/stack/nova/nova/api/openstack/wsgi.py:513}}
Sep 24 03:24:27.658871 dv-cinder-810800-1-iscsi devstack@n-api.service[93325]: INFO nova.api.openstack.requestlog [None req-a9c37146-38c0-4fe8-829d-23d7c8f2f9bd admin admin] 10.222.0.18 "GET /compute/v2.1" status: 200 len: 388 microversion: 2.1 time: 0.001466
Sep 24 03:24:27.659295 dv-cinder-810800-1-iscsi devstack@n-api.service[93325]: [pid: 93325|app: 0|req: 6/13] 10.222.0.18 () {54 vars in 931 bytes} [Fri Sep 24 03:24:27 2021] GET /compute/v2.1 => generated 388 bytes in 2 msecs (HTTP/1.1 200) 9 headers in 357 bytes (1 switches on core 0)
Sep 24 03:24:27.721556 dv-cinder-810800-1-iscsi devstack@n-api.service[93324]: DEBUG nova.api.openstack.wsgi [None req-cd45f73f-cbb7-43b4-b703-dcbbb10d53c0 admin admin] Action: 'create', calling method: >, body: {"flavor": {"disk": 10, "swap": 0, "ram": 2048, "name": "ds2G", "os-flavor-access:is_public": true, "rxtx_factor": 1.0, "vcpus": 2, "OS-FLV-EXT-DATA:ephemeral": 0, "id": "d3"}} {{(pid=93324) _process_stack /opt/stack/nova/nova/api/openstack/wsgi.py:511}}
Sep 24 03:24:27.741612 dv-cinder-810800-1-iscsi devstack@n-api.service[93324]: INFO nova.api.openstack.requestlog [None req-cd45f73f-cbb7-43b4-b703-dcbbb10d53c0 admin admin] 10.222.0.18 "POST /compute/v2.1/flavors" status: 200 len: 404 microversion: 2.61 time: 0.075759
Sep 24 03:24:27.742199 dv-cinder-810800-1-iscsi devstack@n-api.service[93324]: [pid: 93324|app: 0|req: 8/14] 10.222.0.18 () {64 vars in 1283 bytes} [Fri Sep 24 03:24:27 2021] POST /compute/v2.1/flavors => generated 404 bytes in 77 msecs (HTTP/1.1 200) 9 headers in 359 bytes (1 switches on core 0)
Sep 24 03:24:27.755394 dv-cinder-810800-1-iscsi devstack@n-api.service[93325]: DEBUG nova.api.openstack.wsgi [None req-da2f79a8-2f35-4c3e-991b-c80ab41cd477 admin admin] Action: 'create', calling method: >, body: {"extra_specs": {"hw_rng:allowed": "True"}} {{(pid=93325) _process_stack /opt/stack/nova/nova/api/openstack/wsgi.py:511}}
Sep 24 03:24:27.778862 dv-cinder-810800-1-iscsi devstack@n-api.service[93325]: INFO nova.api.openstack.requestlog [None req-da2f79a8-2f35-4c3e-991b-c80ab41cd477 admin admin] 10.222.0.18 "POST /compute/v2.1/flavors/d3/os-extra_specs" status: 200 len: 43 microversion: 2.61 time: 0.026776
Sep 24 03:24:27.779253 dv-cinder-810800-1-iscsi devstack@n-api.service[93325]: [pid: 93325|app: 0|req: 7/15] 10.222.0.18 () {64 vars in 1336 bytes} [Fri Sep 24 03:24:27 2021] POST /compute/v2.1/flavors/d3/os-extra_specs => generated 43 bytes in 28 msecs (HTTP/1.1 200) 9 headers in 358 bytes (2 switches on core 0)
Sep 24 03:24:30.014650 dv-cinder-810800-1-iscsi devstack@n-api.service[93324]: DEBUG nova.api.openstack.wsgi [None req-cd45f73f-cbb7-43b4-b703-dcbbb10d53c0 admin admin] Calling method '>' {{(pid=93324) _process_stack /opt/stack/nova/nova/api/openstack/wsgi.py:513}}
Sep 24 03:24:30.015659 dv-cinder-810800-1-iscsi devstack@n-api.service[93324]: INFO nova.api.openstack.requestlog [None req-cd45f73f-cbb7-43b4-b703-dcbbb10d53c0 admin admin] 10.222.0.18 "GET /compute/v2.1" status: 200 len: 388 microversion: 2.1 time: 0.001450
Sep 24 03:24:30.016063 dv-cinder-810800-1-iscsi devstack@n-api.service[93324]: [pid: 93324|app: 0|req: 9/16] 10.222.0.18 () {54 vars in 931 bytes} [Fri Sep 24 03:24:30 2021] GET /compute/v2.1 => generated 388 bytes in 2 msecs (HTTP/1.1 200) 9 headers in 357 bytes (1 switches on core 0)
Sep 24 03:24:30.079710 dv-cinder-810800-1-iscsi devstack@n-api.service[93325]: DEBUG nova.api.openstack.wsgi [None req-a5af386a-536b-4755-9750-5d8fcdacd55a admin admin] Action: 'create', calling method: >, body: {"flavor": {"ram": 4096, "OS-FLV-EXT-DATA:ephemeral": 0, "vcpus": 4, "swap": 0, "rxtx_factor": 1.0, "os-flavor-access:is_public": true, "disk": 20, "id": "d4", "name": "ds4G"}} {{(pid=93325) _process_stack /opt/stack/nova/nova/api/openstack/wsgi.py:511}}
Sep 24 03:24:30.100492 dv-cinder-810800-1-iscsi devstack@n-api.service[93325]: INFO nova.api.openstack.requestlog [None req-a5af386a-536b-4755-9750-5d8fcdacd55a admin admin] 10.222.0.18 "POST /compute/v2.1/flavors" status: 200 len: 404 microversion: 2.61 time: 0.077970
Sep 24 03:24:30.109053 dv-cinder-810800-1-iscsi devstack@n-api.service[93325]: [pid: 93325|app: 0|req: 8/17] 10.222.0.18 () {64 vars in 1283 bytes} [Fri Sep 24 03:24:30 2021] POST /compute/v2.1/flavors => generated 404 bytes in 79 msecs (HTTP/1.1 200) 9 headers in 359 bytes (2 switches on core 0)
Sep 24 03:24:30.114277 dv-cinder-810800-1-iscsi devstack@n-api.service[93324]: DEBUG nova.api.openstack.wsgi [None req-610894a0-1636-4da5-8c90-ca97af6d9cdd admin admin] Action: 'create', calling method: >, body: {"extra_specs": {"hw_rng:allowed": "True"}} {{(pid=93324) _process_stack /opt/stack/nova/nova/api/openstack/wsgi.py:511}}
Sep 24 03:24:30.137620 dv-cinder-810800-1-iscsi devstack@n-api.service[93324]: INFO nova.api.openstack.requestlog [None req-610894a0-1636-4da5-8c90-ca97af6d9cdd admin admin] 10.222.0.18 "POST /compute/v2.1/flavors/d4/os-extra_specs" status: 200 len: 43 microversion: 2.61 time: 0.027221
Sep 24 03:24:30.145779 dv-cinder-810800-1-iscsi devstack@n-api.service[93324]: [pid: 93324|app: 0|req: 10/18] 10.222.0.18 () {64 vars in 1336 bytes} [Fri Sep 24 03:24:30 2021] POST /compute/v2.1/flavors/d4/os-extra_specs => generated 43 bytes in 29 msecs (HTTP/1.1 200) 9 headers in 358 bytes (1 switches on core 0)
Sep 24 03:24:32.364269 dv-cinder-810800-1-iscsi devstack@n-api.service[93325]: DEBUG nova.api.openstack.wsgi [None req-a5af386a-536b-4755-9750-5d8fcdacd55a admin admin] Calling method '>' {{(pid=93325) _process_stack /opt/stack/nova/nova/api/openstack/wsgi.py:513}}
Sep 24 03:24:32.365281 dv-cinder-810800-1-iscsi devstack@n-api.service[93325]: INFO nova.api.openstack.requestlog [None req-a5af386a-536b-4755-9750-5d8fcdacd55a admin admin] 10.222.0.18 "GET /compute/v2.1" status: 200 len: 388 microversion: 2.1 time: 0.001440
Sep 24 03:24:32.365682 dv-cinder-810800-1-iscsi devstack@n-api.service[93325]: [pid: 93325|app: 0|req: 9/19] 10.222.0.18 () {54 vars in 931 bytes} [Fri Sep 24 03:24:32 2021] GET /compute/v2.1 => generated 388 bytes in 2 msecs (HTTP/1.1 200) 9 headers in 357 bytes (1 switches on core 0)
Sep 24 03:24:32.431142 dv-cinder-810800-1-iscsi devstack@n-api.service[93324]: DEBUG nova.api.openstack.wsgi [None req-7cf6afb0-7262-4db7-8289-a3f363cc3ceb admin admin] Calling method '>' {{(pid=93324) _process_stack /opt/stack/nova/nova/api/openstack/wsgi.py:513}}
Sep 24 03:24:32.455714 dv-cinder-810800-1-iscsi devstack@n-api.service[93324]: INFO nova.api.openstack.requestlog [None req-7cf6afb0-7262-4db7-8289-a3f363cc3ceb admin admin] 10.222.0.18 "GET /compute/v2.1/flavors/detail?is_public=True" status: 200 len: 2106 microversion: 2.61 time: 0.082860
Sep 24 03:24:32.456261 dv-cinder-810800-1-iscsi devstack@n-api.service[93324]: [pid: 93324|app: 0|req: 11/20] 10.222.0.18 () {60 vars in 1292 bytes} [Fri Sep 24 03:24:32 2021] GET /compute/v2.1/flavors/detail?is_public=True => generated 2106 bytes in 84 msecs (HTTP/1.1 200) 9 headers in 360 bytes (1 switches on core 0)
Sep 24 03:24:34.811652 dv-cinder-810800-1-iscsi devstack@n-api.service[93325]: DEBUG nova.api.openstack.wsgi [None req-a5af386a-536b-4755-9750-5d8fcdacd55a admin admin] Calling method '>' {{(pid=93325) _process_stack /opt/stack/nova/nova/api/openstack/wsgi.py:513}}
Sep 24 03:24:34.812668 dv-cinder-810800-1-iscsi devstack@n-api.service[93325]: INFO nova.api.openstack.requestlog [None req-a5af386a-536b-4755-9750-5d8fcdacd55a admin admin] 10.222.0.18 "GET /compute/v2.1" status: 200 len: 388 microversion: 2.1 time: 0.001465
Sep 24 03:24:34.813088 dv-cinder-810800-1-iscsi devstack@n-api.service[93325]: [pid: 93325|app: 0|req: 10/21] 10.222.0.18 () {54 vars in 931 bytes} [Fri Sep 24 03:24:34 2021] GET /compute/v2.1 => generated 388 bytes in 2 msecs (HTTP/1.1 200) 9 headers in 357 bytes (1 switches on core 0)
Sep 24 03:24:34.876235 dv-cinder-810800-1-iscsi devstack@n-api.service[93324]: DEBUG nova.api.openstack.wsgi [None req-f747600f-2bb7-47a4-8bfd-0ef3b9fcb23f admin admin] Action: 'create', calling method: >, body: {"flavor": {"rxtx_factor": 1.0, "swap": 0, "disk": 1, "os-flavor-access:is_public": true, "vcpus": 1, "id": "1", "ram": 512, "OS-FLV-EXT-DATA:ephemeral": 0, "name": "m1.tiny"}} {{(pid=93324) _process_stack /opt/stack/nova/nova/api/openstack/wsgi.py:511}}
Sep 24 03:24:34.894281 dv-cinder-810800-1-iscsi devstack@n-api.service[93324]: INFO nova.api.openstack.requestlog [None req-f747600f-2bb7-47a4-8bfd-0ef3b9fcb23f admin admin] 10.222.0.18 "POST /compute/v2.1/flavors" status: 200 len: 402 microversion: 2.61 time: 0.074658
Sep 24 03:24:34.894841 dv-cinder-810800-1-iscsi devstack@n-api.service[93324]: [pid: 93324|app: 0|req: 12/22] 10.222.0.18 () {64 vars in 1283 bytes} [Fri Sep 24 03:24:34 2021] POST /compute/v2.1/flavors => generated 402 bytes in 76 msecs (HTTP/1.1 200) 9 headers in 359 bytes (2 switches on core 0)
Sep 24 03:24:34.909116 dv-cinder-810800-1-iscsi devstack@n-api.service[93325]: DEBUG nova.api.openstack.wsgi [None req-816d8a08-b82c-4349-ae6c-482ec230f062 admin admin] Action: 'create', calling method: >, body: {"extra_specs": {"hw_rng:allowed": "True"}} {{(pid=93325) _process_stack /opt/stack/nova/nova/api/openstack/wsgi.py:511}}
Sep 24 03:24:34.932168 dv-cinder-810800-1-iscsi devstack@n-api.service[93325]: INFO nova.api.openstack.requestlog [None req-816d8a08-b82c-4349-ae6c-482ec230f062 admin admin] 10.222.0.18 "POST /compute/v2.1/flavors/1/os-extra_specs" status: 200 len: 43 microversion: 2.61 time: 0.026865
Sep 24 03:24:34.932823 dv-cinder-810800-1-iscsi devstack@n-api.service[93325]: [pid: 93325|app: 0|req: 11/23] 10.222.0.18 () {64 vars in 1333 bytes} [Fri Sep 24 03:24:34 2021] POST /compute/v2.1/flavors/1/os-extra_specs => generated 43 bytes in 28 msecs (HTTP/1.1 200) 9 headers in 358 bytes (2 switches on core 0)
Sep 24 03:24:37.393959 dv-cinder-810800-1-iscsi devstack@n-api.service[93324]: DEBUG nova.api.openstack.wsgi [None req-f747600f-2bb7-47a4-8bfd-0ef3b9fcb23f admin admin] Calling method '>' {{(pid=93324) _process_stack /opt/stack/nova/nova/api/openstack/wsgi.py:513}}
Sep 24 03:24:37.395205 dv-cinder-810800-1-iscsi devstack@n-api.service[93324]: INFO nova.api.openstack.requestlog [None req-f747600f-2bb7-47a4-8bfd-0ef3b9fcb23f admin admin] 10.222.0.18 "GET /compute/v2.1" status: 200 len: 388 microversion: 2.1 time: 0.001943
Sep 24 03:24:37.395799 dv-cinder-810800-1-iscsi devstack@n-api.service[93324]: [pid: 93324|app: 0|req: 13/24] 10.222.0.18 () {54 vars in 931 bytes} [Fri Sep 24 03:24:37 2021] GET /compute/v2.1 => generated 388 bytes in 3 msecs (HTTP/1.1 200) 9 headers in 357 bytes (1 switches on core 0)
Sep 24 03:24:37.455981 dv-cinder-810800-1-iscsi devstack@n-api.service[93325]: DEBUG nova.api.openstack.wsgi [None req-9624330b-0c90-48a7-a9d3-fae14bb45c27 admin admin] Action: 'create', calling method: >, body: {"flavor": {"vcpus": 1, "id": "2", "OS-FLV-EXT-DATA:ephemeral": 0, "swap": 0, "disk": 20, "os-flavor-access:is_public": true, "name": "m1.small", "ram": 2048, "rxtx_factor": 1.0}} {{(pid=93325) _process_stack /opt/stack/nova/nova/api/openstack/wsgi.py:511}}
Sep 24 03:24:37.475599 dv-cinder-810800-1-iscsi devstack@n-api.service[93325]: INFO nova.api.openstack.requestlog [None req-9624330b-0c90-48a7-a9d3-fae14bb45c27 admin admin] 10.222.0.18 "POST /compute/v2.1/flavors" status: 200 len: 405 microversion: 2.61 time: 0.073092
Sep 24 03:24:37.476297 dv-cinder-810800-1-iscsi devstack@n-api.service[93325]: [pid: 93325|app: 0|req: 12/25] 10.222.0.18 () {64 vars in 1283 bytes} [Fri Sep 24 03:24:37 2021] POST /compute/v2.1/flavors => generated 405 bytes in 75 msecs (HTTP/1.1 200) 9 headers in 359 bytes (1 switches on core 0)
Sep 24 03:24:37.490595 dv-cinder-810800-1-iscsi devstack@n-api.service[93324]: DEBUG nova.api.openstack.wsgi [None req-8b15445e-22ef-4a39-a9fb-846511673d51 admin admin] Action: 'create', calling method: >, body: {"extra_specs": {"hw_rng:allowed": "True"}} {{(pid=93324) _process_stack /opt/stack/nova/nova/api/openstack/wsgi.py:511}}
Sep 24 03:24:37.517698 dv-cinder-810800-1-iscsi devstack@n-api.service[93324]: INFO nova.api.openstack.requestlog [None req-8b15445e-22ef-4a39-a9fb-846511673d51 admin admin] 10.222.0.18 "POST /compute/v2.1/flavors/2/os-extra_specs" status: 200 len: 43 microversion: 2.61 time: 0.031942
Sep 24 03:24:37.518457 dv-cinder-810800-1-iscsi devstack@n-api.service[93324]: [pid: 93324|app: 0|req: 14/26] 10.222.0.18 () {64 vars in 1333 bytes} [Fri Sep 24 03:24:37 2021] POST /compute/v2.1/flavors/2/os-extra_specs => generated 43 bytes in 34 msecs (HTTP/1.1 200) 9 headers in 358 bytes (1 switches on core 0)
Sep 24 03:24:39.755438 dv-cinder-810800-1-iscsi devstack@n-api.service[93325]: DEBUG nova.api.openstack.wsgi [None req-9624330b-0c90-48a7-a9d3-fae14bb45c27 admin admin] Calling method '>' {{(pid=93325) _process_stack /opt/stack/nova/nova/api/openstack/wsgi.py:513}}
Sep 24 03:24:39.756453 dv-cinder-810800-1-iscsi devstack@n-api.service[93325]: INFO nova.api.openstack.requestlog [None req-9624330b-0c90-48a7-a9d3-fae14bb45c27 admin admin] 10.222.0.18 "GET /compute/v2.1" status: 200 len: 388 microversion: 2.1 time: 0.001460
Sep 24 03:24:39.756858 dv-cinder-810800-1-iscsi devstack@n-api.service[93325]: [pid: 93325|app: 0|req: 13/27] 10.222.0.18 () {54 vars in 931 bytes} [Fri Sep 24 03:24:39 2021] GET /compute/v2.1 => generated 388 bytes in 2 msecs (HTTP/1.1 200) 9 headers in 357 bytes (1 switches on core 0)
Sep 24 03:24:39.818653 dv-cinder-810800-1-iscsi devstack@n-api.service[93324]: DEBUG nova.api.openstack.wsgi [None req-f64617d5-c1c3-4f8b-bdb1-aa774f0687ed admin admin] Action: 'create', calling method: >, body: {"flavor": {"rxtx_factor": 1.0, "id": "3", "ram": 4096, "name": "m1.medium", "OS-FLV-EXT-DATA:ephemeral": 0, "vcpus": 2, "os-flavor-access:is_public": true, "disk": 40, "swap": 0}} {{(pid=93324) _process_stack /opt/stack/nova/nova/api/openstack/wsgi.py:511}}
Sep 24 03:24:39.840076 dv-cinder-810800-1-iscsi devstack@n-api.service[93324]: INFO nova.api.openstack.requestlog [None req-f64617d5-c1c3-4f8b-bdb1-aa774f0687ed admin admin] 10.222.0.18 "POST /compute/v2.1/flavors" status: 200 len: 406 microversion: 2.61 time: 0.076393
Sep 24 03:24:39.840635 dv-cinder-810800-1-iscsi devstack@n-api.service[93324]: [pid: 93324|app: 0|req: 15/28] 10.222.0.18 () {64 vars in 1283 bytes} [Fri Sep 24 03:24:39 2021] POST /compute/v2.1/flavors => generated 406 bytes in 78 msecs (HTTP/1.1 200) 9 headers in 359 bytes (1 switches on core 0)
Sep 24 03:24:39.855839 dv-cinder-810800-1-iscsi devstack@n-api.service[93325]: DEBUG nova.api.openstack.wsgi [None req-adede2bf-0797-4692-93b3-9251f6567e5d admin admin] Action: 'create', calling method: >, body: {"extra_specs": {"hw_rng:allowed": "True"}} {{(pid=93325) _process_stack /opt/stack/nova/nova/api/openstack/wsgi.py:511}}
Sep 24 03:24:39.889247 dv-cinder-810800-1-iscsi devstack@n-api.service[93325]: INFO nova.api.openstack.requestlog [None req-adede2bf-0797-4692-93b3-9251f6567e5d admin admin] 10.222.0.18 "POST /compute/v2.1/flavors/3/os-extra_specs" status: 200 len: 43 microversion: 2.61 time: 0.038716
Sep 24 03:24:39.890155 dv-cinder-810800-1-iscsi devstack@n-api.service[93325]: [pid: 93325|app: 0|req: 14/29] 10.222.0.18 () {64 vars in 1333 bytes} [Fri Sep 24 03:24:39 2021] POST /compute/v2.1/flavors/3/os-extra_specs => generated 43 bytes in 41 msecs (HTTP/1.1 200) 9 headers in 358 bytes (2 switches on core 0)
Sep 24 03:24:42.121171 dv-cinder-810800-1-iscsi devstack@n-api.service[93324]: DEBUG nova.api.openstack.wsgi [None req-f64617d5-c1c3-4f8b-bdb1-aa774f0687ed admin admin] Calling method '>' {{(pid=93324) _process_stack /opt/stack/nova/nova/api/openstack/wsgi.py:513}}
Sep 24 03:24:42.122804 dv-cinder-810800-1-iscsi devstack@n-api.service[93324]: INFO nova.api.openstack.requestlog [None req-f64617d5-c1c3-4f8b-bdb1-aa774f0687ed admin admin] 10.222.0.18 "GET /compute/v2.1" status: 200 len: 388 microversion: 2.1 time: 0.001491
Sep 24 03:24:42.123201 dv-cinder-810800-1-iscsi devstack@n-api.service[93324]: [pid: 93324|app: 0|req: 16/30] 10.222.0.18 () {54 vars in 931 bytes} [Fri Sep 24 03:24:42 2021] GET /compute/v2.1 => generated 388 bytes in 3 msecs (HTTP/1.1 200) 9 headers in 357 bytes (1 switches on core 0)
Sep 24 03:24:42.184117 dv-cinder-810800-1-iscsi devstack@n-api.service[93325]: DEBUG nova.api.openstack.wsgi [None req-720c92d6-7591-44d9-a9d2-7a10fcf1d34d admin admin] Action: 'create', calling method: >, body: {"flavor": {"vcpus": 4, "swap": 0, "id": "4", "ram": 8192, "OS-FLV-EXT-DATA:ephemeral": 0, "rxtx_factor": 1.0, "os-flavor-access:is_public": true, "name": "m1.large", "disk": 80}} {{(pid=93325) _process_stack /opt/stack/nova/nova/api/openstack/wsgi.py:511}}
Sep 24 03:24:42.201672 dv-cinder-810800-1-iscsi devstack@n-api.service[93325]: INFO nova.api.openstack.requestlog [None req-720c92d6-7591-44d9-a9d2-7a10fcf1d34d admin admin] 10.222.0.18 "POST /compute/v2.1/flavors" status: 200 len: 405 microversion: 2.61 time: 0.071936
Sep 24 03:24:42.202528 dv-cinder-810800-1-iscsi devstack@n-api.service[93325]: [pid: 93325|app: 0|req: 15/31] 10.222.0.18 () {64 vars in 1283 bytes} [Fri Sep 24 03:24:42 2021] POST /compute/v2.1/flavors => generated 405 bytes in 73 msecs (HTTP/1.1 200) 9 headers in 359 bytes (1 switches on core 0)
Sep 24 03:24:42.215141 dv-cinder-810800-1-iscsi devstack@n-api.service[93324]: DEBUG nova.api.openstack.wsgi [None req-27df733f-1bf2-4c95-8d65-b8e203a8ed75 admin admin] Action: 'create', calling method: >, body: {"extra_specs": {"hw_rng:allowed": "True"}} {{(pid=93324) _process_stack /opt/stack/nova/nova/api/openstack/wsgi.py:511}}
Sep 24 03:24:42.239651 dv-cinder-810800-1-iscsi devstack@n-api.service[93324]: INFO nova.api.openstack.requestlog [None req-27df733f-1bf2-4c95-8d65-b8e203a8ed75 admin admin] 10.222.0.18 "POST /compute/v2.1/flavors/4/os-extra_specs" status: 200 len: 43 microversion: 2.61 time: 0.028043
Sep 24 03:24:42.240430 dv-cinder-810800-1-iscsi devstack@n-api.service[93324]: [pid: 93324|app: 0|req: 17/32] 10.222.0.18 () {64 vars in 1333 bytes} [Fri Sep 24 03:24:42 2021] POST /compute/v2.1/flavors/4/os-extra_specs => generated 43 bytes in 29 msecs (HTTP/1.1 200) 9 headers in 358 bytes (1 switches on core 0)
Sep 24 03:24:44.433656 dv-cinder-810800-1-iscsi devstack@n-api.service[93325]: DEBUG nova.api.openstack.wsgi [None req-720c92d6-7591-44d9-a9d2-7a10fcf1d34d admin admin] Calling method '>' {{(pid=93325) _process_stack /opt/stack/nova/nova/api/openstack/wsgi.py:513}}
Sep 24 03:24:44.435261 dv-cinder-810800-1-iscsi devstack@n-api.service[93325]: INFO nova.api.openstack.requestlog [None req-720c92d6-7591-44d9-a9d2-7a10fcf1d34d admin admin] 10.222.0.18 "GET /compute/v2.1" status: 200 len: 388 microversion: 2.1 time: 0.002176
Sep 24 03:24:44.435856 dv-cinder-810800-1-iscsi devstack@n-api.service[93325]: [pid: 93325|app: 0|req: 16/33] 10.222.0.18 () {54 vars in 931 bytes} [Fri Sep 24 03:24:44 2021] GET /compute/v2.1 => generated 388 bytes in 4 msecs (HTTP/1.1 200) 9 headers in 357 bytes (1 switches on core 0)
Sep 24 03:24:44.508359 dv-cinder-810800-1-iscsi devstack@n-api.service[93324]: DEBUG nova.api.openstack.wsgi [None req-5f8ccaf8-373d-4f75-9a84-47be27cb2105 admin admin] Action: 'create', calling method: >, body: {"flavor": {"vcpus": 8, "OS-FLV-EXT-DATA:ephemeral": 0, "swap": 0, "ram": 16384, "id": "5", "rxtx_factor": 1.0, "name": "m1.xlarge", "os-flavor-access:is_public": true, "disk": 160}} {{(pid=93324) _process_stack /opt/stack/nova/nova/api/openstack/wsgi.py:511}}
Sep 24 03:24:44.526459 dv-cinder-810800-1-iscsi devstack@n-api.service[93324]: INFO nova.api.openstack.requestlog [None req-5f8ccaf8-373d-4f75-9a84-47be27cb2105 admin admin] 10.222.0.18 "POST /compute/v2.1/flavors" status: 200 len: 408 microversion: 2.61 time: 0.081442
Sep 24 03:24:44.527100 dv-cinder-810800-1-iscsi devstack@n-api.service[93324]: [pid: 93324|app: 0|req: 18/34] 10.222.0.18 () {64 vars in 1283 bytes} [Fri Sep 24 03:24:44 2021] POST /compute/v2.1/flavors => generated 408 bytes in 83 msecs (HTTP/1.1 200) 9 headers in 359 bytes (2 switches on core 0)
Sep 24 03:24:44.540259 dv-cinder-810800-1-iscsi devstack@n-api.service[93325]: DEBUG nova.api.openstack.wsgi [None req-22615ae8-8178-4bea-99dd-dcc00109d009 admin admin] Action: 'create', calling method: >, body: {"extra_specs": {"hw_rng:allowed": "True"}} {{(pid=93325) _process_stack /opt/stack/nova/nova/api/openstack/wsgi.py:511}}
Sep 24 03:24:44.563705 dv-cinder-810800-1-iscsi devstack@n-api.service[93325]: INFO nova.api.openstack.requestlog [None req-22615ae8-8178-4bea-99dd-dcc00109d009 admin admin] 10.222.0.18 "POST /compute/v2.1/flavors/5/os-extra_specs" status: 200 len: 43 microversion: 2.61 time: 0.027103
Sep 24 03:24:44.564386 dv-cinder-810800-1-iscsi devstack@n-api.service[93325]: [pid: 93325|app: 0|req: 17/35] 10.222.0.18 () {64 vars in 1333 bytes} [Fri Sep 24 03:24:44 2021] POST /compute/v2.1/flavors/5/os-extra_specs => generated 43 bytes in 28 msecs (HTTP/1.1 200) 9 headers in 358 bytes (1 switches on core 0)
Sep 24 03:25:27.532204 dv-cinder-810800-1-iscsi devstack@n-api.service[93324]: DEBUG nova.api.openstack.wsgi [None req-5f8ccaf8-373d-4f75-9a84-47be27cb2105 admin admin] Calling method '>' {{(pid=93324) _process_stack /opt/stack/nova/nova/api/openstack/wsgi.py:513}}
Sep 24 03:25:27.533204 dv-cinder-810800-1-iscsi devstack@n-api.service[93324]: INFO nova.api.openstack.requestlog [None req-5f8ccaf8-373d-4f75-9a84-47be27cb2105 admin admin] 10.222.0.18 "GET /compute/v2.1" status: 200 len: 388 microversion: 2.1 time: 0.001410
Sep 24 03:25:27.533599 dv-cinder-810800-1-iscsi devstack@n-api.service[93324]: [pid: 93324|app: 0|req: 19/36] 10.222.0.18 () {54 vars in 931 bytes} [Fri Sep 24 03:25:27 2021] GET /compute/v2.1 => generated 388 bytes in 2 msecs (HTTP/1.1 200) 9 headers in 357 bytes (1 switches on core 0)
Sep 24 03:25:27.592096 dv-cinder-810800-1-iscsi devstack@n-api.service[93325]: DEBUG nova.api.openstack.wsgi [None req-a21003b7-3d3c-4e62-8650-2db7275b7126 admin admin] Calling method '>' {{(pid=93325) _process_stack /opt/stack/nova/nova/api/openstack/wsgi.py:513}}
Sep 24 03:25:27.608370 dv-cinder-810800-1-iscsi devstack@n-api.service[93325]: INFO nova.api.openstack.requestlog [None req-a21003b7-3d3c-4e62-8650-2db7275b7126 admin admin] 10.222.0.18 "GET /compute/v2.1/flavors/detail?is_public=True" status: 200 len: 4202 microversion: 2.61 time: 0.068232
Sep 24 03:25:27.608892 dv-cinder-810800-1-iscsi devstack@n-api.service[93325]: [pid: 93325|app: 0|req: 18/37] 10.222.0.18 () {60 vars in 1292 bytes} [Fri Sep 24 03:25:27 2021] GET /compute/v2.1/flavors/detail?is_public=True => generated 4202 bytes in 69 msecs (HTTP/1.1 200) 9 headers in 360 bytes (1 switches on core 0)
Sep 24 03:25:29.031924 dv-cinder-810800-1-iscsi devstack@n-api.service[93324]: DEBUG nova.api.openstack.wsgi [None req-5f8ccaf8-373d-4f75-9a84-47be27cb2105 admin admin] Calling method '>' {{(pid=93324) _process_stack /opt/stack/nova/nova/api/openstack/wsgi.py:513}}
Sep 24 03:25:29.032925 dv-cinder-810800-1-iscsi devstack@n-api.service[93324]: INFO nova.api.openstack.requestlog [None req-5f8ccaf8-373d-4f75-9a84-47be27cb2105 admin admin] 10.222.0.18 "GET /compute/v2.1" status: 200 len: 388 microversion: 2.1 time: 0.001417
Sep 24 03:25:29.033326 dv-cinder-810800-1-iscsi devstack@n-api.service[93324]: [pid: 93324|app: 0|req: 20/38] 10.222.0.18 () {56 vars in 1075 bytes} [Fri Sep 24 03:25:29 2021] GET /compute/v2.1 => generated 388 bytes in 2 msecs (HTTP/1.1 200) 9 headers in 357 bytes (1 switches on core 0)
Sep 24 03:25:29.221935 dv-cinder-810800-1-iscsi devstack@n-api.service[93325]: DEBUG nova.api.openstack.wsgi [None req-b7790650-a3eb-4c0c-9228-ef23335e79d0 admin admin] Calling method '>' {{(pid=93325) _process_stack /opt/stack/nova/nova/api/openstack/wsgi.py:513}}
Sep 24 03:25:29.227267 dv-cinder-810800-1-iscsi devstack@n-api.service[93325]: INFO nova.api.openstack.wsgi [None req-b7790650-a3eb-4c0c-9228-ef23335e79d0 admin admin] HTTP exception thrown: Flavor 42 could not be found.
Sep 24 03:25:29.227834 dv-cinder-810800-1-iscsi devstack@n-api.service[93325]: DEBUG nova.api.openstack.wsgi [None req-b7790650-a3eb-4c0c-9228-ef23335e79d0 admin admin] Returning 404 to user: Flavor 42 could not be found. {{(pid=93325) __call__ /opt/stack/nova/nova/api/openstack/wsgi.py:936}}
Sep 24 03:25:29.228629 dv-cinder-810800-1-iscsi devstack@n-api.service[93325]: INFO nova.api.openstack.requestlog [None req-b7790650-a3eb-4c0c-9228-ef23335e79d0 admin admin] 10.222.0.18 "GET /compute/v2.1/flavors/42" status: 404 len: 75 microversion: 2.90 time: 0.057685
Sep 24 03:25:29.229131 dv-cinder-810800-1-iscsi devstack@n-api.service[93325]: [pid: 93325|app: 0|req: 19/39] 10.222.0.18 () {60 vars in 1191 bytes} [Fri Sep 24 03:25:29 2021] GET /compute/v2.1/flavors/42 => generated 75 bytes in 59 msecs (HTTP/1.1 404) 9 headers in 380 bytes (1 switches on core 0)
Sep 24 03:25:29.238818 dv-cinder-810800-1-iscsi devstack@n-api.service[93324]: DEBUG nova.api.openstack.wsgi [None req-91346971-7510-420e-8cc9-96be1a5ffb04 admin admin] Calling method '>' {{(pid=93324) _process_stack /opt/stack/nova/nova/api/openstack/wsgi.py:513}}
Sep 24 03:25:29.260164 dv-cinder-810800-1-iscsi devstack@n-api.service[93324]: INFO nova.api.openstack.requestlog [None req-91346971-7510-420e-8cc9-96be1a5ffb04 admin admin] 10.222.0.18 "GET /compute/v2.1/flavors?is_public=None" status: 200 len: 2056 microversion: 2.90 time: 0.024822
Sep 24 03:25:29.260700 dv-cinder-810800-1-iscsi devstack@n-api.service[93324]: [pid: 93324|app: 0|req: 21/40] 10.222.0.18 () {60 vars in 1211 bytes} [Fri Sep 24 03:25:29 2021] GET /compute/v2.1/flavors?is_public=None => generated 2056 bytes in 26 msecs (HTTP/1.1 200) 9 headers in 360 bytes (1 switches on core 0)
Sep 24 03:25:29.271480 dv-cinder-810800-1-iscsi devstack@n-api.service[93325]: DEBUG nova.api.openstack.wsgi [None req-9ef0f9f0-1994-4b89-b9ae-863ef3b43ed5 admin admin] Calling method '>' {{(pid=93325) _process_stack /opt/stack/nova/nova/api/openstack/wsgi.py:513}}
Sep 24 03:25:29.292439 dv-cinder-810800-1-iscsi devstack@n-api.service[93325]: INFO nova.api.openstack.requestlog [None req-9ef0f9f0-1994-4b89-b9ae-863ef3b43ed5 admin admin] 10.222.0.18 "GET /compute/v2.1/flavors?is_public=None" status: 200 len: 2056 microversion: 2.90 time: 0.024441
Sep 24 03:25:29.292977 dv-cinder-810800-1-iscsi devstack@n-api.service[93325]: [pid: 93325|app: 0|req: 20/41] 10.222.0.18 () {60 vars in 1211 bytes} [Fri Sep 24 03:25:29 2021] GET /compute/v2.1/flavors?is_public=None => generated 2056 bytes in 25 msecs (HTTP/1.1 200) 9 headers in 360 bytes (1 switches on core 0)
Sep 24 03:25:29.302788 dv-cinder-810800-1-iscsi devstack@n-api.service[93324]: DEBUG nova.api.openstack.wsgi [None req-b4465781-e2f6-44ee-8771-b28b6f55d9e9 admin admin] Calling method '>' {{(pid=93324) _process_stack /opt/stack/nova/nova/api/openstack/wsgi.py:513}}
Sep 24 03:25:29.308011 dv-cinder-810800-1-iscsi devstack@n-api.service[93324]: INFO nova.api.openstack.wsgi [None req-b4465781-e2f6-44ee-8771-b28b6f55d9e9 admin admin] HTTP exception thrown: Flavor 42 could not be found.
Sep 24 03:25:29.308571 dv-cinder-810800-1-iscsi devstack@n-api.service[93324]: DEBUG nova.api.openstack.wsgi [None req-b4465781-e2f6-44ee-8771-b28b6f55d9e9 admin admin] Returning 404 to user: Flavor 42 could not be found. {{(pid=93324) __call__ /opt/stack/nova/nova/api/openstack/wsgi.py:936}}
Sep 24 03:25:29.309348 dv-cinder-810800-1-iscsi devstack@n-api.service[93324]: INFO nova.api.openstack.requestlog [None req-b4465781-e2f6-44ee-8771-b28b6f55d9e9 admin admin] 10.222.0.18 "GET /compute/v2.1/flavors/42" status: 404 len: 75 microversion: 2.90 time: 0.010108
Sep 24 03:25:29.310707 dv-cinder-810800-1-iscsi devstack@n-api.service[93324]: [pid: 93324|app: 0|req: 22/42] 10.222.0.18 () {60 vars in 1191 bytes} [Fri Sep 24 03:25:29 2021] GET /compute/v2.1/flavors/42 => generated 75 bytes in 12 msecs (HTTP/1.1 404) 9 headers in 380 bytes (1 switches on core 0)
Sep 24 03:25:30.668543 dv-cinder-810800-1-iscsi devstack@n-api.service[93325]: DEBUG nova.api.openstack.wsgi [None req-9ef0f9f0-1994-4b89-b9ae-863ef3b43ed5 admin admin] Calling method '>' {{(pid=93325) _process_stack /opt/stack/nova/nova/api/openstack/wsgi.py:513}}
Sep 24 03:25:30.669632 dv-cinder-810800-1-iscsi devstack@n-api.service[93325]: INFO nova.api.openstack.requestlog [None req-9ef0f9f0-1994-4b89-b9ae-863ef3b43ed5 admin admin] 10.222.0.18 "GET /compute/v2.1" status: 200 len: 388 microversion: 2.1 time: 0.001504
Sep 24 03:25:30.670061 dv-cinder-810800-1-iscsi devstack@n-api.service[93325]: [pid: 93325|app: 0|req: 21/43] 10.222.0.18 () {56 vars in 1075 bytes} [Fri Sep 24 03:25:30 2021] GET /compute/v2.1 => generated 388 bytes in 2 msecs (HTTP/1.1 200) 9 headers in 357 bytes (1 switches on core 0)
Sep 24 03:25:30.863766 dv-cinder-810800-1-iscsi devstack@n-api.service[93324]: DEBUG nova.api.openstack.wsgi [None req-00b33493-f424-4135-a863-dfde8b20eef1 admin admin] Calling method '>' {{(pid=93324) _process_stack /opt/stack/nova/nova/api/openstack/wsgi.py:513}}
Sep 24 03:25:30.869668 dv-cinder-810800-1-iscsi devstack@n-api.service[93324]: INFO nova.api.openstack.wsgi [None req-00b33493-f424-4135-a863-dfde8b20eef1 admin admin] HTTP exception thrown: Flavor 84 could not be found.
Sep 24 03:25:30.870252 dv-cinder-810800-1-iscsi devstack@n-api.service[93324]: DEBUG nova.api.openstack.wsgi [None req-00b33493-f424-4135-a863-dfde8b20eef1 admin admin] Returning 404 to user: Flavor 84 could not be found. {{(pid=93324) __call__ /opt/stack/nova/nova/api/openstack/wsgi.py:936}}
Sep 24 03:25:30.871031 dv-cinder-810800-1-iscsi devstack@n-api.service[93324]: INFO nova.api.openstack.requestlog [None req-00b33493-f424-4135-a863-dfde8b20eef1 admin admin] 10.222.0.18 "GET /compute/v2.1/flavors/84" status: 404 len: 75 microversion: 2.90 time: 0.059230
Sep 24 03:25:30.871527 dv-cinder-810800-1-iscsi devstack@n-api.service[93324]: [pid: 93324|app: 0|req: 23/44] 10.222.0.18 () {60 vars in 1191 bytes} [Fri Sep 24 03:25:30 2021] GET /compute/v2.1/flavors/84 => generated 75 bytes in 60 msecs (HTTP/1.1 404) 9 headers in 380 bytes (2 switches on core 0)
Sep 24 03:25:30.882219 dv-cinder-810800-1-iscsi devstack@n-api.service[93325]: DEBUG nova.api.openstack.wsgi [None req-757d3bd2-8892-4546-a47b-83c0a46975f4 admin admin] Calling method '>' {{(pid=93325) _process_stack /opt/stack/nova/nova/api/openstack/wsgi.py:513}}
Sep 24 03:25:30.895198 dv-cinder-810800-1-iscsi devstack@n-api.service[93325]: INFO nova.api.openstack.requestlog [None req-757d3bd2-8892-4546-a47b-83c0a46975f4 admin admin] 10.222.0.18 "GET /compute/v2.1/flavors?is_public=None" status: 200 len: 2056 microversion: 2.90 time: 0.016525
Sep 24 03:25:30.895747 dv-cinder-810800-1-iscsi devstack@n-api.service[93325]: [pid: 93325|app: 0|req: 22/45] 10.222.0.18 () {60 vars in 1211 bytes} [Fri Sep 24 03:25:30 2021] GET /compute/v2.1/flavors?is_public=None => generated 2056 bytes in 18 msecs (HTTP/1.1 200) 9 headers in 360 bytes (1 switches on core 0)
Sep 24 03:25:30.905514 dv-cinder-810800-1-iscsi devstack@n-api.service[93324]: DEBUG nova.api.openstack.wsgi [None req-0e2a9a64-90eb-46f0-b37e-444f7010c7ca admin admin] Calling method '>' {{(pid=93324) _process_stack /opt/stack/nova/nova/api/openstack/wsgi.py:513}}
Sep 24 03:25:30.919538 dv-cinder-810800-1-iscsi devstack@n-api.service[93324]: INFO nova.api.openstack.requestlog [None req-0e2a9a64-90eb-46f0-b37e-444f7010c7ca admin admin] 10.222.0.18 "GET /compute/v2.1/flavors?is_public=None" status: 200 len: 2056 microversion: 2.90 time: 0.016955
Sep 24 03:25:30.920308 dv-cinder-810800-1-iscsi devstack@n-api.service[93324]: [pid: 93324|app: 0|req: 24/46] 10.222.0.18 () {60 vars in 1211 bytes} [Fri Sep 24 03:25:30 2021] GET /compute/v2.1/flavors?is_public=None => generated 2056 bytes in 19 msecs (HTTP/1.1 200) 9 headers in 360 bytes (2 switches on core 0)
Sep 24 03:25:30.930820 dv-cinder-810800-1-iscsi devstack@n-api.service[93325]: DEBUG nova.api.openstack.wsgi [None req-de3186cc-85fe-4897-89f1-1a614b6466b5 admin admin] Calling method '>' {{(pid=93325) _process_stack /opt/stack/nova/nova/api/openstack/wsgi.py:513}}
Sep 24 03:25:30.936587 dv-cinder-810800-1-iscsi devstack@n-api.service[93325]: INFO nova.api.openstack.wsgi [None req-de3186cc-85fe-4897-89f1-1a614b6466b5 admin admin] HTTP exception thrown: Flavor 84 could not be found.
Sep 24 03:25:30.937138 dv-cinder-810800-1-iscsi devstack@n-api.service[93325]: DEBUG nova.api.openstack.wsgi [None req-de3186cc-85fe-4897-89f1-1a614b6466b5 admin admin] Returning 404 to user: Flavor 84 could not be found. {{(pid=93325) __call__ /opt/stack/nova/nova/api/openstack/wsgi.py:936}}
Sep 24 03:25:30.937936 dv-cinder-810800-1-iscsi devstack@n-api.service[93325]: INFO nova.api.openstack.requestlog [None req-de3186cc-85fe-4897-89f1-1a614b6466b5 admin admin] 10.222.0.18 "GET /compute/v2.1/flavors/84" status: 404 len: 75 microversion: 2.90 time: 0.010814
Sep 24 03:25:30.938425 dv-cinder-810800-1-iscsi devstack@n-api.service[93325]: [pid: 93325|app: 0|req: 23/47] 10.222.0.18 () {60 vars in 1191 bytes} [Fri Sep 24 03:25:30 2021] GET /compute/v2.1/flavors/84 => generated 75 bytes in 12 msecs (HTTP/1.1 404) 9 headers in 380 bytes (2 switches on core 0)
Sep 24 03:25:32.293126 dv-cinder-810800-1-iscsi devstack@n-api.service[93324]: DEBUG nova.api.openstack.wsgi [None req-0e2a9a64-90eb-46f0-b37e-444f7010c7ca admin admin] Calling method '>' {{(pid=93324) _process_stack /opt/stack/nova/nova/api/openstack/wsgi.py:513}}
Sep 24 03:25:32.294159 dv-cinder-810800-1-iscsi devstack@n-api.service[93324]: INFO nova.api.openstack.requestlog [None req-0e2a9a64-90eb-46f0-b37e-444f7010c7ca admin admin] 10.222.0.18 "GET /compute/v2.1" status: 200 len: 388 microversion: 2.1 time: 0.001441
Sep 24 03:25:32.294559 dv-cinder-810800-1-iscsi devstack@n-api.service[93324]: [pid: 93324|app: 0|req: 25/48] 10.222.0.18 () {56 vars in 1075 bytes} [Fri Sep 24 03:25:32 2021] GET /compute/v2.1 => generated 388 bytes in 2 msecs (HTTP/1.1 200) 9 headers in 357 bytes (1 switches on core 0)
Sep 24 03:25:32.487299 dv-cinder-810800-1-iscsi devstack@n-api.service[93325]: DEBUG nova.api.openstack.wsgi [None req-f6e1b40c-17c5-4d6b-a3dd-f46b7451cfb5 admin admin] Calling method '>' {{(pid=93325) _process_stack /opt/stack/nova/nova/api/openstack/wsgi.py:513}}
Sep 24 03:25:32.492729 dv-cinder-810800-1-iscsi devstack@n-api.service[93325]: INFO nova.api.openstack.wsgi [None req-f6e1b40c-17c5-4d6b-a3dd-f46b7451cfb5 admin admin] HTTP exception thrown: Flavor 451 could not be found.
Sep 24 03:25:32.493281 dv-cinder-810800-1-iscsi devstack@n-api.service[93325]: DEBUG nova.api.openstack.wsgi [None req-f6e1b40c-17c5-4d6b-a3dd-f46b7451cfb5 admin admin] Returning 404 to user: Flavor 451 could not be found. {{(pid=93325) __call__ /opt/stack/nova/nova/api/openstack/wsgi.py:936}}
Sep 24 03:25:32.494349 dv-cinder-810800-1-iscsi devstack@n-api.service[93325]: INFO nova.api.openstack.requestlog [None req-f6e1b40c-17c5-4d6b-a3dd-f46b7451cfb5 admin admin] 10.222.0.18 "GET /compute/v2.1/flavors/451" status: 404 len: 76 microversion: 2.90 time: 0.059380
Sep 24 03:25:32.494848 dv-cinder-810800-1-iscsi devstack@n-api.service[93325]: [pid: 93325|app: 0|req: 24/49] 10.222.0.18 () {60 vars in 1194 bytes} [Fri Sep 24 03:25:32 2021] GET /compute/v2.1/flavors/451 => generated 76 bytes in 61 msecs (HTTP/1.1 404) 9 headers in 380 bytes (1 switches on core 0)
Sep 24 03:25:32.505240 dv-cinder-810800-1-iscsi devstack@n-api.service[93324]: DEBUG nova.api.openstack.wsgi [None req-f62809ca-30da-4eb6-8edc-7608e4d9fb0b admin admin] Calling method '>' {{(pid=93324) _process_stack /opt/stack/nova/nova/api/openstack/wsgi.py:513}}
Sep 24 03:25:32.518358 dv-cinder-810800-1-iscsi devstack@n-api.service[93324]: INFO nova.api.openstack.requestlog [None req-f62809ca-30da-4eb6-8edc-7608e4d9fb0b admin admin] 10.222.0.18 "GET /compute/v2.1/flavors?is_public=None" status: 200 len: 2056 microversion: 2.90 time: 0.016665
Sep 24 03:25:32.518875 dv-cinder-810800-1-iscsi devstack@n-api.service[93324]: [pid: 93324|app: 0|req: 26/50] 10.222.0.18 () {60 vars in 1211 bytes} [Fri Sep 24 03:25:32 2021] GET /compute/v2.1/flavors?is_public=None => generated 2056 bytes in 18 msecs (HTTP/1.1 200) 9 headers in 360 bytes (2 switches on core 0)
Sep 24 03:25:32.528323 dv-cinder-810800-1-iscsi devstack@n-api.service[93325]: DEBUG nova.api.openstack.wsgi [None req-d919f057-76a6-4201-9cfa-d24bbfdfcd9d admin admin] Calling method '>' {{(pid=93325) _process_stack /opt/stack/nova/nova/api/openstack/wsgi.py:513}}
