Nov 19 17:54:04.464294 dv-cinder-810785-3-iscsi devstack@n-api.service[117124]: DEBUG nova.virt.hardware [None req-3f55f25d-6a41-440e-8fff-50a665917398 tempest-AttachVolumeNegativeTest-1813948640 tempest-AttachVolumeNegativeTest-1813948640-project] Flavor limits 0:0:0 {{(pid=117124) get_cpu_topology_constraints /opt/stack/nova/nova/virt/hardware.py:343}}
Nov 19 17:54:04.465075 dv-cinder-810785-3-iscsi devstack@n-api.service[117124]: DEBUG nova.virt.hardware [None req-3f55f25d-6a41-440e-8fff-50a665917398 tempest-AttachVolumeNegativeTest-1813948640 tempest-AttachVolumeNegativeTest-1813948640-project] Image limits 0:0:0 {{(pid=117124) get_cpu_topology_constraints /opt/stack/nova/nova/virt/hardware.py:347}}
Nov 19 17:54:04.465300 dv-cinder-810785-3-iscsi devstack@n-api.service[117124]: DEBUG nova.virt.hardware [None req-3f55f25d-6a41-440e-8fff-50a665917398 tempest-AttachVolumeNegativeTest-1813948640 tempest-AttachVolumeNegativeTest-1813948640-project] Flavor pref 0:0:0 {{(pid=117124) get_cpu_topology_constraints /opt/stack/nova/nova/virt/hardware.py:383}}
Nov 19 17:54:04.465756 dv-cinder-810785-3-iscsi devstack@n-api.service[117124]: DEBUG nova.virt.hardware [None req-3f55f25d-6a41-440e-8fff-50a665917398 tempest-AttachVolumeNegativeTest-1813948640 tempest-AttachVolumeNegativeTest-1813948640-project] Image pref 0:0:0 {{(pid=117124) get_cpu_topology_constraints /opt/stack/nova/nova/virt/hardware.py:387}}
Nov 19 17:54:04.466178 dv-cinder-810785-3-iscsi devstack@n-api.service[117124]: DEBUG nova.virt.hardware [None req-3f55f25d-6a41-440e-8fff-50a665917398 tempest-AttachVolumeNegativeTest-1813948640 tempest-AttachVolumeNegativeTest-1813948640-project] Chose sockets=0, cores=0, threads=0; limits were sockets=65536, cores=65536, threads=65536 {{(pid=117124) get_cpu_topology_constraints /opt/stack/nova/nova/virt/hardware.py:425}}
Nov 19 17:54:04.512924 dv-cinder-810785-3-iscsi devstack@n-api.service[117124]: DEBUG oslo_concurrency.lockutils [None req-3f55f25d-6a41-440e-8fff-50a665917398 tempest-AttachVolumeNegativeTest-1813948640 tempest-AttachVolumeNegativeTest-1813948640-project] Lock "00000000-0000-0000-0000-000000000000" acquired by "nova.context.set_target_cell..get_or_set_cached_cell_and_set_connections" :: waited 0.000s {{(pid=117124) inner /usr/local/lib/python3.8/dist-packages/oslo_concurrency/lockutils.py:386}}
Nov 19 17:54:04.513376 dv-cinder-810785-3-iscsi devstack@n-api.service[117124]: DEBUG oslo_concurrency.lockutils [None req-3f55f25d-6a41-440e-8fff-50a665917398 tempest-AttachVolumeNegativeTest-1813948640 tempest-AttachVolumeNegativeTest-1813948640-project] Lock "00000000-0000-0000-0000-000000000000" "released" by "nova.context.set_target_cell..get_or_set_cached_cell_and_set_connections" :: held 0.001s {{(pid=117124) inner /usr/local/lib/python3.8/dist-packages/oslo_concurrency/lockutils.py:400}}
Nov 19 17:54:04.514194 dv-cinder-810785-3-iscsi devstack@n-api.service[117124]: DEBUG oslo_concurrency.lockutils [None req-3f55f25d-6a41-440e-8fff-50a665917398 tempest-AttachVolumeNegativeTest-1813948640 tempest-AttachVolumeNegativeTest-1813948640-project] Lock "673cf6e4-2af7-4567-b699-0e8c69f078c9" acquired by "nova.context.set_target_cell..get_or_set_cached_cell_and_set_connections" :: waited 0.000s {{(pid=117124) inner /usr/local/lib/python3.8/dist-packages/oslo_concurrency/lockutils.py:386}}
Nov 19 17:54:04.514653 dv-cinder-810785-3-iscsi devstack@n-api.service[117124]: DEBUG oslo_concurrency.lockutils [None req-3f55f25d-6a41-440e-8fff-50a665917398 tempest-AttachVolumeNegativeTest-1813948640 tempest-AttachVolumeNegativeTest-1813948640-project] Lock "673cf6e4-2af7-4567-b699-0e8c69f078c9" "released" by "nova.context.set_target_cell..get_or_set_cached_cell_and_set_connections" :: held 0.000s {{(pid=117124) inner /usr/local/lib/python3.8/dist-packages/oslo_concurrency/lockutils.py:400}}
Nov 19 17:54:04.600041 dv-cinder-810785-3-iscsi devstack@n-api.service[117124]: DEBUG nova.quota [None req-3f55f25d-6a41-440e-8fff-50a665917398 tempest-AttachVolumeNegativeTest-1813948640 tempest-AttachVolumeNegativeTest-1813948640-project] Getting quotas for project f70f81a9efc74af9998478d2ddcd678d. Resources: {'cores', 'ram', 'instances'} {{(pid=117124) _get_quotas /opt/stack/nova/nova/quota.py:387}}
Nov 19 17:54:04.624159 dv-cinder-810785-3-iscsi devstack@n-api.service[117124]: DEBUG nova.quota [None req-3f55f25d-6a41-440e-8fff-50a665917398 tempest-AttachVolumeNegativeTest-1813948640 tempest-AttachVolumeNegativeTest-1813948640-project] Getting quotas for user a31bfd7a368644fa8a9d3bfa6456f9bf and project f70f81a9efc74af9998478d2ddcd678d. Resources: {'cores', 'ram', 'instances'} {{(pid=117124) _get_quotas /opt/stack/nova/nova/quota.py:377}}
Nov 19 17:54:04.660992 dv-cinder-810785-3-iscsi devstack@n-api.service[117124]: DEBUG nova.compute.api [None req-3f55f25d-6a41-440e-8fff-50a665917398 tempest-AttachVolumeNegativeTest-1813948640 tempest-AttachVolumeNegativeTest-1813948640-project] Going to run 1 instances... {{(pid=117124) _provision_instances /opt/stack/nova/nova/compute/api.py:1350}}
Nov 19 17:54:04.672137 dv-cinder-810785-3-iscsi devstack@n-api.service[117124]: DEBUG nova.compute.api [None req-3f55f25d-6a41-440e-8fff-50a665917398 tempest-AttachVolumeNegativeTest-1813948640 tempest-AttachVolumeNegativeTest-1813948640-project] [instance: 54eae4a6-bfa9-44a8-82d1-895c66a5b1c7] block_device_mapping [BlockDeviceMapping(attachment_id=,boot_index=0,connection_info=None,created_at=,delete_on_termination=True,deleted=,deleted_at=,destination_type='local',device_name=None,device_type='disk',disk_bus=None,guest_format=None,id=,image_id='810bfa8f-1e52-4ad4-854b-3f5dd67fda4f',instance=,instance_uuid=,no_device=False,snapshot_id=None,source_type='image',tag=None,updated_at=,uuid=,volume_id=None,volume_size=None,volume_type=None)] {{(pid=117124) _bdm_validate_set_size_and_instance /opt/stack/nova/nova/compute/api.py:1757}}
Nov 19 17:54:04.758172 dv-cinder-810785-3-iscsi devstack@n-api.service[117125]: DEBUG nova.virt.hardware [None req-f7bbdfc5-de38-45f3-b8b8-a0042b228f99 tempest-DeleteServersTestJSON-141833905 tempest-DeleteServersTestJSON-141833905-project] Flavor limits 0:0:0 {{(pid=117125) get_cpu_topology_constraints /opt/stack/nova/nova/virt/hardware.py:343}}
Nov 19 17:54:04.758954 dv-cinder-810785-3-iscsi devstack@n-api.service[117125]: DEBUG nova.virt.hardware [None req-f7bbdfc5-de38-45f3-b8b8-a0042b228f99 tempest-DeleteServersTestJSON-141833905 tempest-DeleteServersTestJSON-141833905-project] Image limits 0:0:0 {{(pid=117125) get_cpu_topology_constraints /opt/stack/nova/nova/virt/hardware.py:347}}
Nov 19 17:54:04.759549 dv-cinder-810785-3-iscsi devstack@n-api.service[117125]: DEBUG nova.virt.hardware [None req-f7bbdfc5-de38-45f3-b8b8-a0042b228f99 tempest-DeleteServersTestJSON-141833905 tempest-DeleteServersTestJSON-141833905-project] Flavor pref 0:0:0 {{(pid=117125) get_cpu_topology_constraints /opt/stack/nova/nova/virt/hardware.py:383}}
Nov 19 17:54:04.760655 dv-cinder-810785-3-iscsi devstack@n-api.service[117125]: DEBUG nova.virt.hardware [None req-f7bbdfc5-de38-45f3-b8b8-a0042b228f99 tempest-DeleteServersTestJSON-141833905 tempest-DeleteServersTestJSON-141833905-project] Image pref 0:0:0 {{(pid=117125) get_cpu_topology_constraints /opt/stack/nova/nova/virt/hardware.py:387}}
Nov 19 17:54:04.761676 dv-cinder-810785-3-iscsi devstack@n-api.service[117125]: DEBUG nova.virt.hardware [None req-f7bbdfc5-de38-45f3-b8b8-a0042b228f99 tempest-DeleteServersTestJSON-141833905 tempest-DeleteServersTestJSON-141833905-project] Chose sockets=0, cores=0, threads=0; limits were sockets=65536, cores=65536, threads=65536 {{(pid=117125) get_cpu_topology_constraints /opt/stack/nova/nova/virt/hardware.py:425}}
Nov 19 17:54:04.801991 dv-cinder-810785-3-iscsi devstack@n-api.service[117125]: DEBUG oslo_concurrency.lockutils [None req-f7bbdfc5-de38-45f3-b8b8-a0042b228f99 tempest-DeleteServersTestJSON-141833905 tempest-DeleteServersTestJSON-141833905-project] Lock "00000000-0000-0000-0000-000000000000" acquired by "nova.context.set_target_cell..get_or_set_cached_cell_and_set_connections" :: waited 0.000s {{(pid=117125) inner /usr/local/lib/python3.8/dist-packages/oslo_concurrency/lockutils.py:386}}
Nov 19 17:54:04.805448 dv-cinder-810785-3-iscsi devstack@n-api.service[117125]: DEBUG oslo_concurrency.lockutils [None req-f7bbdfc5-de38-45f3-b8b8-a0042b228f99 tempest-DeleteServersTestJSON-141833905 tempest-DeleteServersTestJSON-141833905-project] Lock "00000000-0000-0000-0000-000000000000" "released" by "nova.context.set_target_cell..get_or_set_cached_cell_and_set_connections" :: held 0.001s {{(pid=117125) inner /usr/local/lib/python3.8/dist-packages/oslo_concurrency/lockutils.py:400}}
Nov 19 17:54:04.807109 dv-cinder-810785-3-iscsi devstack@n-api.service[117125]: DEBUG oslo_concurrency.lockutils [None req-f7bbdfc5-de38-45f3-b8b8-a0042b228f99 tempest-DeleteServersTestJSON-141833905 tempest-DeleteServersTestJSON-141833905-project] Lock "673cf6e4-2af7-4567-b699-0e8c69f078c9" acquired by "nova.context.set_target_cell..get_or_set_cached_cell_and_set_connections" :: waited 0.000s {{(pid=117125) inner /usr/local/lib/python3.8/dist-packages/oslo_concurrency/lockutils.py:386}}
Nov 19 17:54:04.807908 dv-cinder-810785-3-iscsi devstack@n-api.service[117125]: DEBUG oslo_concurrency.lockutils [None req-f7bbdfc5-de38-45f3-b8b8-a0042b228f99 tempest-DeleteServersTestJSON-141833905 tempest-DeleteServersTestJSON-141833905-project] Lock "673cf6e4-2af7-4567-b699-0e8c69f078c9" "released" by "nova.context.set_target_cell..get_or_set_cached_cell_and_set_connections" :: held 0.001s {{(pid=117125) inner /usr/local/lib/python3.8/dist-packages/oslo_concurrency/lockutils.py:400}}
Nov 19 17:54:04.849477 dv-cinder-810785-3-iscsi devstack@n-api.service[117124]: INFO nova.api.openstack.requestlog [None req-3f55f25d-6a41-440e-8fff-50a665917398 tempest-AttachVolumeNegativeTest-1813948640 tempest-AttachVolumeNegativeTest-1813948640-project] 10.222.0.71 "POST /compute/v2.1/servers" status: 202 len: 380 microversion: 2.1 time: 5.091676
Nov 19 17:54:04.855939 dv-cinder-810785-3-iscsi devstack@n-api.service[117124]: [pid: 117124|app: 0|req: 1/2] 10.222.0.71 () {60 vars in 1146 bytes} [Fri Nov 19 17:53:59 2021] POST /compute/v2.1/servers => generated 380 bytes in 5095 msecs (HTTP/1.1 202) 10 headers in 451 bytes (2 switches on core 0)
Nov 19 17:54:04.860970 dv-cinder-810785-3-iscsi devstack@n-api.service[117124]: DEBUG nova.api.openstack.wsgi [None req-381399ce-4e31-491b-8556-edeb653313c9 tempest-VolumesGetTestJSON-2118627256 tempest-VolumesGetTestJSON-2118627256-project] Calling method '.version_select at 0x7f1e3df52160>' {{(pid=117124) _process_stack /opt/stack/nova/nova/api/openstack/wsgi.py:513}}
Nov 19 17:54:04.873494 dv-cinder-810785-3-iscsi devstack@n-api.service[117125]: DEBUG nova.quota [None req-f7bbdfc5-de38-45f3-b8b8-a0042b228f99 tempest-DeleteServersTestJSON-141833905 tempest-DeleteServersTestJSON-141833905-project] Getting quotas for project 4bbde3db5bc445c794f2c0b5f8243c5a. Resources: {'cores', 'ram', 'instances'} {{(pid=117125) _get_quotas /opt/stack/nova/nova/quota.py:387}}
Nov 19 17:54:04.884353 dv-cinder-810785-3-iscsi devstack@n-api.service[117125]: DEBUG nova.quota [None req-f7bbdfc5-de38-45f3-b8b8-a0042b228f99 tempest-DeleteServersTestJSON-141833905 tempest-DeleteServersTestJSON-141833905-project] Getting quotas for user 982a0aa740034aa3896d4ef12006b1aa and project 4bbde3db5bc445c794f2c0b5f8243c5a. Resources: {'cores', 'ram', 'instances'} {{(pid=117125) _get_quotas /opt/stack/nova/nova/quota.py:377}}
Nov 19 17:54:04.909104 dv-cinder-810785-3-iscsi devstack@n-api.service[117125]: DEBUG nova.compute.api [None req-f7bbdfc5-de38-45f3-b8b8-a0042b228f99 tempest-DeleteServersTestJSON-141833905 tempest-DeleteServersTestJSON-141833905-project] Going to run 1 instances... {{(pid=117125) _provision_instances /opt/stack/nova/nova/compute/api.py:1350}}
Nov 19 17:54:04.914042 dv-cinder-810785-3-iscsi devstack@n-api.service[117125]: DEBUG nova.compute.api [None req-f7bbdfc5-de38-45f3-b8b8-a0042b228f99 tempest-DeleteServersTestJSON-141833905 tempest-DeleteServersTestJSON-141833905-project] [instance: 826e09bb-63e5-4593-acee-ecc3a82aa25e] block_device_mapping [BlockDeviceMapping(attachment_id=,boot_index=0,connection_info=None,created_at=,delete_on_termination=True,deleted=,deleted_at=,destination_type='local',device_name=None,device_type='disk',disk_bus=None,guest_format=None,id=,image_id='810bfa8f-1e52-4ad4-854b-3f5dd67fda4f',instance=,instance_uuid=,no_device=False,snapshot_id=None,source_type='image',tag=None,updated_at=,uuid=,volume_id=None,volume_size=None,volume_type=None)] {{(pid=117125) _bdm_validate_set_size_and_instance /opt/stack/nova/nova/compute/api.py:1757}}
Nov 19 17:54:04.978839 dv-cinder-810785-3-iscsi devstack@n-api.service[117124]: INFO nova.api.openstack.requestlog [None req-381399ce-4e31-491b-8556-edeb653313c9 tempest-VolumesGetTestJSON-2118627256 tempest-VolumesGetTestJSON-2118627256-project] 10.222.0.71 "GET /compute/v2.1/os-volumes/b2177f15-7804-41b3-9b97-eb2ee3980bf5" status: 200 len: 354 microversion: 2.1 time: 0.125200
Nov 19 17:54:04.987634 dv-cinder-810785-3-iscsi devstack@n-api.service[117124]: [pid: 117124|app: 0|req: 2/3] 10.222.0.71 () {58 vars in 1244 bytes} [Fri Nov 19 17:54:04 2021] GET /compute/v2.1/os-volumes/b2177f15-7804-41b3-9b97-eb2ee3980bf5 => generated 354 bytes in 136 msecs (HTTP/1.1 200) 9 headers in 357 bytes (1 switches on core 0)
Nov 19 17:54:04.993120 dv-cinder-810785-3-iscsi devstack@n-api.service[117124]: DEBUG nova.api.openstack.wsgi [None req-b880cdae-cbc9-4921-9aa5-acac91bae752 tempest-AttachVolumeNegativeTest-1813948640 tempest-AttachVolumeNegativeTest-1813948640-project] Calling method '>' {{(pid=117124) _process_stack /opt/stack/nova/nova/api/openstack/wsgi.py:513}}
Nov 19 17:54:04.994136 dv-cinder-810785-3-iscsi devstack@n-api.service[117124]: DEBUG nova.compute.api [None req-b880cdae-cbc9-4921-9aa5-acac91bae752 tempest-AttachVolumeNegativeTest-1813948640 tempest-AttachVolumeNegativeTest-1813948640-project] [instance: 54eae4a6-bfa9-44a8-82d1-895c66a5b1c7] Fetching instance by UUID {{(pid=117124) get /opt/stack/nova/nova/compute/api.py:2865}}
Nov 19 17:54:05.149685 dv-cinder-810785-3-iscsi devstack@n-api.service[117125]: INFO nova.api.openstack.requestlog [None req-f7bbdfc5-de38-45f3-b8b8-a0042b228f99 tempest-DeleteServersTestJSON-141833905 tempest-DeleteServersTestJSON-141833905-project] 10.222.0.71 "POST /compute/v2.1/servers" status: 202 len: 380 microversion: 2.1 time: 2.505572
Nov 19 17:54:05.164487 dv-cinder-810785-3-iscsi devstack@n-api.service[117125]: [pid: 117125|app: 0|req: 2/4] 10.222.0.71 () {60 vars in 1146 bytes} [Fri Nov 19 17:54:02 2021] POST /compute/v2.1/servers => generated 380 bytes in 2515 msecs (HTTP/1.1 202) 10 headers in 451 bytes (1 switches on core 0)
Nov 19 17:54:05.225635 dv-cinder-810785-3-iscsi devstack@n-api.service[117125]: DEBUG nova.api.openstack.wsgi [None req-8a957c47-16fc-49b3-a7a0-0ce8d8ed7448 tempest-VolumesGetTestJSON-2118627256 tempest-VolumesGetTestJSON-2118627256-project] Calling method '.version_select at 0x7f1e3e71d940>' {{(pid=117125) _process_stack /opt/stack/nova/nova/api/openstack/wsgi.py:513}}
Nov 19 17:54:05.267699 dv-cinder-810785-3-iscsi devstack@n-api.service[117124]: DEBUG nova.policy [None req-b880cdae-cbc9-4921-9aa5-acac91bae752 tempest-AttachVolumeNegativeTest-1813948640 tempest-AttachVolumeNegativeTest-1813948640-project] Policy check for os_compute_api:os-extended-server-attributes failed with credentials {'is_admin': False, 'user_id': 'a31bfd7a368644fa8a9d3bfa6456f9bf', 'user_domain_id': 'default', 'system_scope': None, 'domain_id': None, 'project_id': 'f70f81a9efc74af9998478d2ddcd678d', 'project_domain_id': 'default', 'roles': ['member', 'reader'], 'is_admin_project': True, 'service_user_id': None, 'service_user_domain_id': None, 'service_project_id': None, 'service_project_domain_id': None, 'service_roles': []} {{(pid=117124) authorize /opt/stack/nova/nova/policy.py:199}}
Nov 19 17:54:05.347922 dv-cinder-810785-3-iscsi devstack@n-api.service[117124]: INFO nova.api.openstack.requestlog [None req-b880cdae-cbc9-4921-9aa5-acac91bae752 tempest-AttachVolumeNegativeTest-1813948640 tempest-AttachVolumeNegativeTest-1813948640-project] 10.222.0.71 "GET /compute/v2.1/servers/54eae4a6-bfa9-44a8-82d1-895c66a5b1c7" status: 200 len: 1218 microversion: 2.1 time: 0.358126
Nov 19 17:54:05.365399 dv-cinder-810785-3-iscsi devstack@n-api.service[117124]: [pid: 117124|app: 0|req: 3/5] 10.222.0.71 () {58 vars in 1235 bytes} [Fri Nov 19 17:54:04 2021] GET /compute/v2.1/servers/54eae4a6-bfa9-44a8-82d1-895c66a5b1c7 => generated 1218 bytes in 377 msecs (HTTP/1.1 200) 9 headers in 358 bytes (1 switches on core 0)
Nov 19 17:54:05.381050 dv-cinder-810785-3-iscsi devstack@n-api.service[117124]: DEBUG nova.api.openstack.wsgi [None req-a69ec9a8-40ec-4914-bc83-9a4c0168245e tempest-DeleteServersTestJSON-141833905 tempest-DeleteServersTestJSON-141833905-project] Calling method '>' {{(pid=117124) _process_stack /opt/stack/nova/nova/api/openstack/wsgi.py:513}}
Nov 19 17:54:05.381673 dv-cinder-810785-3-iscsi devstack@n-api.service[117124]: DEBUG nova.compute.api [None req-a69ec9a8-40ec-4914-bc83-9a4c0168245e tempest-DeleteServersTestJSON-141833905 tempest-DeleteServersTestJSON-141833905-project] [instance: 826e09bb-63e5-4593-acee-ecc3a82aa25e] Fetching instance by UUID {{(pid=117124) get /opt/stack/nova/nova/compute/api.py:2865}}
Nov 19 17:54:05.436869 dv-cinder-810785-3-iscsi devstack@n-api.service[117125]: INFO nova.api.openstack.requestlog [None req-8a957c47-16fc-49b3-a7a0-0ce8d8ed7448 tempest-VolumesGetTestJSON-2118627256 tempest-VolumesGetTestJSON-2118627256-project] 10.222.0.71 "GET /compute/v2.1/os-volumes/b2177f15-7804-41b3-9b97-eb2ee3980bf5" status: 200 len: 354 microversion: 2.1 time: 0.273960
Nov 19 17:54:05.438065 dv-cinder-810785-3-iscsi devstack@n-api.service[117125]: [pid: 117125|app: 0|req: 3/6] 10.222.0.71 () {58 vars in 1244 bytes} [Fri Nov 19 17:54:05 2021] GET /compute/v2.1/os-volumes/b2177f15-7804-41b3-9b97-eb2ee3980bf5 => generated 354 bytes in 279 msecs (HTTP/1.1 200) 9 headers in 357 bytes (1 switches on core 0)
Nov 19 17:54:05.485678 dv-cinder-810785-3-iscsi devstack@n-api.service[117125]: DEBUG nova.api.openstack.wsgi [None req-f61be544-91f5-4b9b-862c-464ec3b2fa33 tempest-VolumesGetTestJSON-2118627256 tempest-VolumesGetTestJSON-2118627256-project] Calling method '.version_select at 0x7f1e3e741550>' {{(pid=117125) _process_stack /opt/stack/nova/nova/api/openstack/wsgi.py:513}}
Nov 19 17:54:05.541110 dv-cinder-810785-3-iscsi devstack@n-api.service[117124]: DEBUG nova.policy [None req-a69ec9a8-40ec-4914-bc83-9a4c0168245e tempest-DeleteServersTestJSON-141833905 tempest-DeleteServersTestJSON-141833905-project] Policy check for os_compute_api:os-extended-server-attributes failed with credentials {'is_admin': False, 'user_id': '982a0aa740034aa3896d4ef12006b1aa', 'user_domain_id': 'default', 'system_scope': None, 'domain_id': None, 'project_id': '4bbde3db5bc445c794f2c0b5f8243c5a', 'project_domain_id': 'default', 'roles': ['member', 'reader'], 'is_admin_project': True, 'service_user_id': None, 'service_user_domain_id': None, 'service_project_id': None, 'service_project_domain_id': None, 'service_roles': []} {{(pid=117124) authorize /opt/stack/nova/nova/policy.py:199}}
Nov 19 17:54:05.558936 dv-cinder-810785-3-iscsi devstack@n-api.service[117124]: INFO nova.api.openstack.requestlog [None req-a69ec9a8-40ec-4914-bc83-9a4c0168245e tempest-DeleteServersTestJSON-141833905 tempest-DeleteServersTestJSON-141833905-project] 10.222.0.71 "GET /compute/v2.1/servers/826e09bb-63e5-4593-acee-ecc3a82aa25e" status: 200 len: 1215 microversion: 2.1 time: 0.185943
Nov 19 17:54:05.574747 dv-cinder-810785-3-iscsi devstack@n-api.service[117124]: [pid: 117124|app: 0|req: 4/7] 10.222.0.71 () {58 vars in 1235 bytes} [Fri Nov 19 17:54:05 2021] GET /compute/v2.1/servers/826e09bb-63e5-4593-acee-ecc3a82aa25e => generated 1215 bytes in 209 msecs (HTTP/1.1 200) 9 headers in 358 bytes (1 switches on core 0)
Nov 19 17:54:05.622477 dv-cinder-810785-3-iscsi devstack@n-api.service[117125]: INFO nova.api.openstack.requestlog [None req-f61be544-91f5-4b9b-862c-464ec3b2fa33 tempest-VolumesGetTestJSON-2118627256 tempest-VolumesGetTestJSON-2118627256-project] 10.222.0.71 "DELETE /compute/v2.1/os-volumes/b2177f15-7804-41b3-9b97-eb2ee3980bf5" status: 202 len: 0 microversion: 2.1 time: 0.160484
Nov 19 17:54:05.623352 dv-cinder-810785-3-iscsi devstack@n-api.service[117125]: [pid: 117125|app: 0|req: 4/8] 10.222.0.71 () {58 vars in 1247 bytes} [Fri Nov 19 17:54:05 2021] DELETE /compute/v2.1/os-volumes/b2177f15-7804-41b3-9b97-eb2ee3980bf5 => generated 0 bytes in 162 msecs (HTTP/1.1 202) 9 headers in 361 bytes (2 switches on core 0)
Nov 19 17:54:05.631850 dv-cinder-810785-3-iscsi devstack@n-api.service[117124]: DEBUG nova.api.openstack.wsgi [None req-b51977f8-3dfb-40c3-b0ed-f6bba5e31689 tempest-VolumesGetTestJSON-2118627256 tempest-VolumesGetTestJSON-2118627256-project] Calling method '.version_select at 0x7f1e3d6e2af0>' {{(pid=117124) _process_stack /opt/stack/nova/nova/api/openstack/wsgi.py:513}}
Nov 19 17:54:05.798871 dv-cinder-810785-3-iscsi devstack@n-api.service[117124]: INFO nova.api.openstack.requestlog [None req-b51977f8-3dfb-40c3-b0ed-f6bba5e31689 tempest-VolumesGetTestJSON-2118627256 tempest-VolumesGetTestJSON-2118627256-project] 10.222.0.71 "GET /compute/v2.1/os-volumes/b2177f15-7804-41b3-9b97-eb2ee3980bf5" status: 200 len: 353 microversion: 2.1 time: 0.170388
Nov 19 17:54:05.806494 dv-cinder-810785-3-iscsi devstack@n-api.service[117124]: [pid: 117124|app: 0|req: 5/9] 10.222.0.71 () {58 vars in 1244 bytes} [Fri Nov 19 17:54:05 2021] GET /compute/v2.1/os-volumes/b2177f15-7804-41b3-9b97-eb2ee3980bf5 => generated 353 bytes in 179 msecs (HTTP/1.1 200) 9 headers in 357 bytes (1 switches on core 0)
Nov 19 17:54:06.372584 dv-cinder-810785-3-iscsi devstack@n-api.service[117125]: DEBUG nova.api.openstack.wsgi [None req-25f1df95-6674-4ac7-8814-33f31846f405 tempest-AttachVolumeNegativeTest-1813948640 tempest-AttachVolumeNegativeTest-1813948640-project] Calling method '>' {{(pid=117125) _process_stack /opt/stack/nova/nova/api/openstack/wsgi.py:513}}
Nov 19 17:54:06.374276 dv-cinder-810785-3-iscsi devstack@n-api.service[117125]: DEBUG nova.compute.api [None req-25f1df95-6674-4ac7-8814-33f31846f405 tempest-AttachVolumeNegativeTest-1813948640 tempest-AttachVolumeNegativeTest-1813948640-project] [instance: 54eae4a6-bfa9-44a8-82d1-895c66a5b1c7] Fetching instance by UUID {{(pid=117125) get /opt/stack/nova/nova/compute/api.py:2865}}
Nov 19 17:54:06.557019 dv-cinder-810785-3-iscsi devstack@n-api.service[117125]: DEBUG nova.policy [None req-25f1df95-6674-4ac7-8814-33f31846f405 tempest-AttachVolumeNegativeTest-1813948640 tempest-AttachVolumeNegativeTest-1813948640-project] Policy check for os_compute_api:os-extended-server-attributes failed with credentials {'is_admin': False, 'user_id': 'a31bfd7a368644fa8a9d3bfa6456f9bf', 'user_domain_id': 'default', 'system_scope': None, 'domain_id': None, 'project_id': 'f70f81a9efc74af9998478d2ddcd678d', 'project_domain_id': 'default', 'roles': ['member', 'reader'], 'is_admin_project': True, 'service_user_id': None, 'service_user_domain_id': None, 'service_project_id': None, 'service_project_domain_id': None, 'service_roles': []} {{(pid=117125) authorize /opt/stack/nova/nova/policy.py:199}}
Nov 19 17:54:06.586003 dv-cinder-810785-3-iscsi devstack@n-api.service[117124]: DEBUG nova.api.openstack.wsgi [None req-8af4a395-2542-4371-87af-2ea8795736e1 tempest-DeleteServersTestJSON-141833905 tempest-DeleteServersTestJSON-141833905-project] Calling method '>' {{(pid=117124) _process_stack /opt/stack/nova/nova/api/openstack/wsgi.py:513}}
Nov 19 17:54:06.589121 dv-cinder-810785-3-iscsi devstack@n-api.service[117124]: DEBUG nova.compute.api [None req-8af4a395-2542-4371-87af-2ea8795736e1 tempest-DeleteServersTestJSON-141833905 tempest-DeleteServersTestJSON-141833905-project] [instance: 826e09bb-63e5-4593-acee-ecc3a82aa25e] Fetching instance by UUID {{(pid=117124) get /opt/stack/nova/nova/compute/api.py:2865}}
Nov 19 17:54:06.667135 dv-cinder-810785-3-iscsi devstack@n-api.service[117125]: INFO nova.api.openstack.requestlog [None req-25f1df95-6674-4ac7-8814-33f31846f405 tempest-AttachVolumeNegativeTest-1813948640 tempest-AttachVolumeNegativeTest-1813948640-project] 10.222.0.71 "GET /compute/v2.1/servers/54eae4a6-bfa9-44a8-82d1-895c66a5b1c7" status: 200 len: 1218 microversion: 2.1 time: 0.295728
Nov 19 17:54:06.668612 dv-cinder-810785-3-iscsi devstack@n-api.service[117125]: [pid: 117125|app: 0|req: 5/10] 10.222.0.71 () {58 vars in 1235 bytes} [Fri Nov 19 17:54:06 2021] GET /compute/v2.1/servers/54eae4a6-bfa9-44a8-82d1-895c66a5b1c7 => generated 1218 bytes in 300 msecs (HTTP/1.1 200) 9 headers in 358 bytes (1 switches on core 0)
Nov 19 17:54:06.812830 dv-cinder-810785-3-iscsi devstack@n-api.service[117125]: DEBUG nova.api.openstack.wsgi [None req-06961d36-4107-4813-938d-9e7bb0dfdb2a tempest-VolumesGetTestJSON-2118627256 tempest-VolumesGetTestJSON-2118627256-project] Calling method '.version_select at 0x7f1e3d6d73a0>' {{(pid=117125) _process_stack /opt/stack/nova/nova/api/openstack/wsgi.py:513}}
Nov 19 17:54:06.890703 dv-cinder-810785-3-iscsi devstack@n-api.service[117125]: INFO nova.api.openstack.wsgi [None req-06961d36-4107-4813-938d-9e7bb0dfdb2a tempest-VolumesGetTestJSON-2118627256 tempest-VolumesGetTestJSON-2118627256-project] HTTP exception thrown: Volume b2177f15-7804-41b3-9b97-eb2ee3980bf5 could not be found.
Nov 19 17:54:06.891777 dv-cinder-810785-3-iscsi devstack@n-api.service[117125]: DEBUG nova.api.openstack.wsgi [None req-06961d36-4107-4813-938d-9e7bb0dfdb2a tempest-VolumesGetTestJSON-2118627256 tempest-VolumesGetTestJSON-2118627256-project] Returning 404 to user: Volume b2177f15-7804-41b3-9b97-eb2ee3980bf5 could not be found. {{(pid=117125) __call__ /opt/stack/nova/nova/api/openstack/wsgi.py:936}}
Nov 19 17:54:06.892999 dv-cinder-810785-3-iscsi devstack@n-api.service[117125]: INFO nova.api.openstack.requestlog [None req-06961d36-4107-4813-938d-9e7bb0dfdb2a tempest-VolumesGetTestJSON-2118627256 tempest-VolumesGetTestJSON-2118627256-project] 10.222.0.71 "GET /compute/v2.1/os-volumes/b2177f15-7804-41b3-9b97-eb2ee3980bf5" status: 404 len: 109 microversion: 2.1 time: 0.083628
Nov 19 17:54:06.893735 dv-cinder-810785-3-iscsi devstack@n-api.service[117125]: [pid: 117125|app: 0|req: 6/11] 10.222.0.71 () {58 vars in 1244 bytes} [Fri Nov 19 17:54:06 2021] GET /compute/v2.1/os-volumes/b2177f15-7804-41b3-9b97-eb2ee3980bf5 => generated 109 bytes in 85 msecs (HTTP/1.1 404) 9 headers in 379 bytes (2 switches on core 0)
Nov 19 17:54:07.118307 dv-cinder-810785-3-iscsi devstack@n-api.service[117124]: DEBUG nova.policy [None req-8af4a395-2542-4371-87af-2ea8795736e1 tempest-DeleteServersTestJSON-141833905 tempest-DeleteServersTestJSON-141833905-project] Policy check for os_compute_api:os-extended-server-attributes failed with credentials {'is_admin': False, 'user_id': '982a0aa740034aa3896d4ef12006b1aa', 'user_domain_id': 'default', 'system_scope': None, 'domain_id': None, 'project_id': '4bbde3db5bc445c794f2c0b5f8243c5a', 'project_domain_id': 'default', 'roles': ['member', 'reader'], 'is_admin_project': True, 'service_user_id': None, 'service_user_domain_id': None, 'service_project_id': None, 'service_project_domain_id': None, 'service_roles': []} {{(pid=117124) authorize /opt/stack/nova/nova/policy.py:199}}
Nov 19 17:54:07.130364 dv-cinder-810785-3-iscsi devstack@n-api.service[117124]: INFO nova.api.openstack.requestlog [None req-8af4a395-2542-4371-87af-2ea8795736e1 tempest-DeleteServersTestJSON-141833905 tempest-DeleteServersTestJSON-141833905-project] 10.222.0.71 "GET /compute/v2.1/servers/826e09bb-63e5-4593-acee-ecc3a82aa25e" status: 200 len: 1215 microversion: 2.1 time: 0.549898
Nov 19 17:54:07.134388 dv-cinder-810785-3-iscsi devstack@n-api.service[117124]: [pid: 117124|app: 0|req: 6/12] 10.222.0.71 () {58 vars in 1235 bytes} [Fri Nov 19 17:54:06 2021] GET /compute/v2.1/servers/826e09bb-63e5-4593-acee-ecc3a82aa25e => generated 1215 bytes in 557 msecs (HTTP/1.1 200) 9 headers in 358 bytes (1 switches on core 0)
Nov 19 17:54:07.688481 dv-cinder-810785-3-iscsi devstack@n-api.service[117124]: DEBUG nova.api.openstack.wsgi [None req-424ca373-7522-4ff4-8c45-7ea041abb5c4 tempest-AttachVolumeNegativeTest-1813948640 tempest-AttachVolumeNegativeTest-1813948640-project] Calling method '>' {{(pid=117124) _process_stack /opt/stack/nova/nova/api/openstack/wsgi.py:513}}
Nov 19 17:54:07.690799 dv-cinder-810785-3-iscsi devstack@n-api.service[117124]: DEBUG nova.compute.api [None req-424ca373-7522-4ff4-8c45-7ea041abb5c4 tempest-AttachVolumeNegativeTest-1813948640 tempest-AttachVolumeNegativeTest-1813948640-project] [instance: 54eae4a6-bfa9-44a8-82d1-895c66a5b1c7] Fetching instance by UUID {{(pid=117124) get /opt/stack/nova/nova/compute/api.py:2865}}
Nov 19 17:54:07.700348 dv-cinder-810785-3-iscsi devstack@n-api.service[117124]: DEBUG oslo_concurrency.lockutils [None req-424ca373-7522-4ff4-8c45-7ea041abb5c4 tempest-AttachVolumeNegativeTest-1813948640 tempest-AttachVolumeNegativeTest-1813948640-project] Lock "673cf6e4-2af7-4567-b699-0e8c69f078c9" acquired by "nova.context.set_target_cell..get_or_set_cached_cell_and_set_connections" :: waited 0.000s {{(pid=117124) inner /usr/local/lib/python3.8/dist-packages/oslo_concurrency/lockutils.py:386}}
Nov 19 17:54:07.701656 dv-cinder-810785-3-iscsi devstack@n-api.service[117124]: DEBUG oslo_concurrency.lockutils [None req-424ca373-7522-4ff4-8c45-7ea041abb5c4 tempest-AttachVolumeNegativeTest-1813948640 tempest-AttachVolumeNegativeTest-1813948640-project] Lock "673cf6e4-2af7-4567-b699-0e8c69f078c9" "released" by "nova.context.set_target_cell..get_or_set_cached_cell_and_set_connections" :: held 0.001s {{(pid=117124) inner /usr/local/lib/python3.8/dist-packages/oslo_concurrency/lockutils.py:400}}
Nov 19 17:54:07.703491 dv-cinder-810785-3-iscsi devstack@n-api.service[117124]: DEBUG oslo_concurrency.lockutils [None req-424ca373-7522-4ff4-8c45-7ea041abb5c4 tempest-AttachVolumeNegativeTest-1813948640 tempest-AttachVolumeNegativeTest-1813948640-project] Lock "673cf6e4-2af7-4567-b699-0e8c69f078c9" acquired by "nova.context.set_target_cell..get_or_set_cached_cell_and_set_connections" :: waited 0.000s {{(pid=117124) inner /usr/local/lib/python3.8/dist-packages/oslo_concurrency/lockutils.py:386}}
Nov 19 17:54:07.704356 dv-cinder-810785-3-iscsi devstack@n-api.service[117124]: DEBUG oslo_concurrency.lockutils [None req-424ca373-7522-4ff4-8c45-7ea041abb5c4 tempest-AttachVolumeNegativeTest-1813948640 tempest-AttachVolumeNegativeTest-1813948640-project] Lock "673cf6e4-2af7-4567-b699-0e8c69f078c9" "released" by "nova.context.set_target_cell..get_or_set_cached_cell_and_set_connections" :: held 0.001s {{(pid=117124) inner /usr/local/lib/python3.8/dist-packages/oslo_concurrency/lockutils.py:400}}
Nov 19 17:54:08.018287 dv-cinder-810785-3-iscsi devstack@n-api.service[117124]: DEBUG nova.policy [None req-424ca373-7522-4ff4-8c45-7ea041abb5c4 tempest-AttachVolumeNegativeTest-1813948640 tempest-AttachVolumeNegativeTest-1813948640-project] Policy check for os_compute_api:os-extended-server-attributes failed with credentials {'is_admin': False, 'user_id': 'a31bfd7a368644fa8a9d3bfa6456f9bf', 'user_domain_id': 'default', 'system_scope': None, 'domain_id': None, 'project_id': 'f70f81a9efc74af9998478d2ddcd678d', 'project_domain_id': 'default', 'roles': ['member', 'reader'], 'is_admin_project': True, 'service_user_id': None, 'service_user_domain_id': None, 'service_project_id': None, 'service_project_domain_id': None, 'service_roles': []} {{(pid=117124) authorize /opt/stack/nova/nova/policy.py:199}}
Nov 19 17:54:08.037296 dv-cinder-810785-3-iscsi devstack@n-api.service[117124]: INFO nova.api.openstack.requestlog [None req-424ca373-7522-4ff4-8c45-7ea041abb5c4 tempest-AttachVolumeNegativeTest-1813948640 tempest-AttachVolumeNegativeTest-1813948640-project] 10.222.0.71 "GET /compute/v2.1/servers/54eae4a6-bfa9-44a8-82d1-895c66a5b1c7" status: 200 len: 1222 microversion: 2.1 time: 0.353887
Nov 19 17:54:08.047618 dv-cinder-810785-3-iscsi devstack@n-api.service[117124]: [pid: 117124|app: 0|req: 7/13] 10.222.0.71 () {58 vars in 1235 bytes} [Fri Nov 19 17:54:07 2021] GET /compute/v2.1/servers/54eae4a6-bfa9-44a8-82d1-895c66a5b1c7 => generated 1222 bytes in 365 msecs (HTTP/1.1 200) 9 headers in 358 bytes (1 switches on core 0)
Nov 19 17:54:08.057871 dv-cinder-810785-3-iscsi devstack@n-api.service[117125]: DEBUG nova.api.openstack.wsgi [None req-e152daaa-9531-463f-a0d5-99704bf733df tempest-AttachVolumeTestJSON-430801439 tempest-AttachVolumeTestJSON-430801439-project] Action: 'create', calling method: .version_select at 0x7f1e3d6db3a0>, body: {"keypair": {"name": "tempest-keypair-1296074491"}} {{(pid=117125) _process_stack /opt/stack/nova/nova/api/openstack/wsgi.py:511}}
Nov 19 17:54:08.127423 dv-cinder-810785-3-iscsi devstack@n-api.service[117125]: DEBUG nova.quota [None req-e152daaa-9531-463f-a0d5-99704bf733df tempest-AttachVolumeTestJSON-430801439 tempest-AttachVolumeTestJSON-430801439-project] Getting quotas for project 0456090f49334c51827e8fad95f98095. Resources: {'key_pairs'} {{(pid=117125) _get_quotas /opt/stack/nova/nova/quota.py:387}}
Nov 19 17:54:08.148121 dv-cinder-810785-3-iscsi devstack@n-api.service[117125]: DEBUG nova.quota [None req-e152daaa-9531-463f-a0d5-99704bf733df tempest-AttachVolumeTestJSON-430801439 tempest-AttachVolumeTestJSON-430801439-project] Getting quotas for user a0d5bd1514b5472d95b749bb60467714 and project 0456090f49334c51827e8fad95f98095. Resources: {'key_pairs'} {{(pid=117125) _get_quotas /opt/stack/nova/nova/quota.py:377}}
Nov 19 17:54:08.150168 dv-cinder-810785-3-iscsi devstack@n-api.service[117124]: DEBUG nova.api.openstack.wsgi [None req-2efb7a0d-518f-4354-bc16-c97bcd672671 tempest-DeleteServersTestJSON-141833905 tempest-DeleteServersTestJSON-141833905-project] Calling method '>' {{(pid=117124) _process_stack /opt/stack/nova/nova/api/openstack/wsgi.py:513}}
Nov 19 17:54:08.150904 dv-cinder-810785-3-iscsi devstack@n-api.service[117124]: DEBUG nova.compute.api [None req-2efb7a0d-518f-4354-bc16-c97bcd672671 tempest-DeleteServersTestJSON-141833905 tempest-DeleteServersTestJSON-141833905-project] [instance: 826e09bb-63e5-4593-acee-ecc3a82aa25e] Fetching instance by UUID {{(pid=117124) get /opt/stack/nova/nova/compute/api.py:2865}}
Nov 19 17:54:08.161269 dv-cinder-810785-3-iscsi devstack@n-api.service[117124]: DEBUG oslo_concurrency.lockutils [None req-2efb7a0d-518f-4354-bc16-c97bcd672671 tempest-DeleteServersTestJSON-141833905 tempest-DeleteServersTestJSON-141833905-project] Lock "673cf6e4-2af7-4567-b699-0e8c69f078c9" acquired by "nova.context.set_target_cell..get_or_set_cached_cell_and_set_connections" :: waited 0.000s {{(pid=117124) inner /usr/local/lib/python3.8/dist-packages/oslo_concurrency/lockutils.py:386}}
Nov 19 17:54:08.161729 dv-cinder-810785-3-iscsi devstack@n-api.service[117124]: DEBUG oslo_concurrency.lockutils [None req-2efb7a0d-518f-4354-bc16-c97bcd672671 tempest-DeleteServersTestJSON-141833905 tempest-DeleteServersTestJSON-141833905-project] Lock "673cf6e4-2af7-4567-b699-0e8c69f078c9" "released" by "nova.context.set_target_cell..get_or_set_cached_cell_and_set_connections" :: held 0.001s {{(pid=117124) inner /usr/local/lib/python3.8/dist-packages/oslo_concurrency/lockutils.py:400}}
Nov 19 17:54:08.167474 dv-cinder-810785-3-iscsi devstack@n-api.service[117124]: DEBUG oslo_concurrency.lockutils [None req-2efb7a0d-518f-4354-bc16-c97bcd672671 tempest-DeleteServersTestJSON-141833905 tempest-DeleteServersTestJSON-141833905-project] Lock "673cf6e4-2af7-4567-b699-0e8c69f078c9" acquired by "nova.context.set_target_cell..get_or_set_cached_cell_and_set_connections" :: waited 0.000s {{(pid=117124) inner /usr/local/lib/python3.8/dist-packages/oslo_concurrency/lockutils.py:386}}
Nov 19 17:54:08.168107 dv-cinder-810785-3-iscsi devstack@n-api.service[117124]: DEBUG oslo_concurrency.lockutils [None req-2efb7a0d-518f-4354-bc16-c97bcd672671 tempest-DeleteServersTestJSON-141833905 tempest-DeleteServersTestJSON-141833905-project] Lock "673cf6e4-2af7-4567-b699-0e8c69f078c9" "released" by "nova.context.set_target_cell..get_or_set_cached_cell_and_set_connections" :: held 0.005s {{(pid=117124) inner /usr/local/lib/python3.8/dist-packages/oslo_concurrency/lockutils.py:400}}
Nov 19 17:54:08.343192 dv-cinder-810785-3-iscsi devstack@n-api.service[117124]: DEBUG nova.policy [None req-2efb7a0d-518f-4354-bc16-c97bcd672671 tempest-DeleteServersTestJSON-141833905 tempest-DeleteServersTestJSON-141833905-project] Policy check for os_compute_api:os-extended-server-attributes failed with credentials {'is_admin': False, 'user_id': '982a0aa740034aa3896d4ef12006b1aa', 'user_domain_id': 'default', 'system_scope': None, 'domain_id': None, 'project_id': '4bbde3db5bc445c794f2c0b5f8243c5a', 'project_domain_id': 'default', 'roles': ['member', 'reader'], 'is_admin_project': True, 'service_user_id': None, 'service_user_domain_id': None, 'service_project_id': None, 'service_project_domain_id': None, 'service_roles': []} {{(pid=117124) authorize /opt/stack/nova/nova/policy.py:199}}
Nov 19 17:54:08.375314 dv-cinder-810785-3-iscsi devstack@n-api.service[117124]: INFO nova.api.openstack.requestlog [None req-2efb7a0d-518f-4354-bc16-c97bcd672671 tempest-DeleteServersTestJSON-141833905 tempest-DeleteServersTestJSON-141833905-project] 10.222.0.71 "GET /compute/v2.1/servers/826e09bb-63e5-4593-acee-ecc3a82aa25e" status: 200 len: 1219 microversion: 2.1 time: 0.228721
Nov 19 17:54:08.386441 dv-cinder-810785-3-iscsi devstack@n-api.service[117124]: [pid: 117124|app: 0|req: 8/14] 10.222.0.71 () {58 vars in 1235 bytes} [Fri Nov 19 17:54:08 2021] GET /compute/v2.1/servers/826e09bb-63e5-4593-acee-ecc3a82aa25e => generated 1219 bytes in 232 msecs (HTTP/1.1 200) 9 headers in 358 bytes (1 switches on core 0)
Nov 19 17:54:08.991933 dv-cinder-810785-3-iscsi devstack@n-api.service[117125]: DEBUG nova.quota [None req-e152daaa-9531-463f-a0d5-99704bf733df tempest-AttachVolumeTestJSON-430801439 tempest-AttachVolumeTestJSON-430801439-project] Getting quotas for project 0456090f49334c51827e8fad95f98095. Resources: {'key_pairs'} {{(pid=117125) _get_quotas /opt/stack/nova/nova/quota.py:387}}
Nov 19 17:54:09.009854 dv-cinder-810785-3-iscsi devstack@n-api.service[117125]: DEBUG nova.quota [None req-e152daaa-9531-463f-a0d5-99704bf733df tempest-AttachVolumeTestJSON-430801439 tempest-AttachVolumeTestJSON-430801439-project] Getting quotas for user a0d5bd1514b5472d95b749bb60467714 and project 0456090f49334c51827e8fad95f98095. Resources: {'key_pairs'} {{(pid=117125) _get_quotas /opt/stack/nova/nova/quota.py:377}}
Nov 19 17:54:09.055172 dv-cinder-810785-3-iscsi devstack@n-api.service[117124]: DEBUG nova.api.openstack.wsgi [None req-64cc26e4-a378-4156-8892-9d9bc0475967 tempest-AttachVolumeNegativeTest-1813948640 tempest-AttachVolumeNegativeTest-1813948640-project] Calling method '>' {{(pid=117124) _process_stack /opt/stack/nova/nova/api/openstack/wsgi.py:513}}
Nov 19 17:54:09.055902 dv-cinder-810785-3-iscsi devstack@n-api.service[117124]: DEBUG nova.compute.api [None req-64cc26e4-a378-4156-8892-9d9bc0475967 tempest-AttachVolumeNegativeTest-1813948640 tempest-AttachVolumeNegativeTest-1813948640-project] [instance: 54eae4a6-bfa9-44a8-82d1-895c66a5b1c7] Fetching instance by UUID {{(pid=117124) get /opt/stack/nova/nova/compute/api.py:2865}}
Nov 19 17:54:09.062264 dv-cinder-810785-3-iscsi devstack@n-api.service[117125]: INFO nova.api.openstack.requestlog [None req-e152daaa-9531-463f-a0d5-99704bf733df tempest-AttachVolumeTestJSON-430801439 tempest-AttachVolumeTestJSON-430801439-project] 10.222.0.71 "POST /compute/v2.1/os-keypairs" status: 200 len: 2305 microversion: 2.1 time: 1.962085
Nov 19 17:54:09.070847 dv-cinder-810785-3-iscsi devstack@n-api.service[117124]: DEBUG oslo_concurrency.lockutils [None req-64cc26e4-a378-4156-8892-9d9bc0475967 tempest-AttachVolumeNegativeTest-1813948640 tempest-AttachVolumeNegativeTest-1813948640-project] Lock "673cf6e4-2af7-4567-b699-0e8c69f078c9" acquired by "nova.context.set_target_cell..get_or_set_cached_cell_and_set_connections" :: waited 0.000s {{(pid=117124) inner /usr/local/lib/python3.8/dist-packages/oslo_concurrency/lockutils.py:386}}
Nov 19 17:54:09.071755 dv-cinder-810785-3-iscsi devstack@n-api.service[117124]: DEBUG oslo_concurrency.lockutils [None req-64cc26e4-a378-4156-8892-9d9bc0475967 tempest-AttachVolumeNegativeTest-1813948640 tempest-AttachVolumeNegativeTest-1813948640-project] Lock "673cf6e4-2af7-4567-b699-0e8c69f078c9" "released" by "nova.context.set_target_cell..get_or_set_cached_cell_and_set_connections" :: held 0.001s {{(pid=117124) inner /usr/local/lib/python3.8/dist-packages/oslo_concurrency/lockutils.py:400}}
Nov 19 17:54:09.078499 dv-cinder-810785-3-iscsi devstack@n-api.service[117125]: [pid: 117125|app: 0|req: 7/15] 10.222.0.71 () {60 vars in 1157 bytes} [Fri Nov 19 17:54:07 2021] POST /compute/v2.1/os-keypairs => generated 2305 bytes in 1984 msecs (HTTP/1.1 200) 9 headers in 358 bytes (2 switches on core 0)
Nov 19 17:54:09.079085 dv-cinder-810785-3-iscsi devstack@n-api.service[117124]: DEBUG oslo_concurrency.lockutils [None req-64cc26e4-a378-4156-8892-9d9bc0475967 tempest-AttachVolumeNegativeTest-1813948640 tempest-AttachVolumeNegativeTest-1813948640-project] Lock "673cf6e4-2af7-4567-b699-0e8c69f078c9" acquired by "nova.context.set_target_cell..get_or_set_cached_cell_and_set_connections" :: waited 0.000s {{(pid=117124) inner /usr/local/lib/python3.8/dist-packages/oslo_concurrency/lockutils.py:386}}
Nov 19 17:54:09.080537 dv-cinder-810785-3-iscsi devstack@n-api.service[117124]: DEBUG oslo_concurrency.lockutils [None req-64cc26e4-a378-4156-8892-9d9bc0475967 tempest-AttachVolumeNegativeTest-1813948640 tempest-AttachVolumeNegativeTest-1813948640-project] Lock "673cf6e4-2af7-4567-b699-0e8c69f078c9" "released" by "nova.context.set_target_cell..get_or_set_cached_cell_and_set_connections" :: held 0.007s {{(pid=117124) inner /usr/local/lib/python3.8/dist-packages/oslo_concurrency/lockutils.py:400}}
Nov 19 17:54:09.265794 dv-cinder-810785-3-iscsi devstack@n-api.service[117124]: DEBUG nova.policy [None req-64cc26e4-a378-4156-8892-9d9bc0475967 tempest-AttachVolumeNegativeTest-1813948640 tempest-AttachVolumeNegativeTest-1813948640-project] Policy check for os_compute_api:os-extended-server-attributes failed with credentials {'is_admin': False, 'user_id': 'a31bfd7a368644fa8a9d3bfa6456f9bf', 'user_domain_id': 'default', 'system_scope': None, 'domain_id': None, 'project_id': 'f70f81a9efc74af9998478d2ddcd678d', 'project_domain_id': 'default', 'roles': ['member', 'reader'], 'is_admin_project': True, 'service_user_id': None, 'service_user_domain_id': None, 'service_project_id': None, 'service_project_domain_id': None, 'service_roles': []} {{(pid=117124) authorize /opt/stack/nova/nova/policy.py:199}}
Nov 19 17:54:09.293792 dv-cinder-810785-3-iscsi devstack@n-api.service[117124]: INFO nova.api.openstack.requestlog [None req-64cc26e4-a378-4156-8892-9d9bc0475967 tempest-AttachVolumeNegativeTest-1813948640 tempest-AttachVolumeNegativeTest-1813948640-project] 10.222.0.71 "GET /compute/v2.1/servers/54eae4a6-bfa9-44a8-82d1-895c66a5b1c7" status: 200 len: 1270 microversion: 2.1 time: 0.232853
Nov 19 17:54:09.294647 dv-cinder-810785-3-iscsi devstack@n-api.service[117124]: [pid: 117124|app: 0|req: 9/16] 10.222.0.71 () {58 vars in 1235 bytes} [Fri Nov 19 17:54:09 2021] GET /compute/v2.1/servers/54eae4a6-bfa9-44a8-82d1-895c66a5b1c7 => generated 1270 bytes in 245 msecs (HTTP/1.1 200) 9 headers in 358 bytes (2 switches on core 0)
Nov 19 17:54:09.421557 dv-cinder-810785-3-iscsi devstack@n-api.service[117125]: DEBUG nova.api.openstack.wsgi [None req-067c17ca-a7b6-4de0-bd8f-b1249df52f2b tempest-DeleteServersTestJSON-141833905 tempest-DeleteServersTestJSON-141833905-project] Calling method '>' {{(pid=117125) _process_stack /opt/stack/nova/nova/api/openstack/wsgi.py:513}}
Nov 19 17:54:09.426104 dv-cinder-810785-3-iscsi devstack@n-api.service[117125]: DEBUG nova.compute.api [None req-067c17ca-a7b6-4de0-bd8f-b1249df52f2b tempest-DeleteServersTestJSON-141833905 tempest-DeleteServersTestJSON-141833905-project] [instance: 826e09bb-63e5-4593-acee-ecc3a82aa25e] Fetching instance by UUID {{(pid=117125) get /opt/stack/nova/nova/compute/api.py:2865}}
Nov 19 17:54:09.486548 dv-cinder-810785-3-iscsi devstack@n-api.service[117125]: DEBUG oslo_concurrency.lockutils [None req-067c17ca-a7b6-4de0-bd8f-b1249df52f2b tempest-DeleteServersTestJSON-141833905 tempest-DeleteServersTestJSON-141833905-project] Lock "673cf6e4-2af7-4567-b699-0e8c69f078c9" acquired by "nova.context.set_target_cell..get_or_set_cached_cell_and_set_connections" :: waited 0.000s {{(pid=117125) inner /usr/local/lib/python3.8/dist-packages/oslo_concurrency/lockutils.py:386}}
Nov 19 17:54:09.490847 dv-cinder-810785-3-iscsi devstack@n-api.service[117125]: DEBUG oslo_concurrency.lockutils [None req-067c17ca-a7b6-4de0-bd8f-b1249df52f2b tempest-DeleteServersTestJSON-141833905 tempest-DeleteServersTestJSON-141833905-project] Lock "673cf6e4-2af7-4567-b699-0e8c69f078c9" "released" by "nova.context.set_target_cell..get_or_set_cached_cell_and_set_connections" :: held 0.021s {{(pid=117125) inner /usr/local/lib/python3.8/dist-packages/oslo_concurrency/lockutils.py:400}}
Nov 19 17:54:09.498714 dv-cinder-810785-3-iscsi devstack@n-api.service[117125]: DEBUG oslo_concurrency.lockutils [None req-067c17ca-a7b6-4de0-bd8f-b1249df52f2b tempest-DeleteServersTestJSON-141833905 tempest-DeleteServersTestJSON-141833905-project] Lock "673cf6e4-2af7-4567-b699-0e8c69f078c9" acquired by "nova.context.set_target_cell..get_or_set_cached_cell_and_set_connections" :: waited 0.004s {{(pid=117125) inner /usr/local/lib/python3.8/dist-packages/oslo_concurrency/lockutils.py:386}}
Nov 19 17:54:09.508942 dv-cinder-810785-3-iscsi devstack@n-api.service[117125]: DEBUG oslo_concurrency.lockutils [None req-067c17ca-a7b6-4de0-bd8f-b1249df52f2b tempest-DeleteServersTestJSON-141833905 tempest-DeleteServersTestJSON-141833905-project] Lock "673cf6e4-2af7-4567-b699-0e8c69f078c9" "released" by "nova.context.set_target_cell..get_or_set_cached_cell_and_set_connections" :: held 0.010s {{(pid=117125) inner /usr/local/lib/python3.8/dist-packages/oslo_concurrency/lockutils.py:400}}
Nov 19 17:54:10.326658 dv-cinder-810785-3-iscsi devstack@n-api.service[117125]: DEBUG nova.policy [None req-067c17ca-a7b6-4de0-bd8f-b1249df52f2b tempest-DeleteServersTestJSON-141833905 tempest-DeleteServersTestJSON-141833905-project] Policy check for os_compute_api:os-extended-server-attributes failed with credentials {'is_admin': False, 'user_id': '982a0aa740034aa3896d4ef12006b1aa', 'user_domain_id': 'default', 'system_scope': None, 'domain_id': None, 'project_id': '4bbde3db5bc445c794f2c0b5f8243c5a', 'project_domain_id': 'default', 'roles': ['member', 'reader'], 'is_admin_project': True, 'service_user_id': None, 'service_user_domain_id': None, 'service_project_id': None, 'service_project_domain_id': None, 'service_roles': []} {{(pid=117125) authorize /opt/stack/nova/nova/policy.py:199}}
Nov 19 17:54:10.336608 dv-cinder-810785-3-iscsi devstack@n-api.service[117124]: DEBUG nova.api.openstack.wsgi [None req-4dd56fb1-0bee-4c3e-af64-407e9f95e32d tempest-AttachVolumeNegativeTest-1813948640 tempest-AttachVolumeNegativeTest-1813948640-project] Calling method '>' {{(pid=117124) _process_stack /opt/stack/nova/nova/api/openstack/wsgi.py:513}}
Nov 19 17:54:10.337791 dv-cinder-810785-3-iscsi devstack@n-api.service[117124]: DEBUG nova.compute.api [None req-4dd56fb1-0bee-4c3e-af64-407e9f95e32d tempest-AttachVolumeNegativeTest-1813948640 tempest-AttachVolumeNegativeTest-1813948640-project] [instance: 54eae4a6-bfa9-44a8-82d1-895c66a5b1c7] Fetching instance by UUID {{(pid=117124) get /opt/stack/nova/nova/compute/api.py:2865}}
Nov 19 17:54:10.365401 dv-cinder-810785-3-iscsi devstack@n-api.service[117124]: DEBUG oslo_concurrency.lockutils [None req-4dd56fb1-0bee-4c3e-af64-407e9f95e32d tempest-AttachVolumeNegativeTest-1813948640 tempest-AttachVolumeNegativeTest-1813948640-project] Lock "673cf6e4-2af7-4567-b699-0e8c69f078c9" acquired by "nova.context.set_target_cell..get_or_set_cached_cell_and_set_connections" :: waited 0.000s {{(pid=117124) inner /usr/local/lib/python3.8/dist-packages/oslo_concurrency/lockutils.py:386}}
Nov 19 17:54:10.371076 dv-cinder-810785-3-iscsi devstack@n-api.service[117124]: DEBUG oslo_concurrency.lockutils [None req-4dd56fb1-0bee-4c3e-af64-407e9f95e32d tempest-AttachVolumeNegativeTest-1813948640 tempest-AttachVolumeNegativeTest-1813948640-project] Lock "673cf6e4-2af7-4567-b699-0e8c69f078c9" "released" by "nova.context.set_target_cell..get_or_set_cached_cell_and_set_connections" :: held 0.006s {{(pid=117124) inner /usr/local/lib/python3.8/dist-packages/oslo_concurrency/lockutils.py:400}}
Nov 19 17:54:10.374344 dv-cinder-810785-3-iscsi devstack@n-api.service[117125]: INFO nova.api.openstack.requestlog [None req-067c17ca-a7b6-4de0-bd8f-b1249df52f2b tempest-DeleteServersTestJSON-141833905 tempest-DeleteServersTestJSON-141833905-project] 10.222.0.71 "GET /compute/v2.1/servers/826e09bb-63e5-4593-acee-ecc3a82aa25e" status: 200 len: 1267 microversion: 2.1 time: 0.966876
Nov 19 17:54:10.375631 dv-cinder-810785-3-iscsi devstack@n-api.service[117124]: DEBUG oslo_concurrency.lockutils [None req-4dd56fb1-0bee-4c3e-af64-407e9f95e32d tempest-AttachVolumeNegativeTest-1813948640 tempest-AttachVolumeNegativeTest-1813948640-project] Lock "673cf6e4-2af7-4567-b699-0e8c69f078c9" acquired by "nova.context.set_target_cell..get_or_set_cached_cell_and_set_connections" :: waited 0.000s {{(pid=117124) inner /usr/local/lib/python3.8/dist-packages/oslo_concurrency/lockutils.py:386}}
