Sep 23 23:10:18.288330 dv-cinder-810785-1-iscsi neutron-server[94232]: INFO neutron.wsgi [req-8f3db734-51c4-4167-812a-2f35e90c61f8 req-87aa2b2d-c630-4470-8dcd-5c546ee764b8 tempest-DeleteServersTestJSON-727225717 tempest-DeleteServersTestJSON-727225717-project] 10.222.0.46 "GET /v2.0/security-groups?id=db4da5ba-909a-4467-b1af-6557bb32fca2&fields=id&fields=name HTTP/1.1" status: 200 len: 286 time: 0.0611658
Sep 23 23:10:18.374672 dv-cinder-810785-1-iscsi neutron-server[94232]: DEBUG neutron.pecan_wsgi.hooks.policy_enforcement [req-37acad21-bb2d-4821-8bf7-0df4c482126e req-149d1319-6191-4dc6-bb65-d37b6ecc0b03 tempest-DeleteServersTestJSON-727225717 tempest-DeleteServersTestJSON-727225717-project] Attributes excluded by policy engine: ['standard_attr_id', 'binding:profile', 'binding:host_id', 'binding:vif_type', 'binding:vif_details'] {{(pid=94232) _exclude_attributes_by_policy /opt/stack/neutron/neutron/pecan_wsgi/hooks/policy_enforcement.py:255}}
Sep 23 23:10:18.377520 dv-cinder-810785-1-iscsi neutron-server[94232]: INFO neutron.wsgi [req-37acad21-bb2d-4821-8bf7-0df4c482126e req-149d1319-6191-4dc6-bb65-d37b6ecc0b03 tempest-DeleteServersTestJSON-727225717 tempest-DeleteServersTestJSON-727225717-project] 10.222.0.11 "GET /v2.0/ports?device_id=7c5363ec-d506-4817-9a66-35508430891a HTTP/1.1" status: 200 len: 946 time: 0.0645936
Sep 23 23:10:18.548335 dv-cinder-810785-1-iscsi neutron-server[94232]: DEBUG neutron.pecan_wsgi.hooks.policy_enforcement [req-1d882224-b70b-4473-a8ed-e1e302c040bd req-c5809037-a51d-47f7-ab49-895b0e12600c tempest-AttachVolumeNegativeTest-695961700 tempest-AttachVolumeNegativeTest-695961700-project] Attributes excluded by policy engine: ['standard_attr_id', 'binding:profile', 'binding:host_id', 'binding:vif_type', 'binding:vif_details'] {{(pid=94232) _exclude_attributes_by_policy /opt/stack/neutron/neutron/pecan_wsgi/hooks/policy_enforcement.py:255}}
Sep 23 23:10:18.549993 dv-cinder-810785-1-iscsi neutron-server[94232]: INFO neutron.wsgi [req-1d882224-b70b-4473-a8ed-e1e302c040bd req-c5809037-a51d-47f7-ab49-895b0e12600c tempest-AttachVolumeNegativeTest-695961700 tempest-AttachVolumeNegativeTest-695961700-project] 10.222.0.46 "GET /v2.0/ports?device_id=81a1259b-9a25-4891-a70b-89e4f6c5c078 HTTP/1.1" status: 200 len: 944 time: 0.1443202
Sep 23 23:10:18.657357 dv-cinder-810785-1-iscsi neutron-server[94232]: DEBUG neutron.plugins.ml2.plugin [req-37acad21-bb2d-4821-8bf7-0df4c482126e req-7f514b90-bdda-4438-b87c-6a442e0a6482 tempest-DeleteServersTestJSON-727225717 tempest-DeleteServersTestJSON-727225717-project] Deleting port 573f9f71-3f41-4bb4-98fd-9cd5929444b6 {{(pid=94232) _pre_delete_port /opt/stack/neutron/neutron/plugins/ml2/plugin.py:1931}}
Sep 23 23:10:18.657917 dv-cinder-810785-1-iscsi neutron-server[94232]: DEBUG neutron_lib.callbacks.manager [req-37acad21-bb2d-4821-8bf7-0df4c482126e req-7f514b90-bdda-4438-b87c-6a442e0a6482 tempest-DeleteServersTestJSON-727225717 tempest-DeleteServersTestJSON-727225717-project] Notify callbacks ['neutron.db.l3_db.L3_NAT_dbonly_mixin._prevent_l3_port_delete_callback-8784998690856'] for port, before_delete {{(pid=94232) _notify_loop /usr/local/lib/python3.8/dist-packages/neutron_lib/callbacks/manager.py:192}}
Sep 23 23:10:18.681647 dv-cinder-810785-1-iscsi neutron-server[94232]: INFO neutron.wsgi [req-1d882224-b70b-4473-a8ed-e1e302c040bd req-8e6476e5-6fca-4ea7-aff1-8d21ee2cfe73 tempest-AttachVolumeNegativeTest-695961700 tempest-AttachVolumeNegativeTest-695961700-project] 10.222.0.46 "GET /v2.0/security-groups?id=d72bac6f-1a30-4b12-ab16-f298eec3b656&fields=id&fields=name HTTP/1.1" status: 200 len: 286 time: 0.1135721
Sep 23 23:10:18.821958 dv-cinder-810785-1-iscsi neutron-server[94232]: DEBUG neutron.plugins.ml2.db [req-37acad21-bb2d-4821-8bf7-0df4c482126e req-7f514b90-bdda-4438-b87c-6a442e0a6482 tempest-DeleteServersTestJSON-727225717 tempest-DeleteServersTestJSON-727225717-project] For port 573f9f71-3f41-4bb4-98fd-9cd5929444b6, host hv-cinder-81078, got binding levels [PortBindingLevel(driver='hyperv',host='hv-cinder-81078',level=0,port_id=573f9f71-3f41-4bb4-98fd-9cd5929444b6,segment=NetworkSegment(2fc98a28-e4ec-4110-90bc-1f7e871d9e17),segment_id=2fc98a28-e4ec-4110-90bc-1f7e871d9e17)] {{(pid=94232) get_binding_level_objs /opt/stack/neutron/neutron/plugins/ml2/db.py:74}}
Sep 23 23:10:18.822667 dv-cinder-810785-1-iscsi neutron-server[94232]: DEBUG neutron_lib.callbacks.manager [req-37acad21-bb2d-4821-8bf7-0df4c482126e req-7f514b90-bdda-4438-b87c-6a442e0a6482 tempest-DeleteServersTestJSON-727225717 tempest-DeleteServersTestJSON-727225717-project] Notify callbacks ['neutron.services.l3_router.l3_router_plugin.L3_NAT_dbonly_mixin._precommit_delete_port_callback-714245'] for port, precommit_delete {{(pid=94232) _notify_loop /usr/local/lib/python3.8/dist-packages/neutron_lib/callbacks/manager.py:192}}
Sep 23 23:10:18.847666 dv-cinder-810785-1-iscsi neutron-server[94232]: DEBUG neutron.plugins.ml2.plugin [req-37acad21-bb2d-4821-8bf7-0df4c482126e req-7f514b90-bdda-4438-b87c-6a442e0a6482 tempest-DeleteServersTestJSON-727225717 tempest-DeleteServersTestJSON-727225717-project] Calling delete_port for 573f9f71-3f41-4bb4-98fd-9cd5929444b6 owned by compute:nova {{(pid=94232) delete_port /opt/stack/neutron/neutron/plugins/ml2/plugin.py:2009}}
Sep 23 23:10:19.092686 dv-cinder-810785-1-iscsi neutron-server[94232]: DEBUG neutron.pecan_wsgi.hooks.policy_enforcement [req-b77d45a0-8a05-483f-8e96-7a0d9b4b8904 req-2903b318-c3c9-4648-96a7-a0b35560cec3 tempest-ServerRescueNegativeTestJSON-749971325 tempest-ServerRescueNegativeTestJSON-749971325-project] Attributes excluded by policy engine: ['standard_attr_id', 'binding:profile', 'binding:host_id', 'binding:vif_type', 'binding:vif_details'] {{(pid=94232) _exclude_attributes_by_policy /opt/stack/neutron/neutron/pecan_wsgi/hooks/policy_enforcement.py:255}}
Sep 23 23:10:19.095466 dv-cinder-810785-1-iscsi neutron-server[94232]: INFO neutron.wsgi [req-b77d45a0-8a05-483f-8e96-7a0d9b4b8904 req-2903b318-c3c9-4648-96a7-a0b35560cec3 tempest-ServerRescueNegativeTestJSON-749971325 tempest-ServerRescueNegativeTestJSON-749971325-project] 10.222.0.46 "GET /v2.0/ports?device_id=15291a3d-4bc5-4b98-b9ab-3c9147f03a25 HTTP/1.1" status: 200 len: 945 time: 0.1220973
Sep 23 23:10:19.237141 dv-cinder-810785-1-iscsi neutron-server[94232]: INFO neutron.wsgi [req-b77d45a0-8a05-483f-8e96-7a0d9b4b8904 req-0898505f-6a03-4206-b4dd-0457ada20a3f tempest-ServerRescueNegativeTestJSON-749971325 tempest-ServerRescueNegativeTestJSON-749971325-project] 10.222.0.46 "GET /v2.0/security-groups?id=c8670f8e-f65f-4f85-bee2-37f75bcb3bfd&fields=id&fields=name HTTP/1.1" status: 200 len: 286 time: 0.1258724
Sep 23 23:10:19.285977 dv-cinder-810785-1-iscsi neutron-server[94232]: DEBUG neutron_lib.callbacks.manager [req-37acad21-bb2d-4821-8bf7-0df4c482126e req-7f514b90-bdda-4438-b87c-6a442e0a6482 tempest-DeleteServersTestJSON-727225717 tempest-DeleteServersTestJSON-727225717-project] Notify callbacks ['neutron.plugins.ml2.plugin.SecurityGroupServerNotifierRpcMixin._notify_sg_on_port_change-8125310', 'neutron.plugins.ml2.ovo_rpc._ObjectChangeHandler.handle_event-224882', 'neutron.api.rpc.agentnotifiers.dhcp_rpc_agent_api.DhcpAgentNotifyAPI._native_event_send_dhcp_notification-539075', 'neutron.db.l3_db.L3RpcNotifierMixin._notify_routers_callback-8784998696430', 'neutron.db.l3_dvrscheduler_db._notify_port_delete-8784998207672'] for port, after_delete {{(pid=94232) _notify_loop /usr/local/lib/python3.8/dist-packages/neutron_lib/callbacks/manager.py:192}}
Sep 23 23:10:19.301816 dv-cinder-810785-1-iscsi neutron-server[94233]: DEBUG neutron.plugins.ml2.db [None req-58123cd5-2b2c-4e50-9cb1-105b1671b634 None None] get_ports_and_sgs() called for port_ids ['573f9f71-3f41-4bb4-98fd-9cd5929444b6'] {{(pid=94233) get_ports_and_sgs /opt/stack/neutron/neutron/plugins/ml2/db.py:156}}
Sep 23 23:10:19.337414 dv-cinder-810785-1-iscsi neutron-server[94232]: DEBUG neutron.api.rpc.handlers.resources_rpc [None req-7f514b90-bdda-4438-b87c-6a442e0a6482 tempest-DeleteServersTestJSON-727225717 tempest-DeleteServersTestJSON-727225717-project] Pushing event deleted for resources: {'Port': ['ID=573f9f71-3f41-4bb4-98fd-9cd5929444b6,revision_number=None']} {{(pid=94232) push /opt/stack/neutron/neutron/api/rpc/handlers/resources_rpc.py:237}}
Sep 23 23:10:19.427557 dv-cinder-810785-1-iscsi neutron-server[94232]: DEBUG neutron.db.l3_dvrscheduler_db [req-37acad21-bb2d-4821-8bf7-0df4c482126e req-7f514b90-bdda-4438-b87c-6a442e0a6482 tempest-DeleteServersTestJSON-727225717 tempest-DeleteServersTestJSON-727225717-project] No DVR routers for this DVR port 573f9f71-3f41-4bb4-98fd-9cd5929444b6 on host hv-cinder-81078 {{(pid=94232) get_dvr_routers_to_remove /opt/stack/neutron/neutron/db/l3_dvrscheduler_db.py:214}}
Sep 23 23:10:19.432757 dv-cinder-810785-1-iscsi neutron-server[94232]: DEBUG neutron_lib.callbacks.manager [req-37acad21-bb2d-4821-8bf7-0df4c482126e req-7f514b90-bdda-4438-b87c-6a442e0a6482 tempest-DeleteServersTestJSON-727225717 tempest-DeleteServersTestJSON-727225717-project] Notify callbacks ['neutron.notifiers.nova.Notifier._send_nova_notification-58241'] for port, before_response {{(pid=94232) _notify_loop /usr/local/lib/python3.8/dist-packages/neutron_lib/callbacks/manager.py:192}}
Sep 23 23:10:19.435528 dv-cinder-810785-1-iscsi neutron-server[94232]: INFO neutron.wsgi [req-37acad21-bb2d-4821-8bf7-0df4c482126e req-7f514b90-bdda-4438-b87c-6a442e0a6482 tempest-DeleteServersTestJSON-727225717 tempest-DeleteServersTestJSON-727225717-project] 10.222.0.11 "DELETE /v2.0/ports/573f9f71-3f41-4bb4-98fd-9cd5929444b6 HTTP/1.1" status: 204 len: 173 time: 1.0409966
Sep 23 23:10:19.436083 dv-cinder-810785-1-iscsi neutron-server[94232]: DEBUG neutron.notifiers.nova [-] Sending events: [{'server_uuid': '7c5363ec-d506-4817-9a66-35508430891a', 'name': 'network-vif-deleted', 'tag': '573f9f71-3f41-4bb4-98fd-9cd5929444b6'}] {{(pid=94232) send_events /opt/stack/neutron/neutron/notifiers/nova.py:262}}
Sep 23 23:10:19.439041 dv-cinder-810785-1-iscsi neutron-server[94232]: DEBUG novaclient.v2.client [-] REQ: curl -g -i --cacert "/opt/stack/data/ca-bundle.pem" -X POST http://10.222.0.46/compute/v2.1/os-server-external-events -H "Accept: application/json" -H "Content-Type: application/json" -H "User-Agent: python-novaclient" -H "X-Auth-Token: {SHA256}bbc74f1c012309c835ea1a53c8f5f732cbfbf790adc92ee6109ffd7f3bd94d30" -H "X-OpenStack-Nova-API-Version: 2.1" -H "X-OpenStack-Request-ID: req-24ef5272-cecb-47e0-8bc3-6c4f02f53b21" -d '{"events": [{"server_uuid": "7c5363ec-d506-4817-9a66-35508430891a", "name": "network-vif-deleted", "tag": "573f9f71-3f41-4bb4-98fd-9cd5929444b6"}]}' {{(pid=94232) _http_log_request /usr/local/lib/python3.8/dist-packages/keystoneauth1/session.py:519}}
Sep 23 23:10:19.547066 dv-cinder-810785-1-iscsi neutron-server[94232]: INFO neutron.wsgi [req-8946c665-93d1-44f2-92af-705f2504db5e req-491bfdae-e31b-4202-916c-2209e5204fb2 tempest-DeleteServersTestJSON-727225717 tempest-DeleteServersTestJSON-727225717-project] 10.222.0.46 "GET /v2.0/ports?device_id=7c5363ec-d506-4817-9a66-35508430891a HTTP/1.1" status: 200 len: 210 time: 0.0702128
Sep 23 23:10:19.559845 dv-cinder-810785-1-iscsi neutron-server[94232]: DEBUG novaclient.v2.client [-] RESP: [200] Connection: close Content-Length: 183 Content-Type: application/json Date: Thu, 23 Sep 2021 23:10:19 GMT OpenStack-API-Version: compute 2.1 Server: Apache/2.4.41 (Ubuntu) Vary: OpenStack-API-Version,X-OpenStack-Nova-API-Version X-OpenStack-Nova-API-Version: 2.1 x-compute-request-id: req-174c99d4-5c92-4bcf-8647-4418fc2168ab x-openstack-request-id: req-174c99d4-5c92-4bcf-8647-4418fc2168ab {{(pid=94232) _http_log_response /usr/local/lib/python3.8/dist-packages/keystoneauth1/session.py:550}}
Sep 23 23:10:19.560644 dv-cinder-810785-1-iscsi neutron-server[94232]: DEBUG novaclient.v2.client [-] RESP BODY: {"events": [{"server_uuid": "7c5363ec-d506-4817-9a66-35508430891a", "name": "network-vif-deleted", "tag": "573f9f71-3f41-4bb4-98fd-9cd5929444b6", "status": "completed", "code": 200}]} {{(pid=94232) _http_log_response /usr/local/lib/python3.8/dist-packages/keystoneauth1/session.py:582}}
Sep 23 23:10:19.561327 dv-cinder-810785-1-iscsi neutron-server[94232]: DEBUG novaclient.v2.client [-] POST call to compute for http://10.222.0.46/compute/v2.1/os-server-external-events used request id req-174c99d4-5c92-4bcf-8647-4418fc2168ab {{(pid=94232) request /usr/local/lib/python3.8/dist-packages/keystoneauth1/session.py:954}}
Sep 23 23:10:19.562082 dv-cinder-810785-1-iscsi neutron-server[94232]: INFO neutron.notifiers.nova [-] Nova event response: {'server_uuid': '7c5363ec-d506-4817-9a66-35508430891a', 'name': 'network-vif-deleted', 'tag': '573f9f71-3f41-4bb4-98fd-9cd5929444b6', 'status': 'completed', 'code': 200}
Sep 23 23:10:19.888071 dv-cinder-810785-1-iscsi neutron-server[94232]: DEBUG neutron.pecan_wsgi.hooks.policy_enforcement [req-41336892-7167-4c76-a2ba-d594adf298d9 req-e829c74f-b4fd-480d-bab8-b0a4e392d569 tempest-AttachVolumeNegativeTest-695961700 tempest-AttachVolumeNegativeTest-695961700-project] Attributes excluded by policy engine: ['standard_attr_id', 'binding:profile', 'binding:host_id', 'binding:vif_type', 'binding:vif_details'] {{(pid=94232) _exclude_attributes_by_policy /opt/stack/neutron/neutron/pecan_wsgi/hooks/policy_enforcement.py:255}}
Sep 23 23:10:19.890120 dv-cinder-810785-1-iscsi neutron-server[94232]: INFO neutron.wsgi [req-41336892-7167-4c76-a2ba-d594adf298d9 req-e829c74f-b4fd-480d-bab8-b0a4e392d569 tempest-AttachVolumeNegativeTest-695961700 tempest-AttachVolumeNegativeTest-695961700-project] 10.222.0.46 "GET /v2.0/ports?device_id=81a1259b-9a25-4891-a70b-89e4f6c5c078 HTTP/1.1" status: 200 len: 944 time: 0.0901210
Sep 23 23:10:19.973942 dv-cinder-810785-1-iscsi neutron-server[94232]: INFO neutron.wsgi [req-41336892-7167-4c76-a2ba-d594adf298d9 req-a31783bc-49d4-47af-8fbe-5698e82f443c tempest-AttachVolumeNegativeTest-695961700 tempest-AttachVolumeNegativeTest-695961700-project] 10.222.0.46 "GET /v2.0/security-groups?id=d72bac6f-1a30-4b12-ab16-f298eec3b656&fields=id&fields=name HTTP/1.1" status: 200 len: 286 time: 0.0628972
Sep 23 23:10:20.496558 dv-cinder-810785-1-iscsi neutron-server[94232]: DEBUG neutron.pecan_wsgi.hooks.policy_enforcement [req-1794f920-86b1-4772-9690-340882a9dee1 req-dadff1d2-085f-41a2-86ef-ccb0758c92a0 tempest-ServerRescueNegativeTestJSON-749971325 tempest-ServerRescueNegativeTestJSON-749971325-project] Attributes excluded by policy engine: ['standard_attr_id', 'binding:profile', 'binding:host_id', 'binding:vif_type', 'binding:vif_details'] {{(pid=94232) _exclude_attributes_by_policy /opt/stack/neutron/neutron/pecan_wsgi/hooks/policy_enforcement.py:255}}
Sep 23 23:10:20.504665 dv-cinder-810785-1-iscsi neutron-server[94232]: INFO neutron.wsgi [req-1794f920-86b1-4772-9690-340882a9dee1 req-dadff1d2-085f-41a2-86ef-ccb0758c92a0 tempest-ServerRescueNegativeTestJSON-749971325 tempest-ServerRescueNegativeTestJSON-749971325-project] 10.222.0.46 "GET /v2.0/ports?device_id=15291a3d-4bc5-4b98-b9ab-3c9147f03a25 HTTP/1.1" status: 200 len: 945 time: 0.1232860
Sep 23 23:10:20.561945 dv-cinder-810785-1-iscsi neutron-server[94232]: INFO neutron.wsgi [req-1794f920-86b1-4772-9690-340882a9dee1 req-b09279fa-79d5-4204-bd8f-f434856e269c tempest-ServerRescueNegativeTestJSON-749971325 tempest-ServerRescueNegativeTestJSON-749971325-project] 10.222.0.46 "GET /v2.0/security-groups?id=c8670f8e-f65f-4f85-bee2-37f75bcb3bfd&fields=id&fields=name HTTP/1.1" status: 200 len: 286 time: 0.0538213
Sep 23 23:10:20.715809 dv-cinder-810785-1-iscsi neutron-server[94232]: INFO neutron.wsgi [req-563dec16-33b1-43af-bb4f-8a348823d3de req-9b19d613-5f26-458c-ab77-6a7d5e33fd75 tempest-DeleteServersTestJSON-727225717 tempest-DeleteServersTestJSON-727225717-project] 10.222.0.46 "GET /v2.0/ports?device_id=7c5363ec-d506-4817-9a66-35508430891a HTTP/1.1" status: 200 len: 210 time: 0.0439863
Sep 23 23:10:20.779232 dv-cinder-810785-1-iscsi neutron-server[94231]: DEBUG neutron.wsgi [-] (94231) accepted ('10.222.0.46', 54052) {{(pid=94231) server /usr/local/lib/python3.8/dist-packages/eventlet/wsgi.py:982}}
Sep 23 23:10:20.906157 dv-cinder-810785-1-iscsi neutron-server[94231]: DEBUG neutron_lib.callbacks.manager [None req-62c8b604-5ac0-476d-a846-ded1c582502f admin admin] Notify callbacks [] for security_group, before_create {{(pid=94231) _notify_loop /usr/local/lib/python3.8/dist-packages/neutron_lib/callbacks/manager.py:192}}
Sep 23 23:10:21.063080 dv-cinder-810785-1-iscsi neutron-server[94231]: DEBUG neutron_lib.callbacks.manager [None req-62c8b604-5ac0-476d-a846-ded1c582502f admin admin] Notify callbacks [] for security_group, precommit_create {{(pid=94231) _notify_loop /usr/local/lib/python3.8/dist-packages/neutron_lib/callbacks/manager.py:192}}
Sep 23 23:10:21.069342 dv-cinder-810785-1-iscsi neutron-server[94231]: DEBUG neutron_lib.callbacks.manager [None req-62c8b604-5ac0-476d-a846-ded1c582502f admin admin] Notify callbacks ['neutron.plugins.ml2.ovo_rpc._ObjectChangeHandler.handle_event-645076'] for security_group, after_create {{(pid=94231) _notify_loop /usr/local/lib/python3.8/dist-packages/neutron_lib/callbacks/manager.py:192}}
Sep 23 23:10:21.124798 dv-cinder-810785-1-iscsi neutron-server[94232]: DEBUG neutron.pecan_wsgi.hooks.policy_enforcement [req-7d470a54-7981-4242-9f51-0c8d889990e2 req-cde87f93-fa11-46b6-8c4b-abc565a82e66 tempest-AttachVolumeNegativeTest-695961700 tempest-AttachVolumeNegativeTest-695961700-project] Attributes excluded by policy engine: ['standard_attr_id', 'binding:profile', 'binding:host_id', 'binding:vif_type', 'binding:vif_details'] {{(pid=94232) _exclude_attributes_by_policy /opt/stack/neutron/neutron/pecan_wsgi/hooks/policy_enforcement.py:255}}
Sep 23 23:10:21.126759 dv-cinder-810785-1-iscsi neutron-server[94232]: INFO neutron.wsgi [req-7d470a54-7981-4242-9f51-0c8d889990e2 req-cde87f93-fa11-46b6-8c4b-abc565a82e66 tempest-AttachVolumeNegativeTest-695961700 tempest-AttachVolumeNegativeTest-695961700-project] 10.222.0.46 "GET /v2.0/ports?device_id=81a1259b-9a25-4891-a70b-89e4f6c5c078 HTTP/1.1" status: 200 len: 944 time: 0.0605021
Sep 23 23:10:21.151606 dv-cinder-810785-1-iscsi neutron-server[94231]: INFO neutron.wsgi [None req-62c8b604-5ac0-476d-a846-ded1c582502f admin admin] 10.222.0.46 "GET /v2.0/security-groups?tenant_id=b301f036af1749b5bdea24a8c952a086&name=default HTTP/1.1" status: 200 len: 2979 time: 0.3667014
Sep 23 23:10:21.151606 dv-cinder-810785-1-iscsi neutron-server[94231]: DEBUG neutron.api.rpc.handlers.resources_rpc [None req-62c8b604-5ac0-476d-a846-ded1c582502f admin admin] Pushing event updated for resources: {'SecurityGroup': ['ID=0ac2969a-09b1-4432-98fb-210da08cc424,revision_number=1']} {{(pid=94231) push /opt/stack/neutron/neutron/api/rpc/handlers/resources_rpc.py:237}}
Sep 23 23:10:21.152210 dv-cinder-810785-1-iscsi neutron-server[94232]: DEBUG neutron.wsgi [-] (94232) accepted ('10.222.0.46', 54072) {{(pid=94232) server /usr/local/lib/python3.8/dist-packages/eventlet/wsgi.py:982}}
Sep 23 23:10:21.198132 dv-cinder-810785-1-iscsi neutron-server[94232]: INFO neutron.wsgi [req-7d470a54-7981-4242-9f51-0c8d889990e2 req-712361a7-e1a7-4a06-991f-14e298c22925 tempest-AttachVolumeNegativeTest-695961700 tempest-AttachVolumeNegativeTest-695961700-project] 10.222.0.46 "GET /v2.0/security-groups?id=d72bac6f-1a30-4b12-ab16-f298eec3b656&fields=id&fields=name HTTP/1.1" status: 200 len: 286 time: 0.0631275
Sep 23 23:10:21.235559 dv-cinder-810785-1-iscsi neutron-server[94232]: DEBUG neutron_lib.callbacks.manager [None req-3fd9d3b3-67ab-4df1-8e1e-be3cc23bf69e admin admin] Notify callbacks [] for security_group, before_delete {{(pid=94232) _notify_loop /usr/local/lib/python3.8/dist-packages/neutron_lib/callbacks/manager.py:192}}
Sep 23 23:10:21.276946 dv-cinder-810785-1-iscsi neutron-server[94232]: DEBUG neutron_lib.callbacks.manager [None req-3fd9d3b3-67ab-4df1-8e1e-be3cc23bf69e admin admin] Notify callbacks [] for security_group, precommit_delete {{(pid=94232) _notify_loop /usr/local/lib/python3.8/dist-packages/neutron_lib/callbacks/manager.py:192}}
Sep 23 23:10:21.318402 dv-cinder-810785-1-iscsi neutron-server[94233]: DEBUG neutron.plugins.ml2.rpc [None req-58123cd5-2b2c-4e50-9cb1-105b1671b634 None None] Device 18bd0e5f-850b-4717-95b3-f144f882815a details requested by agent hyperv_hv-cinder-81078 with host hv-cinder-81078 {{(pid=94233) get_device_details /opt/stack/neutron/neutron/plugins/ml2/rpc.py:102}}
Sep 23 23:10:21.379886 dv-cinder-810785-1-iscsi neutron-server[94232]: DEBUG neutron_lib.callbacks.manager [None req-3fd9d3b3-67ab-4df1-8e1e-be3cc23bf69e admin admin] Notify callbacks ['neutron.plugins.ml2.ovo_rpc._ObjectChangeHandler.handle_event-645076'] for security_group, after_delete {{(pid=94232) _notify_loop /usr/local/lib/python3.8/dist-packages/neutron_lib/callbacks/manager.py:192}}
Sep 23 23:10:21.385259 dv-cinder-810785-1-iscsi neutron-server[94232]: DEBUG neutron_lib.callbacks.manager [None req-3fd9d3b3-67ab-4df1-8e1e-be3cc23bf69e admin admin] Notify callbacks [] for security_group, before_response {{(pid=94232) _notify_loop /usr/local/lib/python3.8/dist-packages/neutron_lib/callbacks/manager.py:192}}
Sep 23 23:10:21.389502 dv-cinder-810785-1-iscsi neutron-server[94232]: INFO neutron.wsgi [None req-3fd9d3b3-67ab-4df1-8e1e-be3cc23bf69e admin admin] 10.222.0.46 "DELETE /v2.0/security-groups/0ac2969a-09b1-4432-98fb-210da08cc424 HTTP/1.1" status: 204 len: 168 time: 0.2338245
Sep 23 23:10:21.404440 dv-cinder-810785-1-iscsi neutron-server[94232]: DEBUG neutron.api.rpc.handlers.resources_rpc [None req-3fd9d3b3-67ab-4df1-8e1e-be3cc23bf69e admin admin] Pushing event deleted for resources: {'SecurityGroup': ['ID=0ac2969a-09b1-4432-98fb-210da08cc424,revision_number=None']} {{(pid=94232) push /opt/stack/neutron/neutron/api/rpc/handlers/resources_rpc.py:237}}
Sep 23 23:10:21.502901 dv-cinder-810785-1-iscsi neutron-server[94233]: DEBUG neutron.plugins.ml2.db [None req-58123cd5-2b2c-4e50-9cb1-105b1671b634 None None] For port 18bd0e5f-850b-4717-95b3-f144f882815a, host hv-cinder-81078, got binding levels [PortBindingLevel(driver='hyperv',host='hv-cinder-81078',level=0,port_id=18bd0e5f-850b-4717-95b3-f144f882815a,segment=NetworkSegment(bb89ef85-36bb-4a06-b0e7-d6b884aca5fe),segment_id=bb89ef85-36bb-4a06-b0e7-d6b884aca5fe)] {{(pid=94233) get_binding_level_objs /opt/stack/neutron/neutron/plugins/ml2/db.py:74}}
Sep 23 23:10:21.522634 dv-cinder-810785-1-iscsi neutron-server[94233]: DEBUG neutron.plugins.ml2.rpc [None req-58123cd5-2b2c-4e50-9cb1-105b1671b634 None None] Returning: {'device': '18bd0e5f-850b-4717-95b3-f144f882815a', 'network_id': 'ce9d38ed-90b0-4188-83c2-f86aff95fb9d', 'port_id': '18bd0e5f-850b-4717-95b3-f144f882815a', 'mac_address': 'fa:16:3e:7d:1b:7b', 'admin_state_up': True, 'network_type': 'vlan', 'segmentation_id': 227, 'physical_network': 'physnet1', 'mtu': 1500, 'fixed_ips': [{'subnet_id': 'dadbb2c8-7187-415d-b3c4-d09ac2c1fdfd', 'ip_address': '172.20.0.11'}], 'device_owner': 'compute:nova', 'allowed_address_pairs': [], 'port_security_enabled': True, 'qos_policy_id': None, 'network_qos_policy_id': None, 'profile': {}, 'propagate_uplink_status': False} {{(pid=94233) _get_device_details /opt/stack/neutron/neutron/plugins/ml2/rpc.py:184}}
Sep 23 23:10:21.623968 dv-cinder-810785-1-iscsi neutron-server[94233]: DEBUG neutron_lib.callbacks.manager [None req-58123cd5-2b2c-4e50-9cb1-105b1671b634 None None] Notify callbacks ['neutron.plugins.ml2.plugin.SecurityGroupDbMixin._ensure_default_security_group_handler-8125245'] for port, before_update {{(pid=94233) _notify_loop /usr/local/lib/python3.8/dist-packages/neutron_lib/callbacks/manager.py:192}}
Sep 23 23:10:21.649821 dv-cinder-810785-1-iscsi neutron-server[94233]: DEBUG neutron.notifiers.nova [None req-58123cd5-2b2c-4e50-9cb1-105b1671b634 None None] Ignoring state change previous_port_status: DOWN current_port_status: BUILD port_id 18bd0e5f-850b-4717-95b3-f144f882815a {{(pid=94233) record_port_status_changed /opt/stack/neutron/neutron/notifiers/nova.py:224}}
Sep 23 23:10:21.694796 dv-cinder-810785-1-iscsi neutron-server[94233]: DEBUG neutron.plugins.ml2.db [None req-58123cd5-2b2c-4e50-9cb1-105b1671b634 None None] For port 18bd0e5f-850b-4717-95b3-f144f882815a, host hv-cinder-81078, got binding levels [PortBindingLevel(driver='hyperv',host='hv-cinder-81078',level=0,port_id=18bd0e5f-850b-4717-95b3-f144f882815a,segment=NetworkSegment(bb89ef85-36bb-4a06-b0e7-d6b884aca5fe),segment_id=bb89ef85-36bb-4a06-b0e7-d6b884aca5fe)] {{(pid=94233) get_binding_level_objs /opt/stack/neutron/neutron/plugins/ml2/db.py:74}}
Sep 23 23:10:21.700958 dv-cinder-810785-1-iscsi neutron-server[94233]: DEBUG neutron_lib.callbacks.manager [None req-58123cd5-2b2c-4e50-9cb1-105b1671b634 None None] Notify callbacks ['neutron.plugins.ml2.plugin.SecurityGroupServerNotifierRpcMixin._notify_sg_on_port_change-8125310', 'neutron.plugins.ml2.ovo_rpc._ObjectChangeHandler.handle_event-224882', 'neutron.api.rpc.agentnotifiers.dhcp_rpc_agent_api.DhcpAgentNotifyAPI._native_event_send_dhcp_notification-539075', 'neutron.db.l3_db.L3RpcNotifierMixin._notify_gateway_port_ip_changed-8784998696708', 'neutron.db.l3_dvrscheduler_db._notify_l3_agent_port_update-8784998207681', 'neutron.db.l3_hascheduler_db._notify_l3_agent_ha_port_update-8784998207699'] for port, after_update {{(pid=94233) _notify_loop /usr/local/lib/python3.8/dist-packages/neutron_lib/callbacks/manager.py:192}}
Sep 23 23:10:21.740145 dv-cinder-810785-1-iscsi neutron-server[94232]: DEBUG neutron.pecan_wsgi.hooks.policy_enforcement [req-f9187e52-5349-4da8-becb-b71a5c8d7407 req-15033fc3-e215-4e15-822a-df47294c0c6c tempest-ServerRescueNegativeTestJSON-749971325 tempest-ServerRescueNegativeTestJSON-749971325-project] Attributes excluded by policy engine: ['standard_attr_id', 'binding:profile', 'binding:host_id', 'binding:vif_type', 'binding:vif_details'] {{(pid=94232) _exclude_attributes_by_policy /opt/stack/neutron/neutron/pecan_wsgi/hooks/policy_enforcement.py:255}}
Sep 23 23:10:21.748255 dv-cinder-810785-1-iscsi neutron-server[94232]: INFO neutron.wsgi [req-f9187e52-5349-4da8-becb-b71a5c8d7407 req-15033fc3-e215-4e15-822a-df47294c0c6c tempest-ServerRescueNegativeTestJSON-749971325 tempest-ServerRescueNegativeTestJSON-749971325-project] 10.222.0.46 "GET /v2.0/ports?device_id=15291a3d-4bc5-4b98-b9ab-3c9147f03a25 HTTP/1.1" status: 200 len: 945 time: 0.0682054
Sep 23 23:10:21.798839 dv-cinder-810785-1-iscsi neutron-server[94233]: DEBUG neutron.api.rpc.handlers.resources_rpc [None req-58123cd5-2b2c-4e50-9cb1-105b1671b634 None None] Pushing event updated for resources: {'Port': ['ID=18bd0e5f-850b-4717-95b3-f144f882815a,revision_number=4']} {{(pid=94233) push /opt/stack/neutron/neutron/api/rpc/handlers/resources_rpc.py:237}}
Sep 23 23:10:21.802574 dv-cinder-810785-1-iscsi neutron-server[94232]: INFO neutron.wsgi [req-f9187e52-5349-4da8-becb-b71a5c8d7407 req-8423e813-ce10-4c74-9925-57213c2009f6 tempest-ServerRescueNegativeTestJSON-749971325 tempest-ServerRescueNegativeTestJSON-749971325-project] 10.222.0.46 "GET /v2.0/security-groups?id=c8670f8e-f65f-4f85-bee2-37f75bcb3bfd&fields=id&fields=name HTTP/1.1" status: 200 len: 286 time: 0.0528467
Sep 23 23:10:21.815931 dv-cinder-810785-1-iscsi neutron-server[94233]: DEBUG neutron.api.rpc.callbacks.version_manager [None req-58123cd5-2b2c-4e50-9cb1-105b1671b634 None None] Version for resource type AddressGroup changed None to 1.2 on consumer Open vSwitch agent@dv-cinder-810785-1-iscsi {{(pid=94233) _set_version /opt/stack/neutron/neutron/api/rpc/callbacks/version_manager.py:113}}
Sep 23 23:10:21.816706 dv-cinder-810785-1-iscsi neutron-server[94233]: DEBUG neutron.api.rpc.callbacks.version_manager [None req-58123cd5-2b2c-4e50-9cb1-105b1671b634 None None] Version for resource type ConntrackHelper changed None to 1.0 on consumer Open vSwitch agent@dv-cinder-810785-1-iscsi {{(pid=94233) _set_version /opt/stack/neutron/neutron/api/rpc/callbacks/version_manager.py:113}}
Sep 23 23:10:21.817397 dv-cinder-810785-1-iscsi neutron-server[94233]: DEBUG neutron.api.rpc.callbacks.version_manager [None req-58123cd5-2b2c-4e50-9cb1-105b1671b634 None None] Version for resource type Log changed None to 1.0 on consumer Open vSwitch agent@dv-cinder-810785-1-iscsi {{(pid=94233) _set_version /opt/stack/neutron/neutron/api/rpc/callbacks/version_manager.py:113}}
Sep 23 23:10:21.817971 dv-cinder-810785-1-iscsi neutron-server[94233]: DEBUG neutron.api.rpc.callbacks.version_manager [None req-58123cd5-2b2c-4e50-9cb1-105b1671b634 None None] Version for resource type Network changed None to 1.1 on consumer Open vSwitch agent@dv-cinder-810785-1-iscsi {{(pid=94233) _set_version /opt/stack/neutron/neutron/api/rpc/callbacks/version_manager.py:113}}
Sep 23 23:10:21.818636 dv-cinder-810785-1-iscsi neutron-server[94233]: DEBUG neutron.api.rpc.callbacks.version_manager [None req-58123cd5-2b2c-4e50-9cb1-105b1671b634 None None] Version for resource type Port changed None to 1.7 on consumer Open vSwitch agent@dv-cinder-810785-1-iscsi {{(pid=94233) _set_version /opt/stack/neutron/neutron/api/rpc/callbacks/version_manager.py:113}}
Sep 23 23:10:21.819252 dv-cinder-810785-1-iscsi neutron-server[94233]: DEBUG neutron.api.rpc.callbacks.version_manager [None req-58123cd5-2b2c-4e50-9cb1-105b1671b634 None None] Version for resource type PortForwarding changed None to 1.2 on consumer Open vSwitch agent@dv-cinder-810785-1-iscsi {{(pid=94233) _set_version /opt/stack/neutron/neutron/api/rpc/callbacks/version_manager.py:113}}
Sep 23 23:10:21.819988 dv-cinder-810785-1-iscsi neutron-server[94233]: DEBUG neutron.api.rpc.callbacks.version_manager [None req-58123cd5-2b2c-4e50-9cb1-105b1671b634 None None] Version for resource type QosPolicy changed None to 1.9 on consumer Open vSwitch agent@dv-cinder-810785-1-iscsi {{(pid=94233) _set_version /opt/stack/neutron/neutron/api/rpc/callbacks/version_manager.py:113}}
Sep 23 23:10:21.820717 dv-cinder-810785-1-iscsi neutron-server[94233]: DEBUG neutron.api.rpc.callbacks.version_manager [None req-58123cd5-2b2c-4e50-9cb1-105b1671b634 None None] Version for resource type SecurityGroup changed None to 1.4 on consumer Open vSwitch agent@dv-cinder-810785-1-iscsi {{(pid=94233) _set_version /opt/stack/neutron/neutron/api/rpc/callbacks/version_manager.py:113}}
Sep 23 23:10:21.821391 dv-cinder-810785-1-iscsi neutron-server[94233]: DEBUG neutron.api.rpc.callbacks.version_manager [None req-58123cd5-2b2c-4e50-9cb1-105b1671b634 None None] Version for resource type SecurityGroupRule changed None to 1.2 on consumer Open vSwitch agent@dv-cinder-810785-1-iscsi {{(pid=94233) _set_version /opt/stack/neutron/neutron/api/rpc/callbacks/version_manager.py:113}}
Sep 23 23:10:21.822056 dv-cinder-810785-1-iscsi neutron-server[94233]: DEBUG neutron.api.rpc.callbacks.version_manager [None req-58123cd5-2b2c-4e50-9cb1-105b1671b634 None None] Version for resource type SubPort changed None to 1.0 on consumer Open vSwitch agent@dv-cinder-810785-1-iscsi {{(pid=94233) _set_version /opt/stack/neutron/neutron/api/rpc/callbacks/version_manager.py:113}}
Sep 23 23:10:21.822701 dv-cinder-810785-1-iscsi neutron-server[94233]: DEBUG neutron.api.rpc.callbacks.version_manager [None req-58123cd5-2b2c-4e50-9cb1-105b1671b634 None None] Version for resource type Subnet changed None to 1.1 on consumer Open vSwitch agent@dv-cinder-810785-1-iscsi {{(pid=94233) _set_version /opt/stack/neutron/neutron/api/rpc/callbacks/version_manager.py:113}}
Sep 23 23:10:21.823371 dv-cinder-810785-1-iscsi neutron-server[94233]: DEBUG neutron.api.rpc.callbacks.version_manager [None req-58123cd5-2b2c-4e50-9cb1-105b1671b634 None None] Version for resource type Trunk changed None to 1.1 on consumer Open vSwitch agent@dv-cinder-810785-1-iscsi {{(pid=94233) _set_version /opt/stack/neutron/neutron/api/rpc/callbacks/version_manager.py:113}}
Sep 23 23:10:21.904619 dv-cinder-810785-1-iscsi neutron-server[94231]: DEBUG neutron.wsgi [-] (94231) accepted ('10.222.0.46', 54104) {{(pid=94231) server /usr/local/lib/python3.8/dist-packages/eventlet/wsgi.py:982}}
Sep 23 23:10:21.922342 dv-cinder-810785-1-iscsi neutron-server[94231]: DEBUG neutron_lib.callbacks.manager [None req-f3932ba9-1588-419c-9e77-2f366cb878d6 admin admin] Notify callbacks [] for security_group, before_create {{(pid=94231) _notify_loop /usr/local/lib/python3.8/dist-packages/neutron_lib/callbacks/manager.py:192}}
Sep 23 23:10:21.946951 dv-cinder-810785-1-iscsi neutron-server[94232]: INFO neutron.wsgi [req-358b6c4e-408b-4ebd-b7be-53849e7d8467 req-a75a9963-8184-4bfd-a674-b6621dd2d107 tempest-DeleteServersTestJSON-727225717 tempest-DeleteServersTestJSON-727225717-project] 10.222.0.46 "GET /v2.0/ports?device_id=7c5363ec-d506-4817-9a66-35508430891a HTTP/1.1" status: 200 len: 210 time: 0.0460911
Sep 23 23:10:21.997592 dv-cinder-810785-1-iscsi neutron-server[94232]: DEBUG neutron.wsgi [-] (94232) accepted ('10.222.0.46', 54106) {{(pid=94232) server /usr/local/lib/python3.8/dist-packages/eventlet/wsgi.py:982}}
Sep 23 23:10:22.055213 dv-cinder-810785-1-iscsi neutron-server[94231]: DEBUG neutron_lib.callbacks.manager [None req-f3932ba9-1588-419c-9e77-2f366cb878d6 admin admin] Notify callbacks [] for security_group, precommit_create {{(pid=94231) _notify_loop /usr/local/lib/python3.8/dist-packages/neutron_lib/callbacks/manager.py:192}}
Sep 23 23:10:22.060968 dv-cinder-810785-1-iscsi neutron-server[94231]: DEBUG neutron_lib.callbacks.manager [None req-f3932ba9-1588-419c-9e77-2f366cb878d6 admin admin] Notify callbacks ['neutron.plugins.ml2.ovo_rpc._ObjectChangeHandler.handle_event-645076'] for security_group, after_create {{(pid=94231) _notify_loop /usr/local/lib/python3.8/dist-packages/neutron_lib/callbacks/manager.py:192}}
Sep 23 23:10:22.119932 dv-cinder-810785-1-iscsi neutron-server[94231]: INFO neutron.wsgi [None req-f3932ba9-1588-419c-9e77-2f366cb878d6 admin admin] 10.222.0.46 "GET /v2.0/security-groups?tenant_id=3fe49f64d9d34b9c95320c913b36c45d&name=default HTTP/1.1" status: 200 len: 2979 time: 0.2138886
Sep 23 23:10:22.121852 dv-cinder-810785-1-iscsi neutron-server[94231]: DEBUG neutron.api.rpc.handlers.resources_rpc [None req-f3932ba9-1588-419c-9e77-2f366cb878d6 admin admin] Pushing event updated for resources: {'SecurityGroup': ['ID=f01d071a-e65b-45b3-8f7e-65051e4ff267,revision_number=1']} {{(pid=94231) push /opt/stack/neutron/neutron/api/rpc/handlers/resources_rpc.py:237}}
Sep 23 23:10:22.124406 dv-cinder-810785-1-iscsi neutron-server[94232]: DEBUG neutron.wsgi [-] (94232) accepted ('10.222.0.46', 54112) {{(pid=94232) server /usr/local/lib/python3.8/dist-packages/eventlet/wsgi.py:982}}
Sep 23 23:10:22.204636 dv-cinder-810785-1-iscsi neutron-server[94232]: DEBUG neutron_lib.callbacks.manager [None req-fae4dc92-381c-4cd5-96c9-ba751d15087d admin admin] Notify callbacks [] for security_group, before_delete {{(pid=94232) _notify_loop /usr/local/lib/python3.8/dist-packages/neutron_lib/callbacks/manager.py:192}}
Sep 23 23:10:22.239555 dv-cinder-810785-1-iscsi neutron-server[94232]: DEBUG neutron_lib.callbacks.manager [None req-fae4dc92-381c-4cd5-96c9-ba751d15087d admin admin] Notify callbacks [] for security_group, precommit_delete {{(pid=94232) _notify_loop /usr/local/lib/python3.8/dist-packages/neutron_lib/callbacks/manager.py:192}}
Sep 23 23:10:22.289545 dv-cinder-810785-1-iscsi neutron-server[94232]: DEBUG neutron_lib.callbacks.manager [None req-44b2ae93-f5cd-4520-bfd6-279c20657432 admin admin] Notify callbacks [] for security_group, before_create {{(pid=94232) _notify_loop /usr/local/lib/python3.8/dist-packages/neutron_lib/callbacks/manager.py:192}}
Sep 23 23:10:22.375518 dv-cinder-810785-1-iscsi neutron-server[94232]: DEBUG neutron_lib.callbacks.manager [None req-fae4dc92-381c-4cd5-96c9-ba751d15087d admin admin] Notify callbacks ['neutron.plugins.ml2.ovo_rpc._ObjectChangeHandler.handle_event-645076'] for security_group, after_delete {{(pid=94232) _notify_loop /usr/local/lib/python3.8/dist-packages/neutron_lib/callbacks/manager.py:192}}
Sep 23 23:10:22.378521 dv-cinder-810785-1-iscsi neutron-server[94232]: DEBUG neutron_lib.callbacks.manager [None req-fae4dc92-381c-4cd5-96c9-ba751d15087d admin admin] Notify callbacks [] for security_group, before_response {{(pid=94232) _notify_loop /usr/local/lib/python3.8/dist-packages/neutron_lib/callbacks/manager.py:192}}
Sep 23 23:10:22.379813 dv-cinder-810785-1-iscsi neutron-server[94232]: INFO neutron.wsgi [None req-fae4dc92-381c-4cd5-96c9-ba751d15087d admin admin] 10.222.0.46 "DELETE /v2.0/security-groups/f01d071a-e65b-45b3-8f7e-65051e4ff267 HTTP/1.1" status: 204 len: 168 time: 0.2528355
Sep 23 23:10:22.407866 dv-cinder-810785-1-iscsi neutron-server[94232]: DEBUG neutron.api.rpc.handlers.resources_rpc [None req-fae4dc92-381c-4cd5-96c9-ba751d15087d admin admin] Pushing event deleted for resources: {'SecurityGroup': ['ID=f01d071a-e65b-45b3-8f7e-65051e4ff267,revision_number=None']} {{(pid=94232) push /opt/stack/neutron/neutron/api/rpc/handlers/resources_rpc.py:237}}
Sep 23 23:10:22.421249 dv-cinder-810785-1-iscsi neutron-server[94232]: DEBUG neutron.pecan_wsgi.hooks.policy_enforcement [req-c8accbaf-58b4-452e-865a-965c97348443 req-181bcb86-195a-4fcb-8ba7-b830021003f1 tempest-AttachVolumeNegativeTest-695961700 tempest-AttachVolumeNegativeTest-695961700-project] Attributes excluded by policy engine: ['standard_attr_id', 'binding:profile', 'binding:host_id', 'binding:vif_type', 'binding:vif_details'] {{(pid=94232) _exclude_attributes_by_policy /opt/stack/neutron/neutron/pecan_wsgi/hooks/policy_enforcement.py:255}}
Sep 23 23:10:22.421697 dv-cinder-810785-1-iscsi neutron-server[94232]: INFO neutron.wsgi [req-c8accbaf-58b4-452e-865a-965c97348443 req-181bcb86-195a-4fcb-8ba7-b830021003f1 tempest-AttachVolumeNegativeTest-695961700 tempest-AttachVolumeNegativeTest-695961700-project] 10.222.0.46 "GET /v2.0/ports?device_id=81a1259b-9a25-4891-a70b-89e4f6c5c078 HTTP/1.1" status: 200 len: 945 time: 0.1158731
Sep 23 23:10:22.495065 dv-cinder-810785-1-iscsi neutron-server[94232]: INFO neutron.wsgi [req-c8accbaf-58b4-452e-865a-965c97348443 req-8499c9ce-8e86-4c12-9d18-50997f6d0407 tempest-AttachVolumeNegativeTest-695961700 tempest-AttachVolumeNegativeTest-695961700-project] 10.222.0.46 "GET /v2.0/security-groups?id=d72bac6f-1a30-4b12-ab16-f298eec3b656&fields=id&fields=name HTTP/1.1" status: 200 len: 286 time: 0.0633798
Sep 23 23:10:22.536865 dv-cinder-810785-1-iscsi neutron-server[94232]: DEBUG neutron_lib.callbacks.manager [None req-44b2ae93-f5cd-4520-bfd6-279c20657432 admin admin] Notify callbacks [] for security_group, precommit_create {{(pid=94232) _notify_loop /usr/local/lib/python3.8/dist-packages/neutron_lib/callbacks/manager.py:192}}
Sep 23 23:10:22.543605 dv-cinder-810785-1-iscsi neutron-server[94232]: DEBUG neutron_lib.callbacks.manager [None req-44b2ae93-f5cd-4520-bfd6-279c20657432 admin admin] Notify callbacks ['neutron.plugins.ml2.ovo_rpc._ObjectChangeHandler.handle_event-645076'] for security_group, after_create {{(pid=94232) _notify_loop /usr/local/lib/python3.8/dist-packages/neutron_lib/callbacks/manager.py:192}}
Sep 23 23:10:22.627304 dv-cinder-810785-1-iscsi neutron-server[94232]: DEBUG neutron.api.rpc.handlers.resources_rpc [None req-44b2ae93-f5cd-4520-bfd6-279c20657432 admin admin] Pushing event updated for resources: {'SecurityGroup': ['ID=cc294f1c-1325-487b-9d08-2e31c3cf273b,revision_number=1']} {{(pid=94232) push /opt/stack/neutron/neutron/api/rpc/handlers/resources_rpc.py:237}}
Sep 23 23:10:22.639997 dv-cinder-810785-1-iscsi neutron-server[94232]: INFO neutron.wsgi [None req-44b2ae93-f5cd-4520-bfd6-279c20657432 admin admin] 10.222.0.46 "GET /v2.0/security-groups?tenant_id=1da35c7300684405bffceb918127edfd&name=default HTTP/1.1" status: 200 len: 2979 time: 0.6402676
Sep 23 23:10:22.644216 dv-cinder-810785-1-iscsi neutron-server[94232]: DEBUG neutron.wsgi [-] (94232) accepted ('10.222.0.46', 54120) {{(pid=94232) server /usr/local/lib/python3.8/dist-packages/eventlet/wsgi.py:982}}
Sep 23 23:10:22.763083 dv-cinder-810785-1-iscsi neutron-server[94232]: DEBUG neutron_lib.callbacks.manager [None req-a6a6b523-6ffb-4e41-9790-8a8ebfba1272 admin admin] Notify callbacks [] for security_group, before_delete {{(pid=94232) _notify_loop /usr/local/lib/python3.8/dist-packages/neutron_lib/callbacks/manager.py:192}}
Sep 23 23:10:22.798142 dv-cinder-810785-1-iscsi neutron-server[94232]: DEBUG neutron_lib.callbacks.manager [None req-a6a6b523-6ffb-4e41-9790-8a8ebfba1272 admin admin] Notify callbacks [] for security_group, precommit_delete {{(pid=94232) _notify_loop /usr/local/lib/python3.8/dist-packages/neutron_lib/callbacks/manager.py:192}}
Sep 23 23:10:22.866316 dv-cinder-810785-1-iscsi neutron-server[94231]: DEBUG neutron.wsgi [-] (94231) accepted ('10.222.0.46', 54126) {{(pid=94231) server /usr/local/lib/python3.8/dist-packages/eventlet/wsgi.py:982}}
Sep 23 23:10:22.884996 dv-cinder-810785-1-iscsi neutron-server[94231]: DEBUG neutron_lib.callbacks.manager [None req-022a580d-f080-42d2-a503-200e3fdae783 admin admin] Notify callbacks [] for security_group, before_create {{(pid=94231) _notify_loop /usr/local/lib/python3.8/dist-packages/neutron_lib/callbacks/manager.py:192}}
Sep 23 23:10:22.889860 dv-cinder-810785-1-iscsi neutron-server[94232]: DEBUG neutron_lib.callbacks.manager [None req-a6a6b523-6ffb-4e41-9790-8a8ebfba1272 admin admin] Notify callbacks ['neutron.plugins.ml2.ovo_rpc._ObjectChangeHandler.handle_event-645076'] for security_group, after_delete {{(pid=94232) _notify_loop /usr/local/lib/python3.8/dist-packages/neutron_lib/callbacks/manager.py:192}}
Sep 23 23:10:22.894583 dv-cinder-810785-1-iscsi neutron-server[94232]: DEBUG neutron_lib.callbacks.manager [None req-a6a6b523-6ffb-4e41-9790-8a8ebfba1272 admin admin] Notify callbacks [] for security_group, before_response {{(pid=94232) _notify_loop /usr/local/lib/python3.8/dist-packages/neutron_lib/callbacks/manager.py:192}}
Sep 23 23:10:22.896757 dv-cinder-810785-1-iscsi neutron-server[94232]: INFO neutron.wsgi [None req-a6a6b523-6ffb-4e41-9790-8a8ebfba1272 admin admin] 10.222.0.46 "DELETE /v2.0/security-groups/cc294f1c-1325-487b-9d08-2e31c3cf273b HTTP/1.1" status: 204 len: 168 time: 0.2497318
Sep 23 23:10:22.911383 dv-cinder-810785-1-iscsi neutron-server[94232]: DEBUG neutron.api.rpc.handlers.resources_rpc [None req-a6a6b523-6ffb-4e41-9790-8a8ebfba1272 admin admin] Pushing event deleted for resources: {'SecurityGroup': ['ID=cc294f1c-1325-487b-9d08-2e31c3cf273b,revision_number=None']} {{(pid=94232) push /opt/stack/neutron/neutron/api/rpc/handlers/resources_rpc.py:237}}
Sep 23 23:10:23.025783 dv-cinder-810785-1-iscsi neutron-server[94232]: DEBUG neutron.pecan_wsgi.hooks.policy_enforcement [req-d308b79d-338f-4e16-88e5-ffad3387f610 req-0af5fc32-fad8-4157-b191-66cbb8b6de73 tempest-ServerRescueNegativeTestJSON-749971325 tempest-ServerRescueNegativeTestJSON-749971325-project] Attributes excluded by policy engine: ['standard_attr_id', 'binding:profile', 'binding:host_id', 'binding:vif_type', 'binding:vif_details'] {{(pid=94232) _exclude_attributes_by_policy /opt/stack/neutron/neutron/pecan_wsgi/hooks/policy_enforcement.py:255}}
Sep 23 23:10:23.027914 dv-cinder-810785-1-iscsi neutron-server[94232]: INFO neutron.wsgi [req-d308b79d-338f-4e16-88e5-ffad3387f610 req-0af5fc32-fad8-4157-b191-66cbb8b6de73 tempest-ServerRescueNegativeTestJSON-749971325 tempest-ServerRescueNegativeTestJSON-749971325-project] 10.222.0.46 "GET /v2.0/ports?device_id=15291a3d-4bc5-4b98-b9ab-3c9147f03a25 HTTP/1.1" status: 200 len: 945 time: 0.0994394
Sep 23 23:10:23.071510 dv-cinder-810785-1-iscsi neutron-server[94231]: DEBUG neutron_lib.callbacks.manager [None req-022a580d-f080-42d2-a503-200e3fdae783 admin admin] Notify callbacks [] for security_group, precommit_create {{(pid=94231) _notify_loop /usr/local/lib/python3.8/dist-packages/neutron_lib/callbacks/manager.py:192}}
Sep 23 23:10:23.078604 dv-cinder-810785-1-iscsi neutron-server[94231]: DEBUG neutron_lib.callbacks.manager [None req-022a580d-f080-42d2-a503-200e3fdae783 admin admin] Notify callbacks ['neutron.plugins.ml2.ovo_rpc._ObjectChangeHandler.handle_event-645076'] for security_group, after_create {{(pid=94231) _notify_loop /usr/local/lib/python3.8/dist-packages/neutron_lib/callbacks/manager.py:192}}
Sep 23 23:10:23.095647 dv-cinder-810785-1-iscsi neutron-server[94232]: INFO neutron.wsgi [req-d308b79d-338f-4e16-88e5-ffad3387f610 req-2907d893-2f35-4d0c-b041-c69ebfa9187b tempest-ServerRescueNegativeTestJSON-749971325 tempest-ServerRescueNegativeTestJSON-749971325-project] 10.222.0.46 "GET /v2.0/security-groups?id=c8670f8e-f65f-4f85-bee2-37f75bcb3bfd&fields=id&fields=name HTTP/1.1" status: 200 len: 286 time: 0.0590980
Sep 23 23:10:23.160959 dv-cinder-810785-1-iscsi neutron-server[94231]: DEBUG neutron.api.rpc.handlers.resources_rpc [None req-022a580d-f080-42d2-a503-200e3fdae783 admin admin] Pushing event updated for resources: {'SecurityGroup': ['ID=90c57d57-db10-4cd3-8eaa-683ad31a2a1a,revision_number=1']} {{(pid=94231) push /opt/stack/neutron/neutron/api/rpc/handlers/resources_rpc.py:237}}
Sep 23 23:10:23.171349 dv-cinder-810785-1-iscsi neutron-server[94231]: INFO neutron.wsgi [None req-022a580d-f080-42d2-a503-200e3fdae783 admin admin] 10.222.0.46 "GET /v2.0/security-groups?tenant_id=cbdf4cd013014c0db9448abb9d267757&name=default HTTP/1.1" status: 200 len: 2979 time: 0.3014283
Sep 23 23:10:23.173909 dv-cinder-810785-1-iscsi neutron-server[94231]: DEBUG neutron.wsgi [-] (94231) accepted ('10.222.0.46', 54134) {{(pid=94231) server /usr/local/lib/python3.8/dist-packages/eventlet/wsgi.py:982}}
Sep 23 23:10:23.275667 dv-cinder-810785-1-iscsi neutron-server[94232]: INFO neutron.wsgi [req-4ee33479-f172-4a57-a275-118b5f1c9829 req-690ca69e-d3f3-439f-8966-c736075f249f tempest-DeleteServersTestJSON-727225717 tempest-DeleteServersTestJSON-727225717-project] 10.222.0.46 "GET /v2.0/ports?device_id=7c5363ec-d506-4817-9a66-35508430891a HTTP/1.1" status: 200 len: 210 time: 0.0504177
Sep 23 23:10:23.280366 dv-cinder-810785-1-iscsi neutron-server[94231]: DEBUG neutron_lib.callbacks.manager [None req-18301dbe-2502-47a4-a7db-2c6ce52d98ff admin admin] Notify callbacks [] for security_group, before_delete {{(pid=94231) _notify_loop /usr/local/lib/python3.8/dist-packages/neutron_lib/callbacks/manager.py:192}}
Sep 23 23:10:23.311149 dv-cinder-810785-1-iscsi neutron-server[94231]: DEBUG neutron_lib.callbacks.manager [None req-18301dbe-2502-47a4-a7db-2c6ce52d98ff admin admin] Notify callbacks [] for security_group, precommit_delete {{(pid=94231) _notify_loop /usr/local/lib/python3.8/dist-packages/neutron_lib/callbacks/manager.py:192}}
Sep 23 23:10:23.397044 dv-cinder-810785-1-iscsi neutron-server[94231]: DEBUG neutron_lib.callbacks.manager [None req-18301dbe-2502-47a4-a7db-2c6ce52d98ff admin admin] Notify callbacks ['neutron.plugins.ml2.ovo_rpc._ObjectChangeHandler.handle_event-645076'] for security_group, after_delete {{(pid=94231) _notify_loop /usr/local/lib/python3.8/dist-packages/neutron_lib/callbacks/manager.py:192}}
Sep 23 23:10:23.399687 dv-cinder-810785-1-iscsi neutron-server[94231]: DEBUG neutron_lib.callbacks.manager [None req-18301dbe-2502-47a4-a7db-2c6ce52d98ff admin admin] Notify callbacks [] for security_group, before_response {{(pid=94231) _notify_loop /usr/local/lib/python3.8/dist-packages/neutron_lib/callbacks/manager.py:192}}
Sep 23 23:10:23.403349 dv-cinder-810785-1-iscsi neutron-server[94231]: INFO neutron.wsgi [None req-18301dbe-2502-47a4-a7db-2c6ce52d98ff admin admin] 10.222.0.46 "DELETE /v2.0/security-groups/90c57d57-db10-4cd3-8eaa-683ad31a2a1a HTTP/1.1" status: 204 len: 168 time: 0.2255490
Sep 23 23:10:23.409984 dv-cinder-810785-1-iscsi neutron-server[94231]: DEBUG neutron.api.rpc.handlers.resources_rpc [None req-18301dbe-2502-47a4-a7db-2c6ce52d98ff admin admin] Pushing event deleted for resources: {'SecurityGroup': ['ID=90c57d57-db10-4cd3-8eaa-683ad31a2a1a,revision_number=None']} {{(pid=94231) push /opt/stack/neutron/neutron/api/rpc/handlers/resources_rpc.py:237}}
Sep 23 23:10:23.530901 dv-cinder-810785-1-iscsi neutron-server[94231]: DEBUG neutron.wsgi [-] (94231) accepted ('10.222.0.46', 54140) {{(pid=94231) server /usr/local/lib/python3.8/dist-packages/eventlet/wsgi.py:982}}
Sep 23 23:10:23.547844 dv-cinder-810785-1-iscsi neutron-server[94231]: DEBUG neutron_lib.callbacks.manager [None req-fc24046d-6133-4833-8bd2-9710bc5baadc admin admin] Notify callbacks [] for security_group, before_create {{(pid=94231) _notify_loop /usr/local/lib/python3.8/dist-packages/neutron_lib/callbacks/manager.py:192}}
Sep 23 23:10:23.720379 dv-cinder-810785-1-iscsi neutron-server[94231]: DEBUG neutron_lib.callbacks.manager [None req-fc24046d-6133-4833-8bd2-9710bc5baadc admin admin] Notify callbacks [] for security_group, precommit_create {{(pid=94231) _notify_loop /usr/local/lib/python3.8/dist-packages/neutron_lib/callbacks/manager.py:192}}
Sep 23 23:10:23.722843 dv-cinder-810785-1-iscsi neutron-server[94232]: DEBUG neutron.pecan_wsgi.hooks.policy_enforcement [req-5ab6e75c-d287-4635-9c2b-67a3b05ea20a req-eee47910-76ce-4d86-9ef9-fa2858104691 tempest-AttachVolumeNegativeTest-695961700 tempest-AttachVolumeNegativeTest-695961700-project] Attributes excluded by policy engine: ['standard_attr_id', 'binding:profile', 'binding:host_id', 'binding:vif_type', 'binding:vif_details'] {{(pid=94232) _exclude_attributes_by_policy /opt/stack/neutron/neutron/pecan_wsgi/hooks/policy_enforcement.py:255}}
Sep 23 23:10:23.725829 dv-cinder-810785-1-iscsi neutron-server[94232]: INFO neutron.wsgi [req-5ab6e75c-d287-4635-9c2b-67a3b05ea20a req-eee47910-76ce-4d86-9ef9-fa2858104691 tempest-AttachVolumeNegativeTest-695961700 tempest-AttachVolumeNegativeTest-695961700-project] 10.222.0.46 "GET /v2.0/ports?device_id=81a1259b-9a25-4891-a70b-89e4f6c5c078 HTTP/1.1" status: 200 len: 945 time: 0.1149507
