Nov 15 15:13:14.658864 dv-cinder-810457-4-iscsi devstack@c-api.service[109192]: INFO cinder.api.openstack.wsgi [None req-ae3f5225-6398-4048-b6fb-eff7fda53f72 tempest-VolumeRetypeWithoutMigrationTest-1280330066 tempest-VolumeRetypeWithoutMigrationTest-1280330066-project] http://10.222.0.71/volume/v3/fbe3fc161ff04a088f80ab62c8ef408b/volumes/b1ce72a9-fe8d-42ac-a734-bc9431117c02 returned with HTTP 200
Nov 15 15:13:14.659005 dv-cinder-810457-4-iscsi devstack@c-api.service[109191]: DEBUG cinder.api.api_utils [req-9f026c6a-d3fc-4925-8e96-f2b8f398d1d5 req-ec6a954b-3e83-44cd-8cf9-21fbdf6a874f tempest-VolumesSnapshotsTestJSON-1395729387 tempest-VolumesSnapshotsTestJSON-1395729387-project] Removing options '' from query. {{(pid=109191) remove_invalid_filter_options /opt/stack/cinder/cinder/api/api_utils.py:73}}
Nov 15 15:13:14.660295 dv-cinder-810457-4-iscsi devstack@c-api.service[109192]: [pid: 109192|app: 0|req: 16/32] 10.222.0.71 () {58 vars in 1324 bytes} [Mon Nov 15 15:13:14 2021] GET /volume/v3/fbe3fc161ff04a088f80ab62c8ef408b/volumes/b1ce72a9-fe8d-42ac-a734-bc9431117c02 => generated 927 bytes in 83 msecs (HTTP/1.1 200) 7 headers in 285 bytes (2 switches on core 0)
Nov 15 15:13:14.662589 dv-cinder-810457-4-iscsi devstack@c-api.service[109191]: DEBUG cinder.db.sqlalchemy.api [req-9f026c6a-d3fc-4925-8e96-f2b8f398d1d5 req-ec6a954b-3e83-44cd-8cf9-21fbdf6a874f tempest-VolumesSnapshotsTestJSON-1395729387 tempest-VolumesSnapshotsTestJSON-1395729387-project] Building query based on filter {{(pid=109191) _process_snaps_filters /opt/stack/cinder/cinder/db/sqlalchemy/api.py:3141}}
Nov 15 15:13:14.677538 dv-cinder-810457-4-iscsi devstack@c-api.service[109192]: INFO cinder.api.openstack.wsgi [None req-e312755c-64da-4760-b395-aaec6ff920bd tempest-VolumeRetypeWithoutMigrationTest-1429050551 tempest-VolumeRetypeWithoutMigrationTest-1429050551-project-admin] GET http://10.222.0.71/volume/v3/4293a0f93bb24309bfdc8a59030f5580/volumes/b1ce72a9-fe8d-42ac-a734-bc9431117c02
Nov 15 15:13:14.678183 dv-cinder-810457-4-iscsi devstack@c-api.service[109192]: DEBUG cinder.api.openstack.wsgi [None req-e312755c-64da-4760-b395-aaec6ff920bd tempest-VolumeRetypeWithoutMigrationTest-1429050551 tempest-VolumeRetypeWithoutMigrationTest-1429050551-project-admin] Empty body provided in request {{(pid=109192) get_body /opt/stack/cinder/cinder/api/openstack/wsgi.py:703}}
Nov 15 15:13:14.678925 dv-cinder-810457-4-iscsi devstack@c-api.service[109192]: /usr/local/lib/python3.8/dist-packages/webob/acceptparse.py:1047: DeprecationWarning: The behavior of AcceptValidHeader.best_match is currently being maintained for backward compatibility, but it will be deprecated in the future, as it does not conform to the RFC.
Nov 15 15:13:14.678925 dv-cinder-810457-4-iscsi devstack@c-api.service[109192]: warnings.warn(
Nov 15 15:13:14.680390 dv-cinder-810457-4-iscsi devstack@c-api.service[109192]: DEBUG cinder.api.openstack.wsgi [None req-e312755c-64da-4760-b395-aaec6ff920bd tempest-VolumeRetypeWithoutMigrationTest-1429050551 tempest-VolumeRetypeWithoutMigrationTest-1429050551-project-admin] Calling method 'show' {{(pid=109192) _process_stack /opt/stack/cinder/cinder/api/openstack/wsgi.py:856}}
Nov 15 15:13:14.716247 dv-cinder-810457-4-iscsi devstack@c-api.service[109191]: INFO cinder.volume.api [req-9f026c6a-d3fc-4925-8e96-f2b8f398d1d5 req-ec6a954b-3e83-44cd-8cf9-21fbdf6a874f tempest-VolumesSnapshotsTestJSON-1395729387 tempest-VolumesSnapshotsTestJSON-1395729387-project] Get all snapshots completed successfully.
Nov 15 15:13:14.720063 dv-cinder-810457-4-iscsi devstack@c-api.service[109191]: /usr/local/lib/python3.8/dist-packages/oslo_context/context.py:105: DeprecationWarning: Policy enforcement is depending on the value of is_admin. This key is deprecated. Please update your policy file to use the standard policy values.
Nov 15 15:13:14.720063 dv-cinder-810457-4-iscsi devstack@c-api.service[109191]: warnings.warn('Policy enforcement is depending on the value of '
Nov 15 15:13:14.724238 dv-cinder-810457-4-iscsi devstack@c-api.service[109191]: INFO cinder.api.openstack.wsgi [req-9f026c6a-d3fc-4925-8e96-f2b8f398d1d5 req-ec6a954b-3e83-44cd-8cf9-21fbdf6a874f tempest-VolumesSnapshotsTestJSON-1395729387 tempest-VolumesSnapshotsTestJSON-1395729387-project] http://10.222.0.71/volume/v3/796d415383734c0dbc890e832f1b4276/snapshots/detail returned with HTTP 200
Nov 15 15:13:14.733044 dv-cinder-810457-4-iscsi devstack@c-api.service[109191]: [pid: 109191|app: 0|req: 17/33] 10.222.0.71 () {60 vars in 1494 bytes} [Mon Nov 15 15:13:14 2021] GET /volume/v3/796d415383734c0dbc890e832f1b4276/snapshots/detail => generated 446 bytes in 93 msecs (HTTP/1.1 200) 7 headers in 285 bytes (2 switches on core 0)
Nov 15 15:13:14.777793 dv-cinder-810457-4-iscsi devstack@c-api.service[109191]: INFO cinder.api.openstack.wsgi [req-ab8ed6a3-6367-401e-baeb-ad27f9efe038 req-a989c8b6-df34-4168-8dcc-c87fa2938dce tempest-VolumesGetTestJSON-2033584522 tempest-VolumesGetTestJSON-2033584522-project] GET http://10.222.0.71/volume/v3/f3f4065cfd4f40e18f25293829c3be21/volumes/4cd2a1dc-76e4-4c02-b25a-d61da38df7b2
Nov 15 15:13:14.778504 dv-cinder-810457-4-iscsi devstack@c-api.service[109191]: DEBUG cinder.api.openstack.wsgi [req-ab8ed6a3-6367-401e-baeb-ad27f9efe038 req-a989c8b6-df34-4168-8dcc-c87fa2938dce tempest-VolumesGetTestJSON-2033584522 tempest-VolumesGetTestJSON-2033584522-project] Empty body provided in request {{(pid=109191) get_body /opt/stack/cinder/cinder/api/openstack/wsgi.py:703}}
Nov 15 15:13:14.778856 dv-cinder-810457-4-iscsi devstack@c-api.service[109191]: /usr/local/lib/python3.8/dist-packages/webob/acceptparse.py:1047: DeprecationWarning: The behavior of AcceptValidHeader.best_match is currently being maintained for backward compatibility, but it will be deprecated in the future, as it does not conform to the RFC.
Nov 15 15:13:14.778856 dv-cinder-810457-4-iscsi devstack@c-api.service[109191]: warnings.warn(
Nov 15 15:13:14.779627 dv-cinder-810457-4-iscsi devstack@c-api.service[109191]: DEBUG cinder.api.openstack.wsgi [req-ab8ed6a3-6367-401e-baeb-ad27f9efe038 req-a989c8b6-df34-4168-8dcc-c87fa2938dce tempest-VolumesGetTestJSON-2033584522 tempest-VolumesGetTestJSON-2033584522-project] Calling method 'show' {{(pid=109191) _process_stack /opt/stack/cinder/cinder/api/openstack/wsgi.py:856}}
Nov 15 15:13:14.798416 dv-cinder-810457-4-iscsi devstack@c-api.service[109191]: /usr/local/lib/python3.8/dist-packages/oslo_context/context.py:105: DeprecationWarning: Policy enforcement is depending on the value of is_admin. This key is deprecated. Please update your policy file to use the standard policy values.
Nov 15 15:13:14.798416 dv-cinder-810457-4-iscsi devstack@c-api.service[109191]: warnings.warn('Policy enforcement is depending on the value of '
Nov 15 15:13:14.815436 dv-cinder-810457-4-iscsi devstack@c-api.service[109192]: /usr/local/lib/python3.8/dist-packages/oslo_context/context.py:105: DeprecationWarning: Policy enforcement is depending on the value of is_admin. This key is deprecated. Please update your policy file to use the standard policy values.
Nov 15 15:13:14.815436 dv-cinder-810457-4-iscsi devstack@c-api.service[109192]: warnings.warn('Policy enforcement is depending on the value of '
Nov 15 15:13:14.820789 dv-cinder-810457-4-iscsi devstack@c-api.service[109191]: INFO cinder.volume.api [req-ab8ed6a3-6367-401e-baeb-ad27f9efe038 req-a989c8b6-df34-4168-8dcc-c87fa2938dce tempest-VolumesGetTestJSON-2033584522 tempest-VolumesGetTestJSON-2033584522-project] Volume info retrieved successfully.
Nov 15 15:13:14.832334 dv-cinder-810457-4-iscsi devstack@c-api.service[109192]: INFO cinder.volume.api [None req-e312755c-64da-4760-b395-aaec6ff920bd tempest-VolumeRetypeWithoutMigrationTest-1429050551 tempest-VolumeRetypeWithoutMigrationTest-1429050551-project-admin] Volume info retrieved successfully.
Nov 15 15:13:14.836790 dv-cinder-810457-4-iscsi devstack@c-api.service[109191]: INFO cinder.api.openstack.wsgi [req-ab8ed6a3-6367-401e-baeb-ad27f9efe038 req-a989c8b6-df34-4168-8dcc-c87fa2938dce tempest-VolumesGetTestJSON-2033584522 tempest-VolumesGetTestJSON-2033584522-project] http://10.222.0.71/volume/v3/f3f4065cfd4f40e18f25293829c3be21/volumes/4cd2a1dc-76e4-4c02-b25a-d61da38df7b2 returned with HTTP 200
Nov 15 15:13:14.841624 dv-cinder-810457-4-iscsi devstack@c-api.service[109191]: [pid: 109191|app: 0|req: 18/34] 10.222.0.71 () {60 vars in 1578 bytes} [Mon Nov 15 15:13:14 2021] GET /volume/v3/f3f4065cfd4f40e18f25293829c3be21/volumes/4cd2a1dc-76e4-4c02-b25a-d61da38df7b2 => generated 924 bytes in 70 msecs (HTTP/1.1 200) 7 headers in 285 bytes (2 switches on core 0)
Nov 15 15:13:14.853156 dv-cinder-810457-4-iscsi devstack@c-api.service[109192]: INFO cinder.api.openstack.wsgi [None req-e312755c-64da-4760-b395-aaec6ff920bd tempest-VolumeRetypeWithoutMigrationTest-1429050551 tempest-VolumeRetypeWithoutMigrationTest-1429050551-project-admin] http://10.222.0.71/volume/v3/4293a0f93bb24309bfdc8a59030f5580/volumes/b1ce72a9-fe8d-42ac-a734-bc9431117c02 returned with HTTP 200
Nov 15 15:13:14.857331 dv-cinder-810457-4-iscsi devstack@c-api.service[109192]: [pid: 109192|app: 0|req: 17/35] 10.222.0.71 () {58 vars in 1324 bytes} [Mon Nov 15 15:13:14 2021] GET /volume/v3/4293a0f93bb24309bfdc8a59030f5580/volumes/b1ce72a9-fe8d-42ac-a734-bc9431117c02 => generated 1103 bytes in 184 msecs (HTTP/1.1 200) 7 headers in 286 bytes (1 switches on core 0)
Nov 15 15:13:14.873169 dv-cinder-810457-4-iscsi devstack@c-api.service[109191]: INFO cinder.api.openstack.wsgi [None req-df3701e3-2066-4259-bbe4-a9c6f89f774e tempest-VolumeRetypeWithoutMigrationTest-1280330066 tempest-VolumeRetypeWithoutMigrationTest-1280330066-project] POST http://10.222.0.71/volume/v3/fbe3fc161ff04a088f80ab62c8ef408b/volumes/b1ce72a9-fe8d-42ac-a734-bc9431117c02/action
Nov 15 15:13:14.883086 dv-cinder-810457-4-iscsi devstack@c-api.service[109191]: /usr/local/lib/python3.8/dist-packages/webob/acceptparse.py:1047: DeprecationWarning: The behavior of AcceptValidHeader.best_match is currently being maintained for backward compatibility, but it will be deprecated in the future, as it does not conform to the RFC.
Nov 15 15:13:14.883086 dv-cinder-810457-4-iscsi devstack@c-api.service[109191]: warnings.warn(
Nov 15 15:13:14.884354 dv-cinder-810457-4-iscsi devstack@c-api.service[109191]: DEBUG cinder.api.openstack.wsgi [None req-df3701e3-2066-4259-bbe4-a9c6f89f774e tempest-VolumeRetypeWithoutMigrationTest-1280330066 tempest-VolumeRetypeWithoutMigrationTest-1280330066-project] Action body: b'{"os-retype": {"new_type": "volume-type-2", "migration_policy": "never"}}' {{(pid=109191) get_method /opt/stack/cinder/cinder/api/openstack/wsgi.py:971}}
Nov 15 15:13:14.884937 dv-cinder-810457-4-iscsi devstack@c-api.service[109191]: DEBUG cinder.api.openstack.wsgi [None req-df3701e3-2066-4259-bbe4-a9c6f89f774e tempest-VolumeRetypeWithoutMigrationTest-1280330066 tempest-VolumeRetypeWithoutMigrationTest-1280330066-project] Action: 'action', calling method: _retype, body: {"os-retype": {"new_type": "volume-type-2", "migration_policy": "never"}} {{(pid=109191) _process_stack /opt/stack/cinder/cinder/api/openstack/wsgi.py:854}}
Nov 15 15:13:14.885058 dv-cinder-810457-4-iscsi devstack@c-api.service[109192]: INFO cinder.api.openstack.wsgi [None req-1fe67768-0c11-42fb-ace0-b4f789c9895f tempest-VolumesTestJSON-275135245 tempest-VolumesTestJSON-275135245-project] GET http://10.222.0.71/volume/v3/62e6a7cbc32b4fafaf1fa81bf9812e60/volumes/0a2dbe3e-41fc-4ed8-a2c8-e5fc59fd696b
Nov 15 15:13:14.885483 dv-cinder-810457-4-iscsi devstack@c-api.service[109192]: DEBUG cinder.api.openstack.wsgi [None req-1fe67768-0c11-42fb-ace0-b4f789c9895f tempest-VolumesTestJSON-275135245 tempest-VolumesTestJSON-275135245-project] Empty body provided in request {{(pid=109192) get_body /opt/stack/cinder/cinder/api/openstack/wsgi.py:703}}
Nov 15 15:13:14.885568 dv-cinder-810457-4-iscsi devstack@c-api.service[109192]: /usr/local/lib/python3.8/dist-packages/webob/acceptparse.py:1047: DeprecationWarning: The behavior of AcceptValidHeader.best_match is currently being maintained for backward compatibility, but it will be deprecated in the future, as it does not conform to the RFC.
Nov 15 15:13:14.885568 dv-cinder-810457-4-iscsi devstack@c-api.service[109192]: warnings.warn(
Nov 15 15:13:14.885872 dv-cinder-810457-4-iscsi devstack@c-api.service[109192]: DEBUG cinder.api.openstack.wsgi [None req-1fe67768-0c11-42fb-ace0-b4f789c9895f tempest-VolumesTestJSON-275135245 tempest-VolumesTestJSON-275135245-project] Calling method 'show' {{(pid=109192) _process_stack /opt/stack/cinder/cinder/api/openstack/wsgi.py:856}}
Nov 15 15:13:14.903600 dv-cinder-810457-4-iscsi devstack@c-api.service[109192]: /usr/local/lib/python3.8/dist-packages/oslo_context/context.py:105: DeprecationWarning: Policy enforcement is depending on the value of is_admin. This key is deprecated. Please update your policy file to use the standard policy values.
Nov 15 15:13:14.903600 dv-cinder-810457-4-iscsi devstack@c-api.service[109192]: warnings.warn('Policy enforcement is depending on the value of '
Nov 15 15:13:14.912434 dv-cinder-810457-4-iscsi devstack@c-api.service[109192]: INFO cinder.volume.api [None req-1fe67768-0c11-42fb-ace0-b4f789c9895f tempest-VolumesTestJSON-275135245 tempest-VolumesTestJSON-275135245-project] Volume info retrieved successfully.
Nov 15 15:13:14.913773 dv-cinder-810457-4-iscsi devstack@c-api.service[109191]: /usr/local/lib/python3.8/dist-packages/oslo_context/context.py:105: DeprecationWarning: Policy enforcement is depending on the value of is_admin. This key is deprecated. Please update your policy file to use the standard policy values.
Nov 15 15:13:14.913773 dv-cinder-810457-4-iscsi devstack@c-api.service[109191]: warnings.warn('Policy enforcement is depending on the value of '
Nov 15 15:13:14.914837 dv-cinder-810457-4-iscsi devstack@c-api.service[109191]: INFO cinder.volume.api [None req-df3701e3-2066-4259-bbe4-a9c6f89f774e tempest-VolumeRetypeWithoutMigrationTest-1280330066 tempest-VolumeRetypeWithoutMigrationTest-1280330066-project] Volume info retrieved successfully.
Nov 15 15:13:14.930659 dv-cinder-810457-4-iscsi devstack@c-api.service[109192]: INFO cinder.api.openstack.wsgi [None req-1fe67768-0c11-42fb-ace0-b4f789c9895f tempest-VolumesTestJSON-275135245 tempest-VolumesTestJSON-275135245-project] http://10.222.0.71/volume/v3/62e6a7cbc32b4fafaf1fa81bf9812e60/volumes/0a2dbe3e-41fc-4ed8-a2c8-e5fc59fd696b returned with HTTP 200
Nov 15 15:13:14.931583 dv-cinder-810457-4-iscsi devstack@c-api.service[109192]: [pid: 109192|app: 0|req: 18/36] 10.222.0.71 () {58 vars in 1324 bytes} [Mon Nov 15 15:13:14 2021] GET /volume/v3/62e6a7cbc32b4fafaf1fa81bf9812e60/volumes/0a2dbe3e-41fc-4ed8-a2c8-e5fc59fd696b => generated 922 bytes in 50 msecs (HTTP/1.1 200) 7 headers in 285 bytes (2 switches on core 0)
Nov 15 15:13:14.938815 dv-cinder-810457-4-iscsi devstack@c-api.service[109192]: INFO cinder.api.openstack.wsgi [req-c96c4d11-eccc-411b-bafe-3bc9ada22402 req-78dbbc79-70c8-43f5-a7b9-0ec591fa6d1a tempest-VolumesSnapshotsTestJSON-1395729387 tempest-VolumesSnapshotsTestJSON-1395729387-project] GET http://10.222.0.71/volume/v3/796d415383734c0dbc890e832f1b4276/snapshots/62872868-bda3-477e-96d7-e7d397b73aee
Nov 15 15:13:14.939560 dv-cinder-810457-4-iscsi devstack@c-api.service[109192]: DEBUG cinder.api.openstack.wsgi [req-c96c4d11-eccc-411b-bafe-3bc9ada22402 req-78dbbc79-70c8-43f5-a7b9-0ec591fa6d1a tempest-VolumesSnapshotsTestJSON-1395729387 tempest-VolumesSnapshotsTestJSON-1395729387-project] Empty body provided in request {{(pid=109192) get_body /opt/stack/cinder/cinder/api/openstack/wsgi.py:703}}
Nov 15 15:13:14.939901 dv-cinder-810457-4-iscsi devstack@c-api.service[109192]: /usr/local/lib/python3.8/dist-packages/webob/acceptparse.py:1047: DeprecationWarning: The behavior of AcceptValidHeader.best_match is currently being maintained for backward compatibility, but it will be deprecated in the future, as it does not conform to the RFC.
Nov 15 15:13:14.939901 dv-cinder-810457-4-iscsi devstack@c-api.service[109192]: warnings.warn(
Nov 15 15:13:14.940428 dv-cinder-810457-4-iscsi devstack@c-api.service[109192]: DEBUG cinder.api.openstack.wsgi [req-c96c4d11-eccc-411b-bafe-3bc9ada22402 req-78dbbc79-70c8-43f5-a7b9-0ec591fa6d1a tempest-VolumesSnapshotsTestJSON-1395729387 tempest-VolumesSnapshotsTestJSON-1395729387-project] Calling method 'show' {{(pid=109192) _process_stack /opt/stack/cinder/cinder/api/openstack/wsgi.py:856}}
Nov 15 15:13:14.954453 dv-cinder-810457-4-iscsi devstack@c-api.service[109192]: /usr/local/lib/python3.8/dist-packages/oslo_context/context.py:105: DeprecationWarning: Policy enforcement is depending on the value of is_admin. This key is deprecated. Please update your policy file to use the standard policy values.
Nov 15 15:13:14.954453 dv-cinder-810457-4-iscsi devstack@c-api.service[109192]: warnings.warn('Policy enforcement is depending on the value of '
Nov 15 15:13:14.955770 dv-cinder-810457-4-iscsi devstack@c-api.service[109192]: INFO cinder.volume.api [req-c96c4d11-eccc-411b-bafe-3bc9ada22402 req-78dbbc79-70c8-43f5-a7b9-0ec591fa6d1a tempest-VolumesSnapshotsTestJSON-1395729387 tempest-VolumesSnapshotsTestJSON-1395729387-project] Snapshot retrieved successfully.
Nov 15 15:13:14.959020 dv-cinder-810457-4-iscsi devstack@c-api.service[109192]: INFO cinder.api.openstack.wsgi [req-c96c4d11-eccc-411b-bafe-3bc9ada22402 req-78dbbc79-70c8-43f5-a7b9-0ec591fa6d1a tempest-VolumesSnapshotsTestJSON-1395729387 tempest-VolumesSnapshotsTestJSON-1395729387-project] http://10.222.0.71/volume/v3/796d415383734c0dbc890e832f1b4276/snapshots/62872868-bda3-477e-96d7-e7d397b73aee returned with HTTP 200
Nov 15 15:13:14.967565 dv-cinder-810457-4-iscsi devstack@c-api.service[109192]: [pid: 109192|app: 0|req: 19/37] 10.222.0.71 () {60 vars in 1584 bytes} [Mon Nov 15 15:13:14 2021] GET /volume/v3/796d415383734c0dbc890e832f1b4276/snapshots/62872868-bda3-477e-96d7-e7d397b73aee => generated 443 bytes in 35 msecs (HTTP/1.1 200) 7 headers in 285 bytes (1 switches on core 0)
Nov 15 15:13:14.986295 dv-cinder-810457-4-iscsi devstack@c-api.service[109192]: INFO cinder.api.openstack.wsgi [req-98d0c19b-b39d-435f-bf0f-0e49cb210c92 req-dc4a97ad-f3aa-4b92-aa57-4226908e7376 tempest-VolumesTestJSON-275135245 tempest-VolumesTestJSON-275135245-project] GET http://10.222.0.71/volume/v3/62e6a7cbc32b4fafaf1fa81bf9812e60/volumes/0a2dbe3e-41fc-4ed8-a2c8-e5fc59fd696b
Nov 15 15:13:14.987007 dv-cinder-810457-4-iscsi devstack@c-api.service[109192]: DEBUG cinder.api.openstack.wsgi [req-98d0c19b-b39d-435f-bf0f-0e49cb210c92 req-dc4a97ad-f3aa-4b92-aa57-4226908e7376 tempest-VolumesTestJSON-275135245 tempest-VolumesTestJSON-275135245-project] Empty body provided in request {{(pid=109192) get_body /opt/stack/cinder/cinder/api/openstack/wsgi.py:703}}
Nov 15 15:13:14.987351 dv-cinder-810457-4-iscsi devstack@c-api.service[109192]: /usr/local/lib/python3.8/dist-packages/webob/acceptparse.py:1047: DeprecationWarning: The behavior of AcceptValidHeader.best_match is currently being maintained for backward compatibility, but it will be deprecated in the future, as it does not conform to the RFC.
Nov 15 15:13:14.987351 dv-cinder-810457-4-iscsi devstack@c-api.service[109192]: warnings.warn(
Nov 15 15:13:14.987901 dv-cinder-810457-4-iscsi devstack@c-api.service[109192]: DEBUG cinder.api.openstack.wsgi [req-98d0c19b-b39d-435f-bf0f-0e49cb210c92 req-dc4a97ad-f3aa-4b92-aa57-4226908e7376 tempest-VolumesTestJSON-275135245 tempest-VolumesTestJSON-275135245-project] Calling method 'show' {{(pid=109192) _process_stack /opt/stack/cinder/cinder/api/openstack/wsgi.py:856}}
Nov 15 15:13:15.000437 dv-cinder-810457-4-iscsi devstack@c-api.service[109191]: WARNING cinder.quota [None req-df3701e3-2066-4259-bbe4-a9c6f89f774e tempest-VolumeRetypeWithoutMigrationTest-1280330066 tempest-VolumeRetypeWithoutMigrationTest-1280330066-project] Deprecated: Default quota for resource: volumes_volume-type-2 is set by the default quota flag: quota_volumes_volume-type-2, it is now deprecated. Please use the default quota class for default quota.
Nov 15 15:13:15.001212 dv-cinder-810457-4-iscsi devstack@c-api.service[109191]: WARNING cinder.quota [None req-df3701e3-2066-4259-bbe4-a9c6f89f774e tempest-VolumeRetypeWithoutMigrationTest-1280330066 tempest-VolumeRetypeWithoutMigrationTest-1280330066-project] Deprecated: Default quota for resource: gigabytes_volume-type-2 is set by the default quota flag: quota_gigabytes_volume-type-2, it is now deprecated. Please use the default quota class for default quota.
Nov 15 15:13:15.017814 dv-cinder-810457-4-iscsi devstack@c-api.service[109192]: /usr/local/lib/python3.8/dist-packages/oslo_context/context.py:105: DeprecationWarning: Policy enforcement is depending on the value of is_admin. This key is deprecated. Please update your policy file to use the standard policy values.
Nov 15 15:13:15.017814 dv-cinder-810457-4-iscsi devstack@c-api.service[109192]: warnings.warn('Policy enforcement is depending on the value of '
Nov 15 15:13:15.026783 dv-cinder-810457-4-iscsi devstack@c-api.service[109192]: INFO cinder.volume.api [req-98d0c19b-b39d-435f-bf0f-0e49cb210c92 req-dc4a97ad-f3aa-4b92-aa57-4226908e7376 tempest-VolumesTestJSON-275135245 tempest-VolumesTestJSON-275135245-project] Volume info retrieved successfully.
Nov 15 15:13:15.037643 dv-cinder-810457-4-iscsi devstack@c-api.service[109192]: INFO cinder.api.openstack.wsgi [req-98d0c19b-b39d-435f-bf0f-0e49cb210c92 req-dc4a97ad-f3aa-4b92-aa57-4226908e7376 tempest-VolumesTestJSON-275135245 tempest-VolumesTestJSON-275135245-project] http://10.222.0.71/volume/v3/62e6a7cbc32b4fafaf1fa81bf9812e60/volumes/0a2dbe3e-41fc-4ed8-a2c8-e5fc59fd696b returned with HTTP 200
Nov 15 15:13:15.039214 dv-cinder-810457-4-iscsi devstack@c-api.service[109192]: [pid: 109192|app: 0|req: 20/38] 10.222.0.71 () {60 vars in 1578 bytes} [Mon Nov 15 15:13:14 2021] GET /volume/v3/62e6a7cbc32b4fafaf1fa81bf9812e60/volumes/0a2dbe3e-41fc-4ed8-a2c8-e5fc59fd696b => generated 922 bytes in 57 msecs (HTTP/1.1 200) 7 headers in 285 bytes (1 switches on core 0)
Nov 15 15:13:15.056360 dv-cinder-810457-4-iscsi devstack@c-api.service[109192]: INFO cinder.api.openstack.wsgi [None req-332cbb79-42a3-43bd-a19d-3c6aed87b09e tempest-VolumesTestJSON-275135245 tempest-VolumesTestJSON-275135245-project] POST http://10.222.0.71/volume/v3/62e6a7cbc32b4fafaf1fa81bf9812e60/volumes
Nov 15 15:13:15.057195 dv-cinder-810457-4-iscsi devstack@c-api.service[109192]: /usr/local/lib/python3.8/dist-packages/webob/acceptparse.py:1047: DeprecationWarning: The behavior of AcceptValidHeader.best_match is currently being maintained for backward compatibility, but it will be deprecated in the future, as it does not conform to the RFC.
Nov 15 15:13:15.057195 dv-cinder-810457-4-iscsi devstack@c-api.service[109192]: warnings.warn(
Nov 15 15:13:15.061034 dv-cinder-810457-4-iscsi devstack@c-api.service[109192]: DEBUG cinder.api.openstack.wsgi [None req-332cbb79-42a3-43bd-a19d-3c6aed87b09e tempest-VolumesTestJSON-275135245 tempest-VolumesTestJSON-275135245-project] Action: 'create', calling method: create, body: {"volume": {"metadata": {"Type": "work"}, "size": 1, "display_name": "tempest-VolumesTestJSON-volume-198331410"}} {{(pid=109192) _process_stack /opt/stack/cinder/cinder/api/openstack/wsgi.py:854}}
Nov 15 15:13:15.064028 dv-cinder-810457-4-iscsi devstack@c-api.service[109192]: DEBUG cinder.api.v3.volumes [None req-332cbb79-42a3-43bd-a19d-3c6aed87b09e tempest-VolumesTestJSON-275135245 tempest-VolumesTestJSON-275135245-project] Create volume request body: {'volume': {'metadata': {'Type': 'work'}, 'size': 1, 'display_name': 'tempest-VolumesTestJSON-volume-198331410'}} {{(pid=109192) create /opt/stack/cinder/cinder/api/v3/volumes.py:298}}
Nov 15 15:13:15.079066 dv-cinder-810457-4-iscsi devstack@c-api.service[109192]: INFO cinder.api.v3.volumes [None req-332cbb79-42a3-43bd-a19d-3c6aed87b09e tempest-VolumesTestJSON-275135245 tempest-VolumesTestJSON-275135245-project] Create volume of 1 GB
Nov 15 15:13:15.096733 dv-cinder-810457-4-iscsi devstack@c-api.service[109192]: INFO cinder.volume.api [None req-332cbb79-42a3-43bd-a19d-3c6aed87b09e tempest-VolumesTestJSON-275135245 tempest-VolumesTestJSON-275135245-project] Availability Zones retrieved successfully.
Nov 15 15:13:15.141513 dv-cinder-810457-4-iscsi devstack@c-api.service[109192]: DEBUG cinder.volume.api [None req-332cbb79-42a3-43bd-a19d-3c6aed87b09e tempest-VolumesTestJSON-275135245 tempest-VolumesTestJSON-275135245-project] Flow 'volume_create_api' (7df8cbe7-01c4-4164-96bc-be70dae5ac21) transitioned into state 'RUNNING' from state 'PENDING' {{(pid=109192) _flow_receiver /usr/local/lib/python3.8/dist-packages/taskflow/listeners/logging.py:141}}
Nov 15 15:13:15.152361 dv-cinder-810457-4-iscsi devstack@c-api.service[109192]: DEBUG cinder.volume.api [None req-332cbb79-42a3-43bd-a19d-3c6aed87b09e tempest-VolumesTestJSON-275135245 tempest-VolumesTestJSON-275135245-project] Task 'cinder.volume.flows.api.create_volume.ExtractVolumeRequestTask;volume:create' (fcaaf167-e327-4aa1-809a-f5496b372938) transitioned into state 'RUNNING' from state 'PENDING' {{(pid=109192) _task_receiver /usr/local/lib/python3.8/dist-packages/taskflow/listeners/logging.py:190}}
Nov 15 15:13:15.160370 dv-cinder-810457-4-iscsi devstack@c-api.service[109192]: DEBUG cinder.volume.flows.api.create_volume [None req-332cbb79-42a3-43bd-a19d-3c6aed87b09e tempest-VolumesTestJSON-275135245 tempest-VolumesTestJSON-275135245-project] Validating volume size '1' using validate_int {{(pid=109192) _extract_size /opt/stack/cinder/cinder/volume/flows/api/create_volume.py:225}}
Nov 15 15:13:15.301226 dv-cinder-810457-4-iscsi devstack@c-api.service[109192]: DEBUG cinder.volume.api [None req-332cbb79-42a3-43bd-a19d-3c6aed87b09e tempest-VolumesTestJSON-275135245 tempest-VolumesTestJSON-275135245-project] Task 'cinder.volume.flows.api.create_volume.ExtractVolumeRequestTask;volume:create' (fcaaf167-e327-4aa1-809a-f5496b372938) transitioned into state 'SUCCESS' from state 'RUNNING' with result '{'size': 1, 'snapshot_id': None, 'source_volid': None, 'volume_type': VolumeType(created_at=2021-11-15T14:58:15Z,deleted=False,deleted_at=None,description='Default Volume Type',extra_specs={},id=13d099d1-4b90-456b-8cda-17bb28066086,is_public=True,name='__DEFAULT__',projects=[],qos_specs=,qos_specs_id=None,updated_at=2021-11-15T14:58:15Z), 'volume_type_id': '13d099d1-4b90-456b-8cda-17bb28066086', 'encryption_key_id': None, 'qos_specs': None, 'consistencygroup_id': None, 'cgsnapshot_id': None, 'group_id': None, 'replication_status': 'disabled', 'refresh_az': False, 'backup_id': None, 'multiattach': False, 'availability_zones': ['nova']}' {{(pid=109192) _task_receiver /usr/local/lib/python3.8/dist-packages/taskflow/listeners/logging.py:178}}
Nov 15 15:13:15.301226 dv-cinder-810457-4-iscsi devstack@c-api.service[109192]: DEBUG cinder.volume.api [None req-332cbb79-42a3-43bd-a19d-3c6aed87b09e tempest-VolumesTestJSON-275135245 tempest-VolumesTestJSON-275135245-project] Task 'cinder.volume.flows.api.create_volume.QuotaReserveTask;volume:create' (c7effea1-c6af-4225-9b3e-dab0a01c7aff) transitioned into state 'RUNNING' from state 'PENDING' {{(pid=109192) _task_receiver /usr/local/lib/python3.8/dist-packages/taskflow/listeners/logging.py:190}}
Nov 15 15:13:15.367267 dv-cinder-810457-4-iscsi devstack@c-api.service[109191]: DEBUG cinder.quota [None req-df3701e3-2066-4259-bbe4-a9c6f89f774e tempest-VolumeRetypeWithoutMigrationTest-1280330066 tempest-VolumeRetypeWithoutMigrationTest-1280330066-project] Created reservations ['e0f9d034-e139-4409-906a-98c33fe124fe', 'a547f945-13e5-4b53-9926-f54839cf05fa'] {{(pid=109191) reserve /opt/stack/cinder/cinder/quota.py:755}}
Nov 15 15:13:15.399514 dv-cinder-810457-4-iscsi devstack@c-api.service[109192]: DEBUG cinder.quota [None req-332cbb79-42a3-43bd-a19d-3c6aed87b09e tempest-VolumesTestJSON-275135245 tempest-VolumesTestJSON-275135245-project] Created reservations ['772ed5d5-4e7c-4f27-aa5b-6c90edb6a187', '1601be50-a24f-4979-93b6-0da795b30168', '104b7361-1c26-4ae9-a4fd-6146917b38ff', '0682caa8-3525-492a-a7fc-7989851863f4'] {{(pid=109192) reserve /opt/stack/cinder/cinder/quota.py:755}}
Nov 15 15:13:15.404027 dv-cinder-810457-4-iscsi devstack@c-api.service[109192]: DEBUG cinder.volume.api [None req-332cbb79-42a3-43bd-a19d-3c6aed87b09e tempest-VolumesTestJSON-275135245 tempest-VolumesTestJSON-275135245-project] Task 'cinder.volume.flows.api.create_volume.QuotaReserveTask;volume:create' (c7effea1-c6af-4225-9b3e-dab0a01c7aff) transitioned into state 'SUCCESS' from state 'RUNNING' with result '{'reservations': ['772ed5d5-4e7c-4f27-aa5b-6c90edb6a187', '1601be50-a24f-4979-93b6-0da795b30168', '104b7361-1c26-4ae9-a4fd-6146917b38ff', '0682caa8-3525-492a-a7fc-7989851863f4']}' {{(pid=109192) _task_receiver /usr/local/lib/python3.8/dist-packages/taskflow/listeners/logging.py:178}}
Nov 15 15:13:15.409040 dv-cinder-810457-4-iscsi devstack@c-api.service[109192]: DEBUG cinder.volume.api [None req-332cbb79-42a3-43bd-a19d-3c6aed87b09e tempest-VolumesTestJSON-275135245 tempest-VolumesTestJSON-275135245-project] Task 'cinder.volume.flows.api.create_volume.EntryCreateTask;volume:create' (3613af99-8926-4660-a457-98305bed7810) transitioned into state 'RUNNING' from state 'PENDING' {{(pid=109192) _task_receiver /usr/local/lib/python3.8/dist-packages/taskflow/listeners/logging.py:190}}
Nov 15 15:13:15.437516 dv-cinder-810457-4-iscsi devstack@c-api.service[109191]: WARNING cinder.quota [None req-df3701e3-2066-4259-bbe4-a9c6f89f774e tempest-VolumeRetypeWithoutMigrationTest-1280330066 tempest-VolumeRetypeWithoutMigrationTest-1280330066-project] Deprecated: Default quota for resource: volumes_volume-type-1 is set by the default quota flag: quota_volumes_volume-type-1, it is now deprecated. Please use the default quota class for default quota.
Nov 15 15:13:15.437949 dv-cinder-810457-4-iscsi devstack@c-api.service[109191]: WARNING cinder.quota [None req-df3701e3-2066-4259-bbe4-a9c6f89f774e tempest-VolumeRetypeWithoutMigrationTest-1280330066 tempest-VolumeRetypeWithoutMigrationTest-1280330066-project] Deprecated: Default quota for resource: gigabytes_volume-type-1 is set by the default quota flag: quota_gigabytes_volume-type-1, it is now deprecated. Please use the default quota class for default quota.
Nov 15 15:13:15.538756 dv-cinder-810457-4-iscsi devstack@c-api.service[109191]: DEBUG cinder.quota [None req-df3701e3-2066-4259-bbe4-a9c6f89f774e tempest-VolumeRetypeWithoutMigrationTest-1280330066 tempest-VolumeRetypeWithoutMigrationTest-1280330066-project] Created reservations ['48dda9fb-c564-4fd9-a3a9-83e579c963e0', 'e4fd564f-ae04-4c37-a263-65cd4a0432eb'] {{(pid=109191) reserve /opt/stack/cinder/cinder/quota.py:755}}
Nov 15 15:13:15.548506 dv-cinder-810457-4-iscsi devstack@c-api.service[109191]: /opt/stack/cinder/cinder/db/sqlalchemy/api.py:2718: SADeprecationWarning: The SelectBase.as_scalar() method is deprecated and will be removed in a future release. Please refer to SelectBase.scalar_subquery(). (deprecated since: 1.4)
Nov 15 15:13:15.548506 dv-cinder-810457-4-iscsi devstack@c-api.service[109191]: models.VolumeType.qos_specs_id == q.as_scalar())),
Nov 15 15:13:15.571953 dv-cinder-810457-4-iscsi devstack@c-api.service[109192]: DEBUG cinder.volume.api [None req-332cbb79-42a3-43bd-a19d-3c6aed87b09e tempest-VolumesTestJSON-275135245 tempest-VolumesTestJSON-275135245-project] Task 'cinder.volume.flows.api.create_volume.EntryCreateTask;volume:create' (3613af99-8926-4660-a457-98305bed7810) transitioned into state 'SUCCESS' from state 'RUNNING' with result '{'volume_id': '0ff067a3-1ef2-4317-952d-96828d1b9813', 'volume_properties': VolumeProperties(attach_status='detached',availability_zone='nova',cgsnapshot_id=None,consistencygroup_id=None,display_description=None,display_name='tempest-VolumesTestJSON-volume-198331410',encryption_key_id=None,group_id=None,group_type_id=,metadata={Type='work'},multiattach=False,project_id='62e6a7cbc32b4fafaf1fa81bf9812e60',qos_specs=None,replication_status=,reservations=['772ed5d5-4e7c-4f27-aa5b-6c90edb6a187','1601be50-a24f-4979-93b6-0da795b30168','104b7361-1c26-4ae9-a4fd-6146917b38ff','0682caa8-3525-492a-a7fc-7989851863f4'],size=1,snapshot_id=None,source_replicaid=,source_volid=None,status='creating',user_id='ebfe54f7cba44f7286c46c92b4edc0a9',volume_type_id=13d099d1-4b90-456b-8cda-17bb28066086), 'volume': Volume(_name_id=None,admin_metadata=,attach_status='detached',availability_zone='nova',bootable=False,cluster=,cluster_name=None,consistencygroup=,consistencygroup_id=None,created_at=2021-11-15T15:13:15Z,deleted=False,deleted_at=None,display_description=None,display_name='tempest-VolumesTestJSON-volume-198331410',ec2_id=None,encryption_key_id=None,glance_metadata=,group=,group_id=None,host=None,id=0ff067a3-1ef2-4317-952d-96828d1b9813,launched_at=None,metadata={Type='work'},migration_status=None,multiattach=False,previous_status=None,project_id='62e6a7cbc32b4fafaf1fa81bf9812e60',provider_auth=None,provider_geometry=None,provider_id=None,provider_location=None,replication_driver_data=None,replication_extended_status=None,replication_status=None,scheduled_at=None,service_uuid=None,shared_targets=True,size=1,snapshot_id=None,snapshots=,source_volid=None,status='creating',terminated_at=None,updated_at=None,use_quota=True,user_id='ebfe54f7cba44f7286c46c92b4edc0a9',volume_attachment=VolumeAttachmentList,volume_type=VolumeType(13d099d1-4b90-456b-8cda-17bb28066086),volume_type_id=13d099d1-4b90-456b-8cda-17bb28066086)}' {{(pid=109192) _task_receiver /usr/local/lib/python3.8/dist-packages/taskflow/listeners/logging.py:178}}
Nov 15 15:13:15.580010 dv-cinder-810457-4-iscsi devstack@c-api.service[109192]: DEBUG cinder.volume.api [None req-332cbb79-42a3-43bd-a19d-3c6aed87b09e tempest-VolumesTestJSON-275135245 tempest-VolumesTestJSON-275135245-project] Task 'cinder.volume.flows.api.create_volume.QuotaCommitTask;volume:create' (885cb22a-0325-487f-9422-949acd796940) transitioned into state 'RUNNING' from state 'PENDING' {{(pid=109192) _task_receiver /usr/local/lib/python3.8/dist-packages/taskflow/listeners/logging.py:190}}
Nov 15 15:13:15.713063 dv-cinder-810457-4-iscsi devstack@c-api.service[109192]: DEBUG cinder.volume.api [None req-332cbb79-42a3-43bd-a19d-3c6aed87b09e tempest-VolumesTestJSON-275135245 tempest-VolumesTestJSON-275135245-project] Task 'cinder.volume.flows.api.create_volume.QuotaCommitTask;volume:create' (885cb22a-0325-487f-9422-949acd796940) transitioned into state 'SUCCESS' from state 'RUNNING' with result '{'volume_properties': VolumeProperties(attach_status='detached',availability_zone='nova',cgsnapshot_id=None,consistencygroup_id=None,display_description=None,display_name='tempest-VolumesTestJSON-volume-198331410',encryption_key_id=None,group_id=None,group_type_id=,metadata={Type='work'},multiattach=False,project_id='62e6a7cbc32b4fafaf1fa81bf9812e60',qos_specs=None,replication_status=,reservations=['772ed5d5-4e7c-4f27-aa5b-6c90edb6a187','1601be50-a24f-4979-93b6-0da795b30168','104b7361-1c26-4ae9-a4fd-6146917b38ff','0682caa8-3525-492a-a7fc-7989851863f4'],size=1,snapshot_id=None,source_replicaid=,source_volid=None,status='creating',user_id='ebfe54f7cba44f7286c46c92b4edc0a9',volume_type_id=13d099d1-4b90-456b-8cda-17bb28066086)}' {{(pid=109192) _task_receiver /usr/local/lib/python3.8/dist-packages/taskflow/listeners/logging.py:178}}
Nov 15 15:13:15.715546 dv-cinder-810457-4-iscsi devstack@c-api.service[109192]: DEBUG cinder.volume.api [None req-332cbb79-42a3-43bd-a19d-3c6aed87b09e tempest-VolumesTestJSON-275135245 tempest-VolumesTestJSON-275135245-project] Task 'cinder.volume.flows.api.create_volume.VolumeCastTask;volume:create' (eb72b872-86de-4bf6-8ed2-f02993e0c4ae) transitioned into state 'RUNNING' from state 'PENDING' {{(pid=109192) _task_receiver /usr/local/lib/python3.8/dist-packages/taskflow/listeners/logging.py:190}}
Nov 15 15:13:15.721025 dv-cinder-810457-4-iscsi devstack@c-api.service[109191]: INFO cinder.volume.api [None req-df3701e3-2066-4259-bbe4-a9c6f89f774e tempest-VolumeRetypeWithoutMigrationTest-1280330066 tempest-VolumeRetypeWithoutMigrationTest-1280330066-project] Retype volume request issued successfully.
Nov 15 15:13:15.721435 dv-cinder-810457-4-iscsi devstack@c-api.service[109191]: INFO cinder.api.openstack.wsgi [None req-df3701e3-2066-4259-bbe4-a9c6f89f774e tempest-VolumeRetypeWithoutMigrationTest-1280330066 tempest-VolumeRetypeWithoutMigrationTest-1280330066-project] http://10.222.0.71/volume/v3/fbe3fc161ff04a088f80ab62c8ef408b/volumes/b1ce72a9-fe8d-42ac-a734-bc9431117c02/action returned with HTTP 202
Nov 15 15:13:15.725877 dv-cinder-810457-4-iscsi devstack@c-api.service[109191]: [pid: 109191|app: 0|req: 19/39] 10.222.0.71 () {60 vars in 1366 bytes} [Mon Nov 15 15:13:14 2021] POST /volume/v3/fbe3fc161ff04a088f80ab62c8ef408b/volumes/b1ce72a9-fe8d-42ac-a734-bc9431117c02/action => generated 0 bytes in 857 msecs (HTTP/1.1 202) 7 headers in 289 bytes (1 switches on core 0)
Nov 15 15:13:15.741463 dv-cinder-810457-4-iscsi devstack@c-api.service[109191]: INFO cinder.api.openstack.wsgi [None req-8337e1a6-e108-477d-9be3-d523d7043de4 tempest-VolumeRetypeWithoutMigrationTest-1280330066 tempest-VolumeRetypeWithoutMigrationTest-1280330066-project] GET http://10.222.0.71/volume/v3/fbe3fc161ff04a088f80ab62c8ef408b/volumes/b1ce72a9-fe8d-42ac-a734-bc9431117c02
Nov 15 15:13:15.741958 dv-cinder-810457-4-iscsi devstack@c-api.service[109191]: DEBUG cinder.api.openstack.wsgi [None req-8337e1a6-e108-477d-9be3-d523d7043de4 tempest-VolumeRetypeWithoutMigrationTest-1280330066 tempest-VolumeRetypeWithoutMigrationTest-1280330066-project] Empty body provided in request {{(pid=109191) get_body /opt/stack/cinder/cinder/api/openstack/wsgi.py:703}}
Nov 15 15:13:15.742146 dv-cinder-810457-4-iscsi devstack@c-api.service[109191]: /usr/local/lib/python3.8/dist-packages/webob/acceptparse.py:1047: DeprecationWarning: The behavior of AcceptValidHeader.best_match is currently being maintained for backward compatibility, but it will be deprecated in the future, as it does not conform to the RFC.
Nov 15 15:13:15.742146 dv-cinder-810457-4-iscsi devstack@c-api.service[109191]: warnings.warn(
Nov 15 15:13:15.742442 dv-cinder-810457-4-iscsi devstack@c-api.service[109191]: DEBUG cinder.api.openstack.wsgi [None req-8337e1a6-e108-477d-9be3-d523d7043de4 tempest-VolumeRetypeWithoutMigrationTest-1280330066 tempest-VolumeRetypeWithoutMigrationTest-1280330066-project] Calling method 'show' {{(pid=109191) _process_stack /opt/stack/cinder/cinder/api/openstack/wsgi.py:856}}
Nov 15 15:13:15.776312 dv-cinder-810457-4-iscsi devstack@c-api.service[109191]: /usr/local/lib/python3.8/dist-packages/oslo_context/context.py:105: DeprecationWarning: Policy enforcement is depending on the value of is_admin. This key is deprecated. Please update your policy file to use the standard policy values.
Nov 15 15:13:15.776312 dv-cinder-810457-4-iscsi devstack@c-api.service[109191]: warnings.warn('Policy enforcement is depending on the value of '
Nov 15 15:13:15.812530 dv-cinder-810457-4-iscsi devstack@c-api.service[109192]: DEBUG cinder.volume.api [None req-332cbb79-42a3-43bd-a19d-3c6aed87b09e tempest-VolumesTestJSON-275135245 tempest-VolumesTestJSON-275135245-project] Task 'cinder.volume.flows.api.create_volume.VolumeCastTask;volume:create' (eb72b872-86de-4bf6-8ed2-f02993e0c4ae) transitioned into state 'SUCCESS' from state 'RUNNING' with result 'None' {{(pid=109192) _task_receiver /usr/local/lib/python3.8/dist-packages/taskflow/listeners/logging.py:178}}
Nov 15 15:13:15.814974 dv-cinder-810457-4-iscsi devstack@c-api.service[109192]: DEBUG cinder.volume.api [None req-332cbb79-42a3-43bd-a19d-3c6aed87b09e tempest-VolumesTestJSON-275135245 tempest-VolumesTestJSON-275135245-project] Flow 'volume_create_api' (7df8cbe7-01c4-4164-96bc-be70dae5ac21) transitioned into state 'SUCCESS' from state 'RUNNING' {{(pid=109192) _flow_receiver /usr/local/lib/python3.8/dist-packages/taskflow/listeners/logging.py:141}}
Nov 15 15:13:15.817097 dv-cinder-810457-4-iscsi devstack@c-api.service[109191]: INFO cinder.volume.api [None req-8337e1a6-e108-477d-9be3-d523d7043de4 tempest-VolumeRetypeWithoutMigrationTest-1280330066 tempest-VolumeRetypeWithoutMigrationTest-1280330066-project] Volume info retrieved successfully.
Nov 15 15:13:15.822166 dv-cinder-810457-4-iscsi devstack@c-api.service[109192]: INFO cinder.volume.api [None req-332cbb79-42a3-43bd-a19d-3c6aed87b09e tempest-VolumesTestJSON-275135245 tempest-VolumesTestJSON-275135245-project] Create volume request issued successfully.
Nov 15 15:13:15.824756 dv-cinder-810457-4-iscsi devstack@c-api.service[109192]: INFO cinder.api.openstack.wsgi [None req-332cbb79-42a3-43bd-a19d-3c6aed87b09e tempest-VolumesTestJSON-275135245 tempest-VolumesTestJSON-275135245-project] http://10.222.0.71/volume/v3/62e6a7cbc32b4fafaf1fa81bf9812e60/volumes returned with HTTP 202
Nov 15 15:13:15.827739 dv-cinder-810457-4-iscsi devstack@c-api.service[109192]: [pid: 109192|app: 0|req: 21/40] 10.222.0.71 () {60 vars in 1235 bytes} [Mon Nov 15 15:13:15 2021] POST /volume/v3/62e6a7cbc32b4fafaf1fa81bf9812e60/volumes => generated 828 bytes in 778 msecs (HTTP/1.1 202) 7 headers in 291 bytes (1 switches on core 0)
Nov 15 15:13:15.848759 dv-cinder-810457-4-iscsi devstack@c-api.service[109192]: INFO cinder.api.openstack.wsgi [None req-2f3ee7fd-bd13-45bf-a250-e5ea2b0cc265 tempest-VolumesTestJSON-275135245 tempest-VolumesTestJSON-275135245-project] GET http://10.222.0.71/volume/v3/62e6a7cbc32b4fafaf1fa81bf9812e60/volumes/0ff067a3-1ef2-4317-952d-96828d1b9813
Nov 15 15:13:15.850865 dv-cinder-810457-4-iscsi devstack@c-api.service[109192]: DEBUG cinder.api.openstack.wsgi [None req-2f3ee7fd-bd13-45bf-a250-e5ea2b0cc265 tempest-VolumesTestJSON-275135245 tempest-VolumesTestJSON-275135245-project] Empty body provided in request {{(pid=109192) get_body /opt/stack/cinder/cinder/api/openstack/wsgi.py:703}}
Nov 15 15:13:15.851740 dv-cinder-810457-4-iscsi devstack@c-api.service[109191]: INFO cinder.api.openstack.wsgi [None req-8337e1a6-e108-477d-9be3-d523d7043de4 tempest-VolumeRetypeWithoutMigrationTest-1280330066 tempest-VolumeRetypeWithoutMigrationTest-1280330066-project] http://10.222.0.71/volume/v3/fbe3fc161ff04a088f80ab62c8ef408b/volumes/b1ce72a9-fe8d-42ac-a734-bc9431117c02 returned with HTTP 200
Nov 15 15:13:15.852030 dv-cinder-810457-4-iscsi devstack@c-api.service[109192]: /usr/local/lib/python3.8/dist-packages/webob/acceptparse.py:1047: DeprecationWarning: The behavior of AcceptValidHeader.best_match is currently being maintained for backward compatibility, but it will be deprecated in the future, as it does not conform to the RFC.
Nov 15 15:13:15.852030 dv-cinder-810457-4-iscsi devstack@c-api.service[109192]: warnings.warn(
Nov 15 15:13:15.852539 dv-cinder-810457-4-iscsi devstack@c-api.service[109192]: DEBUG cinder.api.openstack.wsgi [None req-2f3ee7fd-bd13-45bf-a250-e5ea2b0cc265 tempest-VolumesTestJSON-275135245 tempest-VolumesTestJSON-275135245-project] Calling method 'show' {{(pid=109192) _process_stack /opt/stack/cinder/cinder/api/openstack/wsgi.py:856}}
Nov 15 15:13:15.852748 dv-cinder-810457-4-iscsi devstack@c-api.service[109191]: [pid: 109191|app: 0|req: 20/41] 10.222.0.71 () {58 vars in 1324 bytes} [Mon Nov 15 15:13:15 2021] GET /volume/v3/fbe3fc161ff04a088f80ab62c8ef408b/volumes/b1ce72a9-fe8d-42ac-a734-bc9431117c02 => generated 926 bytes in 126 msecs (HTTP/1.1 200) 7 headers in 285 bytes (1 switches on core 0)
Nov 15 15:13:15.877536 dv-cinder-810457-4-iscsi devstack@c-api.service[109191]: INFO cinder.api.openstack.wsgi [req-6d816a6d-9b4c-406e-aa01-fdc4a16f3d7d req-0e11dac6-edb5-46e6-93e5-94c936e62aea tempest-VolumesGetTestJSON-2033584522 tempest-VolumesGetTestJSON-2033584522-project] GET http://10.222.0.71/volume/v3/f3f4065cfd4f40e18f25293829c3be21/volumes/4cd2a1dc-76e4-4c02-b25a-d61da38df7b2
Nov 15 15:13:15.878555 dv-cinder-810457-4-iscsi devstack@c-api.service[109191]: DEBUG cinder.api.openstack.wsgi [req-6d816a6d-9b4c-406e-aa01-fdc4a16f3d7d req-0e11dac6-edb5-46e6-93e5-94c936e62aea tempest-VolumesGetTestJSON-2033584522 tempest-VolumesGetTestJSON-2033584522-project] Empty body provided in request {{(pid=109191) get_body /opt/stack/cinder/cinder/api/openstack/wsgi.py:703}}
Nov 15 15:13:15.878718 dv-cinder-810457-4-iscsi devstack@c-api.service[109191]: /usr/local/lib/python3.8/dist-packages/webob/acceptparse.py:1047: DeprecationWarning: The behavior of AcceptValidHeader.best_match is currently being maintained for backward compatibility, but it will be deprecated in the future, as it does not conform to the RFC.
Nov 15 15:13:15.878718 dv-cinder-810457-4-iscsi devstack@c-api.service[109191]: warnings.warn(
Nov 15 15:13:15.881358 dv-cinder-810457-4-iscsi devstack@c-api.service[109191]: DEBUG cinder.api.openstack.wsgi [req-6d816a6d-9b4c-406e-aa01-fdc4a16f3d7d req-0e11dac6-edb5-46e6-93e5-94c936e62aea tempest-VolumesGetTestJSON-2033584522 tempest-VolumesGetTestJSON-2033584522-project] Calling method 'show' {{(pid=109191) _process_stack /opt/stack/cinder/cinder/api/openstack/wsgi.py:856}}
Nov 15 15:13:15.900933 dv-cinder-810457-4-iscsi devstack@c-api.service[109192]: /usr/local/lib/python3.8/dist-packages/oslo_context/context.py:105: DeprecationWarning: Policy enforcement is depending on the value of is_admin. This key is deprecated. Please update your policy file to use the standard policy values.
Nov 15 15:13:15.900933 dv-cinder-810457-4-iscsi devstack@c-api.service[109192]: warnings.warn('Policy enforcement is depending on the value of '
Nov 15 15:13:15.925974 dv-cinder-810457-4-iscsi devstack@c-api.service[109191]: /usr/local/lib/python3.8/dist-packages/oslo_context/context.py:105: DeprecationWarning: Policy enforcement is depending on the value of is_admin. This key is deprecated. Please update your policy file to use the standard policy values.
Nov 15 15:13:15.925974 dv-cinder-810457-4-iscsi devstack@c-api.service[109191]: warnings.warn('Policy enforcement is depending on the value of '
Nov 15 15:13:15.935657 dv-cinder-810457-4-iscsi devstack@c-api.service[109192]: INFO cinder.volume.api [None req-2f3ee7fd-bd13-45bf-a250-e5ea2b0cc265 tempest-VolumesTestJSON-275135245 tempest-VolumesTestJSON-275135245-project] Volume info retrieved successfully.
Nov 15 15:13:15.945126 dv-cinder-810457-4-iscsi devstack@c-api.service[109191]: INFO cinder.volume.api [req-6d816a6d-9b4c-406e-aa01-fdc4a16f3d7d req-0e11dac6-edb5-46e6-93e5-94c936e62aea tempest-VolumesGetTestJSON-2033584522 tempest-VolumesGetTestJSON-2033584522-project] Volume info retrieved successfully.
Nov 15 15:13:15.967115 dv-cinder-810457-4-iscsi devstack@c-api.service[109192]: INFO cinder.api.openstack.wsgi [None req-2f3ee7fd-bd13-45bf-a250-e5ea2b0cc265 tempest-VolumesTestJSON-275135245 tempest-VolumesTestJSON-275135245-project] http://10.222.0.71/volume/v3/62e6a7cbc32b4fafaf1fa81bf9812e60/volumes/0ff067a3-1ef2-4317-952d-96828d1b9813 returned with HTTP 200
Nov 15 15:13:15.971548 dv-cinder-810457-4-iscsi devstack@c-api.service[109192]: [pid: 109192|app: 0|req: 22/42] 10.222.0.71 () {58 vars in 1324 bytes} [Mon Nov 15 15:13:15 2021] GET /volume/v3/62e6a7cbc32b4fafaf1fa81bf9812e60/volumes/0ff067a3-1ef2-4317-952d-96828d1b9813 => generated 896 bytes in 130 msecs (HTTP/1.1 200) 7 headers in 285 bytes (1 switches on core 0)
Nov 15 15:13:15.973837 dv-cinder-810457-4-iscsi devstack@c-api.service[109191]: INFO cinder.api.openstack.wsgi [req-6d816a6d-9b4c-406e-aa01-fdc4a16f3d7d req-0e11dac6-edb5-46e6-93e5-94c936e62aea tempest-VolumesGetTestJSON-2033584522 tempest-VolumesGetTestJSON-2033584522-project] http://10.222.0.71/volume/v3/f3f4065cfd4f40e18f25293829c3be21/volumes/4cd2a1dc-76e4-4c02-b25a-d61da38df7b2 returned with HTTP 200
Nov 15 15:13:15.976797 dv-cinder-810457-4-iscsi devstack@c-api.service[109191]: [pid: 109191|app: 0|req: 21/43] 10.222.0.71 () {60 vars in 1578 bytes} [Mon Nov 15 15:13:15 2021] GET /volume/v3/f3f4065cfd4f40e18f25293829c3be21/volumes/4cd2a1dc-76e4-4c02-b25a-d61da38df7b2 => generated 924 bytes in 108 msecs (HTTP/1.1 200) 7 headers in 285 bytes (1 switches on core 0)
Nov 15 15:13:15.998060 dv-cinder-810457-4-iscsi devstack@c-api.service[109192]: INFO cinder.api.openstack.wsgi [req-441e9932-f2c5-4e20-8b2c-591344fe0474 req-ff0b251f-1c3c-4c6d-8618-96216e103d33 tempest-VolumesSnapshotsTestJSON-1395729387 tempest-VolumesSnapshotsTestJSON-1395729387-project] GET http://10.222.0.71/volume/v3/796d415383734c0dbc890e832f1b4276/snapshots/62872868-bda3-477e-96d7-e7d397b73aee
Nov 15 15:13:15.998830 dv-cinder-810457-4-iscsi devstack@c-api.service[109192]: DEBUG cinder.api.openstack.wsgi [req-441e9932-f2c5-4e20-8b2c-591344fe0474 req-ff0b251f-1c3c-4c6d-8618-96216e103d33 tempest-VolumesSnapshotsTestJSON-1395729387 tempest-VolumesSnapshotsTestJSON-1395729387-project] Empty body provided in request {{(pid=109192) get_body /opt/stack/cinder/cinder/api/openstack/wsgi.py:703}}
Nov 15 15:13:15.998830 dv-cinder-810457-4-iscsi devstack@c-api.service[109192]: /usr/local/lib/python3.8/dist-packages/webob/acceptparse.py:1047: DeprecationWarning: The behavior of AcceptValidHeader.best_match is currently being maintained for backward compatibility, but it will be deprecated in the future, as it does not conform to the RFC.
Nov 15 15:13:15.998830 dv-cinder-810457-4-iscsi devstack@c-api.service[109192]: warnings.warn(
Nov 15 15:13:15.999066 dv-cinder-810457-4-iscsi devstack@c-api.service[109192]: DEBUG cinder.api.openstack.wsgi [req-441e9932-f2c5-4e20-8b2c-591344fe0474 req-ff0b251f-1c3c-4c6d-8618-96216e103d33 tempest-VolumesSnapshotsTestJSON-1395729387 tempest-VolumesSnapshotsTestJSON-1395729387-project] Calling method 'show' {{(pid=109192) _process_stack /opt/stack/cinder/cinder/api/openstack/wsgi.py:856}}
