Nov 15 15:13:12.972688 dv-cinder-810457-4-iscsi devstack@c-api.service[109191]: /usr/local/lib/python3.8/dist-packages/webob/acceptparse.py:1047: DeprecationWarning: The behavior of AcceptValidHeader.best_match is currently being maintained for backward compatibility, but it will be deprecated in the future, as it does not conform to the RFC.
Nov 15 15:13:12.972688 dv-cinder-810457-4-iscsi devstack@c-api.service[109191]: warnings.warn(
Nov 15 15:13:12.974934 dv-cinder-810457-4-iscsi devstack@c-api.service[109191]: DEBUG cinder.api.openstack.wsgi [None req-fa0b2116-cf77-4593-86da-059f8a154d4d tempest-VolumesTestJSON-275135245 tempest-VolumesTestJSON-275135245-project] Action: 'create', calling method: create, body: {"volume": {"metadata": {"Type": "work"}, "size": 1, "display_name": "tempest-VolumesTestJSON-volume-1203251766"}} {{(pid=109191) _process_stack /opt/stack/cinder/cinder/api/openstack/wsgi.py:854}}
Nov 15 15:13:12.976037 dv-cinder-810457-4-iscsi devstack@c-api.service[109191]: DEBUG cinder.api.v3.volumes [None req-fa0b2116-cf77-4593-86da-059f8a154d4d tempest-VolumesTestJSON-275135245 tempest-VolumesTestJSON-275135245-project] Create volume request body: {'volume': {'metadata': {'Type': 'work'}, 'size': 1, 'display_name': 'tempest-VolumesTestJSON-volume-1203251766'}} {{(pid=109191) create /opt/stack/cinder/cinder/api/v3/volumes.py:298}}
Nov 15 15:13:12.976354 dv-cinder-810457-4-iscsi devstack@c-api.service[109191]: INFO cinder.api.v3.volumes [None req-fa0b2116-cf77-4593-86da-059f8a154d4d tempest-VolumesTestJSON-275135245 tempest-VolumesTestJSON-275135245-project] Create volume of 1 GB
Nov 15 15:13:12.992191 dv-cinder-810457-4-iscsi devstack@c-api.service[109192]: DEBUG cinder.quota [None req-9e8eaf9b-7bd4-4fdb-88b3-fb6036f45bfc tempest-VolumeRetypeWithoutMigrationTest-1280330066 tempest-VolumeRetypeWithoutMigrationTest-1280330066-project] Created reservations ['bd32644d-dcb6-4b6f-8670-3d55ea7e7aa0', 'df343301-896d-425d-bb29-c1b68a6d3cd3', 'c60ad549-5522-424b-b81f-d43a7a5f222b', '487579a7-3c3e-4f6d-92dc-d37ab650929b'] {{(pid=109192) reserve /opt/stack/cinder/cinder/quota.py:755}}
Nov 15 15:13:12.992729 dv-cinder-810457-4-iscsi devstack@c-api.service[109191]: INFO cinder.volume.api [None req-fa0b2116-cf77-4593-86da-059f8a154d4d tempest-VolumesTestJSON-275135245 tempest-VolumesTestJSON-275135245-project] Availability Zones retrieved successfully.
Nov 15 15:13:12.994135 dv-cinder-810457-4-iscsi devstack@c-api.service[109192]: DEBUG cinder.volume.api [None req-9e8eaf9b-7bd4-4fdb-88b3-fb6036f45bfc tempest-VolumeRetypeWithoutMigrationTest-1280330066 tempest-VolumeRetypeWithoutMigrationTest-1280330066-project] Task 'cinder.volume.flows.api.create_volume.QuotaReserveTask;volume:create' (91ffcaf3-9a85-4a56-890b-5a67970cf84f) transitioned into state 'SUCCESS' from state 'RUNNING' with result '{'reservations': ['bd32644d-dcb6-4b6f-8670-3d55ea7e7aa0', 'df343301-896d-425d-bb29-c1b68a6d3cd3', 'c60ad549-5522-424b-b81f-d43a7a5f222b', '487579a7-3c3e-4f6d-92dc-d37ab650929b']}' {{(pid=109192) _task_receiver /usr/local/lib/python3.8/dist-packages/taskflow/listeners/logging.py:178}}
Nov 15 15:13:12.996367 dv-cinder-810457-4-iscsi devstack@c-api.service[109192]: DEBUG cinder.volume.api [None req-9e8eaf9b-7bd4-4fdb-88b3-fb6036f45bfc tempest-VolumeRetypeWithoutMigrationTest-1280330066 tempest-VolumeRetypeWithoutMigrationTest-1280330066-project] Task 'cinder.volume.flows.api.create_volume.EntryCreateTask;volume:create' (f880be4b-b1ae-4ca9-b7ad-67c2fb91ada4) transitioned into state 'RUNNING' from state 'PENDING' {{(pid=109192) _task_receiver /usr/local/lib/python3.8/dist-packages/taskflow/listeners/logging.py:190}}
Nov 15 15:13:13.012357 dv-cinder-810457-4-iscsi devstack@c-api.service[109191]: DEBUG cinder.volume.api [None req-fa0b2116-cf77-4593-86da-059f8a154d4d tempest-VolumesTestJSON-275135245 tempest-VolumesTestJSON-275135245-project] Flow 'volume_create_api' (e53330f7-6d07-4d23-8355-a8a89dd1c8e1) transitioned into state 'RUNNING' from state 'PENDING' {{(pid=109191) _flow_receiver /usr/local/lib/python3.8/dist-packages/taskflow/listeners/logging.py:141}}
Nov 15 15:13:13.015145 dv-cinder-810457-4-iscsi devstack@c-api.service[109191]: DEBUG cinder.volume.api [None req-fa0b2116-cf77-4593-86da-059f8a154d4d tempest-VolumesTestJSON-275135245 tempest-VolumesTestJSON-275135245-project] Task 'cinder.volume.flows.api.create_volume.ExtractVolumeRequestTask;volume:create' (cb21ff38-8334-47ba-a95e-4dbe417a7f2b) transitioned into state 'RUNNING' from state 'PENDING' {{(pid=109191) _task_receiver /usr/local/lib/python3.8/dist-packages/taskflow/listeners/logging.py:190}}
Nov 15 15:13:13.017705 dv-cinder-810457-4-iscsi devstack@c-api.service[109191]: DEBUG cinder.volume.flows.api.create_volume [None req-fa0b2116-cf77-4593-86da-059f8a154d4d tempest-VolumesTestJSON-275135245 tempest-VolumesTestJSON-275135245-project] Validating volume size '1' using validate_int {{(pid=109191) _extract_size /opt/stack/cinder/cinder/volume/flows/api/create_volume.py:225}}
Nov 15 15:13:13.069546 dv-cinder-810457-4-iscsi devstack@c-api.service[109191]: DEBUG cinder.volume.api [None req-fa0b2116-cf77-4593-86da-059f8a154d4d tempest-VolumesTestJSON-275135245 tempest-VolumesTestJSON-275135245-project] Task 'cinder.volume.flows.api.create_volume.ExtractVolumeRequestTask;volume:create' (cb21ff38-8334-47ba-a95e-4dbe417a7f2b) transitioned into state 'SUCCESS' from state 'RUNNING' with result '{'size': 1, 'snapshot_id': None, 'source_volid': None, 'volume_type': VolumeType(created_at=2021-11-15T14:58:15Z,deleted=False,deleted_at=None,description='Default Volume Type',extra_specs={},id=13d099d1-4b90-456b-8cda-17bb28066086,is_public=True,name='__DEFAULT__',projects=[],qos_specs=,qos_specs_id=None,updated_at=2021-11-15T14:58:15Z), 'volume_type_id': '13d099d1-4b90-456b-8cda-17bb28066086', 'encryption_key_id': None, 'qos_specs': None, 'consistencygroup_id': None, 'cgsnapshot_id': None, 'group_id': None, 'replication_status': 'disabled', 'refresh_az': False, 'backup_id': None, 'multiattach': False, 'availability_zones': ['nova']}' {{(pid=109191) _task_receiver /usr/local/lib/python3.8/dist-packages/taskflow/listeners/logging.py:178}}
Nov 15 15:13:13.072134 dv-cinder-810457-4-iscsi devstack@c-api.service[109191]: DEBUG cinder.volume.api [None req-fa0b2116-cf77-4593-86da-059f8a154d4d tempest-VolumesTestJSON-275135245 tempest-VolumesTestJSON-275135245-project] Task 'cinder.volume.flows.api.create_volume.QuotaReserveTask;volume:create' (5c0ed423-f573-4b07-8512-d3b061121988) transitioned into state 'RUNNING' from state 'PENDING' {{(pid=109191) _task_receiver /usr/local/lib/python3.8/dist-packages/taskflow/listeners/logging.py:190}}
Nov 15 15:13:13.203018 dv-cinder-810457-4-iscsi devstack@c-api.service[109192]: DEBUG cinder.volume.api [None req-9e8eaf9b-7bd4-4fdb-88b3-fb6036f45bfc tempest-VolumeRetypeWithoutMigrationTest-1280330066 tempest-VolumeRetypeWithoutMigrationTest-1280330066-project] Task 'cinder.volume.flows.api.create_volume.EntryCreateTask;volume:create' (f880be4b-b1ae-4ca9-b7ad-67c2fb91ada4) transitioned into state 'SUCCESS' from state 'RUNNING' with result '{'volume_id': 'b1ce72a9-fe8d-42ac-a734-bc9431117c02', 'volume_properties': VolumeProperties(attach_status='detached',availability_zone='nova',cgsnapshot_id=None,consistencygroup_id=None,display_description=None,display_name='tempest-VolumeRetypeWithoutMigrationTest-Volume-1409486492',encryption_key_id=None,group_id=None,group_type_id=,metadata={},multiattach=False,project_id='fbe3fc161ff04a088f80ab62c8ef408b',qos_specs=None,replication_status=,reservations=['bd32644d-dcb6-4b6f-8670-3d55ea7e7aa0','df343301-896d-425d-bb29-c1b68a6d3cd3','c60ad549-5522-424b-b81f-d43a7a5f222b','487579a7-3c3e-4f6d-92dc-d37ab650929b'],size=1,snapshot_id=None,source_replicaid=,source_volid=None,status='creating',user_id='2595836bf1154329a007f34160bdf656',volume_type_id=f7c2b2c8-8b8e-4972-baac-15cd5b04c752), 'volume': Volume(_name_id=None,admin_metadata=,attach_status='detached',availability_zone='nova',bootable=False,cluster=,cluster_name=None,consistencygroup=,consistencygroup_id=None,created_at=2021-11-15T15:13:13Z,deleted=False,deleted_at=None,display_description=None,display_name='tempest-VolumeRetypeWithoutMigrationTest-Volume-1409486492',ec2_id=None,encryption_key_id=None,glance_metadata=,group=,group_id=None,host=None,id=b1ce72a9-fe8d-42ac-a734-bc9431117c02,launched_at=None,metadata={},migration_status=None,multiattach=False,previous_status=None,project_id='fbe3fc161ff04a088f80ab62c8ef408b',provider_auth=None,provider_geometry=None,provider_id=None,provider_location=None,replication_driver_data=None,replication_extended_status=None,replication_status=None,scheduled_at=None,service_uuid=None,shared_targets=True,size=1,snapshot_id=None,snapshots=,source_volid=None,status='creating',terminated_at=None,updated_at=None,use_quota=True,user_id='2595836bf1154329a007f34160bdf656',volume_attachment=VolumeAttachmentList,volume_type=VolumeType(f7c2b2c8-8b8e-4972-baac-15cd5b04c752),volume_type_id=f7c2b2c8-8b8e-4972-baac-15cd5b04c752)}' {{(pid=109192) _task_receiver /usr/local/lib/python3.8/dist-packages/taskflow/listeners/logging.py:178}}
Nov 15 15:13:13.203018 dv-cinder-810457-4-iscsi devstack@c-api.service[109192]: DEBUG cinder.volume.api [None req-9e8eaf9b-7bd4-4fdb-88b3-fb6036f45bfc tempest-VolumeRetypeWithoutMigrationTest-1280330066 tempest-VolumeRetypeWithoutMigrationTest-1280330066-project] Task 'cinder.volume.flows.api.create_volume.QuotaCommitTask;volume:create' (7428a44f-572c-43c9-8e71-aa78418c292e) transitioned into state 'RUNNING' from state 'PENDING' {{(pid=109192) _task_receiver /usr/local/lib/python3.8/dist-packages/taskflow/listeners/logging.py:190}}
Nov 15 15:13:13.273670 dv-cinder-810457-4-iscsi devstack@c-api.service[109192]: DEBUG cinder.volume.api [None req-9e8eaf9b-7bd4-4fdb-88b3-fb6036f45bfc tempest-VolumeRetypeWithoutMigrationTest-1280330066 tempest-VolumeRetypeWithoutMigrationTest-1280330066-project] Task 'cinder.volume.flows.api.create_volume.QuotaCommitTask;volume:create' (7428a44f-572c-43c9-8e71-aa78418c292e) transitioned into state 'SUCCESS' from state 'RUNNING' with result '{'volume_properties': VolumeProperties(attach_status='detached',availability_zone='nova',cgsnapshot_id=None,consistencygroup_id=None,display_description=None,display_name='tempest-VolumeRetypeWithoutMigrationTest-Volume-1409486492',encryption_key_id=None,group_id=None,group_type_id=,metadata={},multiattach=False,project_id='fbe3fc161ff04a088f80ab62c8ef408b',qos_specs=None,replication_status=,reservations=['bd32644d-dcb6-4b6f-8670-3d55ea7e7aa0','df343301-896d-425d-bb29-c1b68a6d3cd3','c60ad549-5522-424b-b81f-d43a7a5f222b','487579a7-3c3e-4f6d-92dc-d37ab650929b'],size=1,snapshot_id=None,source_replicaid=,source_volid=None,status='creating',user_id='2595836bf1154329a007f34160bdf656',volume_type_id=f7c2b2c8-8b8e-4972-baac-15cd5b04c752)}' {{(pid=109192) _task_receiver /usr/local/lib/python3.8/dist-packages/taskflow/listeners/logging.py:178}}
Nov 15 15:13:13.277446 dv-cinder-810457-4-iscsi devstack@c-api.service[109192]: DEBUG cinder.volume.api [None req-9e8eaf9b-7bd4-4fdb-88b3-fb6036f45bfc tempest-VolumeRetypeWithoutMigrationTest-1280330066 tempest-VolumeRetypeWithoutMigrationTest-1280330066-project] Task 'cinder.volume.flows.api.create_volume.VolumeCastTask;volume:create' (1149fd04-883e-4562-8a9a-8b8143dc18e1) transitioned into state 'RUNNING' from state 'PENDING' {{(pid=109192) _task_receiver /usr/local/lib/python3.8/dist-packages/taskflow/listeners/logging.py:190}}
Nov 15 15:13:13.364309 dv-cinder-810457-4-iscsi devstack@c-api.service[109191]: DEBUG cinder.quota [None req-fa0b2116-cf77-4593-86da-059f8a154d4d tempest-VolumesTestJSON-275135245 tempest-VolumesTestJSON-275135245-project] Created reservations ['907cdd90-38c7-44e9-a90e-ade9d9674f1b', '5bbb50f8-9c7e-4d88-8bd0-96da75e160cb', 'c8a4e81f-45b2-4e4e-8c63-d11ae8bb5649', '2d434470-3782-4c8d-9259-1fd90a0eebe1'] {{(pid=109191) reserve /opt/stack/cinder/cinder/quota.py:755}}
Nov 15 15:13:13.366256 dv-cinder-810457-4-iscsi devstack@c-api.service[109191]: DEBUG cinder.volume.api [None req-fa0b2116-cf77-4593-86da-059f8a154d4d tempest-VolumesTestJSON-275135245 tempest-VolumesTestJSON-275135245-project] Task 'cinder.volume.flows.api.create_volume.QuotaReserveTask;volume:create' (5c0ed423-f573-4b07-8512-d3b061121988) transitioned into state 'SUCCESS' from state 'RUNNING' with result '{'reservations': ['907cdd90-38c7-44e9-a90e-ade9d9674f1b', '5bbb50f8-9c7e-4d88-8bd0-96da75e160cb', 'c8a4e81f-45b2-4e4e-8c63-d11ae8bb5649', '2d434470-3782-4c8d-9259-1fd90a0eebe1']}' {{(pid=109191) _task_receiver /usr/local/lib/python3.8/dist-packages/taskflow/listeners/logging.py:178}}
Nov 15 15:13:13.368896 dv-cinder-810457-4-iscsi devstack@c-api.service[109191]: DEBUG cinder.volume.api [None req-fa0b2116-cf77-4593-86da-059f8a154d4d tempest-VolumesTestJSON-275135245 tempest-VolumesTestJSON-275135245-project] Task 'cinder.volume.flows.api.create_volume.EntryCreateTask;volume:create' (4f64cdd8-e847-4a0e-8177-968130d8b14c) transitioned into state 'RUNNING' from state 'PENDING' {{(pid=109191) _task_receiver /usr/local/lib/python3.8/dist-packages/taskflow/listeners/logging.py:190}}
Nov 15 15:13:13.410680 dv-cinder-810457-4-iscsi devstack@c-api.service[109192]: DEBUG cinder.volume.api [None req-9e8eaf9b-7bd4-4fdb-88b3-fb6036f45bfc tempest-VolumeRetypeWithoutMigrationTest-1280330066 tempest-VolumeRetypeWithoutMigrationTest-1280330066-project] Task 'cinder.volume.flows.api.create_volume.VolumeCastTask;volume:create' (1149fd04-883e-4562-8a9a-8b8143dc18e1) transitioned into state 'SUCCESS' from state 'RUNNING' with result 'None' {{(pid=109192) _task_receiver /usr/local/lib/python3.8/dist-packages/taskflow/listeners/logging.py:178}}
Nov 15 15:13:13.413097 dv-cinder-810457-4-iscsi devstack@c-api.service[109192]: DEBUG cinder.volume.api [None req-9e8eaf9b-7bd4-4fdb-88b3-fb6036f45bfc tempest-VolumeRetypeWithoutMigrationTest-1280330066 tempest-VolumeRetypeWithoutMigrationTest-1280330066-project] Flow 'volume_create_api' (d620bb87-9500-463a-845d-104340b5b488) transitioned into state 'SUCCESS' from state 'RUNNING' {{(pid=109192) _flow_receiver /usr/local/lib/python3.8/dist-packages/taskflow/listeners/logging.py:141}}
Nov 15 15:13:13.413785 dv-cinder-810457-4-iscsi devstack@c-api.service[109192]: INFO cinder.volume.api [None req-9e8eaf9b-7bd4-4fdb-88b3-fb6036f45bfc tempest-VolumeRetypeWithoutMigrationTest-1280330066 tempest-VolumeRetypeWithoutMigrationTest-1280330066-project] Create volume request issued successfully.
Nov 15 15:13:13.429649 dv-cinder-810457-4-iscsi devstack@c-api.service[109192]: INFO cinder.api.openstack.wsgi [None req-9e8eaf9b-7bd4-4fdb-88b3-fb6036f45bfc tempest-VolumeRetypeWithoutMigrationTest-1280330066 tempest-VolumeRetypeWithoutMigrationTest-1280330066-project] http://10.222.0.71/volume/v3/fbe3fc161ff04a088f80ab62c8ef408b/volumes returned with HTTP 202
Nov 15 15:13:13.429649 dv-cinder-810457-4-iscsi devstack@c-api.service[109192]: [pid: 109192|app: 0|req: 11/23] 10.222.0.71 () {60 vars in 1235 bytes} [Mon Nov 15 15:13:12 2021] POST /volume/v3/fbe3fc161ff04a088f80ab62c8ef408b/volumes => generated 834 bytes in 1204 msecs (HTTP/1.1 202) 7 headers in 291 bytes (1 switches on core 0)
Nov 15 15:13:13.441621 dv-cinder-810457-4-iscsi devstack@c-api.service[109192]: INFO cinder.api.openstack.wsgi [req-ad7924f3-016d-4571-bdef-5307161f7fbb req-6910ca1e-ceb9-4324-b1b7-7d02a49fdb05 tempest-VolumesGetTestJSON-2033584522 tempest-VolumesGetTestJSON-2033584522-project] GET http://10.222.0.71/volume/v3/f3f4065cfd4f40e18f25293829c3be21/volumes/4cd2a1dc-76e4-4c02-b25a-d61da38df7b2
Nov 15 15:13:13.443851 dv-cinder-810457-4-iscsi devstack@c-api.service[109192]: DEBUG cinder.api.openstack.wsgi [req-ad7924f3-016d-4571-bdef-5307161f7fbb req-6910ca1e-ceb9-4324-b1b7-7d02a49fdb05 tempest-VolumesGetTestJSON-2033584522 tempest-VolumesGetTestJSON-2033584522-project] Empty body provided in request {{(pid=109192) get_body /opt/stack/cinder/cinder/api/openstack/wsgi.py:703}}
Nov 15 15:13:13.444215 dv-cinder-810457-4-iscsi devstack@c-api.service[109192]: /usr/local/lib/python3.8/dist-packages/webob/acceptparse.py:1047: DeprecationWarning: The behavior of AcceptValidHeader.best_match is currently being maintained for backward compatibility, but it will be deprecated in the future, as it does not conform to the RFC.
Nov 15 15:13:13.444215 dv-cinder-810457-4-iscsi devstack@c-api.service[109192]: warnings.warn(
Nov 15 15:13:13.444877 dv-cinder-810457-4-iscsi devstack@c-api.service[109192]: DEBUG cinder.api.openstack.wsgi [req-ad7924f3-016d-4571-bdef-5307161f7fbb req-6910ca1e-ceb9-4324-b1b7-7d02a49fdb05 tempest-VolumesGetTestJSON-2033584522 tempest-VolumesGetTestJSON-2033584522-project] Calling method 'show' {{(pid=109192) _process_stack /opt/stack/cinder/cinder/api/openstack/wsgi.py:856}}
Nov 15 15:13:13.464340 dv-cinder-810457-4-iscsi devstack@c-api.service[109192]: /usr/local/lib/python3.8/dist-packages/oslo_context/context.py:105: DeprecationWarning: Policy enforcement is depending on the value of is_admin. This key is deprecated. Please update your policy file to use the standard policy values.
Nov 15 15:13:13.464340 dv-cinder-810457-4-iscsi devstack@c-api.service[109192]: warnings.warn('Policy enforcement is depending on the value of '
Nov 15 15:13:13.466762 dv-cinder-810457-4-iscsi devstack@c-api.service[109191]: DEBUG cinder.volume.api [None req-fa0b2116-cf77-4593-86da-059f8a154d4d tempest-VolumesTestJSON-275135245 tempest-VolumesTestJSON-275135245-project] Task 'cinder.volume.flows.api.create_volume.EntryCreateTask;volume:create' (4f64cdd8-e847-4a0e-8177-968130d8b14c) transitioned into state 'SUCCESS' from state 'RUNNING' with result '{'volume_id': '0a2dbe3e-41fc-4ed8-a2c8-e5fc59fd696b', 'volume_properties': VolumeProperties(attach_status='detached',availability_zone='nova',cgsnapshot_id=None,consistencygroup_id=None,display_description=None,display_name='tempest-VolumesTestJSON-volume-1203251766',encryption_key_id=None,group_id=None,group_type_id=,metadata={Type='work'},multiattach=False,project_id='62e6a7cbc32b4fafaf1fa81bf9812e60',qos_specs=None,replication_status=,reservations=['907cdd90-38c7-44e9-a90e-ade9d9674f1b','5bbb50f8-9c7e-4d88-8bd0-96da75e160cb','c8a4e81f-45b2-4e4e-8c63-d11ae8bb5649','2d434470-3782-4c8d-9259-1fd90a0eebe1'],size=1,snapshot_id=None,source_replicaid=,source_volid=None,status='creating',user_id='ebfe54f7cba44f7286c46c92b4edc0a9',volume_type_id=13d099d1-4b90-456b-8cda-17bb28066086), 'volume': Volume(_name_id=None,admin_metadata=,attach_status='detached',availability_zone='nova',bootable=False,cluster=,cluster_name=None,consistencygroup=,consistencygroup_id=None,created_at=2021-11-15T15:13:13Z,deleted=False,deleted_at=None,display_description=None,display_name='tempest-VolumesTestJSON-volume-1203251766',ec2_id=None,encryption_key_id=None,glance_metadata=,group=,group_id=None,host=None,id=0a2dbe3e-41fc-4ed8-a2c8-e5fc59fd696b,launched_at=None,metadata={Type='work'},migration_status=None,multiattach=False,previous_status=None,project_id='62e6a7cbc32b4fafaf1fa81bf9812e60',provider_auth=None,provider_geometry=None,provider_id=None,provider_location=None,replication_driver_data=None,replication_extended_status=None,replication_status=None,scheduled_at=None,service_uuid=None,shared_targets=True,size=1,snapshot_id=None,snapshots=,source_volid=None,status='creating',terminated_at=None,updated_at=None,use_quota=True,user_id='ebfe54f7cba44f7286c46c92b4edc0a9',volume_attachment=VolumeAttachmentList,volume_type=VolumeType(13d099d1-4b90-456b-8cda-17bb28066086),volume_type_id=13d099d1-4b90-456b-8cda-17bb28066086)}' {{(pid=109191) _task_receiver /usr/local/lib/python3.8/dist-packages/taskflow/listeners/logging.py:178}}
Nov 15 15:13:13.480607 dv-cinder-810457-4-iscsi devstack@c-api.service[109191]: DEBUG cinder.volume.api [None req-fa0b2116-cf77-4593-86da-059f8a154d4d tempest-VolumesTestJSON-275135245 tempest-VolumesTestJSON-275135245-project] Task 'cinder.volume.flows.api.create_volume.QuotaCommitTask;volume:create' (12340e7a-9aec-405e-97e0-9260a1a1d24c) transitioned into state 'RUNNING' from state 'PENDING' {{(pid=109191) _task_receiver /usr/local/lib/python3.8/dist-packages/taskflow/listeners/logging.py:190}}
Nov 15 15:13:13.485670 dv-cinder-810457-4-iscsi devstack@c-api.service[109192]: INFO cinder.volume.api [req-ad7924f3-016d-4571-bdef-5307161f7fbb req-6910ca1e-ceb9-4324-b1b7-7d02a49fdb05 tempest-VolumesGetTestJSON-2033584522 tempest-VolumesGetTestJSON-2033584522-project] Volume info retrieved successfully.
Nov 15 15:13:13.508351 dv-cinder-810457-4-iscsi devstack@c-api.service[109192]: INFO cinder.api.openstack.wsgi [req-ad7924f3-016d-4571-bdef-5307161f7fbb req-6910ca1e-ceb9-4324-b1b7-7d02a49fdb05 tempest-VolumesGetTestJSON-2033584522 tempest-VolumesGetTestJSON-2033584522-project] http://10.222.0.71/volume/v3/f3f4065cfd4f40e18f25293829c3be21/volumes/4cd2a1dc-76e4-4c02-b25a-d61da38df7b2 returned with HTTP 200
Nov 15 15:13:13.515552 dv-cinder-810457-4-iscsi devstack@c-api.service[109192]: [pid: 109192|app: 0|req: 12/24] 10.222.0.71 () {60 vars in 1578 bytes} [Mon Nov 15 15:13:13 2021] GET /volume/v3/f3f4065cfd4f40e18f25293829c3be21/volumes/4cd2a1dc-76e4-4c02-b25a-d61da38df7b2 => generated 925 bytes in 87 msecs (HTTP/1.1 200) 7 headers in 285 bytes (1 switches on core 0)
Nov 15 15:13:13.525346 dv-cinder-810457-4-iscsi devstack@c-api.service[109192]: INFO cinder.api.openstack.wsgi [None req-e4290160-b366-42c9-b7d1-2c2b9e325696 tempest-VolumeRetypeWithoutMigrationTest-1280330066 tempest-VolumeRetypeWithoutMigrationTest-1280330066-project] GET http://10.222.0.71/volume/v3/fbe3fc161ff04a088f80ab62c8ef408b/volumes/b1ce72a9-fe8d-42ac-a734-bc9431117c02
Nov 15 15:13:13.527083 dv-cinder-810457-4-iscsi devstack@c-api.service[109192]: DEBUG cinder.api.openstack.wsgi [None req-e4290160-b366-42c9-b7d1-2c2b9e325696 tempest-VolumeRetypeWithoutMigrationTest-1280330066 tempest-VolumeRetypeWithoutMigrationTest-1280330066-project] Empty body provided in request {{(pid=109192) get_body /opt/stack/cinder/cinder/api/openstack/wsgi.py:703}}
Nov 15 15:13:13.527281 dv-cinder-810457-4-iscsi devstack@c-api.service[109192]: /usr/local/lib/python3.8/dist-packages/webob/acceptparse.py:1047: DeprecationWarning: The behavior of AcceptValidHeader.best_match is currently being maintained for backward compatibility, but it will be deprecated in the future, as it does not conform to the RFC.
Nov 15 15:13:13.527281 dv-cinder-810457-4-iscsi devstack@c-api.service[109192]: warnings.warn(
Nov 15 15:13:13.527880 dv-cinder-810457-4-iscsi devstack@c-api.service[109192]: DEBUG cinder.api.openstack.wsgi [None req-e4290160-b366-42c9-b7d1-2c2b9e325696 tempest-VolumeRetypeWithoutMigrationTest-1280330066 tempest-VolumeRetypeWithoutMigrationTest-1280330066-project] Calling method 'show' {{(pid=109192) _process_stack /opt/stack/cinder/cinder/api/openstack/wsgi.py:856}}
Nov 15 15:13:13.544663 dv-cinder-810457-4-iscsi devstack@c-api.service[109192]: /usr/local/lib/python3.8/dist-packages/oslo_context/context.py:105: DeprecationWarning: Policy enforcement is depending on the value of is_admin. This key is deprecated. Please update your policy file to use the standard policy values.
Nov 15 15:13:13.544663 dv-cinder-810457-4-iscsi devstack@c-api.service[109192]: warnings.warn('Policy enforcement is depending on the value of '
Nov 15 15:13:13.552708 dv-cinder-810457-4-iscsi devstack@c-api.service[109192]: INFO cinder.volume.api [None req-e4290160-b366-42c9-b7d1-2c2b9e325696 tempest-VolumeRetypeWithoutMigrationTest-1280330066 tempest-VolumeRetypeWithoutMigrationTest-1280330066-project] Volume info retrieved successfully.
Nov 15 15:13:13.564138 dv-cinder-810457-4-iscsi devstack@c-api.service[109192]: INFO cinder.api.openstack.wsgi [None req-e4290160-b366-42c9-b7d1-2c2b9e325696 tempest-VolumeRetypeWithoutMigrationTest-1280330066 tempest-VolumeRetypeWithoutMigrationTest-1280330066-project] http://10.222.0.71/volume/v3/fbe3fc161ff04a088f80ab62c8ef408b/volumes/b1ce72a9-fe8d-42ac-a734-bc9431117c02 returned with HTTP 200
Nov 15 15:13:13.565438 dv-cinder-810457-4-iscsi devstack@c-api.service[109192]: [pid: 109192|app: 0|req: 13/25] 10.222.0.71 () {58 vars in 1324 bytes} [Mon Nov 15 15:13:13 2021] GET /volume/v3/fbe3fc161ff04a088f80ab62c8ef408b/volumes/b1ce72a9-fe8d-42ac-a734-bc9431117c02 => generated 902 bytes in 49 msecs (HTTP/1.1 200) 7 headers in 285 bytes (1 switches on core 0)
Nov 15 15:13:13.573561 dv-cinder-810457-4-iscsi devstack@c-api.service[109192]: INFO cinder.api.openstack.wsgi [req-ceb993cc-7856-40a2-a20e-7d2e4a25ee53 req-504cb1e8-2fad-4830-81c6-491d6f6267b4 tempest-VolumesSnapshotsTestJSON-1395729387 tempest-VolumesSnapshotsTestJSON-1395729387-project] POST http://10.222.0.71/volume/v3/796d415383734c0dbc890e832f1b4276/snapshots
Nov 15 15:13:13.573561 dv-cinder-810457-4-iscsi devstack@c-api.service[109192]: /usr/local/lib/python3.8/dist-packages/webob/acceptparse.py:1047: DeprecationWarning: The behavior of AcceptValidHeader.best_match is currently being maintained for backward compatibility, but it will be deprecated in the future, as it does not conform to the RFC.
Nov 15 15:13:13.573561 dv-cinder-810457-4-iscsi devstack@c-api.service[109192]: warnings.warn(
Nov 15 15:13:13.573561 dv-cinder-810457-4-iscsi devstack@c-api.service[109192]: DEBUG cinder.api.openstack.wsgi [req-ceb993cc-7856-40a2-a20e-7d2e4a25ee53 req-504cb1e8-2fad-4830-81c6-491d6f6267b4 tempest-VolumesSnapshotsTestJSON-1395729387 tempest-VolumesSnapshotsTestJSON-1395729387-project] Action: 'create', calling method: create, body: {"snapshot": {"volume_id": "c508fc6d-8fa0-470c-b3bb-4dc6279416a5", "force": false, "name": "tempest-VolumesSnapshotsTestJSON-Snapshot-1950247695", "description": null, "metadata": {}}} {{(pid=109192) _process_stack /opt/stack/cinder/cinder/api/openstack/wsgi.py:854}}
Nov 15 15:13:13.591159 dv-cinder-810457-4-iscsi devstack@c-api.service[109192]: /usr/local/lib/python3.8/dist-packages/oslo_context/context.py:105: DeprecationWarning: Policy enforcement is depending on the value of is_admin. This key is deprecated. Please update your policy file to use the standard policy values.
Nov 15 15:13:13.591159 dv-cinder-810457-4-iscsi devstack@c-api.service[109192]: warnings.warn('Policy enforcement is depending on the value of '
Nov 15 15:13:13.592571 dv-cinder-810457-4-iscsi devstack@c-api.service[109192]: INFO cinder.volume.api [req-ceb993cc-7856-40a2-a20e-7d2e4a25ee53 req-504cb1e8-2fad-4830-81c6-491d6f6267b4 tempest-VolumesSnapshotsTestJSON-1395729387 tempest-VolumesSnapshotsTestJSON-1395729387-project] Volume info retrieved successfully.
Nov 15 15:13:13.593149 dv-cinder-810457-4-iscsi devstack@c-api.service[109192]: INFO cinder.api.v3.snapshots [req-ceb993cc-7856-40a2-a20e-7d2e4a25ee53 req-504cb1e8-2fad-4830-81c6-491d6f6267b4 tempest-VolumesSnapshotsTestJSON-1395729387 tempest-VolumesSnapshotsTestJSON-1395729387-project] Create snapshot from volume c508fc6d-8fa0-470c-b3bb-4dc6279416a5
Nov 15 15:13:13.628972 dv-cinder-810457-4-iscsi devstack@c-api.service[109192]: WARNING cinder.quota [req-ceb993cc-7856-40a2-a20e-7d2e4a25ee53 req-504cb1e8-2fad-4830-81c6-491d6f6267b4 tempest-VolumesSnapshotsTestJSON-1395729387 tempest-VolumesSnapshotsTestJSON-1395729387-project] Deprecated: Default quota for resource: snapshots___DEFAULT__ is set by the default quota flag: quota_snapshots___DEFAULT__, it is now deprecated. Please use the default quota class for default quota.
Nov 15 15:13:13.660761 dv-cinder-810457-4-iscsi devstack@c-api.service[109191]: DEBUG cinder.volume.api [None req-fa0b2116-cf77-4593-86da-059f8a154d4d tempest-VolumesTestJSON-275135245 tempest-VolumesTestJSON-275135245-project] Task 'cinder.volume.flows.api.create_volume.QuotaCommitTask;volume:create' (12340e7a-9aec-405e-97e0-9260a1a1d24c) transitioned into state 'SUCCESS' from state 'RUNNING' with result '{'volume_properties': VolumeProperties(attach_status='detached',availability_zone='nova',cgsnapshot_id=None,consistencygroup_id=None,display_description=None,display_name='tempest-VolumesTestJSON-volume-1203251766',encryption_key_id=None,group_id=None,group_type_id=,metadata={Type='work'},multiattach=False,project_id='62e6a7cbc32b4fafaf1fa81bf9812e60',qos_specs=None,replication_status=,reservations=['907cdd90-38c7-44e9-a90e-ade9d9674f1b','5bbb50f8-9c7e-4d88-8bd0-96da75e160cb','c8a4e81f-45b2-4e4e-8c63-d11ae8bb5649','2d434470-3782-4c8d-9259-1fd90a0eebe1'],size=1,snapshot_id=None,source_replicaid=,source_volid=None,status='creating',user_id='ebfe54f7cba44f7286c46c92b4edc0a9',volume_type_id=13d099d1-4b90-456b-8cda-17bb28066086)}' {{(pid=109191) _task_receiver /usr/local/lib/python3.8/dist-packages/taskflow/listeners/logging.py:178}}
Nov 15 15:13:13.662929 dv-cinder-810457-4-iscsi devstack@c-api.service[109191]: DEBUG cinder.volume.api [None req-fa0b2116-cf77-4593-86da-059f8a154d4d tempest-VolumesTestJSON-275135245 tempest-VolumesTestJSON-275135245-project] Task 'cinder.volume.flows.api.create_volume.VolumeCastTask;volume:create' (901910f8-91a4-4258-b926-07ad9020cb4a) transitioned into state 'RUNNING' from state 'PENDING' {{(pid=109191) _task_receiver /usr/local/lib/python3.8/dist-packages/taskflow/listeners/logging.py:190}}
Nov 15 15:13:13.764483 dv-cinder-810457-4-iscsi devstack@c-api.service[109191]: DEBUG cinder.volume.api [None req-fa0b2116-cf77-4593-86da-059f8a154d4d tempest-VolumesTestJSON-275135245 tempest-VolumesTestJSON-275135245-project] Task 'cinder.volume.flows.api.create_volume.VolumeCastTask;volume:create' (901910f8-91a4-4258-b926-07ad9020cb4a) transitioned into state 'SUCCESS' from state 'RUNNING' with result 'None' {{(pid=109191) _task_receiver /usr/local/lib/python3.8/dist-packages/taskflow/listeners/logging.py:178}}
Nov 15 15:13:13.773111 dv-cinder-810457-4-iscsi devstack@c-api.service[109191]: DEBUG cinder.volume.api [None req-fa0b2116-cf77-4593-86da-059f8a154d4d tempest-VolumesTestJSON-275135245 tempest-VolumesTestJSON-275135245-project] Flow 'volume_create_api' (e53330f7-6d07-4d23-8355-a8a89dd1c8e1) transitioned into state 'SUCCESS' from state 'RUNNING' {{(pid=109191) _flow_receiver /usr/local/lib/python3.8/dist-packages/taskflow/listeners/logging.py:141}}
Nov 15 15:13:13.778519 dv-cinder-810457-4-iscsi devstack@c-api.service[109191]: INFO cinder.volume.api [None req-fa0b2116-cf77-4593-86da-059f8a154d4d tempest-VolumesTestJSON-275135245 tempest-VolumesTestJSON-275135245-project] Create volume request issued successfully.
Nov 15 15:13:13.782886 dv-cinder-810457-4-iscsi devstack@c-api.service[109191]: INFO cinder.api.openstack.wsgi [None req-fa0b2116-cf77-4593-86da-059f8a154d4d tempest-VolumesTestJSON-275135245 tempest-VolumesTestJSON-275135245-project] http://10.222.0.71/volume/v3/62e6a7cbc32b4fafaf1fa81bf9812e60/volumes returned with HTTP 202
Nov 15 15:13:13.787960 dv-cinder-810457-4-iscsi devstack@c-api.service[109191]: [pid: 109191|app: 0|req: 13/26] 10.222.0.71 () {60 vars in 1235 bytes} [Mon Nov 15 15:13:12 2021] POST /volume/v3/62e6a7cbc32b4fafaf1fa81bf9812e60/volumes => generated 829 bytes in 816 msecs (HTTP/1.1 202) 7 headers in 291 bytes (1 switches on core 0)
Nov 15 15:13:13.799585 dv-cinder-810457-4-iscsi devstack@c-api.service[109191]: INFO cinder.api.openstack.wsgi [None req-9ad6d7e0-f620-4821-bf90-f4cfe4259e58 tempest-VolumesTestJSON-275135245 tempest-VolumesTestJSON-275135245-project] GET http://10.222.0.71/volume/v3/62e6a7cbc32b4fafaf1fa81bf9812e60/volumes/0a2dbe3e-41fc-4ed8-a2c8-e5fc59fd696b
Nov 15 15:13:13.800215 dv-cinder-810457-4-iscsi devstack@c-api.service[109191]: DEBUG cinder.api.openstack.wsgi [None req-9ad6d7e0-f620-4821-bf90-f4cfe4259e58 tempest-VolumesTestJSON-275135245 tempest-VolumesTestJSON-275135245-project] Empty body provided in request {{(pid=109191) get_body /opt/stack/cinder/cinder/api/openstack/wsgi.py:703}}
Nov 15 15:13:13.800582 dv-cinder-810457-4-iscsi devstack@c-api.service[109191]: /usr/local/lib/python3.8/dist-packages/webob/acceptparse.py:1047: DeprecationWarning: The behavior of AcceptValidHeader.best_match is currently being maintained for backward compatibility, but it will be deprecated in the future, as it does not conform to the RFC.
Nov 15 15:13:13.800582 dv-cinder-810457-4-iscsi devstack@c-api.service[109191]: warnings.warn(
Nov 15 15:13:13.801125 dv-cinder-810457-4-iscsi devstack@c-api.service[109191]: DEBUG cinder.api.openstack.wsgi [None req-9ad6d7e0-f620-4821-bf90-f4cfe4259e58 tempest-VolumesTestJSON-275135245 tempest-VolumesTestJSON-275135245-project] Calling method 'show' {{(pid=109191) _process_stack /opt/stack/cinder/cinder/api/openstack/wsgi.py:856}}
Nov 15 15:13:13.830976 dv-cinder-810457-4-iscsi devstack@c-api.service[109191]: /usr/local/lib/python3.8/dist-packages/oslo_context/context.py:105: DeprecationWarning: Policy enforcement is depending on the value of is_admin. This key is deprecated. Please update your policy file to use the standard policy values.
Nov 15 15:13:13.830976 dv-cinder-810457-4-iscsi devstack@c-api.service[109191]: warnings.warn('Policy enforcement is depending on the value of '
Nov 15 15:13:13.853627 dv-cinder-810457-4-iscsi devstack@c-api.service[109191]: INFO cinder.volume.api [None req-9ad6d7e0-f620-4821-bf90-f4cfe4259e58 tempest-VolumesTestJSON-275135245 tempest-VolumesTestJSON-275135245-project] Volume info retrieved successfully.
Nov 15 15:13:13.860423 dv-cinder-810457-4-iscsi devstack@c-api.service[109192]: DEBUG cinder.quota [req-ceb993cc-7856-40a2-a20e-7d2e4a25ee53 req-504cb1e8-2fad-4830-81c6-491d6f6267b4 tempest-VolumesSnapshotsTestJSON-1395729387 tempest-VolumesSnapshotsTestJSON-1395729387-project] Created reservations ['45013b38-e4d4-427d-8f18-e7023594c383', 'd7616b70-55e1-45de-9863-e00802aeea47', '6bc1e8c2-0ce5-4ba4-ab2c-6d36a897772d', '848ae9d9-e0a0-4d83-91ab-807548eff8c2'] {{(pid=109192) reserve /opt/stack/cinder/cinder/quota.py:755}}
Nov 15 15:13:13.870001 dv-cinder-810457-4-iscsi devstack@c-api.service[109191]: INFO cinder.api.openstack.wsgi [None req-9ad6d7e0-f620-4821-bf90-f4cfe4259e58 tempest-VolumesTestJSON-275135245 tempest-VolumesTestJSON-275135245-project] http://10.222.0.71/volume/v3/62e6a7cbc32b4fafaf1fa81bf9812e60/volumes/0a2dbe3e-41fc-4ed8-a2c8-e5fc59fd696b returned with HTTP 200
Nov 15 15:13:13.879760 dv-cinder-810457-4-iscsi devstack@c-api.service[109191]: [pid: 109191|app: 0|req: 14/27] 10.222.0.71 () {58 vars in 1324 bytes} [Mon Nov 15 15:13:13 2021] GET /volume/v3/62e6a7cbc32b4fafaf1fa81bf9812e60/volumes/0a2dbe3e-41fc-4ed8-a2c8-e5fc59fd696b => generated 897 bytes in 87 msecs (HTTP/1.1 200) 7 headers in 285 bytes (1 switches on core 0)
Nov 15 15:13:14.204885 dv-cinder-810457-4-iscsi devstack@c-api.service[109192]: INFO cinder.volume.api [req-ceb993cc-7856-40a2-a20e-7d2e4a25ee53 req-504cb1e8-2fad-4830-81c6-491d6f6267b4 tempest-VolumesSnapshotsTestJSON-1395729387 tempest-VolumesSnapshotsTestJSON-1395729387-project] Snapshot create request issued successfully.
Nov 15 15:13:14.207444 dv-cinder-810457-4-iscsi devstack@c-api.service[109192]: INFO cinder.api.openstack.wsgi [req-ceb993cc-7856-40a2-a20e-7d2e4a25ee53 req-504cb1e8-2fad-4830-81c6-491d6f6267b4 tempest-VolumesSnapshotsTestJSON-1395729387 tempest-VolumesSnapshotsTestJSON-1395729387-project] http://10.222.0.71/volume/v3/796d415383734c0dbc890e832f1b4276/snapshots returned with HTTP 202
Nov 15 15:13:14.208933 dv-cinder-810457-4-iscsi devstack@c-api.service[109192]: [pid: 109192|app: 0|req: 14/28] 10.222.0.71 () {64 vars in 1527 bytes} [Mon Nov 15 15:13:13 2021] POST /volume/v3/796d415383734c0dbc890e832f1b4276/snapshots => generated 311 bytes in 643 msecs (HTTP/1.1 202) 7 headers in 291 bytes (1 switches on core 0)
Nov 15 15:13:14.236754 dv-cinder-810457-4-iscsi devstack@c-api.service[109191]: INFO cinder.api.openstack.wsgi [req-421c6413-870a-4d99-b548-10e81300a715 req-9e942900-4f32-4f5c-b4d7-52b9df89d2d4 tempest-VolumesGetTestJSON-2033584522 tempest-VolumesGetTestJSON-2033584522-project] GET http://10.222.0.71/volume/v3/f3f4065cfd4f40e18f25293829c3be21/volumes/4cd2a1dc-76e4-4c02-b25a-d61da38df7b2
Nov 15 15:13:14.237640 dv-cinder-810457-4-iscsi devstack@c-api.service[109191]: DEBUG cinder.api.openstack.wsgi [req-421c6413-870a-4d99-b548-10e81300a715 req-9e942900-4f32-4f5c-b4d7-52b9df89d2d4 tempest-VolumesGetTestJSON-2033584522 tempest-VolumesGetTestJSON-2033584522-project] Empty body provided in request {{(pid=109191) get_body /opt/stack/cinder/cinder/api/openstack/wsgi.py:703}}
Nov 15 15:13:14.238878 dv-cinder-810457-4-iscsi devstack@c-api.service[109191]: /usr/local/lib/python3.8/dist-packages/webob/acceptparse.py:1047: DeprecationWarning: The behavior of AcceptValidHeader.best_match is currently being maintained for backward compatibility, but it will be deprecated in the future, as it does not conform to the RFC.
Nov 15 15:13:14.238878 dv-cinder-810457-4-iscsi devstack@c-api.service[109191]: warnings.warn(
Nov 15 15:13:14.239617 dv-cinder-810457-4-iscsi devstack@c-api.service[109191]: DEBUG cinder.api.openstack.wsgi [req-421c6413-870a-4d99-b548-10e81300a715 req-9e942900-4f32-4f5c-b4d7-52b9df89d2d4 tempest-VolumesGetTestJSON-2033584522 tempest-VolumesGetTestJSON-2033584522-project] Calling method 'show' {{(pid=109191) _process_stack /opt/stack/cinder/cinder/api/openstack/wsgi.py:856}}
Nov 15 15:13:14.268058 dv-cinder-810457-4-iscsi devstack@c-api.service[109191]: /usr/local/lib/python3.8/dist-packages/oslo_context/context.py:105: DeprecationWarning: Policy enforcement is depending on the value of is_admin. This key is deprecated. Please update your policy file to use the standard policy values.
Nov 15 15:13:14.268058 dv-cinder-810457-4-iscsi devstack@c-api.service[109191]: warnings.warn('Policy enforcement is depending on the value of '
Nov 15 15:13:14.277951 dv-cinder-810457-4-iscsi devstack@c-api.service[109191]: INFO cinder.volume.api [req-421c6413-870a-4d99-b548-10e81300a715 req-9e942900-4f32-4f5c-b4d7-52b9df89d2d4 tempest-VolumesGetTestJSON-2033584522 tempest-VolumesGetTestJSON-2033584522-project] Volume info retrieved successfully.
Nov 15 15:13:14.289603 dv-cinder-810457-4-iscsi devstack@c-api.service[109191]: INFO cinder.api.openstack.wsgi [req-421c6413-870a-4d99-b548-10e81300a715 req-9e942900-4f32-4f5c-b4d7-52b9df89d2d4 tempest-VolumesGetTestJSON-2033584522 tempest-VolumesGetTestJSON-2033584522-project] http://10.222.0.71/volume/v3/f3f4065cfd4f40e18f25293829c3be21/volumes/4cd2a1dc-76e4-4c02-b25a-d61da38df7b2 returned with HTTP 200
Nov 15 15:13:14.314027 dv-cinder-810457-4-iscsi devstack@c-api.service[109191]: [pid: 109191|app: 0|req: 15/29] 10.222.0.71 () {60 vars in 1578 bytes} [Mon Nov 15 15:13:14 2021] GET /volume/v3/f3f4065cfd4f40e18f25293829c3be21/volumes/4cd2a1dc-76e4-4c02-b25a-d61da38df7b2 => generated 925 bytes in 82 msecs (HTTP/1.1 200) 7 headers in 285 bytes (1 switches on core 0)
Nov 15 15:13:14.329533 dv-cinder-810457-4-iscsi devstack@c-api.service[109192]: INFO cinder.api.openstack.wsgi [req-619bdd80-e2ed-4284-8565-71cbbc77d8bd req-d69b6645-855f-46ff-840e-348b33bdd30d tempest-VolumesSnapshotsTestJSON-1395729387 tempest-VolumesSnapshotsTestJSON-1395729387-project] GET http://10.222.0.71/volume/v3/796d415383734c0dbc890e832f1b4276/snapshots/62872868-bda3-477e-96d7-e7d397b73aee
Nov 15 15:13:14.330363 dv-cinder-810457-4-iscsi devstack@c-api.service[109192]: DEBUG cinder.api.openstack.wsgi [req-619bdd80-e2ed-4284-8565-71cbbc77d8bd req-d69b6645-855f-46ff-840e-348b33bdd30d tempest-VolumesSnapshotsTestJSON-1395729387 tempest-VolumesSnapshotsTestJSON-1395729387-project] Empty body provided in request {{(pid=109192) get_body /opt/stack/cinder/cinder/api/openstack/wsgi.py:703}}
Nov 15 15:13:14.330768 dv-cinder-810457-4-iscsi devstack@c-api.service[109192]: /usr/local/lib/python3.8/dist-packages/webob/acceptparse.py:1047: DeprecationWarning: The behavior of AcceptValidHeader.best_match is currently being maintained for backward compatibility, but it will be deprecated in the future, as it does not conform to the RFC.
Nov 15 15:13:14.330768 dv-cinder-810457-4-iscsi devstack@c-api.service[109192]: warnings.warn(
Nov 15 15:13:14.331423 dv-cinder-810457-4-iscsi devstack@c-api.service[109192]: DEBUG cinder.api.openstack.wsgi [req-619bdd80-e2ed-4284-8565-71cbbc77d8bd req-d69b6645-855f-46ff-840e-348b33bdd30d tempest-VolumesSnapshotsTestJSON-1395729387 tempest-VolumesSnapshotsTestJSON-1395729387-project] Calling method 'show' {{(pid=109192) _process_stack /opt/stack/cinder/cinder/api/openstack/wsgi.py:856}}
Nov 15 15:13:14.345660 dv-cinder-810457-4-iscsi devstack@c-api.service[109192]: /usr/local/lib/python3.8/dist-packages/oslo_context/context.py:105: DeprecationWarning: Policy enforcement is depending on the value of is_admin. This key is deprecated. Please update your policy file to use the standard policy values.
Nov 15 15:13:14.345660 dv-cinder-810457-4-iscsi devstack@c-api.service[109192]: warnings.warn('Policy enforcement is depending on the value of '
Nov 15 15:13:14.347093 dv-cinder-810457-4-iscsi devstack@c-api.service[109192]: INFO cinder.volume.api [req-619bdd80-e2ed-4284-8565-71cbbc77d8bd req-d69b6645-855f-46ff-840e-348b33bdd30d tempest-VolumesSnapshotsTestJSON-1395729387 tempest-VolumesSnapshotsTestJSON-1395729387-project] Snapshot retrieved successfully.
Nov 15 15:13:14.350738 dv-cinder-810457-4-iscsi devstack@c-api.service[109192]: INFO cinder.api.openstack.wsgi [req-619bdd80-e2ed-4284-8565-71cbbc77d8bd req-d69b6645-855f-46ff-840e-348b33bdd30d tempest-VolumesSnapshotsTestJSON-1395729387 tempest-VolumesSnapshotsTestJSON-1395729387-project] http://10.222.0.71/volume/v3/796d415383734c0dbc890e832f1b4276/snapshots/62872868-bda3-477e-96d7-e7d397b73aee returned with HTTP 200
Nov 15 15:13:14.368630 dv-cinder-810457-4-iscsi devstack@c-api.service[109192]: [pid: 109192|app: 0|req: 15/30] 10.222.0.71 () {60 vars in 1584 bytes} [Mon Nov 15 15:13:14 2021] GET /volume/v3/796d415383734c0dbc890e832f1b4276/snapshots/62872868-bda3-477e-96d7-e7d397b73aee => generated 443 bytes in 41 msecs (HTTP/1.1 200) 7 headers in 285 bytes (2 switches on core 0)
Nov 15 15:13:14.377308 dv-cinder-810457-4-iscsi devstack@c-api.service[109191]: INFO cinder.api.openstack.wsgi [req-4f0b5cae-a470-4148-897f-4994e96ce7eb req-d8080dca-cb46-4d17-ada7-aab9e535b35b tempest-VolumesGetTestJSON-2033584522 tempest-VolumesGetTestJSON-2033584522-project] DELETE http://10.222.0.71/volume/v3/f3f4065cfd4f40e18f25293829c3be21/volumes/4cd2a1dc-76e4-4c02-b25a-d61da38df7b2
Nov 15 15:13:14.377813 dv-cinder-810457-4-iscsi devstack@c-api.service[109191]: DEBUG cinder.api.openstack.wsgi [req-4f0b5cae-a470-4148-897f-4994e96ce7eb req-d8080dca-cb46-4d17-ada7-aab9e535b35b tempest-VolumesGetTestJSON-2033584522 tempest-VolumesGetTestJSON-2033584522-project] Empty body provided in request {{(pid=109191) get_body /opt/stack/cinder/cinder/api/openstack/wsgi.py:703}}
Nov 15 15:13:14.378075 dv-cinder-810457-4-iscsi devstack@c-api.service[109191]: /usr/local/lib/python3.8/dist-packages/webob/acceptparse.py:1047: DeprecationWarning: The behavior of AcceptValidHeader.best_match is currently being maintained for backward compatibility, but it will be deprecated in the future, as it does not conform to the RFC.
Nov 15 15:13:14.378075 dv-cinder-810457-4-iscsi devstack@c-api.service[109191]: warnings.warn(
Nov 15 15:13:14.378543 dv-cinder-810457-4-iscsi devstack@c-api.service[109191]: DEBUG cinder.api.openstack.wsgi [req-4f0b5cae-a470-4148-897f-4994e96ce7eb req-d8080dca-cb46-4d17-ada7-aab9e535b35b tempest-VolumesGetTestJSON-2033584522 tempest-VolumesGetTestJSON-2033584522-project] Calling method 'delete' {{(pid=109191) _process_stack /opt/stack/cinder/cinder/api/openstack/wsgi.py:856}}
Nov 15 15:13:14.379593 dv-cinder-810457-4-iscsi devstack@c-api.service[109191]: INFO cinder.api.v3.volumes [req-4f0b5cae-a470-4148-897f-4994e96ce7eb req-d8080dca-cb46-4d17-ada7-aab9e535b35b tempest-VolumesGetTestJSON-2033584522 tempest-VolumesGetTestJSON-2033584522-project] Delete volume with id: 4cd2a1dc-76e4-4c02-b25a-d61da38df7b2
Nov 15 15:13:14.397032 dv-cinder-810457-4-iscsi devstack@c-api.service[109191]: /usr/local/lib/python3.8/dist-packages/oslo_context/context.py:105: DeprecationWarning: Policy enforcement is depending on the value of is_admin. This key is deprecated. Please update your policy file to use the standard policy values.
Nov 15 15:13:14.397032 dv-cinder-810457-4-iscsi devstack@c-api.service[109191]: warnings.warn('Policy enforcement is depending on the value of '
Nov 15 15:13:14.407673 dv-cinder-810457-4-iscsi devstack@c-api.service[109191]: INFO cinder.volume.api [req-4f0b5cae-a470-4148-897f-4994e96ce7eb req-d8080dca-cb46-4d17-ada7-aab9e535b35b tempest-VolumesGetTestJSON-2033584522 tempest-VolumesGetTestJSON-2033584522-project] Volume info retrieved successfully.
Nov 15 15:13:14.581425 dv-cinder-810457-4-iscsi devstack@c-api.service[109192]: INFO cinder.api.openstack.wsgi [None req-ae3f5225-6398-4048-b6fb-eff7fda53f72 tempest-VolumeRetypeWithoutMigrationTest-1280330066 tempest-VolumeRetypeWithoutMigrationTest-1280330066-project] GET http://10.222.0.71/volume/v3/fbe3fc161ff04a088f80ab62c8ef408b/volumes/b1ce72a9-fe8d-42ac-a734-bc9431117c02
Nov 15 15:13:14.581897 dv-cinder-810457-4-iscsi devstack@c-api.service[109192]: DEBUG cinder.api.openstack.wsgi [None req-ae3f5225-6398-4048-b6fb-eff7fda53f72 tempest-VolumeRetypeWithoutMigrationTest-1280330066 tempest-VolumeRetypeWithoutMigrationTest-1280330066-project] Empty body provided in request {{(pid=109192) get_body /opt/stack/cinder/cinder/api/openstack/wsgi.py:703}}
Nov 15 15:13:14.582066 dv-cinder-810457-4-iscsi devstack@c-api.service[109192]: /usr/local/lib/python3.8/dist-packages/webob/acceptparse.py:1047: DeprecationWarning: The behavior of AcceptValidHeader.best_match is currently being maintained for backward compatibility, but it will be deprecated in the future, as it does not conform to the RFC.
Nov 15 15:13:14.582066 dv-cinder-810457-4-iscsi devstack@c-api.service[109192]: warnings.warn(
Nov 15 15:13:14.582629 dv-cinder-810457-4-iscsi devstack@c-api.service[109192]: DEBUG cinder.api.openstack.wsgi [None req-ae3f5225-6398-4048-b6fb-eff7fda53f72 tempest-VolumeRetypeWithoutMigrationTest-1280330066 tempest-VolumeRetypeWithoutMigrationTest-1280330066-project] Calling method 'show' {{(pid=109192) _process_stack /opt/stack/cinder/cinder/api/openstack/wsgi.py:856}}
Nov 15 15:13:14.606479 dv-cinder-810457-4-iscsi devstack@c-api.service[109191]: INFO cinder.volume.api [req-4f0b5cae-a470-4148-897f-4994e96ce7eb req-d8080dca-cb46-4d17-ada7-aab9e535b35b tempest-VolumesGetTestJSON-2033584522 tempest-VolumesGetTestJSON-2033584522-project] Delete volume request issued successfully.
Nov 15 15:13:14.607039 dv-cinder-810457-4-iscsi devstack@c-api.service[109191]: INFO cinder.api.openstack.wsgi [req-4f0b5cae-a470-4148-897f-4994e96ce7eb req-d8080dca-cb46-4d17-ada7-aab9e535b35b tempest-VolumesGetTestJSON-2033584522 tempest-VolumesGetTestJSON-2033584522-project] http://10.222.0.71/volume/v3/f3f4065cfd4f40e18f25293829c3be21/volumes/4cd2a1dc-76e4-4c02-b25a-d61da38df7b2 returned with HTTP 202
Nov 15 15:13:14.608639 dv-cinder-810457-4-iscsi devstack@c-api.service[109191]: [pid: 109191|app: 0|req: 16/31] 10.222.0.71 () {62 vars in 1600 bytes} [Mon Nov 15 15:13:14 2021] DELETE /volume/v3/f3f4065cfd4f40e18f25293829c3be21/volumes/4cd2a1dc-76e4-4c02-b25a-d61da38df7b2 => generated 0 bytes in 236 msecs (HTTP/1.1 202) 6 headers in 233 bytes (1 switches on core 0)
Nov 15 15:13:14.631903 dv-cinder-810457-4-iscsi devstack@c-api.service[109192]: /usr/local/lib/python3.8/dist-packages/oslo_context/context.py:105: DeprecationWarning: Policy enforcement is depending on the value of is_admin. This key is deprecated. Please update your policy file to use the standard policy values.
Nov 15 15:13:14.631903 dv-cinder-810457-4-iscsi devstack@c-api.service[109192]: warnings.warn('Policy enforcement is depending on the value of '
Nov 15 15:13:14.646006 dv-cinder-810457-4-iscsi devstack@c-api.service[109192]: INFO cinder.volume.api [None req-ae3f5225-6398-4048-b6fb-eff7fda53f72 tempest-VolumeRetypeWithoutMigrationTest-1280330066 tempest-VolumeRetypeWithoutMigrationTest-1280330066-project] Volume info retrieved successfully.
Nov 15 15:13:14.653006 dv-cinder-810457-4-iscsi devstack@c-api.service[109191]: INFO cinder.api.openstack.wsgi [req-9f026c6a-d3fc-4925-8e96-f2b8f398d1d5 req-ec6a954b-3e83-44cd-8cf9-21fbdf6a874f tempest-VolumesSnapshotsTestJSON-1395729387 tempest-VolumesSnapshotsTestJSON-1395729387-project] GET http://10.222.0.71/volume/v3/796d415383734c0dbc890e832f1b4276/snapshots/detail
Nov 15 15:13:14.654142 dv-cinder-810457-4-iscsi devstack@c-api.service[109191]: DEBUG cinder.api.openstack.wsgi [req-9f026c6a-d3fc-4925-8e96-f2b8f398d1d5 req-ec6a954b-3e83-44cd-8cf9-21fbdf6a874f tempest-VolumesSnapshotsTestJSON-1395729387 tempest-VolumesSnapshotsTestJSON-1395729387-project] Empty body provided in request {{(pid=109191) get_body /opt/stack/cinder/cinder/api/openstack/wsgi.py:703}}
Nov 15 15:13:14.654933 dv-cinder-810457-4-iscsi devstack@c-api.service[109191]: /usr/local/lib/python3.8/dist-packages/webob/acceptparse.py:1047: DeprecationWarning: The behavior of AcceptValidHeader.best_match is currently being maintained for backward compatibility, but it will be deprecated in the future, as it does not conform to the RFC.
Nov 15 15:13:14.654933 dv-cinder-810457-4-iscsi devstack@c-api.service[109191]: warnings.warn(
Nov 15 15:13:14.656409 dv-cinder-810457-4-iscsi devstack@c-api.service[109191]: DEBUG cinder.api.openstack.wsgi [req-9f026c6a-d3fc-4925-8e96-f2b8f398d1d5 req-ec6a954b-3e83-44cd-8cf9-21fbdf6a874f tempest-VolumesSnapshotsTestJSON-1395729387 tempest-VolumesSnapshotsTestJSON-1395729387-project] Calling method 'detail' {{(pid=109191) _process_stack /opt/stack/cinder/cinder/api/openstack/wsgi.py:856}}
