Sep 23 10:27:22.157392 dv-cinder-810457-3-smb neutron-server[93993]: DEBUG neutron_lib.callbacks.manager [req-008920dc-095f-4f2f-bc4e-6854de817683 req-42a73b10-e24f-40d3-bf9a-8aefe46a9d86 tempest-ServerRescueNegativeTestJSON-2064442404 tempest-ServerRescueNegativeTestJSON-2064442404-project] Notify callbacks ['neutron.notifiers.nova.Notifier._send_nova_notification-511754', 'neutron.api.rpc.agentnotifiers.dhcp_rpc_agent_api.DhcpAgentNotifyAPI._send_dhcp_notification-538189'] for port, before_response {{(pid=93993) _notify_loop /usr/local/lib/python3.8/dist-packages/neutron_lib/callbacks/manager.py:192}}
Sep 23 10:27:22.157956 dv-cinder-810457-3-smb neutron-server[93994]: DEBUG neutron.plugins.ml2.rpc [None req-2f740194-668f-4acd-9a2d-f77355d1af90 None None] Device 5cb279c0-359c-4cd0-8c52-d85875729ed8 up at agent ovs-agent-dv-cinder-810457-3-smb {{(pid=93994) update_device_up /opt/stack/neutron/neutron/plugins/ml2/rpc.py:296}}
Sep 23 10:27:22.170969 dv-cinder-810457-3-smb neutron-server[93992]: INFO neutron.wsgi [req-64174774-f583-426d-9cc2-f2ea4da0909a req-355d595e-98b0-4db9-8df9-19a914edc64b tempest-AttachVolumeNegativeTest-980328874 tempest-AttachVolumeNegativeTest-980328874-project] 10.222.0.25 "GET /v2.0/security-groups?id=09a1102b-9890-40e7-9730-44cbf6ed441d&fields=id&fields=name HTTP/1.1" status: 200 len: 286 time: 0.3247173
Sep 23 10:27:22.262123 dv-cinder-810457-3-smb neutron-server[93993]: INFO neutron.wsgi [req-008920dc-095f-4f2f-bc4e-6854de817683 req-42a73b10-e24f-40d3-bf9a-8aefe46a9d86 tempest-ServerRescueNegativeTestJSON-2064442404 tempest-ServerRescueNegativeTestJSON-2064442404-project] 10.222.0.57 "POST /v2.0/ports HTTP/1.1" status: 201 len: 933 time: 1.5580790
Sep 23 10:27:22.274483 dv-cinder-810457-3-smb neutron-server[93992]: DEBUG neutron_lib.callbacks.manager [None req-e754349f-38c5-44b5-8362-47a9d36d0c7a tempest-AttachVolumeShelveTestJSON-1675124968 tempest-AttachVolumeShelveTestJSON-1675124968-project] Notify callbacks ['neutron.services.l3_router.l3_router_plugin.DVRResourceOperationHandler._create_dvr_floating_gw_port-530944'] for floatingip, after_create {{(pid=93992) _notify_loop /usr/local/lib/python3.8/dist-packages/neutron_lib/callbacks/manager.py:192}}
Sep 23 10:27:22.276402 dv-cinder-810457-3-smb neutron-server[93993]: DEBUG neutron.api.v2.base [req-008920dc-095f-4f2f-bc4e-6854de817683 req-2c4414c0-b40a-498a-b071-4d9442d8e347 service neutron] Request body: {'port': {'device_id': '5f859295-c572-4da7-b0e5-e95dbc90459d', 'device_owner': 'compute:nova', 'binding:host_id': 'hv-cinder-81045'}} {{(pid=93993) prepare_request_body /opt/stack/neutron/neutron/api/v2/base.py:730}}
Sep 23 10:27:22.285711 dv-cinder-810457-3-smb neutron-server[93994]: DEBUG neutron.db.provisioning_blocks [None req-2f740194-668f-4acd-9a2d-f77355d1af90 None None] Provisioning complete for port 5cb279c0-359c-4cd0-8c52-d85875729ed8 triggered by entity L2. {{(pid=93994) provisioning_complete /opt/stack/neutron/neutron/db/provisioning_blocks.py:139}}
Sep 23 10:27:22.286473 dv-cinder-810457-3-smb neutron-server[93994]: DEBUG neutron_lib.callbacks.manager [None req-2f740194-668f-4acd-9a2d-f77355d1af90 None None] Notify callbacks ['neutron.plugins.ml2.plugin.Ml2Plugin._port_provisioned-4110640'] for port, provisioning_complete {{(pid=93994) _notify_loop /usr/local/lib/python3.8/dist-packages/neutron_lib/callbacks/manager.py:192}}
Sep 23 10:27:22.316323 dv-cinder-810457-3-smb neutron-server[93993]: DEBUG neutron.wsgi [-] (93993) accepted ('10.222.0.25', 38378) {{(pid=93993) server /usr/local/lib/python3.8/dist-packages/eventlet/wsgi.py:982}}
Sep 23 10:27:22.331862 dv-cinder-810457-3-smb neutron-server[93992]: DEBUG neutron_lib.callbacks.manager [None req-e754349f-38c5-44b5-8362-47a9d36d0c7a tempest-AttachVolumeShelveTestJSON-1675124968 tempest-AttachVolumeShelveTestJSON-1675124968-project] Notify callbacks ['neutron.notifiers.nova.Notifier._send_nova_notification-511754'] for floatingip, before_response {{(pid=93992) _notify_loop /usr/local/lib/python3.8/dist-packages/neutron_lib/callbacks/manager.py:192}}
Sep 23 10:27:22.333164 dv-cinder-810457-3-smb neutron-server[93992]: INFO neutron.wsgi [None req-e754349f-38c5-44b5-8362-47a9d36d0c7a tempest-AttachVolumeShelveTestJSON-1675124968 tempest-AttachVolumeShelveTestJSON-1675124968-project] 10.222.0.25 "POST /v2.0/floatingips HTTP/1.1" status: 201 len: 693 time: 5.4758713
Sep 23 10:27:22.374483 dv-cinder-810457-3-smb neutron-server[93993]: DEBUG neutron_lib.callbacks.manager [None req-688b07c9-4a27-4c52-be39-59d70a7c3c66 admin admin] Notify callbacks [] for security_group, before_create {{(pid=93993) _notify_loop /usr/local/lib/python3.8/dist-packages/neutron_lib/callbacks/manager.py:192}}
Sep 23 10:27:22.390991 dv-cinder-810457-3-smb neutron-server[93992]: INFO neutron.wsgi [req-5e119c53-5790-4e8c-9582-de691f4ea524 req-e558c0ac-157b-4581-945c-c89b02e3927f service neutron] 10.222.0.57 "GET /v2.0/networks/0857d23f-921e-4386-b8d1-66fb6ffc986d?fields=segments HTTP/1.1" status: 200 len: 212 time: 0.6592553
Sep 23 10:27:22.391760 dv-cinder-810457-3-smb neutron-server[93992]: DEBUG neutron.api.rpc.handlers.resources_rpc [None req-e754349f-38c5-44b5-8362-47a9d36d0c7a tempest-AttachVolumeShelveTestJSON-1675124968 tempest-AttachVolumeShelveTestJSON-1675124968-project] Pushing event updated for resources: {'Port': ['ID=d42b89b3-d05d-47eb-9661-95065b2fef01,revision_number=2']} {{(pid=93992) push /opt/stack/neutron/neutron/api/rpc/handlers/resources_rpc.py:237}}
Sep 23 10:27:22.398198 dv-cinder-810457-3-smb neutron-server[93992]: INFO neutron.wsgi [req-4f086ced-8708-4f24-bfc9-1b94c9109f20 req-87ca4f09-3198-4fe3-a8c2-223d8cd3d703 service neutron] 10.222.0.25 "GET /v2.0/networks/acaf82e6-8afb-4061-9f96-394924149e8c?fields=segments HTTP/1.1" status: 200 len: 212 time: 0.6411159
Sep 23 10:27:22.409857 dv-cinder-810457-3-smb neutron-server[93993]: DEBUG neutron_lib.callbacks.manager [None req-77854a77-b1f6-4211-85c5-ec57f1bb9425 admin admin] Notify callbacks [] for security_group, before_create {{(pid=93993) _notify_loop /usr/local/lib/python3.8/dist-packages/neutron_lib/callbacks/manager.py:192}}
Sep 23 10:27:22.438697 dv-cinder-810457-3-smb neutron-server[93992]: DEBUG neutron.pecan_wsgi.hooks.policy_enforcement [req-6bd5538e-f38a-4572-a193-db8d8e3123de req-194520db-ff7b-403c-8bda-620c01b2d5ac service neutron] Attributes excluded by policy engine: ['standard_attr_id', 'shared'] {{(pid=93992) _exclude_attributes_by_policy /opt/stack/neutron/neutron/pecan_wsgi/hooks/policy_enforcement.py:255}}
Sep 23 10:27:22.440145 dv-cinder-810457-3-smb neutron-server[93992]: INFO neutron.wsgi [req-6bd5538e-f38a-4572-a193-db8d8e3123de req-194520db-ff7b-403c-8bda-620c01b2d5ac service neutron] 10.222.0.57 "GET /v2.0/subnets?id=f8837a23-99ac-4ebe-a98a-923cb7db5336 HTTP/1.1" status: 200 len: 855 time: 0.4129798
Sep 23 10:27:22.447007 dv-cinder-810457-3-smb neutron-server[93993]: DEBUG neutron_lib.callbacks.manager [None req-d0f36a2e-daaf-4f28-b58e-3b75d51a70dd admin admin] Notify callbacks ['neutron.plugins.ml2.ovo_rpc._ObjectChangeHandler.handle_event-560242', 'neutron.api.rpc.agentnotifiers.dhcp_rpc_agent_api.DhcpAgentNotifyAPI._native_event_send_dhcp_notification-539575'] for subnet, after_create {{(pid=93993) _notify_loop /usr/local/lib/python3.8/dist-packages/neutron_lib/callbacks/manager.py:192}}
Sep 23 10:27:22.487776 dv-cinder-810457-3-smb neutron-server[93992]: DEBUG neutron.pecan_wsgi.hooks.policy_enforcement [req-e388ce6e-4a4b-49e6-960b-62eef4eef782 req-a4a178a6-08dd-461c-809a-86c90131427d tempest-DeleteServersTestJSON-2097162372 tempest-DeleteServersTestJSON-2097162372-project] Attributes excluded by policy engine: ['standard_attr_id', 'binding:profile', 'binding:host_id', 'binding:vif_type', 'binding:vif_details'] {{(pid=93992) _exclude_attributes_by_policy /opt/stack/neutron/neutron/pecan_wsgi/hooks/policy_enforcement.py:255}}
Sep 23 10:27:22.489226 dv-cinder-810457-3-smb neutron-server[93992]: INFO neutron.wsgi [req-e388ce6e-4a4b-49e6-960b-62eef4eef782 req-a4a178a6-08dd-461c-809a-86c90131427d tempest-DeleteServersTestJSON-2097162372 tempest-DeleteServersTestJSON-2097162372-project] 10.222.0.25 "GET /v2.0/ports?device_id=8992a8ae-212f-497c-8150-0e80388b9a7b HTTP/1.1" status: 200 len: 944 time: 0.2241130
Sep 23 10:27:22.502449 dv-cinder-810457-3-smb neutron-server[93993]: DEBUG neutron_lib.callbacks.manager [req-008920dc-095f-4f2f-bc4e-6854de817683 req-2c4414c0-b40a-498a-b071-4d9442d8e347 service neutron] Notify callbacks ['neutron.plugins.ml2.plugin.SecurityGroupDbMixin._ensure_default_security_group_handler-4119020'] for port, before_update {{(pid=93993) _notify_loop /usr/local/lib/python3.8/dist-packages/neutron_lib/callbacks/manager.py:192}}
Sep 23 10:27:22.514713 dv-cinder-810457-3-smb neutron-server[93992]: INFO neutron.wsgi [req-6bd5538e-f38a-4572-a193-db8d8e3123de req-a12c5706-9fb1-4595-b2c8-0f7fdd7e466c service neutron] 10.222.0.57 "GET /v2.0/ports?network_id=abc89065-e285-4e5d-9f34-1f9ded1bcbc9&device_owner=network%3Adhcp HTTP/1.1" status: 200 len: 210 time: 0.0611703
Sep 23 10:27:22.522027 dv-cinder-810457-3-smb neutron-server[93993]: DEBUG neutron_lib.db.api [None req-77854a77-b1f6-4211-85c5-ec57f1bb9425 admin admin] Retry wrapper got retriable exception: (pymysql.err.OperationalError) (1213, 'Deadlock found when trying to get lock; try restarting transaction')
Sep 23 10:27:22.522027 dv-cinder-810457-3-smb neutron-server[93993]: [SQL: DELETE FROM reservations WHERE reservations.project_id = %(project_id_1)s AND reservations.expiration < %(expiration_1)s]
Sep 23 10:27:22.522027 dv-cinder-810457-3-smb neutron-server[93993]: [parameters: {'project_id_1': 'c74d88e74dc046c591dca76bf35e9e01', 'expiration_1': datetime.datetime(2021, 9, 23, 10, 27, 2, 490982)}]
Sep 23 10:27:22.522027 dv-cinder-810457-3-smb neutron-server[93993]: (Background on this error at: https://sqlalche.me/e/14/e3q8) {{(pid=93993) wrapped /usr/local/lib/python3.8/dist-packages/neutron_lib/db/api.py:183}}
Sep 23 10:27:22.522419 dv-cinder-810457-3-smb neutron-server[93993]: DEBUG oslo_db.api [None req-77854a77-b1f6-4211-85c5-ec57f1bb9425 admin admin] Performing DB retry for function neutron.db.securitygroups_db.SecurityGroupDbMixin.create_security_group {{(pid=93993) wrapper /usr/local/lib/python3.8/dist-packages/oslo_db/api.py:155}}
Sep 23 10:27:22.543061 dv-cinder-810457-3-smb neutron-server[93993]: DEBUG neutron.api.rpc.handlers.resources_rpc [None req-d0f36a2e-daaf-4f28-b58e-3b75d51a70dd admin admin] Pushing event updated for resources: {'Subnet': ['ID=89e2f15d-3ee7-44ff-a2dd-2b623f853ed4,revision_number=0']} {{(pid=93993) push /opt/stack/neutron/neutron/api/rpc/handlers/resources_rpc.py:237}}
Sep 23 10:27:22.647797 dv-cinder-810457-3-smb neutron-server[93993]: DEBUG neutron.wsgi [-] (93993) accepted ('10.222.0.57', 64586) {{(pid=93993) server /usr/local/lib/python3.8/dist-packages/eventlet/wsgi.py:982}}
Sep 23 10:27:22.716292 dv-cinder-810457-3-smb neutron-server[93993]: DEBUG neutron.plugins.ml2.drivers.mech_agent [None req-d0f36a2e-daaf-4f28-b58e-3b75d51a70dd admin admin] Checking segment: {'id': '9c573f4b-17ae-447d-8f69-299137ed84ef', 'network_type': 'vlan', 'physical_network': 'physnet1', 'segmentation_id': 630, 'network_id': 'd24abfc3-b20a-40ca-880b-9ea8b5bd8dba'} for mappings: {'physnet1': 'br-data'} with network types: ['local', 'flat', 'vlan'] {{(pid=93993) check_segment_for_agent /opt/stack/neutron/neutron/plugins/ml2/drivers/mech_agent.py:358}}
Sep 23 10:27:22.716647 dv-cinder-810457-3-smb neutron-server[93993]: DEBUG neutron.scheduler.dhcp_agent_scheduler [None req-d0f36a2e-daaf-4f28-b58e-3b75d51a70dd admin admin] Network hostable DHCP agents. Network: d24abfc3-b20a-40ca-880b-9ea8b5bd8dba, hostable agents: ['633efde7-aaa3-4a2e-a23c-d58d20cbaea5'], hosted agents: [] {{(pid=93993) _get_network_hostable_dhcp_agents /opt/stack/neutron/neutron/scheduler/dhcp_agent_scheduler.py:329}}
Sep 23 10:27:22.878731 dv-cinder-810457-3-smb neutron-server[93992]: INFO neutron.wsgi [req-e388ce6e-4a4b-49e6-960b-62eef4eef782 req-a8642a44-af74-4e5d-8001-d188dedc2a92 tempest-DeleteServersTestJSON-2097162372 tempest-DeleteServersTestJSON-2097162372-project] 10.222.0.25 "GET /v2.0/security-groups?id=be2f76de-ff55-4a2a-9004-47985e5f7acd&fields=id&fields=name HTTP/1.1" status: 200 len: 286 time: 0.3676383
Sep 23 10:27:22.879591 dv-cinder-810457-3-smb neutron-server[93993]: DEBUG neutron.scheduler.dhcp_agent_scheduler [None req-d0f36a2e-daaf-4f28-b58e-3b75d51a70dd admin admin] Network d24abfc3-b20a-40ca-880b-9ea8b5bd8dba is scheduled to be hosted by DHCP agent 633efde7-aaa3-4a2e-a23c-d58d20cbaea5 with binding_index 1 {{(pid=93993) bind /opt/stack/neutron/neutron/scheduler/dhcp_agent_scheduler.py:227}}
Sep 23 10:27:22.880576 dv-cinder-810457-3-smb neutron-server[93992]: INFO neutron.wsgi [req-4f086ced-8708-4f24-bfc9-1b94c9109f20 req-38e66607-df6f-4b72-b788-389cf1a7afc0 service neutron] 10.222.0.25 "GET /v2.0/networks/acaf82e6-8afb-4061-9f96-394924149e8c?fields=provider%3Aphysical_network&fields=provider%3Anetwork_type HTTP/1.1" status: 200 len: 281 time: 0.4666135
Sep 23 10:27:22.893097 dv-cinder-810457-3-smb neutron-server[93992]: INFO neutron.wsgi [req-5e119c53-5790-4e8c-9582-de691f4ea524 req-76d601ef-d017-4271-ba1b-23674e64377e service neutron] 10.222.0.57 "GET /v2.0/networks/0857d23f-921e-4386-b8d1-66fb6ffc986d?fields=provider%3Aphysical_network&fields=provider%3Anetwork_type HTTP/1.1" status: 200 len: 281 time: 0.4890025
Sep 23 10:27:22.915903 dv-cinder-810457-3-smb neutron-server[93993]: DEBUG neutron.scheduler.base_scheduler [None req-d0f36a2e-daaf-4f28-b58e-3b75d51a70dd admin admin] Resources bound (agent type, host, resource id): (DHCP agent, dv-cinder-810457-3-smb, d24abfc3-b20a-40ca-880b-9ea8b5bd8dba) {{(pid=93993) schedule /opt/stack/neutron/neutron/scheduler/base_scheduler.py:57}}
Sep 23 10:27:22.924974 dv-cinder-810457-3-smb neutron-server[93994]: DEBUG neutron.api.rpc.handlers.dhcp_rpc [None req-69a34b92-6204-4c90-89ad-0c03ebf127f6 None None] Network d24abfc3-b20a-40ca-880b-9ea8b5bd8dba requested from dv-cinder-810457-3-smb {{(pid=93994) get_network_info /opt/stack/neutron/neutron/api/rpc/handlers/dhcp_rpc.py:218}}
Sep 23 10:27:22.948223 dv-cinder-810457-3-smb neutron-server[93993]: DEBUG neutron_lib.callbacks.manager [None req-688b07c9-4a27-4c52-be39-59d70a7c3c66 admin admin] Notify callbacks [] for security_group, precommit_create {{(pid=93993) _notify_loop /usr/local/lib/python3.8/dist-packages/neutron_lib/callbacks/manager.py:192}}
Sep 23 10:27:22.955113 dv-cinder-810457-3-smb neutron-server[93992]: INFO neutron.wsgi [req-6bd5538e-f38a-4572-a193-db8d8e3123de req-1358dc61-b207-40da-bf73-e3ae43464091 service neutron] 10.222.0.57 "GET /v2.0/networks/abc89065-e285-4e5d-9f34-1f9ded1bcbc9?fields=segments HTTP/1.1" status: 200 len: 212 time: 0.4088876
Sep 23 10:27:22.975131 dv-cinder-810457-3-smb neutron-server[93993]: DEBUG neutron.pecan_wsgi.hooks.policy_enforcement [None req-d0f36a2e-daaf-4f28-b58e-3b75d51a70dd admin admin] Attributes excluded by policy engine: ['standard_attr_id', 'shared', 'network'] {{(pid=93993) _exclude_attributes_by_policy /opt/stack/neutron/neutron/pecan_wsgi/hooks/policy_enforcement.py:255}}
Sep 23 10:27:22.975718 dv-cinder-810457-3-smb neutron-server[93993]: DEBUG neutron_lib.callbacks.manager [None req-d0f36a2e-daaf-4f28-b58e-3b75d51a70dd admin admin] Notify callbacks ['neutron.api.rpc.agentnotifiers.dhcp_rpc_agent_api.DhcpAgentNotifyAPI._send_dhcp_notification-538189'] for subnet, before_response {{(pid=93993) _notify_loop /usr/local/lib/python3.8/dist-packages/neutron_lib/callbacks/manager.py:192}}
Sep 23 10:27:22.989720 dv-cinder-810457-3-smb neutron-server[93993]: DEBUG neutron_lib.callbacks.manager [None req-688b07c9-4a27-4c52-be39-59d70a7c3c66 admin admin] Notify callbacks ['neutron.plugins.ml2.ovo_rpc._ObjectChangeHandler.handle_event-563935'] for security_group, after_create {{(pid=93993) _notify_loop /usr/local/lib/python3.8/dist-packages/neutron_lib/callbacks/manager.py:192}}
Sep 23 10:27:22.999075 dv-cinder-810457-3-smb neutron-server[93993]: DEBUG neutron.pecan_wsgi.hooks.policy_enforcement [req-5126d146-1bfd-46a4-92f5-7c036034a0f0 req-59a26ce5-e801-4dbb-a1f8-61724800ea00 tempest-ServerRescueNegativeTestJSON-2064442404 tempest-ServerRescueNegativeTestJSON-2064442404-project] Attributes excluded by policy engine: ['standard_attr_id', 'vlan_transparent', 'provider:network_type', 'provider:physical_network', 'provider:segmentation_id'] {{(pid=93993) _exclude_attributes_by_policy /opt/stack/neutron/neutron/pecan_wsgi/hooks/policy_enforcement.py:255}}
Sep 23 10:27:23.000559 dv-cinder-810457-3-smb neutron-server[93993]: INFO neutron.wsgi [req-5126d146-1bfd-46a4-92f5-7c036034a0f0 req-59a26ce5-e801-4dbb-a1f8-61724800ea00 tempest-ServerRescueNegativeTestJSON-2064442404 tempest-ServerRescueNegativeTestJSON-2064442404-project] 10.222.0.57 "GET /v2.0/networks?id=3118c9ad-94c3-48d1-83d9-27f910cce5a6 HTTP/1.1" status: 200 len: 818 time: 0.3499017
Sep 23 10:27:23.018589 dv-cinder-810457-3-smb neutron-server[93993]: INFO neutron.wsgi [None req-d0f36a2e-daaf-4f28-b58e-3b75d51a70dd admin admin] 10.222.0.25 "POST /v2.0/subnets HTTP/1.1" status: 201 len: 861 time: 1.2139554
Sep 23 10:27:23.027906 dv-cinder-810457-3-smb neutron-server[93993]: DEBUG neutron.api.v2.base [req-5126d146-1bfd-46a4-92f5-7c036034a0f0 req-b1a5f941-d337-454f-bac6-1b6932eb7455 tempest-ServerRescueNegativeTestJSON-2064442404 tempest-ServerRescueNegativeTestJSON-2064442404-project] Request body: {'port': {'device_id': '42c7217d-4ab6-4996-8308-351d1b019b40', 'network_id': '3118c9ad-94c3-48d1-83d9-27f910cce5a6', 'admin_state_up': True, 'tenant_id': '841eda5e4bee493385c4945154b6d051'}} {{(pid=93993) prepare_request_body /opt/stack/neutron/neutron/api/v2/base.py:730}}
Sep 23 10:27:23.186074 dv-cinder-810457-3-smb neutron-server[93993]: DEBUG neutron_lib.callbacks.manager [None req-77854a77-b1f6-4211-85c5-ec57f1bb9425 admin admin] Notify callbacks [] for security_group, before_create {{(pid=93993) _notify_loop /usr/local/lib/python3.8/dist-packages/neutron_lib/callbacks/manager.py:192}}
Sep 23 10:27:23.202502 dv-cinder-810457-3-smb neutron-server[93994]: DEBUG neutron.api.rpc.handlers.dhcp_rpc [None req-029e19f0-b413-4355-af6d-e03afdb77cc9 None None] Network d24abfc3-b20a-40ca-880b-9ea8b5bd8dba requested from dv-cinder-810457-3-smb {{(pid=93994) get_network_info /opt/stack/neutron/neutron/api/rpc/handlers/dhcp_rpc.py:218}}
Sep 23 10:27:23.224494 dv-cinder-810457-3-smb neutron-server[93992]: INFO neutron.wsgi [req-f926c02c-0506-4117-a58e-5c6d29b02205 req-56e7134f-ad0c-48e8-86f8-34092e40fa9f tempest-ServerRescueNegativeTestJSON-2064442404 tempest-ServerRescueNegativeTestJSON-2064442404-project] 10.222.0.25 "GET /v2.0/ports?device_id=42c7217d-4ab6-4996-8308-351d1b019b40 HTTP/1.1" status: 200 len: 210 time: 0.0779088
Sep 23 10:27:23.263139 dv-cinder-810457-3-smb neutron-server[93993]: DEBUG neutron.api.rpc.handlers.resources_rpc [None req-688b07c9-4a27-4c52-be39-59d70a7c3c66 admin admin] Pushing event updated for resources: {'SecurityGroup': ['ID=1608838c-aaa0-4ad2-a1a1-8036c6826f6d,revision_number=1']} {{(pid=93993) push /opt/stack/neutron/neutron/api/rpc/handlers/resources_rpc.py:237}}
Sep 23 10:27:23.273809 dv-cinder-810457-3-smb neutron-server[93993]: INFO neutron.wsgi [None req-688b07c9-4a27-4c52-be39-59d70a7c3c66 admin admin] 10.222.0.25 "GET /v2.0/security-groups?tenant_id=fa11d049ade74e74b0f6dbab212004c3&name=default HTTP/1.1" status: 200 len: 2979 time: 0.9414463
Sep 23 10:27:23.304324 dv-cinder-810457-3-smb neutron-server[93992]: DEBUG novaclient.v2.client [-] RESP: [200] Connection: close Content-Length: 179 Content-Type: application/json Date: Thu, 23 Sep 2021 10:27:21 GMT OpenStack-API-Version: compute 2.1 Server: Apache/2.4.41 (Ubuntu) Vary: OpenStack-API-Version,X-OpenStack-Nova-API-Version X-OpenStack-Nova-API-Version: 2.1 x-compute-request-id: req-988ad48c-6336-4705-8ded-06bbc96475d4 x-openstack-request-id: req-988ad48c-6336-4705-8ded-06bbc96475d4 {{(pid=93992) _http_log_response /usr/local/lib/python3.8/dist-packages/keystoneauth1/session.py:550}}
Sep 23 10:27:23.304324 dv-cinder-810457-3-smb neutron-server[93992]: DEBUG novaclient.v2.client [-] RESP BODY: {"events": [{"name": "network-changed", "server_uuid": "8992a8ae-212f-497c-8150-0e80388b9a7b", "tag": "86d8f7ab-3f56-4dd8-99ec-922af4c48c6b", "status": "completed", "code": 200}]} {{(pid=93992) _http_log_response /usr/local/lib/python3.8/dist-packages/keystoneauth1/session.py:582}}
Sep 23 10:27:23.304324 dv-cinder-810457-3-smb neutron-server[93992]: DEBUG novaclient.v2.client [-] POST call to compute for http://10.222.0.25/compute/v2.1/os-server-external-events used request id req-988ad48c-6336-4705-8ded-06bbc96475d4 {{(pid=93992) request /usr/local/lib/python3.8/dist-packages/keystoneauth1/session.py:954}}
Sep 23 10:27:23.304656 dv-cinder-810457-3-smb neutron-server[93992]: INFO neutron.notifiers.nova [-] Nova event response: {'name': 'network-changed', 'server_uuid': '8992a8ae-212f-497c-8150-0e80388b9a7b', 'tag': '86d8f7ab-3f56-4dd8-99ec-922af4c48c6b', 'status': 'completed', 'code': 200}
Sep 23 10:27:23.306173 dv-cinder-810457-3-smb neutron-server[93992]: DEBUG neutron.wsgi [-] (93992) accepted ('10.222.0.25', 38396) {{(pid=93992) server /usr/local/lib/python3.8/dist-packages/eventlet/wsgi.py:982}}
Sep 23 10:27:23.306696 dv-cinder-810457-3-smb neutron-server[93992]: DEBUG neutron.wsgi [-] (93992) accepted ('10.222.0.25', 38398) {{(pid=93992) server /usr/local/lib/python3.8/dist-packages/eventlet/wsgi.py:982}}
Sep 23 10:27:23.444195 dv-cinder-810457-3-smb neutron-server[93992]: INFO neutron.wsgi [req-6bd5538e-f38a-4572-a193-db8d8e3123de req-286d6187-3a24-4558-9981-79dbbe3c1cbe service neutron] 10.222.0.57 "GET /v2.0/networks/abc89065-e285-4e5d-9f34-1f9ded1bcbc9?fields=provider%3Aphysical_network&fields=provider%3Anetwork_type HTTP/1.1" status: 200 len: 281 time: 0.4804726
Sep 23 10:27:23.464230 dv-cinder-810457-3-smb neutron-server[93993]: DEBUG neutron.notifiers.nova [req-008920dc-095f-4f2f-bc4e-6854de817683 req-2c4414c0-b40a-498a-b071-4d9442d8e347 service neutron] Ignoring state change previous_port_status: DOWN current_port_status: DOWN port_id b2fd8764-7da1-4627-91c1-2e8e7ab9b7c7 {{(pid=93993) record_port_status_changed /opt/stack/neutron/neutron/notifiers/nova.py:224}}
Sep 23 10:27:23.478433 dv-cinder-810457-3-smb neutron-server[93993]: DEBUG neutron_lib.callbacks.manager [req-008920dc-095f-4f2f-bc4e-6854de817683 req-2c4414c0-b40a-498a-b071-4d9442d8e347 service neutron] Notify callbacks [] for port, precommit_update {{(pid=93993) _notify_loop /usr/local/lib/python3.8/dist-packages/neutron_lib/callbacks/manager.py:192}}
Sep 23 10:27:23.507662 dv-cinder-810457-3-smb neutron-server[93993]: DEBUG neutron.db.provisioning_blocks [req-008920dc-095f-4f2f-bc4e-6854de817683 req-2c4414c0-b40a-498a-b071-4d9442d8e347 service neutron] Transition to ACTIVE for port object b2fd8764-7da1-4627-91c1-2e8e7ab9b7c7 will not be triggered until provisioned by entity L2. {{(pid=93993) add_provisioning_component /opt/stack/neutron/neutron/db/provisioning_blocks.py:73}}
Sep 23 10:27:23.508073 dv-cinder-810457-3-smb neutron-server[93992]: DEBUG neutron.db.db_base_plugin_v2 [None req-588e04d2-5d80-423b-8ce1-5eb520a33e27 admin admin] Deleting subnet dcef8b3f-5826-4f7b-9b87-02846654715b {{(pid=93992) delete_subnet /opt/stack/neutron/neutron/db/db_base_plugin_v2.py:1056}}
Sep 23 10:27:23.514787 dv-cinder-810457-3-smb neutron-server[93993]: DEBUG neutron_lib.callbacks.manager [req-008920dc-095f-4f2f-bc4e-6854de817683 req-2c4414c0-b40a-498a-b071-4d9442d8e347 service neutron] Notify callbacks ['neutron.plugins.ml2.plugin.SecurityGroupServerNotifierRpcMixin._notify_sg_on_port_change-4118959', 'neutron.plugins.ml2.ovo_rpc._ObjectChangeHandler.handle_event-437830', 'neutron.api.rpc.agentnotifiers.dhcp_rpc_agent_api.DhcpAgentNotifyAPI._native_event_send_dhcp_notification-539575', 'neutron.db.l3_db.L3RpcNotifierMixin._notify_gateway_port_ip_changed-8759742923780', 'neutron.db.l3_dvrscheduler_db._notify_l3_agent_port_update-8759742341313', 'neutron.db.l3_hascheduler_db._notify_l3_agent_ha_port_update-8759742341331'] for port, after_update {{(pid=93993) _notify_loop /usr/local/lib/python3.8/dist-packages/neutron_lib/callbacks/manager.py:192}}
Sep 23 10:27:23.525783 dv-cinder-810457-3-smb neutron-server[93992]: DEBUG neutron_lib.callbacks.manager [None req-588e04d2-5d80-423b-8ce1-5eb520a33e27 admin admin] Notify callbacks [] for subnet, before_delete {{(pid=93992) _notify_loop /usr/local/lib/python3.8/dist-packages/neutron_lib/callbacks/manager.py:192}}
Sep 23 10:27:23.569679 dv-cinder-810457-3-smb neutron-server[93992]: INFO neutron.wsgi [req-b137f43b-0d23-494a-8f1c-635347f25204 req-e5d7df5b-b32c-4a44-bac9-f05b2adeffb3 tempest-AttachVolumeShelveTestJSON-1675124968 tempest-AttachVolumeShelveTestJSON-1675124968-project] 10.222.0.25 "GET /v2.0/security-groups?name=tempest-securitygroup--850843901&fields=id&tenant_id=282834e0e49b44949abc704847f2e0f2 HTTP/1.1" status: 200 len: 267 time: 0.1549377
Sep 23 10:27:23.576237 dv-cinder-810457-3-smb neutron-server[93992]: DEBUG neutron.pecan_wsgi.hooks.policy_enforcement [req-b027f15e-4941-4757-be23-410e2c969a55 req-28e4df47-8b18-4c32-97b0-bc1072c42583 service neutron] Attributes excluded by policy engine: ['standard_attr_id'] {{(pid=93992) _exclude_attributes_by_policy /opt/stack/neutron/neutron/pecan_wsgi/hooks/policy_enforcement.py:255}}
Sep 23 10:27:23.577732 dv-cinder-810457-3-smb neutron-server[93992]: INFO neutron.wsgi [req-b027f15e-4941-4757-be23-410e2c969a55 req-28e4df47-8b18-4c32-97b0-bc1072c42583 service neutron] 10.222.0.57 "GET /v2.0/ports?tenant_id=3b4008b7fc4143fba26b76d3d4850664&device_id=8992a8ae-212f-497c-8150-0e80388b9a7b HTTP/1.1" status: 200 len: 1097 time: 0.2723393
Sep 23 10:27:23.581808 dv-cinder-810457-3-smb neutron-server[93993]: DEBUG neutron_lib.callbacks.manager [None req-77854a77-b1f6-4211-85c5-ec57f1bb9425 admin admin] Notify callbacks [] for security_group, precommit_create {{(pid=93993) _notify_loop /usr/local/lib/python3.8/dist-packages/neutron_lib/callbacks/manager.py:192}}
Sep 23 10:27:23.620517 dv-cinder-810457-3-smb neutron-server[93992]: DEBUG neutron.pecan_wsgi.hooks.policy_enforcement [req-4d0fda8a-85d9-40af-9a12-6c8dbb94b49f req-65e986a7-301e-4969-872f-07819e40ba1d tempest-AttachVolumeNegativeTest-980328874 tempest-AttachVolumeNegativeTest-980328874-project] Attributes excluded by policy engine: ['standard_attr_id', 'binding:profile', 'binding:host_id', 'binding:vif_type', 'binding:vif_details'] {{(pid=93992) _exclude_attributes_by_policy /opt/stack/neutron/neutron/pecan_wsgi/hooks/policy_enforcement.py:255}}
Sep 23 10:27:23.622053 dv-cinder-810457-3-smb neutron-server[93992]: INFO neutron.wsgi [req-4d0fda8a-85d9-40af-9a12-6c8dbb94b49f req-65e986a7-301e-4969-872f-07819e40ba1d tempest-AttachVolumeNegativeTest-980328874 tempest-AttachVolumeNegativeTest-980328874-project] 10.222.0.25 "GET /v2.0/ports?device_id=78c0f826-df72-4163-94c7-86b831927e86 HTTP/1.1" status: 200 len: 944 time: 0.2085538
Sep 23 10:27:23.624247 dv-cinder-810457-3-smb neutron-server[93992]: DEBUG neutron_lib.callbacks.manager [None req-588e04d2-5d80-423b-8ce1-5eb520a33e27 admin admin] Notify callbacks [] for subnet, precommit_delete_associations {{(pid=93992) _notify_loop /usr/local/lib/python3.8/dist-packages/neutron_lib/callbacks/manager.py:192}}
Sep 23 10:27:23.630914 dv-cinder-810457-3-smb neutron-server[93993]: DEBUG neutron.api.rpc.handlers.resources_rpc [None req-2c4414c0-b40a-498a-b071-4d9442d8e347 service neutron] Pushing event updated for resources: {'Port': ['ID=b2fd8764-7da1-4627-91c1-2e8e7ab9b7c7,revision_number=2']} {{(pid=93993) push /opt/stack/neutron/neutron/api/rpc/handlers/resources_rpc.py:237}}
Sep 23 10:27:23.635104 dv-cinder-810457-3-smb neutron-server[93992]: DEBUG neutron_lib.callbacks.manager [None req-01db4d50-0bd3-4299-b702-285906dd13e1 admin admin] Notify callbacks [] for security_group, before_delete {{(pid=93992) _notify_loop /usr/local/lib/python3.8/dist-packages/neutron_lib/callbacks/manager.py:192}}
Sep 23 10:27:23.670588 dv-cinder-810457-3-smb neutron-server[93993]: DEBUG neutron_lib.callbacks.manager [None req-77854a77-b1f6-4211-85c5-ec57f1bb9425 admin admin] Notify callbacks ['neutron.plugins.ml2.ovo_rpc._ObjectChangeHandler.handle_event-563935'] for security_group, after_create {{(pid=93993) _notify_loop /usr/local/lib/python3.8/dist-packages/neutron_lib/callbacks/manager.py:192}}
Sep 23 10:27:23.679948 dv-cinder-810457-3-smb neutron-server[93992]: DEBUG neutron_lib.callbacks.manager [None req-588e04d2-5d80-423b-8ce1-5eb520a33e27 admin admin] Notify callbacks ['neutron.plugins.ml2.plugin.Ml2Plugin._subnet_delete_precommit_handler-4105308'] for subnet, precommit_delete {{(pid=93992) _notify_loop /usr/local/lib/python3.8/dist-packages/neutron_lib/callbacks/manager.py:192}}
Sep 23 10:27:23.691060 dv-cinder-810457-3-smb neutron-server[93993]: DEBUG neutron.pecan_wsgi.hooks.quota_enforcement [req-5126d146-1bfd-46a4-92f5-7c036034a0f0 req-b1a5f941-d337-454f-bac6-1b6932eb7455 tempest-ServerRescueNegativeTestJSON-2064442404 tempest-ServerRescueNegativeTestJSON-2064442404-project] Made reservation on behalf of 841eda5e4bee493385c4945154b6d051 for: {'port': 1} {{(pid=93993) before /opt/stack/neutron/neutron/pecan_wsgi/hooks/quota_enforcement.py:53}}
Sep 23 10:27:23.694777 dv-cinder-810457-3-smb neutron-server[93993]: DEBUG neutron_lib.callbacks.manager [req-5126d146-1bfd-46a4-92f5-7c036034a0f0 req-b1a5f941-d337-454f-bac6-1b6932eb7455 tempest-ServerRescueNegativeTestJSON-2064442404 tempest-ServerRescueNegativeTestJSON-2064442404-project] Notify callbacks ['neutron.plugins.ml2.plugin.SecurityGroupDbMixin._ensure_default_security_group_handler-4119020'] for port, before_create {{(pid=93993) _notify_loop /usr/local/lib/python3.8/dist-packages/neutron_lib/callbacks/manager.py:192}}
Sep 23 10:27:23.745534 dv-cinder-810457-3-smb neutron-server[93993]: DEBUG neutron.plugins.ml2.managers [req-008920dc-095f-4f2f-bc4e-6854de817683 req-2c4414c0-b40a-498a-b071-4d9442d8e347 service neutron] Attempting to bind port b2fd8764-7da1-4627-91c1-2e8e7ab9b7c7 on host hv-cinder-81045 for vnic_type normal with profile {{(pid=93993) bind_port /opt/stack/neutron/neutron/plugins/ml2/managers.py:790}}
Sep 23 10:27:23.745922 dv-cinder-810457-3-smb neutron-server[93993]: DEBUG neutron.plugins.ml2.managers [req-008920dc-095f-4f2f-bc4e-6854de817683 req-2c4414c0-b40a-498a-b071-4d9442d8e347 service neutron] Attempting to bind port b2fd8764-7da1-4627-91c1-2e8e7ab9b7c7 by drivers openvswitch,hyperv on host hv-cinder-81045 at level 0 using segments [{'id': '93477997-e396-4f29-8ba6-d71d17bfe994', 'network_type': 'vlan', 'physical_network': 'physnet1', 'segmentation_id': 644, 'network_id': '3118c9ad-94c3-48d1-83d9-27f910cce5a6'}] {{(pid=93993) _bind_port_level /opt/stack/neutron/neutron/plugins/ml2/managers.py:815}}
Sep 23 10:27:23.746267 dv-cinder-810457-3-smb neutron-server[93993]: DEBUG neutron.plugins.ml2.drivers.mech_agent [req-008920dc-095f-4f2f-bc4e-6854de817683 req-2c4414c0-b40a-498a-b071-4d9442d8e347 service neutron] Attempting to bind port b2fd8764-7da1-4627-91c1-2e8e7ab9b7c7 on network 3118c9ad-94c3-48d1-83d9-27f910cce5a6 {{(pid=93993) bind_port /opt/stack/neutron/neutron/plugins/ml2/drivers/mech_agent.py:91}}
Sep 23 10:27:23.763402 dv-cinder-810457-3-smb neutron-server[93993]: DEBUG neutron.plugins.ml2.drivers.mech_agent [req-008920dc-095f-4f2f-bc4e-6854de817683 req-2c4414c0-b40a-498a-b071-4d9442d8e347 service neutron] Port b2fd8764-7da1-4627-91c1-2e8e7ab9b7c7 on network 3118c9ad-94c3-48d1-83d9-27f910cce5a6 not bound, no agent of type Open vSwitch agent registered on host hv-cinder-81045 {{(pid=93993) bind_port /opt/stack/neutron/neutron/plugins/ml2/drivers/mech_agent.py:103}}
Sep 23 10:27:23.763775 dv-cinder-810457-3-smb neutron-server[93993]: DEBUG neutron.plugins.ml2.drivers.mech_agent [req-008920dc-095f-4f2f-bc4e-6854de817683 req-2c4414c0-b40a-498a-b071-4d9442d8e347 service neutron] Attempting to bind port b2fd8764-7da1-4627-91c1-2e8e7ab9b7c7 on network 3118c9ad-94c3-48d1-83d9-27f910cce5a6 {{(pid=93993) bind_port /opt/stack/neutron/neutron/plugins/ml2/drivers/mech_agent.py:91}}
Sep 23 10:27:23.803870 dv-cinder-810457-3-smb neutron-server[93993]: INFO neutron.wsgi [None req-77854a77-b1f6-4211-85c5-ec57f1bb9425 admin admin] 10.222.0.25 "GET /v2.0/security-groups?tenant_id=c74d88e74dc046c591dca76bf35e9e01&name=default HTTP/1.1" status: 200 len: 2979 time: 1.7244637
Sep 23 10:27:23.808639 dv-cinder-810457-3-smb neutron-server[93993]: DEBUG neutron.plugins.ml2.drivers.mech_agent [req-008920dc-095f-4f2f-bc4e-6854de817683 req-2c4414c0-b40a-498a-b071-4d9442d8e347 service neutron] Checking agent: {'id': '7ac9cc6c-2521-4aac-a394-bea877836c0e', 'agent_type': 'HyperV agent', 'binary': 'neutron-hyperv-agent', 'topic': 'N/A', 'host': 'hv-cinder-81045', 'admin_state_up': True, 'created_at': datetime.datetime(2021, 9, 23, 10, 25, 3), 'started_at': datetime.datetime(2021, 9, 23, 10, 25, 3), 'heartbeat_timestamp': datetime.datetime(2021, 9, 23, 10, 27, 3), 'description': None, 'resources_synced': None, 'availability_zone': None, 'alive': True, 'configurations': {'vswitch_mappings': {'physnet1$': 'br-data'}}, 'resource_versions': {}} {{(pid=93993) bind_port /opt/stack/neutron/neutron/plugins/ml2/drivers/mech_agent.py:110}}
Sep 23 10:27:23.809009 dv-cinder-810457-3-smb neutron-server[93993]: DEBUG neutron.plugins.ml2.drivers.mech_agent [req-008920dc-095f-4f2f-bc4e-6854de817683 req-2c4414c0-b40a-498a-b071-4d9442d8e347 service neutron] Checking segment: {'id': '93477997-e396-4f29-8ba6-d71d17bfe994', 'network_type': 'vlan', 'physical_network': 'physnet1', 'segmentation_id': 644, 'network_id': '3118c9ad-94c3-48d1-83d9-27f910cce5a6'} for mappings: {'physnet1$': 'br-data'} with network types: ['local', 'flat', 'vlan'] {{(pid=93993) check_segment_for_agent /opt/stack/neutron/neutron/plugins/ml2/drivers/mech_agent.py:358}}
Sep 23 10:27:23.809123 dv-cinder-810457-3-smb neutron-server[93992]: DEBUG neutron.wsgi [-] (93992) accepted ('10.222.0.25', 38414) {{(pid=93992) server /usr/local/lib/python3.8/dist-packages/eventlet/wsgi.py:982}}
Sep 23 10:27:23.809605 dv-cinder-810457-3-smb neutron-server[93993]: DEBUG neutron.plugins.ml2.drivers.mech_agent [req-008920dc-095f-4f2f-bc4e-6854de817683 req-2c4414c0-b40a-498a-b071-4d9442d8e347 service neutron] Bound using segment: {'id': '93477997-e396-4f29-8ba6-d71d17bfe994', 'network_type': 'vlan', 'physical_network': 'physnet1', 'segmentation_id': 644, 'network_id': '3118c9ad-94c3-48d1-83d9-27f910cce5a6'} {{(pid=93993) bind_port /opt/stack/neutron/neutron/plugins/ml2/drivers/mech_agent.py:120}}
Sep 23 10:27:23.810092 dv-cinder-810457-3-smb neutron-server[93993]: DEBUG neutron.plugins.ml2.managers [req-008920dc-095f-4f2f-bc4e-6854de817683 req-2c4414c0-b40a-498a-b071-4d9442d8e347 service neutron] Bound port: b2fd8764-7da1-4627-91c1-2e8e7ab9b7c7, host: hv-cinder-81045, vif_type: hyperv, vif_details: {"connectivity": "legacy", "port_filter": false}, binding_levels: [{'bound_driver': 'hyperv', 'bound_segment': {'id': '93477997-e396-4f29-8ba6-d71d17bfe994', 'network_type': 'vlan', 'physical_network': 'physnet1', 'segmentation_id': 644, 'network_id': '3118c9ad-94c3-48d1-83d9-27f910cce5a6'}}] {{(pid=93993) _bind_port_level /opt/stack/neutron/neutron/plugins/ml2/managers.py:928}}
Sep 23 10:27:23.810463 dv-cinder-810457-3-smb neutron-server[93993]: DEBUG neutron_lib.callbacks.manager [req-008920dc-095f-4f2f-bc4e-6854de817683 req-2c4414c0-b40a-498a-b071-4d9442d8e347 service neutron] Notify callbacks ['neutron.plugins.ml2.plugin.SecurityGroupDbMixin._ensure_default_security_group_handler-4119020'] for port, before_update {{(pid=93993) _notify_loop /usr/local/lib/python3.8/dist-packages/neutron_lib/callbacks/manager.py:192}}
Sep 23 10:27:23.812348 dv-cinder-810457-3-smb neutron-server[93993]: DEBUG neutron.api.rpc.handlers.resources_rpc [None req-77854a77-b1f6-4211-85c5-ec57f1bb9425 admin admin] Pushing event updated for resources: {'SecurityGroup': ['ID=92e32d86-7c2b-417c-8584-2dcd7e9a8f72,revision_number=1']} {{(pid=93993) push /opt/stack/neutron/neutron/api/rpc/handlers/resources_rpc.py:237}}
Sep 23 10:27:23.825743 dv-cinder-810457-3-smb neutron-server[93992]: DEBUG neutron_lib.callbacks.manager [None req-01db4d50-0bd3-4299-b702-285906dd13e1 admin admin] Notify callbacks [] for security_group, precommit_delete {{(pid=93992) _notify_loop /usr/local/lib/python3.8/dist-packages/neutron_lib/callbacks/manager.py:192}}
Sep 23 10:27:23.913900 dv-cinder-810457-3-smb neutron-server[93992]: INFO neutron.wsgi [req-4d0fda8a-85d9-40af-9a12-6c8dbb94b49f req-4014a0ed-a24b-4654-892b-1f2d505825f0 tempest-AttachVolumeNegativeTest-980328874 tempest-AttachVolumeNegativeTest-980328874-project] 10.222.0.25 "GET /v2.0/security-groups?id=09a1102b-9890-40e7-9730-44cbf6ed441d&fields=id&fields=name HTTP/1.1" status: 200 len: 286 time: 0.2764609
Sep 23 10:27:23.949453 dv-cinder-810457-3-smb neutron-server[93993]: DEBUG neutron.db.db_base_plugin_common [req-5126d146-1bfd-46a4-92f5-7c036034a0f0 req-b1a5f941-d337-454f-bac6-1b6932eb7455 tempest-ServerRescueNegativeTestJSON-2064442404 tempest-ServerRescueNegativeTestJSON-2064442404-project] Allocated IP 172.20.0.12 (3118c9ad-94c3-48d1-83d9-27f910cce5a6/7e3409c8-8a58-451f-bdd6-40dd892505bf/b395d98e-f12f-46cd-9d2a-10021b6fcc04) {{(pid=93993) _store_ip_allocation /opt/stack/neutron/neutron/db/db_base_plugin_common.py:131}}
Sep 23 10:27:23.955966 dv-cinder-810457-3-smb neutron-server[93993]: DEBUG neutron.plugins.ml2.db [req-008920dc-095f-4f2f-bc4e-6854de817683 req-2c4414c0-b40a-498a-b071-4d9442d8e347 service neutron] For port b2fd8764-7da1-4627-91c1-2e8e7ab9b7c7, host hv-cinder-81045, cleared binding levels {{(pid=93993) clear_binding_levels /opt/stack/neutron/neutron/plugins/ml2/db.py:87}}
Sep 23 10:27:23.961919 dv-cinder-810457-3-smb neutron-server[93993]: DEBUG neutron.plugins.ml2.db [req-008920dc-095f-4f2f-bc4e-6854de817683 req-2c4414c0-b40a-498a-b071-4d9442d8e347 service neutron] For port b2fd8764-7da1-4627-91c1-2e8e7ab9b7c7, host hv-cinder-81045, set binding levels [PortBindingLevel(driver='hyperv',host='hv-cinder-81045',level=0,port_id=b2fd8764-7da1-4627-91c1-2e8e7ab9b7c7,segment=NetworkSegment(93477997-e396-4f29-8ba6-d71d17bfe994),segment_id=93477997-e396-4f29-8ba6-d71d17bfe994)] {{(pid=93993) set_binding_levels /opt/stack/neutron/neutron/plugins/ml2/db.py:59}}
Sep 23 10:27:23.970717 dv-cinder-810457-3-smb neutron-server[93993]: DEBUG neutron_lib.callbacks.manager [req-008920dc-095f-4f2f-bc4e-6854de817683 req-2c4414c0-b40a-498a-b071-4d9442d8e347 service neutron] Notify callbacks ['neutron.plugins.ml2.plugin.SecurityGroupServerNotifierRpcMixin._notify_sg_on_port_change-4118959', 'neutron.plugins.ml2.ovo_rpc._ObjectChangeHandler.handle_event-437830', 'neutron.api.rpc.agentnotifiers.dhcp_rpc_agent_api.DhcpAgentNotifyAPI._native_event_send_dhcp_notification-539575', 'neutron.db.l3_db.L3RpcNotifierMixin._notify_gateway_port_ip_changed-8759742923780', 'neutron.db.l3_dvrscheduler_db._notify_l3_agent_port_update-8759742341313', 'neutron.db.l3_hascheduler_db._notify_l3_agent_ha_port_update-8759742341331'] for port, after_update {{(pid=93993) _notify_loop /usr/local/lib/python3.8/dist-packages/neutron_lib/callbacks/manager.py:192}}
Sep 23 10:27:24.020463 dv-cinder-810457-3-smb neutron-server[93992]: DEBUG neutron_lib.callbacks.manager [None req-588e04d2-5d80-423b-8ce1-5eb520a33e27 admin admin] Notify callbacks ['neutron.plugins.ml2.plugin.Ml2Plugin._subnet_delete_after_delete_handler-4105301', 'neutron.plugins.ml2.ovo_rpc._ObjectChangeHandler.handle_event-560242', 'neutron.api.rpc.agentnotifiers.dhcp_rpc_agent_api.DhcpAgentNotifyAPI._native_event_send_dhcp_notification-539575'] for subnet, after_delete {{(pid=93992) _notify_loop /usr/local/lib/python3.8/dist-packages/neutron_lib/callbacks/manager.py:192}}
Sep 23 10:27:24.035408 dv-cinder-810457-3-smb neutron-server[93992]: DEBUG neutron.pecan_wsgi.hooks.policy_enforcement [req-b027f15e-4941-4757-be23-410e2c969a55 req-5d3332fd-a5df-4cb5-9738-4378cd180859 service neutron] Attributes excluded by policy engine: ['standard_attr_id', 'vlan_transparent'] {{(pid=93992) _exclude_attributes_by_policy /opt/stack/neutron/neutron/pecan_wsgi/hooks/policy_enforcement.py:255}}
Sep 23 10:27:24.036937 dv-cinder-810457-3-smb neutron-server[93992]: INFO neutron.wsgi [req-b027f15e-4941-4757-be23-410e2c969a55 req-5d3332fd-a5df-4cb5-9738-4378cd180859 service neutron] 10.222.0.57 "GET /v2.0/networks?id=0857d23f-921e-4386-b8d1-66fb6ffc986d HTTP/1.1" status: 200 len: 913 time: 0.4432611
Sep 23 10:27:24.054373 dv-cinder-810457-3-smb neutron-server[93993]: DEBUG neutron.pecan_wsgi.hooks.policy_enforcement [req-008920dc-095f-4f2f-bc4e-6854de817683 req-2c4414c0-b40a-498a-b071-4d9442d8e347 service neutron] Attributes excluded by policy engine: ['standard_attr_id'] {{(pid=93993) _exclude_attributes_by_policy /opt/stack/neutron/neutron/pecan_wsgi/hooks/policy_enforcement.py:255}}
Sep 23 10:27:24.055527 dv-cinder-810457-3-smb neutron-server[93993]: DEBUG neutron_lib.callbacks.manager [req-008920dc-095f-4f2f-bc4e-6854de817683 req-2c4414c0-b40a-498a-b071-4d9442d8e347 service neutron] Notify callbacks ['neutron.notifiers.nova.Notifier._send_nova_notification-511754', 'neutron.api.rpc.agentnotifiers.dhcp_rpc_agent_api.DhcpAgentNotifyAPI._send_dhcp_notification-538189'] for port, before_response {{(pid=93993) _notify_loop /usr/local/lib/python3.8/dist-packages/neutron_lib/callbacks/manager.py:192}}
Sep 23 10:27:24.056699 dv-cinder-810457-3-smb neutron-server[93993]: INFO neutron.wsgi [req-008920dc-095f-4f2f-bc4e-6854de817683 req-2c4414c0-b40a-498a-b071-4d9442d8e347 service neutron] 10.222.0.57 "PUT /v2.0/ports/b2fd8764-7da1-4627-91c1-2e8e7ab9b7c7 HTTP/1.1" status: 200 len: 1093 time: 1.7853394
Sep 23 10:27:24.057135 dv-cinder-810457-3-smb neutron-server[93993]: DEBUG neutron.notifiers.nova [-] Sending events: [{'name': 'network-changed', 'server_uuid': '5f859295-c572-4da7-b0e5-e95dbc90459d', 'tag': 'b2fd8764-7da1-4627-91c1-2e8e7ab9b7c7'}] {{(pid=93993) send_events /opt/stack/neutron/neutron/notifiers/nova.py:262}}
Sep 23 10:27:24.069605 dv-cinder-810457-3-smb neutron-server[93992]: DEBUG neutron.pecan_wsgi.hooks.policy_enforcement [req-b137f43b-0d23-494a-8f1c-635347f25204 req-7aa86e8b-8a57-40bf-a18a-3eab982f6dc5 tempest-AttachVolumeShelveTestJSON-1675124968 tempest-AttachVolumeShelveTestJSON-1675124968-project] Attributes excluded by policy engine: ['standard_attr_id', 'vlan_transparent', 'provider:network_type', 'provider:physical_network', 'provider:segmentation_id'] {{(pid=93992) _exclude_attributes_by_policy /opt/stack/neutron/neutron/pecan_wsgi/hooks/policy_enforcement.py:255}}
Sep 23 10:27:24.072042 dv-cinder-810457-3-smb neutron-server[93992]: INFO neutron.wsgi [req-b137f43b-0d23-494a-8f1c-635347f25204 req-7aa86e8b-8a57-40bf-a18a-3eab982f6dc5 tempest-AttachVolumeShelveTestJSON-1675124968 tempest-AttachVolumeShelveTestJSON-1675124968-project] 10.222.0.25 "GET /v2.0/networks?id=918e1fc8-fce6-4cb0-bf98-f2715128e346 HTTP/1.1" status: 200 len: 817 time: 0.4815526
Sep 23 10:27:24.154061 dv-cinder-810457-3-smb neutron-server[93992]: INFO neutron.wsgi [req-fd0bec8c-5c06-41a5-b5e4-9345dd598ba3 req-da91c940-0af0-4c90-931e-803a55f2a6c9 tempest-AttachVolumeTestJSON-924971598 tempest-AttachVolumeTestJSON-924971598-project] 10.222.0.25 "GET /v2.0/ports?device_id=47d5c8f7-4cbc-49e5-9b5b-65600daf4617 HTTP/1.1" status: 200 len: 210 time: 0.1402586
Sep 23 10:27:24.157154 dv-cinder-810457-3-smb neutron-server[93992]: DEBUG neutron.api.rpc.handlers.resources_rpc [None req-588e04d2-5d80-423b-8ce1-5eb520a33e27 admin admin] Pushing event deleted for resources: {'Subnet': ['ID=dcef8b3f-5826-4f7b-9b87-02846654715b,revision_number=None']} {{(pid=93992) push /opt/stack/neutron/neutron/api/rpc/handlers/resources_rpc.py:237}}
Sep 23 10:27:24.161690 dv-cinder-810457-3-smb neutron-server[93992]: DEBUG neutron_lib.callbacks.manager [None req-588e04d2-5d80-423b-8ce1-5eb520a33e27 admin admin] Notify callbacks ['neutron.api.rpc.agentnotifiers.dhcp_rpc_agent_api.DhcpAgentNotifyAPI._send_dhcp_notification-538189'] for subnet, before_response {{(pid=93992) _notify_loop /usr/local/lib/python3.8/dist-packages/neutron_lib/callbacks/manager.py:192}}
Sep 23 10:27:24.166842 dv-cinder-810457-3-smb neutron-server[93992]: INFO neutron.wsgi [None req-588e04d2-5d80-423b-8ce1-5eb520a33e27 admin admin] 10.222.0.25 "DELETE /v2.0/subnets/dcef8b3f-5826-4f7b-9b87-02846654715b HTTP/1.1" status: 204 len: 168 time: 0.8551683
Sep 23 10:27:24.174376 dv-cinder-810457-3-smb neutron-server[93992]: INFO neutron.wsgi [req-b027f15e-4941-4757-be23-410e2c969a55 req-3038380b-765f-4982-94fd-bf704b2a8d77 service neutron] 10.222.0.57 "GET /v2.0/floatingips?fixed_ip_address=172.20.0.13&port_id=86d8f7ab-3f56-4dd8-99ec-922af4c48c6b HTTP/1.1" status: 200 len: 217 time: 0.1009786
Sep 23 10:27:24.175430 dv-cinder-810457-3-smb neutron-server[93992]: DEBUG neutron.wsgi [-] (93992) accepted ('10.222.0.25', 38422) {{(pid=93992) server /usr/local/lib/python3.8/dist-packages/eventlet/wsgi.py:982}}
Sep 23 10:27:24.204452 dv-cinder-810457-3-smb neutron-server[93993]: DEBUG neutron.api.rpc.handlers.resources_rpc [None req-2c4414c0-b40a-498a-b071-4d9442d8e347 service neutron] Pushing event updated for resources: {'Port': ['ID=b2fd8764-7da1-4627-91c1-2e8e7ab9b7c7,revision_number=3']} {{(pid=93993) push /opt/stack/neutron/neutron/api/rpc/handlers/resources_rpc.py:237}}
Sep 23 10:27:24.218735 dv-cinder-810457-3-smb neutron-server[93992]: DEBUG neutron_lib.callbacks.manager [None req-01db4d50-0bd3-4299-b702-285906dd13e1 admin admin] Notify callbacks ['neutron.plugins.ml2.ovo_rpc._ObjectChangeHandler.handle_event-563935'] for security_group, after_delete {{(pid=93992) _notify_loop /usr/local/lib/python3.8/dist-packages/neutron_lib/callbacks/manager.py:192}}
Sep 23 10:27:24.221644 dv-cinder-810457-3-smb neutron-server[93992]: DEBUG neutron_lib.callbacks.manager [None req-01db4d50-0bd3-4299-b702-285906dd13e1 admin admin] Notify callbacks [] for security_group, before_response {{(pid=93992) _notify_loop /usr/local/lib/python3.8/dist-packages/neutron_lib/callbacks/manager.py:192}}
Sep 23 10:27:24.225777 dv-cinder-810457-3-smb neutron-server[93992]: INFO neutron.wsgi [None req-01db4d50-0bd3-4299-b702-285906dd13e1 admin admin] 10.222.0.25 "DELETE /v2.0/security-groups/1608838c-aaa0-4ad2-a1a1-8036c6826f6d HTTP/1.1" status: 204 len: 168 time: 0.9181595
Sep 23 10:27:24.248157 dv-cinder-810457-3-smb neutron-server[93992]: INFO neutron.wsgi [req-b137f43b-0d23-494a-8f1c-635347f25204 req-7ce5be6f-8d05-4540-b0ea-84289a325a47 tempest-AttachVolumeShelveTestJSON-1675124968 tempest-AttachVolumeShelveTestJSON-1675124968-project] 10.222.0.25 "GET /v2.0/quotas/282834e0e49b44949abc704847f2e0f2 HTTP/1.1" status: 200 len: 375 time: 0.0969863
Sep 23 10:27:24.275348 dv-cinder-810457-3-smb neutron-server[93992]: DEBUG neutron_lib.callbacks.manager [None req-f4c319a4-1202-44e2-bddc-8025d16ff0f6 admin admin] Notify callbacks [] for security_group, before_delete {{(pid=93992) _notify_loop /usr/local/lib/python3.8/dist-packages/neutron_lib/callbacks/manager.py:192}}
Sep 23 10:27:24.289125 dv-cinder-810457-3-smb neutron-server[93993]: DEBUG neutron.pecan_wsgi.hooks.policy_enforcement [req-008920dc-095f-4f2f-bc4e-6854de817683 req-3d68c96e-e3c4-483d-9435-ff58a4fe5813 service neutron] Attributes excluded by policy engine: ['standard_attr_id'] {{(pid=93993) _exclude_attributes_by_policy /opt/stack/neutron/neutron/pecan_wsgi/hooks/policy_enforcement.py:255}}
Sep 23 10:27:24.291261 dv-cinder-810457-3-smb neutron-server[93993]: INFO neutron.wsgi [req-008920dc-095f-4f2f-bc4e-6854de817683 req-3d68c96e-e3c4-483d-9435-ff58a4fe5813 service neutron] 10.222.0.57 "GET /v2.0/ports?tenant_id=841eda5e4bee493385c4945154b6d051&device_id=5f859295-c572-4da7-b0e5-e95dbc90459d HTTP/1.1" status: 200 len: 1096 time: 0.1591220
Sep 23 10:27:24.355663 dv-cinder-810457-3-smb neutron-server[93992]: DEBUG neutron.api.rpc.handlers.resources_rpc [None req-01db4d50-0bd3-4299-b702-285906dd13e1 admin admin] Pushing event deleted for resources: {'SecurityGroup': ['ID=1608838c-aaa0-4ad2-a1a1-8036c6826f6d,revision_number=None']} {{(pid=93992) push /opt/stack/neutron/neutron/api/rpc/handlers/resources_rpc.py:237}}
Sep 23 10:27:24.382000 dv-cinder-810457-3-smb neutron-server[93993]: DEBUG novaclient.v2.client [-] REQ: curl -g -i --cacert "/opt/stack/data/ca-bundle.pem" -X POST http://10.222.0.25/compute/v2.1/os-server-external-events -H "Accept: application/json" -H "Content-Type: application/json" -H "User-Agent: python-novaclient" -H "X-Auth-Token: {SHA256}7a4d4d90d1a8958a00e14f6f574285e696a6a663c42575652c15d4aaaf1db66a" -H "X-OpenStack-Nova-API-Version: 2.1" -H "X-OpenStack-Request-ID: req-4b83a29b-828f-406e-b8a2-90a408b707b8" -d '{"events": [{"name": "network-changed", "server_uuid": "5f859295-c572-4da7-b0e5-e95dbc90459d", "tag": "b2fd8764-7da1-4627-91c1-2e8e7ab9b7c7"}]}' {{(pid=93993) _http_log_request /usr/local/lib/python3.8/dist-packages/keystoneauth1/session.py:519}}
Sep 23 10:27:24.383805 dv-cinder-810457-3-smb neutron-server[93992]: DEBUG neutron_lib.callbacks.manager [None req-f4c319a4-1202-44e2-bddc-8025d16ff0f6 admin admin] Notify callbacks [] for security_group, precommit_delete {{(pid=93992) _notify_loop /usr/local/lib/python3.8/dist-packages/neutron_lib/callbacks/manager.py:192}}
Sep 23 10:27:24.389354 dv-cinder-810457-3-smb neutron-server[93993]: INFO neutron.wsgi [req-008920dc-095f-4f2f-bc4e-6854de817683 req-dc614934-6b43-42b5-a635-cafc7b907c55 service neutron] 10.222.0.57 "GET /v2.0/floatingips?fixed_ip_address=172.20.0.4&port_id=b2fd8764-7da1-4627-91c1-2e8e7ab9b7c7 HTTP/1.1" status: 200 len: 217 time: 0.0865061
