Jun 22 16:49:05.190956 dv-cinder-810457-10-smb devstack@c-api.service[123020]: /usr/local/lib/python3.8/dist-packages/oslo_context/context.py:100: DeprecationWarning: Policy enforcement is depending on the value of is_admin. This key is deprecated. Please update your policy file to use the standard policy values.
Jun 22 16:49:05.190956 dv-cinder-810457-10-smb devstack@c-api.service[123020]: warnings.warn('Policy enforcement is depending on the value of '
Jun 22 16:49:05.192465 dv-cinder-810457-10-smb devstack@c-api.service[123019]: /usr/local/lib/python3.8/dist-packages/oslo_context/context.py:100: DeprecationWarning: Policy enforcement is depending on the value of is_admin. This key is deprecated. Please update your policy file to use the standard policy values.
Jun 22 16:49:05.192465 dv-cinder-810457-10-smb devstack@c-api.service[123019]: warnings.warn('Policy enforcement is depending on the value of '
Jun 22 16:49:05.196535 dv-cinder-810457-10-smb devstack@c-api.service[123019]: DEBUG dbcounter [-] [123019] Writing DB stats cinder:SELECT=76,cinder:UPDATE=16,cinder:INSERT=8 {{(pid=123019) stat_writer /usr/local/lib/python3.8/dist-packages/dbcounter.py:114}}
Jun 22 16:49:05.218439 dv-cinder-810457-10-smb devstack@c-api.service[123019]: INFO cinder.volume.api [None req-50fb0f7f-f2dc-4e84-9abb-c5055a453e29 tempest-VolumeQuotasAdminTestJSON-1281516693 tempest-VolumeQuotasAdminTestJSON-1281516693-project] Volume info retrieved successfully.
Jun 22 16:49:05.231932 dv-cinder-810457-10-smb devstack@c-api.service[123020]: INFO cinder.api.openstack.wsgi [None req-3c0b5605-65a7-4d42-bd59-110cfb57a5bd tempest-SnapshotsActionsTest-1167000359 tempest-SnapshotsActionsTest-1167000359-project-admin] http://10.222.0.44/volume/v3/b38285e5325d4fe09c1d7ccc6c9ddecf/snapshots/6c6883a1-761f-4f38-9dde-4fcfe6adf968/action returned with HTTP 202
Jun 22 16:49:05.233852 dv-cinder-810457-10-smb devstack@c-api.service[123020]: [pid: 123020|app: 0|req: 169/300] 10.222.0.44 () {60 vars in 1372 bytes} [Wed Jun 22 16:49:05 2022] POST /volume/v3/b38285e5325d4fe09c1d7ccc6c9ddecf/snapshots/6c6883a1-761f-4f38-9dde-4fcfe6adf968/action => generated 0 bytes in 105 msecs (HTTP/1.1 202) 7 headers in 289 bytes (1 switches on core 0)
Jun 22 16:49:05.241539 dv-cinder-810457-10-smb devstack@c-api.service[123020]: DEBUG cinder.api.middleware.request_id [None req-f97b80c2-cf16-4b74-a775-84ba1388c046 None None] RequestId filter calling following filter/app {{(pid=123020) _context_setter /opt/stack/cinder/cinder/api/middleware/request_id.py:62}}
Jun 22 16:49:05.242591 dv-cinder-810457-10-smb devstack@c-api.service[123019]: INFO cinder.api.openstack.wsgi [None req-50fb0f7f-f2dc-4e84-9abb-c5055a453e29 tempest-VolumeQuotasAdminTestJSON-1281516693 tempest-VolumeQuotasAdminTestJSON-1281516693-project] http://10.222.0.44/volume/v3/d0e2924e320a43fa8b569954e637e55a/volumes/460717c9-d388-486e-a26b-8a5256f2b308 returned with HTTP 200
Jun 22 16:49:05.249694 dv-cinder-810457-10-smb devstack@c-api.service[123020]: INFO cinder.api.openstack.wsgi [None req-f97b80c2-cf16-4b74-a775-84ba1388c046 tempest-SnapshotsActionsTest-186982903 tempest-SnapshotsActionsTest-186982903-project] GET http://10.222.0.44/volume/v3/e4c50a7fda684dc68fc21f9306b73c9d/snapshots/6c6883a1-761f-4f38-9dde-4fcfe6adf968
Jun 22 16:49:05.251636 dv-cinder-810457-10-smb devstack@c-api.service[123020]: DEBUG cinder.api.openstack.wsgi [None req-f97b80c2-cf16-4b74-a775-84ba1388c046 tempest-SnapshotsActionsTest-186982903 tempest-SnapshotsActionsTest-186982903-project] Empty body provided in request {{(pid=123020) get_body /opt/stack/cinder/cinder/api/openstack/wsgi.py:715}}
Jun 22 16:49:05.251934 dv-cinder-810457-10-smb devstack@c-api.service[123019]: [pid: 123019|app: 0|req: 132/301] 10.222.0.44 () {58 vars in 1324 bytes} [Wed Jun 22 16:49:05 2022] GET /volume/v3/d0e2924e320a43fa8b569954e637e55a/volumes/460717c9-d388-486e-a26b-8a5256f2b308 => generated 893 bytes in 84 msecs (HTTP/1.1 200) 7 headers in 285 bytes (1 switches on core 0)
Jun 22 16:49:05.252772 dv-cinder-810457-10-smb devstack@c-api.service[123020]: DEBUG cinder.api.openstack.wsgi [None req-f97b80c2-cf16-4b74-a775-84ba1388c046 tempest-SnapshotsActionsTest-186982903 tempest-SnapshotsActionsTest-186982903-project] Calling method 'show' {{(pid=123020) _process_stack /opt/stack/cinder/cinder/api/openstack/wsgi.py:868}}
Jun 22 16:49:05.270329 dv-cinder-810457-10-smb devstack@c-api.service[123020]: /usr/local/lib/python3.8/dist-packages/oslo_context/context.py:100: DeprecationWarning: Policy enforcement is depending on the value of is_admin. This key is deprecated. Please update your policy file to use the standard policy values.
Jun 22 16:49:05.270329 dv-cinder-810457-10-smb devstack@c-api.service[123020]: warnings.warn('Policy enforcement is depending on the value of '
Jun 22 16:49:05.271880 dv-cinder-810457-10-smb devstack@c-api.service[123020]: INFO cinder.volume.api [None req-f97b80c2-cf16-4b74-a775-84ba1388c046 tempest-SnapshotsActionsTest-186982903 tempest-SnapshotsActionsTest-186982903-project] Snapshot retrieved successfully.
Jun 22 16:49:05.274092 dv-cinder-810457-10-smb devstack@c-api.service[123020]: INFO cinder.api.openstack.wsgi [None req-f97b80c2-cf16-4b74-a775-84ba1388c046 tempest-SnapshotsActionsTest-186982903 tempest-SnapshotsActionsTest-186982903-project] http://10.222.0.44/volume/v3/e4c50a7fda684dc68fc21f9306b73c9d/snapshots/6c6883a1-761f-4f38-9dde-4fcfe6adf968 returned with HTTP 200
Jun 22 16:49:05.275535 dv-cinder-810457-10-smb devstack@c-api.service[123020]: [pid: 123020|app: 0|req: 170/302] 10.222.0.44 () {58 vars in 1330 bytes} [Wed Jun 22 16:49:05 2022] GET /volume/v3/e4c50a7fda684dc68fc21f9306b73c9d/snapshots/6c6883a1-761f-4f38-9dde-4fcfe6adf968 => generated 532 bytes in 38 msecs (HTTP/1.1 200) 7 headers in 285 bytes (1 switches on core 0)
Jun 22 16:49:05.288251 dv-cinder-810457-10-smb devstack@c-api.service[123019]: DEBUG cinder.api.middleware.request_id [None req-918c8088-6fef-413d-9782-12468b11e921 None None] RequestId filter calling following filter/app {{(pid=123019) _context_setter /opt/stack/cinder/cinder/api/middleware/request_id.py:62}}
Jun 22 16:49:05.293081 dv-cinder-810457-10-smb devstack@c-api.service[123019]: INFO cinder.api.openstack.wsgi [None req-918c8088-6fef-413d-9782-12468b11e921 tempest-SnapshotsActionsTest-186982903 tempest-SnapshotsActionsTest-186982903-project] POST http://10.222.0.44/volume/v3/e4c50a7fda684dc68fc21f9306b73c9d/snapshots
Jun 22 16:49:05.293991 dv-cinder-810457-10-smb devstack@c-api.service[123019]: DEBUG cinder.api.openstack.wsgi [None req-918c8088-6fef-413d-9782-12468b11e921 tempest-SnapshotsActionsTest-186982903 tempest-SnapshotsActionsTest-186982903-project] Action: 'create', calling method: create, body: {"snapshot": {"volume_id": "cefb1b5f-c9e0-483d-ae15-100d58216af2", "name": "tempest-SnapshotsActionsTest-Snapshot-849567745"}} {{(pid=123019) _process_stack /opt/stack/cinder/cinder/api/openstack/wsgi.py:866}}
Jun 22 16:49:05.317183 dv-cinder-810457-10-smb devstack@c-api.service[123019]: /usr/local/lib/python3.8/dist-packages/oslo_context/context.py:100: DeprecationWarning: Policy enforcement is depending on the value of is_admin. This key is deprecated. Please update your policy file to use the standard policy values.
Jun 22 16:49:05.317183 dv-cinder-810457-10-smb devstack@c-api.service[123019]: warnings.warn('Policy enforcement is depending on the value of '
Jun 22 16:49:05.319164 dv-cinder-810457-10-smb devstack@c-api.service[123019]: INFO cinder.volume.api [None req-918c8088-6fef-413d-9782-12468b11e921 tempest-SnapshotsActionsTest-186982903 tempest-SnapshotsActionsTest-186982903-project] Volume info retrieved successfully.
Jun 22 16:49:05.319727 dv-cinder-810457-10-smb devstack@c-api.service[123019]: INFO cinder.api.v3.snapshots [None req-918c8088-6fef-413d-9782-12468b11e921 tempest-SnapshotsActionsTest-186982903 tempest-SnapshotsActionsTest-186982903-project] Create snapshot from volume cefb1b5f-c9e0-483d-ae15-100d58216af2
Jun 22 16:49:05.386071 dv-cinder-810457-10-smb devstack@c-api.service[123019]: DEBUG cinder.quota [None req-918c8088-6fef-413d-9782-12468b11e921 tempest-SnapshotsActionsTest-186982903 tempest-SnapshotsActionsTest-186982903-project] Created reservations ['95531a60-9a88-40e8-b471-7ff9747a1cb9', '5c3e3f1a-86f3-42f4-8f9f-b318c281e50a', '9054a859-938c-4bb7-927d-33c4a34579c5', 'db98bfc6-6c04-4b4c-9883-5d8a11aad423'] {{(pid=123019) reserve /opt/stack/cinder/cinder/quota.py:755}}
Jun 22 16:49:05.468798 dv-cinder-810457-10-smb devstack@c-api.service[123019]: INFO cinder.volume.api [None req-918c8088-6fef-413d-9782-12468b11e921 tempest-SnapshotsActionsTest-186982903 tempest-SnapshotsActionsTest-186982903-project] Snapshot create request issued successfully.
Jun 22 16:49:05.470118 dv-cinder-810457-10-smb devstack@c-api.service[123019]: INFO cinder.api.openstack.wsgi [None req-918c8088-6fef-413d-9782-12468b11e921 tempest-SnapshotsActionsTest-186982903 tempest-SnapshotsActionsTest-186982903-project] http://10.222.0.44/volume/v3/e4c50a7fda684dc68fc21f9306b73c9d/snapshots returned with HTTP 202
Jun 22 16:49:05.472152 dv-cinder-810457-10-smb devstack@c-api.service[123019]: [pid: 123019|app: 0|req: 133/303] 10.222.0.44 () {60 vars in 1241 bytes} [Wed Jun 22 16:49:05 2022] POST /volume/v3/e4c50a7fda684dc68fc21f9306b73c9d/snapshots => generated 306 bytes in 187 msecs (HTTP/1.1 202) 7 headers in 291 bytes (1 switches on core 0)
Jun 22 16:49:05.479580 dv-cinder-810457-10-smb devstack@c-api.service[123020]: DEBUG cinder.api.middleware.request_id [None req-989c2300-e488-457e-bda4-1fe9323de665 None None] RequestId filter calling following filter/app {{(pid=123020) _context_setter /opt/stack/cinder/cinder/api/middleware/request_id.py:62}}
Jun 22 16:49:05.485099 dv-cinder-810457-10-smb devstack@c-api.service[123020]: INFO cinder.api.openstack.wsgi [None req-989c2300-e488-457e-bda4-1fe9323de665 tempest-SnapshotsActionsTest-186982903 tempest-SnapshotsActionsTest-186982903-project] GET http://10.222.0.44/volume/v3/e4c50a7fda684dc68fc21f9306b73c9d/snapshots/e6b805b1-109f-4728-b9cf-5758f84a60e5
Jun 22 16:49:05.486161 dv-cinder-810457-10-smb devstack@c-api.service[123020]: DEBUG cinder.api.openstack.wsgi [None req-989c2300-e488-457e-bda4-1fe9323de665 tempest-SnapshotsActionsTest-186982903 tempest-SnapshotsActionsTest-186982903-project] Empty body provided in request {{(pid=123020) get_body /opt/stack/cinder/cinder/api/openstack/wsgi.py:715}}
Jun 22 16:49:05.486864 dv-cinder-810457-10-smb devstack@c-api.service[123020]: DEBUG cinder.api.openstack.wsgi [None req-989c2300-e488-457e-bda4-1fe9323de665 tempest-SnapshotsActionsTest-186982903 tempest-SnapshotsActionsTest-186982903-project] Calling method 'show' {{(pid=123020) _process_stack /opt/stack/cinder/cinder/api/openstack/wsgi.py:868}}
Jun 22 16:49:05.509286 dv-cinder-810457-10-smb devstack@c-api.service[123020]: /usr/local/lib/python3.8/dist-packages/oslo_context/context.py:100: DeprecationWarning: Policy enforcement is depending on the value of is_admin. This key is deprecated. Please update your policy file to use the standard policy values.
Jun 22 16:49:05.509286 dv-cinder-810457-10-smb devstack@c-api.service[123020]: warnings.warn('Policy enforcement is depending on the value of '
Jun 22 16:49:05.511723 dv-cinder-810457-10-smb devstack@c-api.service[123020]: INFO cinder.volume.api [None req-989c2300-e488-457e-bda4-1fe9323de665 tempest-SnapshotsActionsTest-186982903 tempest-SnapshotsActionsTest-186982903-project] Snapshot retrieved successfully.
Jun 22 16:49:05.515307 dv-cinder-810457-10-smb devstack@c-api.service[123020]: INFO cinder.api.openstack.wsgi [None req-989c2300-e488-457e-bda4-1fe9323de665 tempest-SnapshotsActionsTest-186982903 tempest-SnapshotsActionsTest-186982903-project] http://10.222.0.44/volume/v3/e4c50a7fda684dc68fc21f9306b73c9d/snapshots/e6b805b1-109f-4728-b9cf-5758f84a60e5 returned with HTTP 200
Jun 22 16:49:05.520387 dv-cinder-810457-10-smb devstack@c-api.service[123020]: [pid: 123020|app: 0|req: 171/304] 10.222.0.44 () {58 vars in 1330 bytes} [Wed Jun 22 16:49:05 2022] GET /volume/v3/e4c50a7fda684dc68fc21f9306b73c9d/snapshots/e6b805b1-109f-4728-b9cf-5758f84a60e5 => generated 438 bytes in 41 msecs (HTTP/1.1 200) 7 headers in 285 bytes (1 switches on core 0)
Jun 22 16:49:06.066310 dv-cinder-810457-10-smb devstack@c-api.service[123019]: DEBUG cinder.api.middleware.request_id [None req-77336854-03e6-4b4a-abd0-ca7bf706d2fc None None] RequestId filter calling following filter/app {{(pid=123019) _context_setter /opt/stack/cinder/cinder/api/middleware/request_id.py:62}}
Jun 22 16:49:06.112645 dv-cinder-810457-10-smb devstack@c-api.service[123020]: DEBUG cinder.api.middleware.request_id [None req-d2de0f37-cf10-41c2-b670-5e819ed8b3e8 None None] RequestId filter calling following filter/app {{(pid=123020) _context_setter /opt/stack/cinder/cinder/api/middleware/request_id.py:62}}
Jun 22 16:49:06.117896 dv-cinder-810457-10-smb devstack@c-api.service[123020]: INFO cinder.api.openstack.wsgi [None req-d2de0f37-cf10-41c2-b670-5e819ed8b3e8 tempest-DeleteServersTestJSON-554282751 tempest-DeleteServersTestJSON-554282751-project] GET http://10.222.0.44/volume/v3/63ef0e6d16fe469b9182109fbee71894/volumes/b575bba2-15d0-426e-979d-fe110da62cfe
Jun 22 16:49:06.123244 dv-cinder-810457-10-smb devstack@c-api.service[123020]: DEBUG cinder.api.openstack.wsgi [None req-d2de0f37-cf10-41c2-b670-5e819ed8b3e8 tempest-DeleteServersTestJSON-554282751 tempest-DeleteServersTestJSON-554282751-project] Empty body provided in request {{(pid=123020) get_body /opt/stack/cinder/cinder/api/openstack/wsgi.py:715}}
Jun 22 16:49:06.124049 dv-cinder-810457-10-smb devstack@c-api.service[123020]: DEBUG cinder.api.openstack.wsgi [None req-d2de0f37-cf10-41c2-b670-5e819ed8b3e8 tempest-DeleteServersTestJSON-554282751 tempest-DeleteServersTestJSON-554282751-project] Calling method 'show' {{(pid=123020) _process_stack /opt/stack/cinder/cinder/api/openstack/wsgi.py:868}}
Jun 22 16:49:06.148020 dv-cinder-810457-10-smb devstack@c-api.service[123020]: /usr/local/lib/python3.8/dist-packages/oslo_context/context.py:100: DeprecationWarning: Policy enforcement is depending on the value of is_admin. This key is deprecated. Please update your policy file to use the standard policy values.
Jun 22 16:49:06.148020 dv-cinder-810457-10-smb devstack@c-api.service[123020]: warnings.warn('Policy enforcement is depending on the value of '
Jun 22 16:49:06.169680 dv-cinder-810457-10-smb devstack@c-api.service[123020]: INFO cinder.volume.api [None req-d2de0f37-cf10-41c2-b670-5e819ed8b3e8 tempest-DeleteServersTestJSON-554282751 tempest-DeleteServersTestJSON-554282751-project] Volume info retrieved successfully.
Jun 22 16:49:06.193828 dv-cinder-810457-10-smb devstack@c-api.service[123020]: INFO cinder.api.openstack.wsgi [None req-d2de0f37-cf10-41c2-b670-5e819ed8b3e8 tempest-DeleteServersTestJSON-554282751 tempest-DeleteServersTestJSON-554282751-project] http://10.222.0.44/volume/v3/63ef0e6d16fe469b9182109fbee71894/volumes/b575bba2-15d0-426e-979d-fe110da62cfe returned with HTTP 200
Jun 22 16:49:06.195231 dv-cinder-810457-10-smb devstack@c-api.service[123020]: [pid: 123020|app: 0|req: 172/305] 10.222.0.44 () {58 vars in 1324 bytes} [Wed Jun 22 16:49:06 2022] GET /volume/v3/63ef0e6d16fe469b9182109fbee71894/volumes/b575bba2-15d0-426e-979d-fe110da62cfe => generated 913 bytes in 88 msecs (HTTP/1.1 200) 7 headers in 285 bytes (2 switches on core 0)
Jun 22 16:49:06.256546 dv-cinder-810457-10-smb devstack@c-api.service[123020]: DEBUG cinder.api.middleware.request_id [None req-18e70f9a-696a-4971-b67a-c57da123eb70 None None] RequestId filter calling following filter/app {{(pid=123020) _context_setter /opt/stack/cinder/cinder/api/middleware/request_id.py:62}}
Jun 22 16:49:06.261141 dv-cinder-810457-10-smb devstack@c-api.service[123020]: INFO cinder.api.openstack.wsgi [None req-18e70f9a-696a-4971-b67a-c57da123eb70 tempest-VolumeQuotasAdminTestJSON-1281516693 tempest-VolumeQuotasAdminTestJSON-1281516693-project] GET http://10.222.0.44/volume/v3/d0e2924e320a43fa8b569954e637e55a/volumes/460717c9-d388-486e-a26b-8a5256f2b308
Jun 22 16:49:06.261873 dv-cinder-810457-10-smb devstack@c-api.service[123020]: DEBUG cinder.api.openstack.wsgi [None req-18e70f9a-696a-4971-b67a-c57da123eb70 tempest-VolumeQuotasAdminTestJSON-1281516693 tempest-VolumeQuotasAdminTestJSON-1281516693-project] Empty body provided in request {{(pid=123020) get_body /opt/stack/cinder/cinder/api/openstack/wsgi.py:715}}
Jun 22 16:49:06.262540 dv-cinder-810457-10-smb devstack@c-api.service[123020]: DEBUG cinder.api.openstack.wsgi [None req-18e70f9a-696a-4971-b67a-c57da123eb70 tempest-VolumeQuotasAdminTestJSON-1281516693 tempest-VolumeQuotasAdminTestJSON-1281516693-project] Calling method 'show' {{(pid=123020) _process_stack /opt/stack/cinder/cinder/api/openstack/wsgi.py:868}}
Jun 22 16:49:06.268570 dv-cinder-810457-10-smb devstack@c-api.service[123019]: INFO cinder.api.openstack.wsgi [None req-77336854-03e6-4b4a-abd0-ca7bf706d2fc tempest-AvailabilityZoneTestJSON-2087910740 tempest-AvailabilityZoneTestJSON-2087910740-project] GET http://10.222.0.44/volume/v3/2e73672a4ad344768befbe26c4c1bac1/os-availability-zone
Jun 22 16:49:06.269808 dv-cinder-810457-10-smb devstack@c-api.service[123019]: DEBUG cinder.api.openstack.wsgi [None req-77336854-03e6-4b4a-abd0-ca7bf706d2fc tempest-AvailabilityZoneTestJSON-2087910740 tempest-AvailabilityZoneTestJSON-2087910740-project] Empty body provided in request {{(pid=123019) get_body /opt/stack/cinder/cinder/api/openstack/wsgi.py:715}}
Jun 22 16:49:06.270523 dv-cinder-810457-10-smb devstack@c-api.service[123019]: DEBUG cinder.api.openstack.wsgi [None req-77336854-03e6-4b4a-abd0-ca7bf706d2fc tempest-AvailabilityZoneTestJSON-2087910740 tempest-AvailabilityZoneTestJSON-2087910740-project] Calling method 'index' {{(pid=123019) _process_stack /opt/stack/cinder/cinder/api/openstack/wsgi.py:868}}
Jun 22 16:49:06.276617 dv-cinder-810457-10-smb devstack@c-api.service[123019]: INFO cinder.volume.api [None req-77336854-03e6-4b4a-abd0-ca7bf706d2fc tempest-AvailabilityZoneTestJSON-2087910740 tempest-AvailabilityZoneTestJSON-2087910740-project] Availability Zones retrieved successfully.
Jun 22 16:49:06.277912 dv-cinder-810457-10-smb devstack@c-api.service[123019]: INFO cinder.api.openstack.wsgi [None req-77336854-03e6-4b4a-abd0-ca7bf706d2fc tempest-AvailabilityZoneTestJSON-2087910740 tempest-AvailabilityZoneTestJSON-2087910740-project] http://10.222.0.44/volume/v3/2e73672a4ad344768befbe26c4c1bac1/os-availability-zone returned with HTTP 200
Jun 22 16:49:06.278855 dv-cinder-810457-10-smb devstack@c-api.service[123019]: [pid: 123019|app: 0|req: 134/306] 10.222.0.44 () {58 vars in 1252 bytes} [Wed Jun 22 16:49:06 2022] GET /volume/v3/2e73672a4ad344768befbe26c4c1bac1/os-availability-zone => generated 82 bytes in 215 msecs (HTTP/1.1 200) 7 headers in 284 bytes (1 switches on core 0)
Jun 22 16:49:06.279121 dv-cinder-810457-10-smb devstack@c-api.service[123020]: /usr/local/lib/python3.8/dist-packages/oslo_context/context.py:100: DeprecationWarning: Policy enforcement is depending on the value of is_admin. This key is deprecated. Please update your policy file to use the standard policy values.
Jun 22 16:49:06.279121 dv-cinder-810457-10-smb devstack@c-api.service[123020]: warnings.warn('Policy enforcement is depending on the value of '
Jun 22 16:49:06.280829 dv-cinder-810457-10-smb devstack@c-api.service[123019]: DEBUG cinder.api.middleware.request_id [req-5b2ac322-7a8f-4be4-a973-b98055487a44 req-47719c29-2c8c-4362-a205-1b12cf007b82 None None] RequestId filter calling following filter/app {{(pid=123019) _context_setter /opt/stack/cinder/cinder/api/middleware/request_id.py:62}}
Jun 22 16:49:06.291040 dv-cinder-810457-10-smb devstack@c-api.service[123019]: INFO cinder.api.openstack.wsgi [req-5b2ac322-7a8f-4be4-a973-b98055487a44 req-47719c29-2c8c-4362-a205-1b12cf007b82 tempest-DeleteServersTestJSON-554282751 tempest-DeleteServersTestJSON-554282751-project] POST http://10.222.0.44/volume/v3/63ef0e6d16fe469b9182109fbee71894/attachments/f3ab2bc1-3d9e-410d-97ca-802ec7501d1d/action
Jun 22 16:49:06.292561 dv-cinder-810457-10-smb devstack@c-api.service[123019]: DEBUG cinder.api.openstack.wsgi [req-5b2ac322-7a8f-4be4-a973-b98055487a44 req-47719c29-2c8c-4362-a205-1b12cf007b82 tempest-DeleteServersTestJSON-554282751 tempest-DeleteServersTestJSON-554282751-project] Action body: b'{"os-complete": null}' {{(pid=123019) get_method /opt/stack/cinder/cinder/api/openstack/wsgi.py:983}}
Jun 22 16:49:06.292738 dv-cinder-810457-10-smb devstack@c-api.service[123020]: INFO cinder.volume.api [None req-18e70f9a-696a-4971-b67a-c57da123eb70 tempest-VolumeQuotasAdminTestJSON-1281516693 tempest-VolumeQuotasAdminTestJSON-1281516693-project] Volume info retrieved successfully.
Jun 22 16:49:06.293355 dv-cinder-810457-10-smb devstack@c-api.service[123019]: DEBUG cinder.api.openstack.wsgi [req-5b2ac322-7a8f-4be4-a973-b98055487a44 req-47719c29-2c8c-4362-a205-1b12cf007b82 tempest-DeleteServersTestJSON-554282751 tempest-DeleteServersTestJSON-554282751-project] Action: 'action', calling method: version_select, body: {"os-complete": null} {{(pid=123019) _process_stack /opt/stack/cinder/cinder/api/openstack/wsgi.py:866}}
Jun 22 16:49:06.309021 dv-cinder-810457-10-smb devstack@c-api.service[123020]: INFO cinder.api.openstack.wsgi [None req-18e70f9a-696a-4971-b67a-c57da123eb70 tempest-VolumeQuotasAdminTestJSON-1281516693 tempest-VolumeQuotasAdminTestJSON-1281516693-project] http://10.222.0.44/volume/v3/d0e2924e320a43fa8b569954e637e55a/volumes/460717c9-d388-486e-a26b-8a5256f2b308 returned with HTTP 200
Jun 22 16:49:06.310105 dv-cinder-810457-10-smb devstack@c-api.service[123020]: [pid: 123020|app: 0|req: 173/307] 10.222.0.44 () {58 vars in 1324 bytes} [Wed Jun 22 16:49:06 2022] GET /volume/v3/d0e2924e320a43fa8b569954e637e55a/volumes/460717c9-d388-486e-a26b-8a5256f2b308 => generated 918 bytes in 56 msecs (HTTP/1.1 200) 7 headers in 285 bytes (2 switches on core 0)
Jun 22 16:49:06.321637 dv-cinder-810457-10-smb devstack@c-api.service[123020]: DEBUG cinder.api.middleware.request_id [None req-1b3de5a7-0a37-4fc0-840d-200628535d70 None None] RequestId filter calling following filter/app {{(pid=123020) _context_setter /opt/stack/cinder/cinder/api/middleware/request_id.py:62}}
Jun 22 16:49:06.329055 dv-cinder-810457-10-smb devstack@c-api.service[123020]: INFO cinder.api.openstack.wsgi [None req-1b3de5a7-0a37-4fc0-840d-200628535d70 tempest-VolumeQuotasAdminTestJSON-1711941339 tempest-VolumeQuotasAdminTestJSON-1711941339-project-admin] GET http://10.222.0.44/volume/v3/dfc561c9ff87406994226e9f01aeb7cd/os-quota-sets/d0e2924e320a43fa8b569954e637e55a?usage=True
Jun 22 16:49:06.329765 dv-cinder-810457-10-smb devstack@c-api.service[123020]: DEBUG cinder.api.openstack.wsgi [None req-1b3de5a7-0a37-4fc0-840d-200628535d70 tempest-VolumeQuotasAdminTestJSON-1711941339 tempest-VolumeQuotasAdminTestJSON-1711941339-project-admin] Empty body provided in request {{(pid=123020) get_body /opt/stack/cinder/cinder/api/openstack/wsgi.py:715}}
Jun 22 16:49:06.330429 dv-cinder-810457-10-smb devstack@c-api.service[123020]: DEBUG cinder.api.openstack.wsgi [None req-1b3de5a7-0a37-4fc0-840d-200628535d70 tempest-VolumeQuotasAdminTestJSON-1711941339 tempest-VolumeQuotasAdminTestJSON-1711941339-project-admin] Calling method 'show' {{(pid=123020) _process_stack /opt/stack/cinder/cinder/api/openstack/wsgi.py:868}}
Jun 22 16:49:06.337431 dv-cinder-810457-10-smb devstack@c-api.service[123019]: /usr/local/lib/python3.8/dist-packages/oslo_context/context.py:100: DeprecationWarning: Policy enforcement is depending on the value of is_admin. This key is deprecated. Please update your policy file to use the standard policy values.
Jun 22 16:49:06.337431 dv-cinder-810457-10-smb devstack@c-api.service[123019]: warnings.warn('Policy enforcement is depending on the value of '
Jun 22 16:49:06.362715 dv-cinder-810457-10-smb devstack@c-api.service[123019]: INFO cinder.api.openstack.wsgi [req-5b2ac322-7a8f-4be4-a973-b98055487a44 req-47719c29-2c8c-4362-a205-1b12cf007b82 tempest-DeleteServersTestJSON-554282751 tempest-DeleteServersTestJSON-554282751-project] http://10.222.0.44/volume/v3/63ef0e6d16fe469b9182109fbee71894/attachments/f3ab2bc1-3d9e-410d-97ca-802ec7501d1d/action returned with HTTP 204
Jun 22 16:49:06.364576 dv-cinder-810457-10-smb devstack@c-api.service[123019]: [pid: 123019|app: 0|req: 135/308] 10.222.0.55 () {64 vars in 1498 bytes} [Wed Jun 22 16:49:06 2022] POST /volume/v3/63ef0e6d16fe469b9182109fbee71894/attachments/f3ab2bc1-3d9e-410d-97ca-802ec7501d1d/action => generated 0 bytes in 85 msecs (HTTP/1.1 204) 7 headers in 292 bytes (1 switches on core 0)
Jun 22 16:49:06.394204 dv-cinder-810457-10-smb devstack@c-api.service[123020]: INFO cinder.api.openstack.wsgi [None req-1b3de5a7-0a37-4fc0-840d-200628535d70 tempest-VolumeQuotasAdminTestJSON-1711941339 tempest-VolumeQuotasAdminTestJSON-1711941339-project-admin] http://10.222.0.44/volume/v3/dfc561c9ff87406994226e9f01aeb7cd/os-quota-sets/d0e2924e320a43fa8b569954e637e55a?usage=True returned with HTTP 200
Jun 22 16:49:06.397876 dv-cinder-810457-10-smb devstack@c-api.service[123020]: [pid: 123020|app: 0|req: 174/309] 10.222.0.44 () {58 vars in 1351 bytes} [Wed Jun 22 16:49:06 2022] GET /volume/v3/dfc561c9ff87406994226e9f01aeb7cd/os-quota-sets/d0e2924e320a43fa8b569954e637e55a?usage=True => generated 868 bytes in 78 msecs (HTTP/1.1 200) 7 headers in 285 bytes (1 switches on core 0)
Jun 22 16:49:06.408025 dv-cinder-810457-10-smb devstack@c-api.service[123019]: DEBUG cinder.api.middleware.request_id [None req-7d13c45a-8dc7-49dd-8c81-9ae9f71b877a None None] RequestId filter calling following filter/app {{(pid=123019) _context_setter /opt/stack/cinder/cinder/api/middleware/request_id.py:62}}
Jun 22 16:49:06.427034 dv-cinder-810457-10-smb devstack@c-api.service[123019]: INFO cinder.api.openstack.wsgi [None req-7d13c45a-8dc7-49dd-8c81-9ae9f71b877a tempest-VolumeQuotasAdminTestJSON-1711941339 tempest-VolumeQuotasAdminTestJSON-1711941339-project-admin] GET http://10.222.0.44/volume/v3/dfc561c9ff87406994226e9f01aeb7cd/os-quota-sets/dc970b017b764a888dc1f9f78a571a41?usage=True
Jun 22 16:49:06.427742 dv-cinder-810457-10-smb devstack@c-api.service[123019]: DEBUG cinder.api.openstack.wsgi [None req-7d13c45a-8dc7-49dd-8c81-9ae9f71b877a tempest-VolumeQuotasAdminTestJSON-1711941339 tempest-VolumeQuotasAdminTestJSON-1711941339-project-admin] Empty body provided in request {{(pid=123019) get_body /opt/stack/cinder/cinder/api/openstack/wsgi.py:715}}
Jun 22 16:49:06.428418 dv-cinder-810457-10-smb devstack@c-api.service[123019]: DEBUG cinder.api.openstack.wsgi [None req-7d13c45a-8dc7-49dd-8c81-9ae9f71b877a tempest-VolumeQuotasAdminTestJSON-1711941339 tempest-VolumeQuotasAdminTestJSON-1711941339-project-admin] Calling method 'show' {{(pid=123019) _process_stack /opt/stack/cinder/cinder/api/openstack/wsgi.py:868}}
Jun 22 16:49:06.472261 dv-cinder-810457-10-smb devstack@c-api.service[123019]: INFO cinder.api.openstack.wsgi [None req-7d13c45a-8dc7-49dd-8c81-9ae9f71b877a tempest-VolumeQuotasAdminTestJSON-1711941339 tempest-VolumeQuotasAdminTestJSON-1711941339-project-admin] http://10.222.0.44/volume/v3/dfc561c9ff87406994226e9f01aeb7cd/os-quota-sets/dc970b017b764a888dc1f9f78a571a41?usage=True returned with HTTP 200
Jun 22 16:49:06.474560 dv-cinder-810457-10-smb devstack@c-api.service[123019]: [pid: 123019|app: 0|req: 136/310] 10.222.0.44 () {58 vars in 1351 bytes} [Wed Jun 22 16:49:06 2022] GET /volume/v3/dfc561c9ff87406994226e9f01aeb7cd/os-quota-sets/dc970b017b764a888dc1f9f78a571a41?usage=True => generated 868 bytes in 67 msecs (HTTP/1.1 200) 7 headers in 285 bytes (1 switches on core 0)
Jun 22 16:49:06.484382 dv-cinder-810457-10-smb devstack@c-api.service[123020]: DEBUG cinder.api.middleware.request_id [None req-41c1d2f6-a4c9-48a0-ba16-da6566bb3cdc None None] RequestId filter calling following filter/app {{(pid=123020) _context_setter /opt/stack/cinder/cinder/api/middleware/request_id.py:62}}
Jun 22 16:49:06.490110 dv-cinder-810457-10-smb devstack@c-api.service[123020]: INFO cinder.api.openstack.wsgi [None req-41c1d2f6-a4c9-48a0-ba16-da6566bb3cdc tempest-VolumeQuotasAdminTestJSON-1281516693 tempest-VolumeQuotasAdminTestJSON-1281516693-project] POST http://10.222.0.44/volume/v3/d0e2924e320a43fa8b569954e637e55a/os-volume-transfer
Jun 22 16:49:06.490895 dv-cinder-810457-10-smb devstack@c-api.service[123020]: DEBUG cinder.api.openstack.wsgi [None req-41c1d2f6-a4c9-48a0-ba16-da6566bb3cdc tempest-VolumeQuotasAdminTestJSON-1281516693 tempest-VolumeQuotasAdminTestJSON-1281516693-project] Action: 'create', calling method: create, body: {"transfer": {"volume_id": "460717c9-d388-486e-a26b-8a5256f2b308"}} {{(pid=123020) _process_stack /opt/stack/cinder/cinder/api/openstack/wsgi.py:866}}
Jun 22 16:49:06.491674 dv-cinder-810457-10-smb devstack@c-api.service[123020]: DEBUG cinder.api.contrib.volume_transfer [None req-41c1d2f6-a4c9-48a0-ba16-da6566bb3cdc tempest-VolumeQuotasAdminTestJSON-1281516693 tempest-VolumeQuotasAdminTestJSON-1281516693-project] Creating new volume transfer {'transfer': {'volume_id': '460717c9-d388-486e-a26b-8a5256f2b308'}} {{(pid=123020) create /opt/stack/cinder/cinder/api/contrib/volume_transfer.py:85}}
Jun 22 16:49:06.491973 dv-cinder-810457-10-smb devstack@c-api.service[123020]: INFO cinder.api.contrib.volume_transfer [None req-41c1d2f6-a4c9-48a0-ba16-da6566bb3cdc tempest-VolumeQuotasAdminTestJSON-1281516693 tempest-VolumeQuotasAdminTestJSON-1281516693-project] Creating transfer of volume 460717c9-d388-486e-a26b-8a5256f2b308
Jun 22 16:49:06.492277 dv-cinder-810457-10-smb devstack@c-api.service[123020]: INFO cinder.transfer.api [None req-41c1d2f6-a4c9-48a0-ba16-da6566bb3cdc tempest-VolumeQuotasAdminTestJSON-1281516693 tempest-VolumeQuotasAdminTestJSON-1281516693-project] Generating transfer record for volume 460717c9-d388-486e-a26b-8a5256f2b308
Jun 22 16:49:06.506755 dv-cinder-810457-10-smb devstack@c-api.service[123020]: /usr/local/lib/python3.8/dist-packages/oslo_context/context.py:100: DeprecationWarning: Policy enforcement is depending on the value of is_admin. This key is deprecated. Please update your policy file to use the standard policy values.
Jun 22 16:49:06.506755 dv-cinder-810457-10-smb devstack@c-api.service[123020]: warnings.warn('Policy enforcement is depending on the value of '
Jun 22 16:49:06.527818 dv-cinder-810457-10-smb devstack@c-api.service[123019]: DEBUG cinder.api.middleware.request_id [None req-b3e69b2f-e44c-43c7-a489-0435306ea9e3 None None] RequestId filter calling following filter/app {{(pid=123019) _context_setter /opt/stack/cinder/cinder/api/middleware/request_id.py:62}}
Jun 22 16:49:06.532319 dv-cinder-810457-10-smb devstack@c-api.service[123019]: INFO cinder.api.openstack.wsgi [None req-b3e69b2f-e44c-43c7-a489-0435306ea9e3 tempest-SnapshotsActionsTest-186982903 tempest-SnapshotsActionsTest-186982903-project] GET http://10.222.0.44/volume/v3/e4c50a7fda684dc68fc21f9306b73c9d/snapshots/e6b805b1-109f-4728-b9cf-5758f84a60e5
Jun 22 16:49:06.533040 dv-cinder-810457-10-smb devstack@c-api.service[123019]: DEBUG cinder.api.openstack.wsgi [None req-b3e69b2f-e44c-43c7-a489-0435306ea9e3 tempest-SnapshotsActionsTest-186982903 tempest-SnapshotsActionsTest-186982903-project] Empty body provided in request {{(pid=123019) get_body /opt/stack/cinder/cinder/api/openstack/wsgi.py:715}}
Jun 22 16:49:06.533279 dv-cinder-810457-10-smb devstack@c-api.service[123019]: DEBUG cinder.api.openstack.wsgi [None req-b3e69b2f-e44c-43c7-a489-0435306ea9e3 tempest-SnapshotsActionsTest-186982903 tempest-SnapshotsActionsTest-186982903-project] Calling method 'show' {{(pid=123019) _process_stack /opt/stack/cinder/cinder/api/openstack/wsgi.py:868}}
Jun 22 16:49:06.537561 dv-cinder-810457-10-smb devstack@c-api.service[123020]: INFO cinder.api.openstack.wsgi [None req-41c1d2f6-a4c9-48a0-ba16-da6566bb3cdc tempest-VolumeQuotasAdminTestJSON-1281516693 tempest-VolumeQuotasAdminTestJSON-1281516693-project] http://10.222.0.44/volume/v3/d0e2924e320a43fa8b569954e637e55a/os-volume-transfer returned with HTTP 202
Jun 22 16:49:06.543002 dv-cinder-810457-10-smb devstack@c-api.service[123020]: [pid: 123020|app: 0|req: 175/311] 10.222.0.44 () {60 vars in 1267 bytes} [Wed Jun 22 16:49:06 2022] POST /volume/v3/d0e2924e320a43fa8b569954e637e55a/os-volume-transfer => generated 507 bytes in 60 msecs (HTTP/1.1 202) 7 headers in 291 bytes (2 switches on core 0)
Jun 22 16:49:06.546159 dv-cinder-810457-10-smb devstack@c-api.service[123020]: DEBUG cinder.api.middleware.request_id [None req-594f750d-622e-4e07-bcf5-59bf90c39af8 None None] RequestId filter calling following filter/app {{(pid=123020) _context_setter /opt/stack/cinder/cinder/api/middleware/request_id.py:62}}
Jun 22 16:49:06.547300 dv-cinder-810457-10-smb devstack@c-api.service[123019]: /usr/local/lib/python3.8/dist-packages/oslo_context/context.py:100: DeprecationWarning: Policy enforcement is depending on the value of is_admin. This key is deprecated. Please update your policy file to use the standard policy values.
Jun 22 16:49:06.547300 dv-cinder-810457-10-smb devstack@c-api.service[123019]: warnings.warn('Policy enforcement is depending on the value of '
Jun 22 16:49:06.548649 dv-cinder-810457-10-smb devstack@c-api.service[123019]: INFO cinder.volume.api [None req-b3e69b2f-e44c-43c7-a489-0435306ea9e3 tempest-SnapshotsActionsTest-186982903 tempest-SnapshotsActionsTest-186982903-project] Snapshot retrieved successfully.
Jun 22 16:49:06.551074 dv-cinder-810457-10-smb devstack@c-api.service[123019]: INFO cinder.api.openstack.wsgi [None req-b3e69b2f-e44c-43c7-a489-0435306ea9e3 tempest-SnapshotsActionsTest-186982903 tempest-SnapshotsActionsTest-186982903-project] http://10.222.0.44/volume/v3/e4c50a7fda684dc68fc21f9306b73c9d/snapshots/e6b805b1-109f-4728-b9cf-5758f84a60e5 returned with HTTP 200
Jun 22 16:49:06.552319 dv-cinder-810457-10-smb devstack@c-api.service[123019]: [pid: 123019|app: 0|req: 137/312] 10.222.0.44 () {58 vars in 1330 bytes} [Wed Jun 22 16:49:06 2022] GET /volume/v3/e4c50a7fda684dc68fc21f9306b73c9d/snapshots/e6b805b1-109f-4728-b9cf-5758f84a60e5 => generated 568 bytes in 26 msecs (HTTP/1.1 200) 7 headers in 285 bytes (1 switches on core 0)
Jun 22 16:49:06.564334 dv-cinder-810457-10-smb devstack@c-api.service[123019]: DEBUG cinder.api.middleware.request_id [None req-ef7d5eb3-89cc-40db-915e-a9ff9507fa29 None None] RequestId filter calling following filter/app {{(pid=123019) _context_setter /opt/stack/cinder/cinder/api/middleware/request_id.py:62}}
Jun 22 16:49:06.570183 dv-cinder-810457-10-smb devstack@c-api.service[123019]: INFO cinder.api.openstack.wsgi [None req-ef7d5eb3-89cc-40db-915e-a9ff9507fa29 tempest-SnapshotsActionsTest-1167000359 tempest-SnapshotsActionsTest-1167000359-project-admin] POST http://10.222.0.44/volume/v3/b38285e5325d4fe09c1d7ccc6c9ddecf/snapshots/e6b805b1-109f-4728-b9cf-5758f84a60e5/action
Jun 22 16:49:06.571220 dv-cinder-810457-10-smb devstack@c-api.service[123019]: DEBUG cinder.api.openstack.wsgi [None req-ef7d5eb3-89cc-40db-915e-a9ff9507fa29 tempest-SnapshotsActionsTest-1167000359 tempest-SnapshotsActionsTest-1167000359-project-admin] Action body: b'{"os-reset_status": {"status": "error_deleting"}}' {{(pid=123019) get_method /opt/stack/cinder/cinder/api/openstack/wsgi.py:983}}
Jun 22 16:49:06.571551 dv-cinder-810457-10-smb devstack@c-api.service[123019]: DEBUG cinder.api.openstack.wsgi [None req-ef7d5eb3-89cc-40db-915e-a9ff9507fa29 tempest-SnapshotsActionsTest-1167000359 tempest-SnapshotsActionsTest-1167000359-project-admin] Action: 'action', calling method: _reset_status, body: {"os-reset_status": {"status": "error_deleting"}} {{(pid=123019) _process_stack /opt/stack/cinder/cinder/api/openstack/wsgi.py:866}}
Jun 22 16:49:06.572362 dv-cinder-810457-10-smb devstack@c-api.service[123019]: DEBUG cinder.api.contrib.admin_actions [None req-ef7d5eb3-89cc-40db-915e-a9ff9507fa29 tempest-SnapshotsActionsTest-1167000359 tempest-SnapshotsActionsTest-1167000359-project-admin] Updating snapshot 'e6b805b1-109f-4728-b9cf-5758f84a60e5' with '{'status': 'error_deleting'}' {{(pid=123019) _reset_status /opt/stack/cinder/cinder/api/contrib/admin_actions.py:100}}
Jun 22 16:49:06.592915 dv-cinder-810457-10-smb devstack@c-api.service[123019]: /usr/local/lib/python3.8/dist-packages/oslo_context/context.py:100: DeprecationWarning: Policy enforcement is depending on the value of is_admin. This key is deprecated. Please update your policy file to use the standard policy values.
Jun 22 16:49:06.592915 dv-cinder-810457-10-smb devstack@c-api.service[123019]: warnings.warn('Policy enforcement is depending on the value of '
Jun 22 16:49:06.624451 dv-cinder-810457-10-smb devstack@c-api.service[123019]: INFO cinder.api.openstack.wsgi [None req-ef7d5eb3-89cc-40db-915e-a9ff9507fa29 tempest-SnapshotsActionsTest-1167000359 tempest-SnapshotsActionsTest-1167000359-project-admin] http://10.222.0.44/volume/v3/b38285e5325d4fe09c1d7ccc6c9ddecf/snapshots/e6b805b1-109f-4728-b9cf-5758f84a60e5/action returned with HTTP 202
Jun 22 16:49:06.625512 dv-cinder-810457-10-smb devstack@c-api.service[123019]: [pid: 123019|app: 0|req: 138/313] 10.222.0.44 () {60 vars in 1372 bytes} [Wed Jun 22 16:49:06 2022] POST /volume/v3/b38285e5325d4fe09c1d7ccc6c9ddecf/snapshots/e6b805b1-109f-4728-b9cf-5758f84a60e5/action => generated 0 bytes in 62 msecs (HTTP/1.1 202) 7 headers in 289 bytes (1 switches on core 0)
Jun 22 16:49:06.631501 dv-cinder-810457-10-smb devstack@c-api.service[123019]: DEBUG cinder.api.middleware.request_id [None req-9259aca1-f68a-4205-a5a0-e1592b06f0fc None None] RequestId filter calling following filter/app {{(pid=123019) _context_setter /opt/stack/cinder/cinder/api/middleware/request_id.py:62}}
Jun 22 16:49:06.637061 dv-cinder-810457-10-smb devstack@c-api.service[123019]: INFO cinder.api.openstack.wsgi [None req-9259aca1-f68a-4205-a5a0-e1592b06f0fc tempest-SnapshotsActionsTest-186982903 tempest-SnapshotsActionsTest-186982903-project] GET http://10.222.0.44/volume/v3/e4c50a7fda684dc68fc21f9306b73c9d/snapshots/e6b805b1-109f-4728-b9cf-5758f84a60e5
Jun 22 16:49:06.637719 dv-cinder-810457-10-smb devstack@c-api.service[123019]: DEBUG cinder.api.openstack.wsgi [None req-9259aca1-f68a-4205-a5a0-e1592b06f0fc tempest-SnapshotsActionsTest-186982903 tempest-SnapshotsActionsTest-186982903-project] Empty body provided in request {{(pid=123019) get_body /opt/stack/cinder/cinder/api/openstack/wsgi.py:715}}
Jun 22 16:49:06.638311 dv-cinder-810457-10-smb devstack@c-api.service[123019]: DEBUG cinder.api.openstack.wsgi [None req-9259aca1-f68a-4205-a5a0-e1592b06f0fc tempest-SnapshotsActionsTest-186982903 tempest-SnapshotsActionsTest-186982903-project] Calling method 'show' {{(pid=123019) _process_stack /opt/stack/cinder/cinder/api/openstack/wsgi.py:868}}
Jun 22 16:49:06.653216 dv-cinder-810457-10-smb devstack@c-api.service[123019]: /usr/local/lib/python3.8/dist-packages/oslo_context/context.py:100: DeprecationWarning: Policy enforcement is depending on the value of is_admin. This key is deprecated. Please update your policy file to use the standard policy values.
Jun 22 16:49:06.653216 dv-cinder-810457-10-smb devstack@c-api.service[123019]: warnings.warn('Policy enforcement is depending on the value of '
Jun 22 16:49:06.654371 dv-cinder-810457-10-smb devstack@c-api.service[123019]: INFO cinder.volume.api [None req-9259aca1-f68a-4205-a5a0-e1592b06f0fc tempest-SnapshotsActionsTest-186982903 tempest-SnapshotsActionsTest-186982903-project] Snapshot retrieved successfully.
Jun 22 16:49:06.656346 dv-cinder-810457-10-smb devstack@c-api.service[123019]: INFO cinder.api.openstack.wsgi [None req-9259aca1-f68a-4205-a5a0-e1592b06f0fc tempest-SnapshotsActionsTest-186982903 tempest-SnapshotsActionsTest-186982903-project] http://10.222.0.44/volume/v3/e4c50a7fda684dc68fc21f9306b73c9d/snapshots/e6b805b1-109f-4728-b9cf-5758f84a60e5 returned with HTTP 200
Jun 22 16:49:06.657217 dv-cinder-810457-10-smb devstack@c-api.service[123019]: [pid: 123019|app: 0|req: 139/314] 10.222.0.44 () {58 vars in 1330 bytes} [Wed Jun 22 16:49:06 2022] GET /volume/v3/e4c50a7fda684dc68fc21f9306b73c9d/snapshots/e6b805b1-109f-4728-b9cf-5758f84a60e5 => generated 573 bytes in 27 msecs (HTTP/1.1 200) 7 headers in 285 bytes (1 switches on core 0)
Jun 22 16:49:06.665639 dv-cinder-810457-10-smb devstack@c-api.service[123019]: DEBUG cinder.api.middleware.request_id [None req-97ab122e-d44a-4246-9047-08a3be0c0e8b None None] RequestId filter calling following filter/app {{(pid=123019) _context_setter /opt/stack/cinder/cinder/api/middleware/request_id.py:62}}
Jun 22 16:49:06.671111 dv-cinder-810457-10-smb devstack@c-api.service[123019]: INFO cinder.api.openstack.wsgi [None req-97ab122e-d44a-4246-9047-08a3be0c0e8b tempest-SnapshotsActionsTest-1167000359 tempest-SnapshotsActionsTest-1167000359-project-admin] POST http://10.222.0.44/volume/v3/b38285e5325d4fe09c1d7ccc6c9ddecf/snapshots/e6b805b1-109f-4728-b9cf-5758f84a60e5/action
Jun 22 16:49:06.672087 dv-cinder-810457-10-smb devstack@c-api.service[123019]: DEBUG cinder.api.openstack.wsgi [None req-97ab122e-d44a-4246-9047-08a3be0c0e8b tempest-SnapshotsActionsTest-1167000359 tempest-SnapshotsActionsTest-1167000359-project-admin] Action body: b'{"os-force_delete": {}}' {{(pid=123019) get_method /opt/stack/cinder/cinder/api/openstack/wsgi.py:983}}
Jun 22 16:49:06.672608 dv-cinder-810457-10-smb devstack@c-api.service[123019]: DEBUG cinder.api.openstack.wsgi [None req-97ab122e-d44a-4246-9047-08a3be0c0e8b tempest-SnapshotsActionsTest-1167000359 tempest-SnapshotsActionsTest-1167000359-project-admin] Action: 'action', calling method: _force_delete, body: {"os-force_delete": {}} {{(pid=123019) _process_stack /opt/stack/cinder/cinder/api/openstack/wsgi.py:866}}
Jun 22 16:49:06.689263 dv-cinder-810457-10-smb devstack@c-api.service[123019]: /usr/local/lib/python3.8/dist-packages/oslo_context/context.py:100: DeprecationWarning: Policy enforcement is depending on the value of is_admin. This key is deprecated. Please update your policy file to use the standard policy values.
Jun 22 16:49:06.689263 dv-cinder-810457-10-smb devstack@c-api.service[123019]: warnings.warn('Policy enforcement is depending on the value of '
Jun 22 16:49:06.689999 dv-cinder-810457-10-smb devstack@c-api.service[123019]: INFO cinder.volume.api [None req-97ab122e-d44a-4246-9047-08a3be0c0e8b tempest-SnapshotsActionsTest-1167000359 tempest-SnapshotsActionsTest-1167000359-project-admin] Snapshot retrieved successfully.
Jun 22 16:49:06.757845 dv-cinder-810457-10-smb devstack@c-api.service[123019]: INFO cinder.volume.api [None req-97ab122e-d44a-4246-9047-08a3be0c0e8b tempest-SnapshotsActionsTest-1167000359 tempest-SnapshotsActionsTest-1167000359-project-admin] Snapshot delete request issued successfully.
Jun 22 16:49:06.758762 dv-cinder-810457-10-smb devstack@c-api.service[123019]: INFO cinder.api.openstack.wsgi [None req-97ab122e-d44a-4246-9047-08a3be0c0e8b tempest-SnapshotsActionsTest-1167000359 tempest-SnapshotsActionsTest-1167000359-project-admin] http://10.222.0.44/volume/v3/b38285e5325d4fe09c1d7ccc6c9ddecf/snapshots/e6b805b1-109f-4728-b9cf-5758f84a60e5/action returned with HTTP 202
Jun 22 16:49:06.759862 dv-cinder-810457-10-smb devstack@c-api.service[123019]: [pid: 123019|app: 0|req: 140/315] 10.222.0.44 () {60 vars in 1372 bytes} [Wed Jun 22 16:49:06 2022] POST /volume/v3/b38285e5325d4fe09c1d7ccc6c9ddecf/snapshots/e6b805b1-109f-4728-b9cf-5758f84a60e5/action => generated 0 bytes in 95 msecs (HTTP/1.1 202) 7 headers in 289 bytes (1 switches on core 0)
Jun 22 16:49:06.764528 dv-cinder-810457-10-smb devstack@c-api.service[123019]: DEBUG cinder.api.middleware.request_id [None req-7ed8ff78-212b-40f8-b989-dd9897b185e9 None None] RequestId filter calling following filter/app {{(pid=123019) _context_setter /opt/stack/cinder/cinder/api/middleware/request_id.py:62}}
Jun 22 16:49:06.768955 dv-cinder-810457-10-smb devstack@c-api.service[123019]: INFO cinder.api.openstack.wsgi [None req-7ed8ff78-212b-40f8-b989-dd9897b185e9 tempest-SnapshotsActionsTest-186982903 tempest-SnapshotsActionsTest-186982903-project] GET http://10.222.0.44/volume/v3/e4c50a7fda684dc68fc21f9306b73c9d/snapshots/e6b805b1-109f-4728-b9cf-5758f84a60e5
Jun 22 16:49:06.769409 dv-cinder-810457-10-smb devstack@c-api.service[123019]: DEBUG cinder.api.openstack.wsgi [None req-7ed8ff78-212b-40f8-b989-dd9897b185e9 tempest-SnapshotsActionsTest-186982903 tempest-SnapshotsActionsTest-186982903-project] Empty body provided in request {{(pid=123019) get_body /opt/stack/cinder/cinder/api/openstack/wsgi.py:715}}
Jun 22 16:49:06.769896 dv-cinder-810457-10-smb devstack@c-api.service[123019]: DEBUG cinder.api.openstack.wsgi [None req-7ed8ff78-212b-40f8-b989-dd9897b185e9 tempest-SnapshotsActionsTest-186982903 tempest-SnapshotsActionsTest-186982903-project] Calling method 'show' {{(pid=123019) _process_stack /opt/stack/cinder/cinder/api/openstack/wsgi.py:868}}
Jun 22 16:49:06.783893 dv-cinder-810457-10-smb devstack@c-api.service[123019]: /usr/local/lib/python3.8/dist-packages/oslo_context/context.py:100: DeprecationWarning: Policy enforcement is depending on the value of is_admin. This key is deprecated. Please update your policy file to use the standard policy values.
Jun 22 16:49:06.783893 dv-cinder-810457-10-smb devstack@c-api.service[123019]: warnings.warn('Policy enforcement is depending on the value of '
Jun 22 16:49:06.785055 dv-cinder-810457-10-smb devstack@c-api.service[123019]: INFO cinder.volume.api [None req-7ed8ff78-212b-40f8-b989-dd9897b185e9 tempest-SnapshotsActionsTest-186982903 tempest-SnapshotsActionsTest-186982903-project] Snapshot retrieved successfully.
Jun 22 16:49:06.787831 dv-cinder-810457-10-smb devstack@c-api.service[123020]: INFO cinder.api.openstack.wsgi [None req-594f750d-622e-4e07-bcf5-59bf90c39af8 tempest-VolumeQuotasAdminTestJSON-1643650291 tempest-VolumeQuotasAdminTestJSON-1643650291-project] POST http://10.222.0.44/volume/v3/dc970b017b764a888dc1f9f78a571a41/os-volume-transfer/8c124e3b-5ef8-4aa8-b1b9-b3dfe31c37f5/accept
Jun 22 16:49:06.788589 dv-cinder-810457-10-smb devstack@c-api.service[123020]: DEBUG cinder.api.openstack.wsgi [None req-594f750d-622e-4e07-bcf5-59bf90c39af8 tempest-VolumeQuotasAdminTestJSON-1643650291 tempest-VolumeQuotasAdminTestJSON-1643650291-project] Action: 'accept', calling method: accept, body: {"accept": {"auth_key": "b2817742d780e30b"}} {{(pid=123020) _process_stack /opt/stack/cinder/cinder/api/openstack/wsgi.py:866}}
Jun 22 16:49:06.789402 dv-cinder-810457-10-smb devstack@c-api.service[123020]: DEBUG cinder.api.contrib.volume_transfer [None req-594f750d-622e-4e07-bcf5-59bf90c39af8 tempest-VolumeQuotasAdminTestJSON-1643650291 tempest-VolumeQuotasAdminTestJSON-1643650291-project] Accepting volume transfer 8c124e3b-5ef8-4aa8-b1b9-b3dfe31c37f5 {{(pid=123020) accept /opt/stack/cinder/cinder/api/contrib/volume_transfer.py:115}}
Jun 22 16:49:06.789689 dv-cinder-810457-10-smb devstack@c-api.service[123020]: INFO cinder.api.contrib.volume_transfer [None req-594f750d-622e-4e07-bcf5-59bf90c39af8 tempest-VolumeQuotasAdminTestJSON-1643650291 tempest-VolumeQuotasAdminTestJSON-1643650291-project] Accepting transfer 8c124e3b-5ef8-4aa8-b1b9-b3dfe31c37f5
Jun 22 16:49:06.795134 dv-cinder-810457-10-smb devstack@c-api.service[123019]: INFO cinder.api.openstack.wsgi [None req-7ed8ff78-212b-40f8-b989-dd9897b185e9 tempest-SnapshotsActionsTest-186982903 tempest-SnapshotsActionsTest-186982903-project] http://10.222.0.44/volume/v3/e4c50a7fda684dc68fc21f9306b73c9d/snapshots/e6b805b1-109f-4728-b9cf-5758f84a60e5 returned with HTTP 200
Jun 22 16:49:06.796387 dv-cinder-810457-10-smb devstack@c-api.service[123019]: [pid: 123019|app: 0|req: 141/316] 10.222.0.44 () {58 vars in 1330 bytes} [Wed Jun 22 16:49:06 2022] GET /volume/v3/e4c50a7fda684dc68fc21f9306b73c9d/snapshots/e6b805b1-109f-4728-b9cf-5758f84a60e5 => generated 567 bytes in 33 msecs (HTTP/1.1 200) 7 headers in 285 bytes (1 switches on core 0)
Jun 22 16:49:06.959297 dv-cinder-810457-10-smb devstack@c-api.service[123020]: DEBUG cinder.quota [None req-594f750d-622e-4e07-bcf5-59bf90c39af8 tempest-VolumeQuotasAdminTestJSON-1643650291 tempest-VolumeQuotasAdminTestJSON-1643650291-project] Created reservations ['10964cb9-78fb-4d74-b0c8-9676e9da0bdf', '57f57a8c-b45d-434f-b94a-492beddbcafc', 'a78f4d8e-03d0-45cf-b5b5-6f7c05b419ae', 'cdf82bfb-5bcb-4267-a677-456d9a5db3d5'] {{(pid=123020) reserve /opt/stack/cinder/cinder/quota.py:755}}
Jun 22 16:49:06.977454 dv-cinder-810457-10-smb devstack@c-api.service[123020]: DEBUG dbcounter [-] [123020] Writing DB stats cinder:SELECT=84,cinder:UPDATE=6,cinder:DELETE=1,cinder:INSERT=9 {{(pid=123020) stat_writer /usr/local/lib/python3.8/dist-packages/dbcounter.py:114}}
Jun 22 16:49:07.021598 dv-cinder-810457-10-smb devstack@c-api.service[123020]: DEBUG cinder.quota [None req-594f750d-622e-4e07-bcf5-59bf90c39af8 tempest-VolumeQuotasAdminTestJSON-1643650291 tempest-VolumeQuotasAdminTestJSON-1643650291-project] Created reservations ['8279f2db-750f-4a77-aae0-7e69f493e6f7', 'c6f9bfc0-e080-483b-900e-b0b6a1880a75', 'a6ce29d5-7f00-40bc-89e9-f75fccd6773a', '6c8a1bae-a1fd-4ec3-a8ae-a6361292f9f2'] {{(pid=123020) reserve /opt/stack/cinder/cinder/quota.py:755}}
Jun 22 16:49:07.102238 dv-cinder-810457-10-smb devstack@c-api.service[123020]: DEBUG cinder.quota [None req-594f750d-622e-4e07-bcf5-59bf90c39af8 tempest-VolumeQuotasAdminTestJSON-1643650291 tempest-VolumeQuotasAdminTestJSON-1643650291-project] Created reservations ['f7ca9575-43e5-4676-bab5-f13fde7f8557', 'b69d9014-33ae-4c48-86d2-bd09a46759a0', 'e75dabae-11f6-4ce1-b781-22c7bfaf8c9d', '89930907-1d39-44de-95b6-b654d56cdf01'] {{(pid=123020) reserve /opt/stack/cinder/cinder/quota.py:755}}
