Sep 23 18:43:28.677044 dv-cinder-810415-4-iscsi devstack@c-api.service[107534]: DEBUG cinder.api.openstack.wsgi [None req-1a15cfd8-e8ab-4309-af5f-98621a30eef9 tempest-VolumeQuotasAdminTestJSON-887716633 tempest-VolumeQuotasAdminTestJSON-887716633-project-admin] Empty body provided in request {{(pid=107534) get_body /opt/stack/cinder/cinder/api/openstack/wsgi.py:703}}
Sep 23 18:43:28.677215 dv-cinder-810415-4-iscsi devstack@c-api.service[107534]: /usr/local/lib/python3.8/dist-packages/webob/acceptparse.py:1047: DeprecationWarning: The behavior of AcceptValidHeader.best_match is currently being maintained for backward compatibility, but it will be deprecated in the future, as it does not conform to the RFC.
Sep 23 18:43:28.677215 dv-cinder-810415-4-iscsi devstack@c-api.service[107534]: warnings.warn(
Sep 23 18:43:28.677536 dv-cinder-810415-4-iscsi devstack@c-api.service[107534]: DEBUG cinder.api.openstack.wsgi [None req-1a15cfd8-e8ab-4309-af5f-98621a30eef9 tempest-VolumeQuotasAdminTestJSON-887716633 tempest-VolumeQuotasAdminTestJSON-887716633-project-admin] Calling method 'show' {{(pid=107534) _process_stack /opt/stack/cinder/cinder/api/openstack/wsgi.py:856}}
Sep 23 18:43:28.678308 dv-cinder-810415-4-iscsi devstack@c-api.service[107534]: /usr/local/lib/python3.8/dist-packages/oslo_context/context.py:105: DeprecationWarning: Policy enforcement is depending on the value of is_admin. This key is deprecated. Please update your policy file to use the standard policy values.
Sep 23 18:43:28.678308 dv-cinder-810415-4-iscsi devstack@c-api.service[107534]: warnings.warn('Policy enforcement is depending on the value of '
Sep 23 18:43:28.699951 dv-cinder-810415-4-iscsi devstack@c-api.service[107534]: WARNING cinder.quota [None req-1a15cfd8-e8ab-4309-af5f-98621a30eef9 tempest-VolumeQuotasAdminTestJSON-887716633 tempest-VolumeQuotasAdminTestJSON-887716633-project-admin] Deprecated: Default quota for resource: volumes_tempest-QosSpecsTestJSON-volume-type-1577139903 is set by the default quota flag: quota_volumes_tempest-QosSpecsTestJSON-volume-type-1577139903, it is now deprecated. Please use the default quota class for default quota.
Sep 23 18:43:28.700863 dv-cinder-810415-4-iscsi devstack@c-api.service[107534]: WARNING cinder.quota [None req-1a15cfd8-e8ab-4309-af5f-98621a30eef9 tempest-VolumeQuotasAdminTestJSON-887716633 tempest-VolumeQuotasAdminTestJSON-887716633-project-admin] Deprecated: Default quota for resource: gigabytes_tempest-QosSpecsTestJSON-volume-type-1577139903 is set by the default quota flag: quota_gigabytes_tempest-QosSpecsTestJSON-volume-type-1577139903, it is now deprecated. Please use the default quota class for default quota.
Sep 23 18:43:28.701758 dv-cinder-810415-4-iscsi devstack@c-api.service[107534]: WARNING cinder.quota [None req-1a15cfd8-e8ab-4309-af5f-98621a30eef9 tempest-VolumeQuotasAdminTestJSON-887716633 tempest-VolumeQuotasAdminTestJSON-887716633-project-admin] Deprecated: Default quota for resource: snapshots_tempest-QosSpecsTestJSON-volume-type-1577139903 is set by the default quota flag: quota_snapshots_tempest-QosSpecsTestJSON-volume-type-1577139903, it is now deprecated. Please use the default quota class for default quota.
Sep 23 18:43:28.702719 dv-cinder-810415-4-iscsi devstack@c-api.service[107534]: WARNING cinder.quota [None req-1a15cfd8-e8ab-4309-af5f-98621a30eef9 tempest-VolumeQuotasAdminTestJSON-887716633 tempest-VolumeQuotasAdminTestJSON-887716633-project-admin] Deprecated: Default quota for resource: volumes_tempest-QosSpecsTestJSON-volume-type-738865926 is set by the default quota flag: quota_volumes_tempest-QosSpecsTestJSON-volume-type-738865926, it is now deprecated. Please use the default quota class for default quota.
Sep 23 18:43:28.703671 dv-cinder-810415-4-iscsi devstack@c-api.service[107534]: WARNING cinder.quota [None req-1a15cfd8-e8ab-4309-af5f-98621a30eef9 tempest-VolumeQuotasAdminTestJSON-887716633 tempest-VolumeQuotasAdminTestJSON-887716633-project-admin] Deprecated: Default quota for resource: gigabytes_tempest-QosSpecsTestJSON-volume-type-738865926 is set by the default quota flag: quota_gigabytes_tempest-QosSpecsTestJSON-volume-type-738865926, it is now deprecated. Please use the default quota class for default quota.
Sep 23 18:43:28.704266 dv-cinder-810415-4-iscsi devstack@c-api.service[107535]: DEBUG cinder.volume.api [None req-cbb8181a-6e4a-4b9b-af17-42e6f160a640 tempest-VolumesCloneNegativeTest-127782252 tempest-VolumesCloneNegativeTest-127782252-project] Task 'cinder.volume.flows.api.create_volume.EntryCreateTask;volume:create' (608be035-668e-4b40-9999-b90de083834b) transitioned into state 'SUCCESS' from state 'RUNNING' with result '{'volume_id': '14e1f15c-53df-4070-9601-f0c2f4949d30', 'volume_properties': VolumeProperties(attach_status='detached',availability_zone='nova',cgsnapshot_id=None,consistencygroup_id=None,display_description=None,display_name='tempest-VolumesCloneNegativeTest-Volume-402768995',encryption_key_id=None,group_id=None,group_type_id=,metadata={},multiattach=False,project_id='3e5df1d63a6d42ea8d52b30cbdbf84eb',qos_specs=None,replication_status=,reservations=['3ade7da7-5843-4cf7-99b1-d094e4cbe971','2a8d58f0-8a78-4b29-ad41-ae9f33d4420c','029d1659-4ac6-496d-a643-51e683aacea0','f60daf11-c5ed-412a-8244-c572480d3749'],size=2,snapshot_id=None,source_replicaid=,source_volid=None,status='creating',user_id='45acd7c9727c4ed192a47e7d1af6168e',volume_type_id=a74a0135-3fca-428d-b444-1d877fc2a8ef), 'volume': Volume(_name_id=None,admin_metadata=,attach_status='detached',availability_zone='nova',bootable=False,cluster=,cluster_name=None,consistencygroup=,consistencygroup_id=None,created_at=2021-09-23T18:43:28Z,deleted=False,deleted_at=None,display_description=None,display_name='tempest-VolumesCloneNegativeTest-Volume-402768995',ec2_id=None,encryption_key_id=None,glance_metadata=,group=,group_id=None,host=None,id=14e1f15c-53df-4070-9601-f0c2f4949d30,launched_at=None,metadata={},migration_status=None,multiattach=False,previous_status=None,project_id='3e5df1d63a6d42ea8d52b30cbdbf84eb',provider_auth=None,provider_geometry=None,provider_id=None,provider_location=None,replication_driver_data=None,replication_extended_status=None,replication_status=None,scheduled_at=None,service_uuid=None,shared_targets=True,size=2,snapshot_id=None,snapshots=,source_volid=None,status='creating',terminated_at=None,updated_at=None,use_quota=True,user_id='45acd7c9727c4ed192a47e7d1af6168e',volume_attachment=,volume_type=VolumeType(a74a0135-3fca-428d-b444-1d877fc2a8ef),volume_type_id=a74a0135-3fca-428d-b444-1d877fc2a8ef)}' {{(pid=107535) _task_receiver /usr/local/lib/python3.8/dist-packages/taskflow/listeners/logging.py:178}}
Sep 23 18:43:28.704776 dv-cinder-810415-4-iscsi devstack@c-api.service[107534]: WARNING cinder.quota [None req-1a15cfd8-e8ab-4309-af5f-98621a30eef9 tempest-VolumeQuotasAdminTestJSON-887716633 tempest-VolumeQuotasAdminTestJSON-887716633-project-admin] Deprecated: Default quota for resource: snapshots_tempest-QosSpecsTestJSON-volume-type-738865926 is set by the default quota flag: quota_snapshots_tempest-QosSpecsTestJSON-volume-type-738865926, it is now deprecated. Please use the default quota class for default quota.
Sep 23 18:43:28.705586 dv-cinder-810415-4-iscsi devstack@c-api.service[107534]: WARNING cinder.quota [None req-1a15cfd8-e8ab-4309-af5f-98621a30eef9 tempest-VolumeQuotasAdminTestJSON-887716633 tempest-VolumeQuotasAdminTestJSON-887716633-project-admin] Deprecated: Default quota for resource: volumes_tempest-QosSpecsTestJSON-volume-type-321159832 is set by the default quota flag: quota_volumes_tempest-QosSpecsTestJSON-volume-type-321159832, it is now deprecated. Please use the default quota class for default quota.
Sep 23 18:43:28.706390 dv-cinder-810415-4-iscsi devstack@c-api.service[107534]: WARNING cinder.quota [None req-1a15cfd8-e8ab-4309-af5f-98621a30eef9 tempest-VolumeQuotasAdminTestJSON-887716633 tempest-VolumeQuotasAdminTestJSON-887716633-project-admin] Deprecated: Default quota for resource: gigabytes_tempest-QosSpecsTestJSON-volume-type-321159832 is set by the default quota flag: quota_gigabytes_tempest-QosSpecsTestJSON-volume-type-321159832, it is now deprecated. Please use the default quota class for default quota.
Sep 23 18:43:28.706503 dv-cinder-810415-4-iscsi devstack@c-api.service[107535]: DEBUG cinder.volume.api [None req-cbb8181a-6e4a-4b9b-af17-42e6f160a640 tempest-VolumesCloneNegativeTest-127782252 tempest-VolumesCloneNegativeTest-127782252-project] Task 'cinder.volume.flows.api.create_volume.QuotaCommitTask;volume:create' (dc8acad7-ffaf-4df0-92a6-466c94fdf1d7) transitioned into state 'RUNNING' from state 'PENDING' {{(pid=107535) _task_receiver /usr/local/lib/python3.8/dist-packages/taskflow/listeners/logging.py:190}}
Sep 23 18:43:28.707194 dv-cinder-810415-4-iscsi devstack@c-api.service[107534]: WARNING cinder.quota [None req-1a15cfd8-e8ab-4309-af5f-98621a30eef9 tempest-VolumeQuotasAdminTestJSON-887716633 tempest-VolumeQuotasAdminTestJSON-887716633-project-admin] Deprecated: Default quota for resource: snapshots_tempest-QosSpecsTestJSON-volume-type-321159832 is set by the default quota flag: quota_snapshots_tempest-QosSpecsTestJSON-volume-type-321159832, it is now deprecated. Please use the default quota class for default quota.
Sep 23 18:43:28.720513 dv-cinder-810415-4-iscsi devstack@c-api.service[107534]: INFO cinder.api.openstack.wsgi [None req-1a15cfd8-e8ab-4309-af5f-98621a30eef9 tempest-VolumeQuotasAdminTestJSON-887716633 tempest-VolumeQuotasAdminTestJSON-887716633-project-admin] http://10.222.0.70/volume/v3/eb9100833d9b4b6b999507d1ac735be6/os-quota-sets/6ba4c1fff9324a57b368efd061ea5aa1?usage=True returned with HTTP 200
Sep 23 18:43:28.721274 dv-cinder-810415-4-iscsi devstack@c-api.service[107534]: [pid: 107534|app: 0|req: 200/405] 10.222.0.70 () {58 vars in 1352 bytes} [Thu Sep 23 18:43:28 2021] GET /volume/v3/eb9100833d9b4b6b999507d1ac735be6/os-quota-sets/6ba4c1fff9324a57b368efd061ea5aa1?usage=True => generated 1792 bytes in 50 msecs (HTTP/1.1 200) 7 headers in 286 bytes (1 switches on core 0)
Sep 23 18:43:28.730964 dv-cinder-810415-4-iscsi devstack@c-api.service[107534]: INFO cinder.api.openstack.wsgi [None req-e4db60ee-082a-4128-aaa6-b345414889ef tempest-QosSpecsTestJSON-566555586 tempest-QosSpecsTestJSON-566555586-project-admin] GET http://10.222.0.70/volume/v3/cbcb8d142eb64773b42b0f13ca496cd5/qos-specs/8e37f4b2-3338-4936-a7c4-ff76fc066e69
Sep 23 18:43:28.730964 dv-cinder-810415-4-iscsi devstack@c-api.service[107534]: DEBUG cinder.api.openstack.wsgi [None req-e4db60ee-082a-4128-aaa6-b345414889ef tempest-QosSpecsTestJSON-566555586 tempest-QosSpecsTestJSON-566555586-project-admin] Empty body provided in request {{(pid=107534) get_body /opt/stack/cinder/cinder/api/openstack/wsgi.py:703}}
Sep 23 18:43:28.730964 dv-cinder-810415-4-iscsi devstack@c-api.service[107534]: DEBUG cinder.api.openstack.wsgi [None req-e4db60ee-082a-4128-aaa6-b345414889ef tempest-QosSpecsTestJSON-566555586 tempest-QosSpecsTestJSON-566555586-project-admin] Calling method 'show' {{(pid=107534) _process_stack /opt/stack/cinder/cinder/api/openstack/wsgi.py:856}}
Sep 23 18:43:28.734094 dv-cinder-810415-4-iscsi devstack@c-api.service[107535]: DEBUG cinder.volume.api [None req-cbb8181a-6e4a-4b9b-af17-42e6f160a640 tempest-VolumesCloneNegativeTest-127782252 tempest-VolumesCloneNegativeTest-127782252-project] Task 'cinder.volume.flows.api.create_volume.QuotaCommitTask;volume:create' (dc8acad7-ffaf-4df0-92a6-466c94fdf1d7) transitioned into state 'SUCCESS' from state 'RUNNING' with result '{'volume_properties': VolumeProperties(attach_status='detached',availability_zone='nova',cgsnapshot_id=None,consistencygroup_id=None,display_description=None,display_name='tempest-VolumesCloneNegativeTest-Volume-402768995',encryption_key_id=None,group_id=None,group_type_id=,metadata={},multiattach=False,project_id='3e5df1d63a6d42ea8d52b30cbdbf84eb',qos_specs=None,replication_status=,reservations=['3ade7da7-5843-4cf7-99b1-d094e4cbe971','2a8d58f0-8a78-4b29-ad41-ae9f33d4420c','029d1659-4ac6-496d-a643-51e683aacea0','f60daf11-c5ed-412a-8244-c572480d3749'],size=2,snapshot_id=None,source_replicaid=,source_volid=None,status='creating',user_id='45acd7c9727c4ed192a47e7d1af6168e',volume_type_id=a74a0135-3fca-428d-b444-1d877fc2a8ef)}' {{(pid=107535) _task_receiver /usr/local/lib/python3.8/dist-packages/taskflow/listeners/logging.py:178}}
Sep 23 18:43:28.736683 dv-cinder-810415-4-iscsi devstack@c-api.service[107535]: DEBUG cinder.volume.api [None req-cbb8181a-6e4a-4b9b-af17-42e6f160a640 tempest-VolumesCloneNegativeTest-127782252 tempest-VolumesCloneNegativeTest-127782252-project] Task 'cinder.volume.flows.api.create_volume.VolumeCastTask;volume:create' (ac327778-50ae-44bf-ba68-536c8232b5a3) transitioned into state 'RUNNING' from state 'PENDING' {{(pid=107535) _task_receiver /usr/local/lib/python3.8/dist-packages/taskflow/listeners/logging.py:190}}
Sep 23 18:43:28.737223 dv-cinder-810415-4-iscsi devstack@c-api.service[107534]: INFO cinder.api.openstack.wsgi [None req-e4db60ee-082a-4128-aaa6-b345414889ef tempest-QosSpecsTestJSON-566555586 tempest-QosSpecsTestJSON-566555586-project-admin] http://10.222.0.70/volume/v3/cbcb8d142eb64773b42b0f13ca496cd5/qos-specs/8e37f4b2-3338-4936-a7c4-ff76fc066e69 returned with HTTP 200
Sep 23 18:43:28.738380 dv-cinder-810415-4-iscsi devstack@c-api.service[107534]: [pid: 107534|app: 0|req: 201/406] 10.222.0.70 () {58 vars in 1331 bytes} [Thu Sep 23 18:43:28 2021] GET /volume/v3/cbcb8d142eb64773b42b0f13ca496cd5/qos-specs/8e37f4b2-3338-4936-a7c4-ff76fc066e69 => generated 480 bytes in 16 msecs (HTTP/1.1 200) 7 headers in 285 bytes (1 switches on core 0)
Sep 23 18:43:28.742821 dv-cinder-810415-4-iscsi devstack@c-api.service[107534]: INFO cinder.api.openstack.wsgi [None req-dc17c647-7711-4ac6-acf9-64c6a3a8dbaf tempest-VolumeQuotasAdminTestJSON-1307752483 tempest-VolumeQuotasAdminTestJSON-1307752483-project] DELETE http://10.222.0.70/volume/v3/6ba4c1fff9324a57b368efd061ea5aa1/volumes/98c64cd8-d6ca-4fdb-8973-8f88433100fe
Sep 23 18:43:28.743447 dv-cinder-810415-4-iscsi devstack@c-api.service[107534]: DEBUG cinder.api.openstack.wsgi [None req-dc17c647-7711-4ac6-acf9-64c6a3a8dbaf tempest-VolumeQuotasAdminTestJSON-1307752483 tempest-VolumeQuotasAdminTestJSON-1307752483-project] Empty body provided in request {{(pid=107534) get_body /opt/stack/cinder/cinder/api/openstack/wsgi.py:703}}
Sep 23 18:43:28.743694 dv-cinder-810415-4-iscsi devstack@c-api.service[107534]: /usr/local/lib/python3.8/dist-packages/webob/acceptparse.py:1047: DeprecationWarning: The behavior of AcceptValidHeader.best_match is currently being maintained for backward compatibility, but it will be deprecated in the future, as it does not conform to the RFC.
Sep 23 18:43:28.743694 dv-cinder-810415-4-iscsi devstack@c-api.service[107534]: warnings.warn(
Sep 23 18:43:28.744396 dv-cinder-810415-4-iscsi devstack@c-api.service[107534]: DEBUG cinder.api.openstack.wsgi [None req-dc17c647-7711-4ac6-acf9-64c6a3a8dbaf tempest-VolumeQuotasAdminTestJSON-1307752483 tempest-VolumeQuotasAdminTestJSON-1307752483-project] Calling method 'delete' {{(pid=107534) _process_stack /opt/stack/cinder/cinder/api/openstack/wsgi.py:856}}
Sep 23 18:43:28.744706 dv-cinder-810415-4-iscsi devstack@c-api.service[107534]: INFO cinder.api.v3.volumes [None req-dc17c647-7711-4ac6-acf9-64c6a3a8dbaf tempest-VolumeQuotasAdminTestJSON-1307752483 tempest-VolumeQuotasAdminTestJSON-1307752483-project] Delete volume with id: 98c64cd8-d6ca-4fdb-8973-8f88433100fe
Sep 23 18:43:28.756418 dv-cinder-810415-4-iscsi devstack@c-api.service[107535]: DEBUG cinder.volume.api [None req-cbb8181a-6e4a-4b9b-af17-42e6f160a640 tempest-VolumesCloneNegativeTest-127782252 tempest-VolumesCloneNegativeTest-127782252-project] Task 'cinder.volume.flows.api.create_volume.VolumeCastTask;volume:create' (ac327778-50ae-44bf-ba68-536c8232b5a3) transitioned into state 'SUCCESS' from state 'RUNNING' with result 'None' {{(pid=107535) _task_receiver /usr/local/lib/python3.8/dist-packages/taskflow/listeners/logging.py:178}}
Sep 23 18:43:28.759424 dv-cinder-810415-4-iscsi devstack@c-api.service[107535]: DEBUG cinder.volume.api [None req-cbb8181a-6e4a-4b9b-af17-42e6f160a640 tempest-VolumesCloneNegativeTest-127782252 tempest-VolumesCloneNegativeTest-127782252-project] Flow 'volume_create_api' (00c54609-d6c7-49d6-a519-2ce7d1d44955) transitioned into state 'SUCCESS' from state 'RUNNING' {{(pid=107535) _flow_receiver /usr/local/lib/python3.8/dist-packages/taskflow/listeners/logging.py:141}}
Sep 23 18:43:28.760541 dv-cinder-810415-4-iscsi devstack@c-api.service[107535]: INFO cinder.volume.api [None req-cbb8181a-6e4a-4b9b-af17-42e6f160a640 tempest-VolumesCloneNegativeTest-127782252 tempest-VolumesCloneNegativeTest-127782252-project] Create volume request issued successfully.
Sep 23 18:43:28.762173 dv-cinder-810415-4-iscsi devstack@c-api.service[107534]: /usr/local/lib/python3.8/dist-packages/oslo_context/context.py:105: DeprecationWarning: Policy enforcement is depending on the value of is_admin. This key is deprecated. Please update your policy file to use the standard policy values.
Sep 23 18:43:28.762173 dv-cinder-810415-4-iscsi devstack@c-api.service[107534]: warnings.warn('Policy enforcement is depending on the value of '
Sep 23 18:43:28.764100 dv-cinder-810415-4-iscsi devstack@c-api.service[107534]: INFO cinder.volume.api [None req-dc17c647-7711-4ac6-acf9-64c6a3a8dbaf tempest-VolumeQuotasAdminTestJSON-1307752483 tempest-VolumeQuotasAdminTestJSON-1307752483-project] Volume info retrieved successfully.
Sep 23 18:43:28.768658 dv-cinder-810415-4-iscsi devstack@c-api.service[107535]: INFO cinder.api.openstack.wsgi [None req-cbb8181a-6e4a-4b9b-af17-42e6f160a640 tempest-VolumesCloneNegativeTest-127782252 tempest-VolumesCloneNegativeTest-127782252-project] http://10.222.0.70/volume/v3/3e5df1d63a6d42ea8d52b30cbdbf84eb/volumes returned with HTTP 202
Sep 23 18:43:28.770138 dv-cinder-810415-4-iscsi devstack@c-api.service[107535]: [pid: 107535|app: 0|req: 206/407] 10.222.0.70 () {60 vars in 1235 bytes} [Thu Sep 23 18:43:28 2021] POST /volume/v3/3e5df1d63a6d42ea8d52b30cbdbf84eb/volumes => generated 823 bytes in 417 msecs (HTTP/1.1 202) 7 headers in 291 bytes (2 switches on core 0)
Sep 23 18:43:28.783624 dv-cinder-810415-4-iscsi devstack@c-api.service[107535]: INFO cinder.api.openstack.wsgi [None req-00e84f93-7c16-4b0f-8192-18090c9bfed8 tempest-QosSpecsTestJSON-566555586 tempest-QosSpecsTestJSON-566555586-project-admin] PUT http://10.222.0.70/volume/v3/cbcb8d142eb64773b42b0f13ca496cd5/qos-specs/8e37f4b2-3338-4936-a7c4-ff76fc066e69/delete_keys
Sep 23 18:43:28.784212 dv-cinder-810415-4-iscsi devstack@c-api.service[107535]: /usr/local/lib/python3.8/dist-packages/webob/acceptparse.py:1047: DeprecationWarning: The behavior of AcceptValidHeader.best_match is currently being maintained for backward compatibility, but it will be deprecated in the future, as it does not conform to the RFC.
Sep 23 18:43:28.784212 dv-cinder-810415-4-iscsi devstack@c-api.service[107535]: warnings.warn(
Sep 23 18:43:28.785034 dv-cinder-810415-4-iscsi devstack@c-api.service[107535]: DEBUG cinder.api.openstack.wsgi [None req-00e84f93-7c16-4b0f-8192-18090c9bfed8 tempest-QosSpecsTestJSON-566555586 tempest-QosSpecsTestJSON-566555586-project-admin] Action: 'delete_keys', calling method: delete_keys, body: {"keys": ["iops_bytes"]} {{(pid=107535) _process_stack /opt/stack/cinder/cinder/api/openstack/wsgi.py:854}}
Sep 23 18:43:28.786397 dv-cinder-810415-4-iscsi devstack@c-api.service[107535]: /usr/local/lib/python3.8/dist-packages/oslo_context/context.py:105: DeprecationWarning: Policy enforcement is depending on the value of is_admin. This key is deprecated. Please update your policy file to use the standard policy values.
Sep 23 18:43:28.786397 dv-cinder-810415-4-iscsi devstack@c-api.service[107535]: warnings.warn('Policy enforcement is depending on the value of '
Sep 23 18:43:28.787330 dv-cinder-810415-4-iscsi devstack@c-api.service[107535]: DEBUG cinder.api.contrib.qos_specs_manage [None req-00e84f93-7c16-4b0f-8192-18090c9bfed8 tempest-QosSpecsTestJSON-566555586 tempest-QosSpecsTestJSON-566555586-project-admin] Delete_key spec: 8e37f4b2-3338-4936-a7c4-ff76fc066e69, keys: ['iops_bytes'] {{(pid=107535) delete_keys /opt/stack/cinder/cinder/api/contrib/qos_specs_manage.py:207}}
Sep 23 18:43:28.798991 dv-cinder-810415-4-iscsi devstack@c-api.service[107534]: INFO cinder.volume.api [None req-dc17c647-7711-4ac6-acf9-64c6a3a8dbaf tempest-VolumeQuotasAdminTestJSON-1307752483 tempest-VolumeQuotasAdminTestJSON-1307752483-project] Delete volume request issued successfully.
Sep 23 18:43:28.799521 dv-cinder-810415-4-iscsi devstack@c-api.service[107534]: INFO cinder.api.openstack.wsgi [None req-dc17c647-7711-4ac6-acf9-64c6a3a8dbaf tempest-VolumeQuotasAdminTestJSON-1307752483 tempest-VolumeQuotasAdminTestJSON-1307752483-project] http://10.222.0.70/volume/v3/6ba4c1fff9324a57b368efd061ea5aa1/volumes/98c64cd8-d6ca-4fdb-8973-8f88433100fe returned with HTTP 202
Sep 23 18:43:28.800448 dv-cinder-810415-4-iscsi devstack@c-api.service[107534]: [pid: 107534|app: 0|req: 202/408] 10.222.0.70 () {58 vars in 1328 bytes} [Thu Sep 23 18:43:28 2021] DELETE /volume/v3/6ba4c1fff9324a57b368efd061ea5aa1/volumes/98c64cd8-d6ca-4fdb-8973-8f88433100fe => generated 0 bytes in 61 msecs (HTTP/1.1 202) 6 headers in 233 bytes (1 switches on core 0)
Sep 23 18:43:28.805649 dv-cinder-810415-4-iscsi devstack@c-api.service[107534]: INFO cinder.api.openstack.wsgi [None req-bb9dc9b8-6171-407e-9769-837f231c3d68 tempest-VolumesCloneNegativeTest-127782252 tempest-VolumesCloneNegativeTest-127782252-project] GET http://10.222.0.70/volume/v3/3e5df1d63a6d42ea8d52b30cbdbf84eb/volumes/14e1f15c-53df-4070-9601-f0c2f4949d30
Sep 23 18:43:28.806550 dv-cinder-810415-4-iscsi devstack@c-api.service[107534]: DEBUG cinder.api.openstack.wsgi [None req-bb9dc9b8-6171-407e-9769-837f231c3d68 tempest-VolumesCloneNegativeTest-127782252 tempest-VolumesCloneNegativeTest-127782252-project] Empty body provided in request {{(pid=107534) get_body /opt/stack/cinder/cinder/api/openstack/wsgi.py:703}}
Sep 23 18:43:28.806795 dv-cinder-810415-4-iscsi devstack@c-api.service[107534]: /usr/local/lib/python3.8/dist-packages/webob/acceptparse.py:1047: DeprecationWarning: The behavior of AcceptValidHeader.best_match is currently being maintained for backward compatibility, but it will be deprecated in the future, as it does not conform to the RFC.
Sep 23 18:43:28.806795 dv-cinder-810415-4-iscsi devstack@c-api.service[107534]: warnings.warn(
Sep 23 18:43:28.807599 dv-cinder-810415-4-iscsi devstack@c-api.service[107534]: DEBUG cinder.api.openstack.wsgi [None req-bb9dc9b8-6171-407e-9769-837f231c3d68 tempest-VolumesCloneNegativeTest-127782252 tempest-VolumesCloneNegativeTest-127782252-project] Calling method 'show' {{(pid=107534) _process_stack /opt/stack/cinder/cinder/api/openstack/wsgi.py:856}}
Sep 23 18:43:28.819610 dv-cinder-810415-4-iscsi devstack@c-api.service[107535]: INFO cinder.api.openstack.wsgi [None req-00e84f93-7c16-4b0f-8192-18090c9bfed8 tempest-QosSpecsTestJSON-566555586 tempest-QosSpecsTestJSON-566555586-project-admin] http://10.222.0.70/volume/v3/cbcb8d142eb64773b42b0f13ca496cd5/qos-specs/8e37f4b2-3338-4936-a7c4-ff76fc066e69/delete_keys returned with HTTP 202
Sep 23 18:43:28.821836 dv-cinder-810415-4-iscsi devstack@c-api.service[107535]: [pid: 107535|app: 0|req: 207/409] 10.222.0.70 () {60 vars in 1387 bytes} [Thu Sep 23 18:43:28 2021] PUT /volume/v3/cbcb8d142eb64773b42b0f13ca496cd5/qos-specs/8e37f4b2-3338-4936-a7c4-ff76fc066e69/delete_keys => generated 0 bytes in 45 msecs (HTTP/1.1 202) 6 headers in 233 bytes (1 switches on core 0)
Sep 23 18:43:28.825541 dv-cinder-810415-4-iscsi devstack@c-api.service[107534]: /usr/local/lib/python3.8/dist-packages/oslo_context/context.py:105: DeprecationWarning: Policy enforcement is depending on the value of is_admin. This key is deprecated. Please update your policy file to use the standard policy values.
Sep 23 18:43:28.825541 dv-cinder-810415-4-iscsi devstack@c-api.service[107534]: warnings.warn('Policy enforcement is depending on the value of '
Sep 23 18:43:28.826036 dv-cinder-810415-4-iscsi devstack@c-api.service[107535]: INFO cinder.api.openstack.wsgi [None req-6b49c5ed-5416-4a0a-b906-f9d6765f93c1 tempest-DeleteServersTestJSON-1900591333 tempest-DeleteServersTestJSON-1900591333-project] GET http://10.222.0.70/volume/v3/45ef7cd2dfc24029a8875cae5270ad15/volumes/7c36622a-b864-4e05-adb0-684eeba66887
Sep 23 18:43:28.826633 dv-cinder-810415-4-iscsi devstack@c-api.service[107535]: DEBUG cinder.api.openstack.wsgi [None req-6b49c5ed-5416-4a0a-b906-f9d6765f93c1 tempest-DeleteServersTestJSON-1900591333 tempest-DeleteServersTestJSON-1900591333-project] Empty body provided in request {{(pid=107535) get_body /opt/stack/cinder/cinder/api/openstack/wsgi.py:703}}
Sep 23 18:43:28.826861 dv-cinder-810415-4-iscsi devstack@c-api.service[107535]: /usr/local/lib/python3.8/dist-packages/webob/acceptparse.py:1047: DeprecationWarning: The behavior of AcceptValidHeader.best_match is currently being maintained for backward compatibility, but it will be deprecated in the future, as it does not conform to the RFC.
Sep 23 18:43:28.826861 dv-cinder-810415-4-iscsi devstack@c-api.service[107535]: warnings.warn(
Sep 23 18:43:28.827255 dv-cinder-810415-4-iscsi devstack@c-api.service[107535]: DEBUG cinder.api.openstack.wsgi [None req-6b49c5ed-5416-4a0a-b906-f9d6765f93c1 tempest-DeleteServersTestJSON-1900591333 tempest-DeleteServersTestJSON-1900591333-project] Calling method 'show' {{(pid=107535) _process_stack /opt/stack/cinder/cinder/api/openstack/wsgi.py:856}}
Sep 23 18:43:28.836825 dv-cinder-810415-4-iscsi devstack@c-api.service[107534]: INFO cinder.volume.api [None req-bb9dc9b8-6171-407e-9769-837f231c3d68 tempest-VolumesCloneNegativeTest-127782252 tempest-VolumesCloneNegativeTest-127782252-project] Volume info retrieved successfully.
Sep 23 18:43:28.846121 dv-cinder-810415-4-iscsi devstack@c-api.service[107535]: /usr/local/lib/python3.8/dist-packages/oslo_context/context.py:105: DeprecationWarning: Policy enforcement is depending on the value of is_admin. This key is deprecated. Please update your policy file to use the standard policy values.
Sep 23 18:43:28.846121 dv-cinder-810415-4-iscsi devstack@c-api.service[107535]: warnings.warn('Policy enforcement is depending on the value of '
Sep 23 18:43:28.853445 dv-cinder-810415-4-iscsi devstack@c-api.service[107534]: INFO cinder.api.openstack.wsgi [None req-bb9dc9b8-6171-407e-9769-837f231c3d68 tempest-VolumesCloneNegativeTest-127782252 tempest-VolumesCloneNegativeTest-127782252-project] http://10.222.0.70/volume/v3/3e5df1d63a6d42ea8d52b30cbdbf84eb/volumes/14e1f15c-53df-4070-9601-f0c2f4949d30 returned with HTTP 200
Sep 23 18:43:28.854442 dv-cinder-810415-4-iscsi devstack@c-api.service[107534]: [pid: 107534|app: 0|req: 203/410] 10.222.0.70 () {58 vars in 1325 bytes} [Thu Sep 23 18:43:28 2021] GET /volume/v3/3e5df1d63a6d42ea8d52b30cbdbf84eb/volumes/14e1f15c-53df-4070-9601-f0c2f4949d30 => generated 891 bytes in 53 msecs (HTTP/1.1 200) 7 headers in 285 bytes (1 switches on core 0)
Sep 23 18:43:28.858359 dv-cinder-810415-4-iscsi devstack@c-api.service[107534]: INFO cinder.api.openstack.wsgi [None req-6a762d3f-e843-4429-8e30-58484938beb6 tempest-VolumeQuotasAdminTestJSON-1307752483 tempest-VolumeQuotasAdminTestJSON-1307752483-project] GET http://10.222.0.70/volume/v3/6ba4c1fff9324a57b368efd061ea5aa1/volumes/98c64cd8-d6ca-4fdb-8973-8f88433100fe
Sep 23 18:43:28.858919 dv-cinder-810415-4-iscsi devstack@c-api.service[107534]: DEBUG cinder.api.openstack.wsgi [None req-6a762d3f-e843-4429-8e30-58484938beb6 tempest-VolumeQuotasAdminTestJSON-1307752483 tempest-VolumeQuotasAdminTestJSON-1307752483-project] Empty body provided in request {{(pid=107534) get_body /opt/stack/cinder/cinder/api/openstack/wsgi.py:703}}
Sep 23 18:43:28.859095 dv-cinder-810415-4-iscsi devstack@c-api.service[107534]: /usr/local/lib/python3.8/dist-packages/webob/acceptparse.py:1047: DeprecationWarning: The behavior of AcceptValidHeader.best_match is currently being maintained for backward compatibility, but it will be deprecated in the future, as it does not conform to the RFC.
Sep 23 18:43:28.859095 dv-cinder-810415-4-iscsi devstack@c-api.service[107534]: warnings.warn(
Sep 23 18:43:28.859397 dv-cinder-810415-4-iscsi devstack@c-api.service[107534]: DEBUG cinder.api.openstack.wsgi [None req-6a762d3f-e843-4429-8e30-58484938beb6 tempest-VolumeQuotasAdminTestJSON-1307752483 tempest-VolumeQuotasAdminTestJSON-1307752483-project] Calling method 'show' {{(pid=107534) _process_stack /opt/stack/cinder/cinder/api/openstack/wsgi.py:856}}
Sep 23 18:43:28.867469 dv-cinder-810415-4-iscsi devstack@c-api.service[107535]: INFO cinder.volume.api [None req-6b49c5ed-5416-4a0a-b906-f9d6765f93c1 tempest-DeleteServersTestJSON-1900591333 tempest-DeleteServersTestJSON-1900591333-project] Volume info retrieved successfully.
Sep 23 18:43:28.874196 dv-cinder-810415-4-iscsi devstack@c-api.service[107534]: /usr/local/lib/python3.8/dist-packages/oslo_context/context.py:105: DeprecationWarning: Policy enforcement is depending on the value of is_admin. This key is deprecated. Please update your policy file to use the standard policy values.
Sep 23 18:43:28.874196 dv-cinder-810415-4-iscsi devstack@c-api.service[107534]: warnings.warn('Policy enforcement is depending on the value of '
Sep 23 18:43:28.881640 dv-cinder-810415-4-iscsi devstack@c-api.service[107534]: INFO cinder.volume.api [None req-6a762d3f-e843-4429-8e30-58484938beb6 tempest-VolumeQuotasAdminTestJSON-1307752483 tempest-VolumeQuotasAdminTestJSON-1307752483-project] Volume info retrieved successfully.
Sep 23 18:43:28.889845 dv-cinder-810415-4-iscsi devstack@c-api.service[107535]: /usr/local/lib/python3.8/dist-packages/oslo_context/context.py:105: DeprecationWarning: Policy enforcement is depending on the value of is_admin. This key is deprecated. Please update your policy file to use the standard policy values.
Sep 23 18:43:28.889845 dv-cinder-810415-4-iscsi devstack@c-api.service[107535]: warnings.warn('Policy enforcement is depending on the value of '
Sep 23 18:43:28.900541 dv-cinder-810415-4-iscsi devstack@c-api.service[107534]: INFO cinder.api.openstack.wsgi [None req-6a762d3f-e843-4429-8e30-58484938beb6 tempest-VolumeQuotasAdminTestJSON-1307752483 tempest-VolumeQuotasAdminTestJSON-1307752483-project] http://10.222.0.70/volume/v3/6ba4c1fff9324a57b368efd061ea5aa1/volumes/98c64cd8-d6ca-4fdb-8973-8f88433100fe returned with HTTP 200
Sep 23 18:43:28.901813 dv-cinder-810415-4-iscsi devstack@c-api.service[107534]: [pid: 107534|app: 0|req: 204/411] 10.222.0.70 () {58 vars in 1325 bytes} [Thu Sep 23 18:43:28 2021] GET /volume/v3/6ba4c1fff9324a57b368efd061ea5aa1/volumes/98c64cd8-d6ca-4fdb-8973-8f88433100fe => generated 916 bytes in 47 msecs (HTTP/1.1 200) 7 headers in 285 bytes (1 switches on core 0)
Sep 23 18:43:28.903316 dv-cinder-810415-4-iscsi devstack@c-api.service[107535]: INFO cinder.api.openstack.wsgi [None req-6b49c5ed-5416-4a0a-b906-f9d6765f93c1 tempest-DeleteServersTestJSON-1900591333 tempest-DeleteServersTestJSON-1900591333-project] http://10.222.0.70/volume/v3/45ef7cd2dfc24029a8875cae5270ad15/volumes/7c36622a-b864-4e05-adb0-684eeba66887 returned with HTTP 200
Sep 23 18:43:28.904272 dv-cinder-810415-4-iscsi devstack@c-api.service[107535]: [pid: 107535|app: 0|req: 208/412] 10.222.0.70 () {58 vars in 1325 bytes} [Thu Sep 23 18:43:28 2021] GET /volume/v3/45ef7cd2dfc24029a8875cae5270ad15/volumes/7c36622a-b864-4e05-adb0-684eeba66887 => generated 913 bytes in 82 msecs (HTTP/1.1 200) 7 headers in 285 bytes (1 switches on core 0)
Sep 23 18:43:28.915047 dv-cinder-810415-4-iscsi devstack@c-api.service[107535]: INFO cinder.api.openstack.wsgi [None req-13984205-e618-4ec3-ae66-ec4767443f4d tempest-VolumesActionsTest-1946346776 tempest-VolumesActionsTest-1946346776-project] GET http://10.222.0.70/volume/v3/a40806e0ad7f41b185ef53da29f498c0/volumes/b350f98d-7569-4b66-886b-da9f9325ac8c
Sep 23 18:43:28.915496 dv-cinder-810415-4-iscsi devstack@c-api.service[107534]: INFO cinder.api.openstack.wsgi [None req-75745ad6-803e-447f-9926-75d67b3859ef tempest-QosSpecsTestJSON-566555586 tempest-QosSpecsTestJSON-566555586-project-admin] GET http://10.222.0.70/volume/v3/cbcb8d142eb64773b42b0f13ca496cd5/qos-specs/8e37f4b2-3338-4936-a7c4-ff76fc066e69
Sep 23 18:43:28.915600 dv-cinder-810415-4-iscsi devstack@c-api.service[107535]: DEBUG cinder.api.openstack.wsgi [None req-13984205-e618-4ec3-ae66-ec4767443f4d tempest-VolumesActionsTest-1946346776 tempest-VolumesActionsTest-1946346776-project] Empty body provided in request {{(pid=107535) get_body /opt/stack/cinder/cinder/api/openstack/wsgi.py:703}}
Sep 23 18:43:28.915841 dv-cinder-810415-4-iscsi devstack@c-api.service[107535]: /usr/local/lib/python3.8/dist-packages/webob/acceptparse.py:1047: DeprecationWarning: The behavior of AcceptValidHeader.best_match is currently being maintained for backward compatibility, but it will be deprecated in the future, as it does not conform to the RFC.
Sep 23 18:43:28.915841 dv-cinder-810415-4-iscsi devstack@c-api.service[107535]: warnings.warn(
Sep 23 18:43:28.915988 dv-cinder-810415-4-iscsi devstack@c-api.service[107534]: DEBUG cinder.api.openstack.wsgi [None req-75745ad6-803e-447f-9926-75d67b3859ef tempest-QosSpecsTestJSON-566555586 tempest-QosSpecsTestJSON-566555586-project-admin] Empty body provided in request {{(pid=107534) get_body /opt/stack/cinder/cinder/api/openstack/wsgi.py:703}}
Sep 23 18:43:28.916154 dv-cinder-810415-4-iscsi devstack@c-api.service[107534]: /usr/local/lib/python3.8/dist-packages/webob/acceptparse.py:1047: DeprecationWarning: The behavior of AcceptValidHeader.best_match is currently being maintained for backward compatibility, but it will be deprecated in the future, as it does not conform to the RFC.
Sep 23 18:43:28.916154 dv-cinder-810415-4-iscsi devstack@c-api.service[107534]: warnings.warn(
Sep 23 18:43:28.916334 dv-cinder-810415-4-iscsi devstack@c-api.service[107535]: DEBUG cinder.api.openstack.wsgi [None req-13984205-e618-4ec3-ae66-ec4767443f4d tempest-VolumesActionsTest-1946346776 tempest-VolumesActionsTest-1946346776-project] Calling method 'show' {{(pid=107535) _process_stack /opt/stack/cinder/cinder/api/openstack/wsgi.py:856}}
Sep 23 18:43:28.916480 dv-cinder-810415-4-iscsi devstack@c-api.service[107534]: DEBUG cinder.api.openstack.wsgi [None req-75745ad6-803e-447f-9926-75d67b3859ef tempest-QosSpecsTestJSON-566555586 tempest-QosSpecsTestJSON-566555586-project-admin] Calling method 'show' {{(pid=107534) _process_stack /opt/stack/cinder/cinder/api/openstack/wsgi.py:856}}
Sep 23 18:43:28.923376 dv-cinder-810415-4-iscsi devstack@c-api.service[107534]: INFO cinder.api.openstack.wsgi [None req-75745ad6-803e-447f-9926-75d67b3859ef tempest-QosSpecsTestJSON-566555586 tempest-QosSpecsTestJSON-566555586-project-admin] http://10.222.0.70/volume/v3/cbcb8d142eb64773b42b0f13ca496cd5/qos-specs/8e37f4b2-3338-4936-a7c4-ff76fc066e69 returned with HTTP 200
Sep 23 18:43:28.924154 dv-cinder-810415-4-iscsi devstack@c-api.service[107534]: [pid: 107534|app: 0|req: 205/413] 10.222.0.70 () {58 vars in 1331 bytes} [Thu Sep 23 18:43:28 2021] GET /volume/v3/cbcb8d142eb64773b42b0f13ca496cd5/qos-specs/8e37f4b2-3338-4936-a7c4-ff76fc066e69 => generated 459 bytes in 22 msecs (HTTP/1.1 200) 7 headers in 285 bytes (1 switches on core 0)
Sep 23 18:43:28.935803 dv-cinder-810415-4-iscsi devstack@c-api.service[107535]: /usr/local/lib/python3.8/dist-packages/oslo_context/context.py:105: DeprecationWarning: Policy enforcement is depending on the value of is_admin. This key is deprecated. Please update your policy file to use the standard policy values.
Sep 23 18:43:28.935803 dv-cinder-810415-4-iscsi devstack@c-api.service[107535]: warnings.warn('Policy enforcement is depending on the value of '
Sep 23 18:43:28.936122 dv-cinder-810415-4-iscsi devstack@c-api.service[107534]: INFO cinder.api.openstack.wsgi [None req-6abc2d38-c847-42a1-b23e-cca5a23d1109 tempest-QosSpecsTestJSON-566555586 tempest-QosSpecsTestJSON-566555586-project-admin] GET http://10.222.0.70/volume/v3/cbcb8d142eb64773b42b0f13ca496cd5/qos-specs/8e37f4b2-3338-4936-a7c4-ff76fc066e69
Sep 23 18:43:28.936619 dv-cinder-810415-4-iscsi devstack@c-api.service[107534]: DEBUG cinder.api.openstack.wsgi [None req-6abc2d38-c847-42a1-b23e-cca5a23d1109 tempest-QosSpecsTestJSON-566555586 tempest-QosSpecsTestJSON-566555586-project-admin] Empty body provided in request {{(pid=107534) get_body /opt/stack/cinder/cinder/api/openstack/wsgi.py:703}}
Sep 23 18:43:28.936831 dv-cinder-810415-4-iscsi devstack@c-api.service[107534]: /usr/local/lib/python3.8/dist-packages/webob/acceptparse.py:1047: DeprecationWarning: The behavior of AcceptValidHeader.best_match is currently being maintained for backward compatibility, but it will be deprecated in the future, as it does not conform to the RFC.
Sep 23 18:43:28.936831 dv-cinder-810415-4-iscsi devstack@c-api.service[107534]: warnings.warn(
Sep 23 18:43:28.937256 dv-cinder-810415-4-iscsi devstack@c-api.service[107534]: DEBUG cinder.api.openstack.wsgi [None req-6abc2d38-c847-42a1-b23e-cca5a23d1109 tempest-QosSpecsTestJSON-566555586 tempest-QosSpecsTestJSON-566555586-project-admin] Calling method 'show' {{(pid=107534) _process_stack /opt/stack/cinder/cinder/api/openstack/wsgi.py:856}}
Sep 23 18:43:28.938453 dv-cinder-810415-4-iscsi devstack@c-api.service[107534]: /usr/local/lib/python3.8/dist-packages/oslo_context/context.py:105: DeprecationWarning: Policy enforcement is depending on the value of is_admin. This key is deprecated. Please update your policy file to use the standard policy values.
Sep 23 18:43:28.938453 dv-cinder-810415-4-iscsi devstack@c-api.service[107534]: warnings.warn('Policy enforcement is depending on the value of '
Sep 23 18:43:28.943997 dv-cinder-810415-4-iscsi devstack@c-api.service[107535]: INFO cinder.volume.api [None req-13984205-e618-4ec3-ae66-ec4767443f4d tempest-VolumesActionsTest-1946346776 tempest-VolumesActionsTest-1946346776-project] Volume info retrieved successfully.
Sep 23 18:43:28.949576 dv-cinder-810415-4-iscsi devstack@c-api.service[107534]: INFO cinder.api.openstack.wsgi [None req-6abc2d38-c847-42a1-b23e-cca5a23d1109 tempest-QosSpecsTestJSON-566555586 tempest-QosSpecsTestJSON-566555586-project-admin] http://10.222.0.70/volume/v3/cbcb8d142eb64773b42b0f13ca496cd5/qos-specs/8e37f4b2-3338-4936-a7c4-ff76fc066e69 returned with HTTP 200
Sep 23 18:43:28.949576 dv-cinder-810415-4-iscsi devstack@c-api.service[107534]: [pid: 107534|app: 0|req: 206/414] 10.222.0.70 () {58 vars in 1331 bytes} [Thu Sep 23 18:43:28 2021] GET /volume/v3/cbcb8d142eb64773b42b0f13ca496cd5/qos-specs/8e37f4b2-3338-4936-a7c4-ff76fc066e69 => generated 459 bytes in 19 msecs (HTTP/1.1 200) 7 headers in 285 bytes (2 switches on core 0)
Sep 23 18:43:28.964685 dv-cinder-810415-4-iscsi devstack@c-api.service[107534]: INFO cinder.api.openstack.wsgi [None req-a2bac884-6054-4658-bb3e-82d3660b7df6 tempest-QosSpecsTestJSON-566555586 tempest-QosSpecsTestJSON-566555586-project-admin] DELETE http://10.222.0.70/volume/v3/cbcb8d142eb64773b42b0f13ca496cd5/qos-specs/507759f4-e056-450a-a892-6478522b6e23?force=False
Sep 23 18:43:28.965048 dv-cinder-810415-4-iscsi devstack@c-api.service[107534]: DEBUG cinder.api.openstack.wsgi [None req-a2bac884-6054-4658-bb3e-82d3660b7df6 tempest-QosSpecsTestJSON-566555586 tempest-QosSpecsTestJSON-566555586-project-admin] Empty body provided in request {{(pid=107534) get_body /opt/stack/cinder/cinder/api/openstack/wsgi.py:703}}
Sep 23 18:43:28.965502 dv-cinder-810415-4-iscsi devstack@c-api.service[107534]: /usr/local/lib/python3.8/dist-packages/webob/acceptparse.py:1047: DeprecationWarning: The behavior of AcceptValidHeader.best_match is currently being maintained for backward compatibility, but it will be deprecated in the future, as it does not conform to the RFC.
Sep 23 18:43:28.965502 dv-cinder-810415-4-iscsi devstack@c-api.service[107534]: warnings.warn(
Sep 23 18:43:28.966165 dv-cinder-810415-4-iscsi devstack@c-api.service[107534]: DEBUG cinder.api.openstack.wsgi [None req-a2bac884-6054-4658-bb3e-82d3660b7df6 tempest-QosSpecsTestJSON-566555586 tempest-QosSpecsTestJSON-566555586-project-admin] Calling method 'delete' {{(pid=107534) _process_stack /opt/stack/cinder/cinder/api/openstack/wsgi.py:856}}
Sep 23 18:43:28.966831 dv-cinder-810415-4-iscsi devstack@c-api.service[107534]: /usr/local/lib/python3.8/dist-packages/oslo_context/context.py:105: DeprecationWarning: Policy enforcement is depending on the value of is_admin. This key is deprecated. Please update your policy file to use the standard policy values.
Sep 23 18:43:28.966831 dv-cinder-810415-4-iscsi devstack@c-api.service[107534]: warnings.warn('Policy enforcement is depending on the value of '
Sep 23 18:43:28.967561 dv-cinder-810415-4-iscsi devstack@c-api.service[107534]: DEBUG cinder.api.contrib.qos_specs_manage [None req-a2bac884-6054-4658-bb3e-82d3660b7df6 tempest-QosSpecsTestJSON-566555586 tempest-QosSpecsTestJSON-566555586-project-admin] Delete qos_spec: 507759f4-e056-450a-a892-6478522b6e23, force: False {{(pid=107534) delete /opt/stack/cinder/cinder/api/contrib/qos_specs_manage.py:168}}
Sep 23 18:43:28.970338 dv-cinder-810415-4-iscsi devstack@c-api.service[107535]: INFO cinder.api.openstack.wsgi [None req-13984205-e618-4ec3-ae66-ec4767443f4d tempest-VolumesActionsTest-1946346776 tempest-VolumesActionsTest-1946346776-project] http://10.222.0.70/volume/v3/a40806e0ad7f41b185ef53da29f498c0/volumes/b350f98d-7569-4b66-886b-da9f9325ac8c returned with HTTP 200
Sep 23 18:43:28.971423 dv-cinder-810415-4-iscsi devstack@c-api.service[107535]: [pid: 107535|app: 0|req: 209/415] 10.222.0.70 () {58 vars in 1325 bytes} [Thu Sep 23 18:43:28 2021] GET /volume/v3/a40806e0ad7f41b185ef53da29f498c0/volumes/b350f98d-7569-4b66-886b-da9f9325ac8c => generated 911 bytes in 66 msecs (HTTP/1.1 200) 7 headers in 285 bytes (1 switches on core 0)
Sep 23 18:43:28.972382 dv-cinder-810415-4-iscsi devstack@c-api.service[107534]: INFO cinder.api.openstack.wsgi [None req-a2bac884-6054-4658-bb3e-82d3660b7df6 tempest-QosSpecsTestJSON-566555586 tempest-QosSpecsTestJSON-566555586-project-admin] http://10.222.0.70/volume/v3/cbcb8d142eb64773b42b0f13ca496cd5/qos-specs/507759f4-e056-450a-a892-6478522b6e23?force=False returned with HTTP 404
Sep 23 18:43:28.973301 dv-cinder-810415-4-iscsi devstack@c-api.service[107534]: [pid: 107534|app: 0|req: 207/416] 10.222.0.70 () {58 vars in 1357 bytes} [Thu Sep 23 18:43:28 2021] DELETE /volume/v3/cbcb8d142eb64773b42b0f13ca496cd5/qos-specs/507759f4-e056-450a-a892-6478522b6e23?force=False => generated 100 bytes in 15 msecs (HTTP/1.1 404) 7 headers in 292 bytes (2 switches on core 0)
Sep 23 18:43:28.983127 dv-cinder-810415-4-iscsi devstack@c-api.service[107535]: INFO cinder.api.openstack.wsgi [None req-b1472b63-df17-4b23-bfa1-47db68dfcebc tempest-QosSpecsTestJSON-566555586 tempest-QosSpecsTestJSON-566555586-project-admin] GET http://10.222.0.70/volume/v3/cbcb8d142eb64773b42b0f13ca496cd5/qos-specs/507759f4-e056-450a-a892-6478522b6e23
Sep 23 18:43:28.983585 dv-cinder-810415-4-iscsi devstack@c-api.service[107535]: DEBUG cinder.api.openstack.wsgi [None req-b1472b63-df17-4b23-bfa1-47db68dfcebc tempest-QosSpecsTestJSON-566555586 tempest-QosSpecsTestJSON-566555586-project-admin] Empty body provided in request {{(pid=107535) get_body /opt/stack/cinder/cinder/api/openstack/wsgi.py:703}}
Sep 23 18:43:28.983753 dv-cinder-810415-4-iscsi devstack@c-api.service[107535]: /usr/local/lib/python3.8/dist-packages/webob/acceptparse.py:1047: DeprecationWarning: The behavior of AcceptValidHeader.best_match is currently being maintained for backward compatibility, but it will be deprecated in the future, as it does not conform to the RFC.
Sep 23 18:43:28.983753 dv-cinder-810415-4-iscsi devstack@c-api.service[107535]: warnings.warn(
Sep 23 18:43:28.984347 dv-cinder-810415-4-iscsi devstack@c-api.service[107535]: DEBUG cinder.api.openstack.wsgi [None req-b1472b63-df17-4b23-bfa1-47db68dfcebc tempest-QosSpecsTestJSON-566555586 tempest-QosSpecsTestJSON-566555586-project-admin] Calling method 'show' {{(pid=107535) _process_stack /opt/stack/cinder/cinder/api/openstack/wsgi.py:856}}
Sep 23 18:43:28.985685 dv-cinder-810415-4-iscsi devstack@c-api.service[107534]: INFO cinder.api.openstack.wsgi [None req-cefbea09-a7c7-4f9e-a7f0-15fc0aa1400b tempest-VolumesActionsTest-1933285882 tempest-VolumesActionsTest-1933285882-project-admin] POST http://10.222.0.70/volume/v3/e1ce2582d45548339b43a3ef4f968e7b/volumes/b350f98d-7569-4b66-886b-da9f9325ac8c/action
Sep 23 18:43:28.986378 dv-cinder-810415-4-iscsi devstack@c-api.service[107534]: DEBUG cinder.api.openstack.wsgi [None req-cefbea09-a7c7-4f9e-a7f0-15fc0aa1400b tempest-VolumesActionsTest-1933285882 tempest-VolumesActionsTest-1933285882-project-admin] Action body: b'{"os-reset_status": {"status": "maintenance"}}' {{(pid=107534) get_method /opt/stack/cinder/cinder/api/openstack/wsgi.py:971}}
Sep 23 18:43:28.986708 dv-cinder-810415-4-iscsi devstack@c-api.service[107534]: DEBUG cinder.api.openstack.wsgi [None req-cefbea09-a7c7-4f9e-a7f0-15fc0aa1400b tempest-VolumesActionsTest-1933285882 tempest-VolumesActionsTest-1933285882-project-admin] Action: 'action', calling method: _reset_status, body: {"os-reset_status": {"status": "maintenance"}} {{(pid=107534) _process_stack /opt/stack/cinder/cinder/api/openstack/wsgi.py:854}}
Sep 23 18:43:28.987516 dv-cinder-810415-4-iscsi devstack@c-api.service[107534]: DEBUG cinder.api.contrib.admin_actions [None req-cefbea09-a7c7-4f9e-a7f0-15fc0aa1400b tempest-VolumesActionsTest-1933285882 tempest-VolumesActionsTest-1933285882-project-admin] Updating volume 'b350f98d-7569-4b66-886b-da9f9325ac8c' with '{'status': 'maintenance'}' {{(pid=107534) _reset_status /opt/stack/cinder/cinder/api/contrib/admin_actions.py:100}}
Sep 23 18:43:28.992099 dv-cinder-810415-4-iscsi devstack@c-api.service[107535]: INFO cinder.api.openstack.wsgi [None req-b1472b63-df17-4b23-bfa1-47db68dfcebc tempest-QosSpecsTestJSON-566555586 tempest-QosSpecsTestJSON-566555586-project-admin] http://10.222.0.70/volume/v3/cbcb8d142eb64773b42b0f13ca496cd5/qos-specs/507759f4-e056-450a-a892-6478522b6e23 returned with HTTP 404
Sep 23 18:43:28.993260 dv-cinder-810415-4-iscsi devstack@c-api.service[107535]: [pid: 107535|app: 0|req: 210/417] 10.222.0.70 () {58 vars in 1331 bytes} [Thu Sep 23 18:43:28 2021] GET /volume/v3/cbcb8d142eb64773b42b0f13ca496cd5/qos-specs/507759f4-e056-450a-a892-6478522b6e23 => generated 100 bytes in 16 msecs (HTTP/1.1 404) 7 headers in 292 bytes (2 switches on core 0)
Sep 23 18:43:29.003213 dv-cinder-810415-4-iscsi devstack@c-api.service[107535]: INFO cinder.api.openstack.wsgi [None req-c4daa1a9-22e2-4bb5-8e5f-26ac8f959043 tempest-QosSpecsTestJSON-566555586 tempest-QosSpecsTestJSON-566555586-project-admin] DELETE http://10.222.0.70/volume/v3/cbcb8d142eb64773b42b0f13ca496cd5/qos-specs/02108edd-e120-4c62-a0b1-475b8416eb15?force=False
Sep 23 18:43:29.003808 dv-cinder-810415-4-iscsi devstack@c-api.service[107535]: DEBUG cinder.api.openstack.wsgi [None req-c4daa1a9-22e2-4bb5-8e5f-26ac8f959043 tempest-QosSpecsTestJSON-566555586 tempest-QosSpecsTestJSON-566555586-project-admin] Empty body provided in request {{(pid=107535) get_body /opt/stack/cinder/cinder/api/openstack/wsgi.py:703}}
Sep 23 18:43:29.004321 dv-cinder-810415-4-iscsi devstack@c-api.service[107535]: DEBUG cinder.api.openstack.wsgi [None req-c4daa1a9-22e2-4bb5-8e5f-26ac8f959043 tempest-QosSpecsTestJSON-566555586 tempest-QosSpecsTestJSON-566555586-project-admin] Calling method 'delete' {{(pid=107535) _process_stack /opt/stack/cinder/cinder/api/openstack/wsgi.py:856}}
Sep 23 18:43:29.005771 dv-cinder-810415-4-iscsi devstack@c-api.service[107535]: DEBUG cinder.api.contrib.qos_specs_manage [None req-c4daa1a9-22e2-4bb5-8e5f-26ac8f959043 tempest-QosSpecsTestJSON-566555586 tempest-QosSpecsTestJSON-566555586-project-admin] Delete qos_spec: 02108edd-e120-4c62-a0b1-475b8416eb15, force: False {{(pid=107535) delete /opt/stack/cinder/cinder/api/contrib/qos_specs_manage.py:168}}
Sep 23 18:43:29.010625 dv-cinder-810415-4-iscsi devstack@c-api.service[107535]: INFO cinder.api.openstack.wsgi [None req-c4daa1a9-22e2-4bb5-8e5f-26ac8f959043 tempest-QosSpecsTestJSON-566555586 tempest-QosSpecsTestJSON-566555586-project-admin] http://10.222.0.70/volume/v3/cbcb8d142eb64773b42b0f13ca496cd5/qos-specs/02108edd-e120-4c62-a0b1-475b8416eb15?force=False returned with HTTP 404
Sep 23 18:43:29.011624 dv-cinder-810415-4-iscsi devstack@c-api.service[107535]: [pid: 107535|app: 0|req: 211/418] 10.222.0.70 () {58 vars in 1357 bytes} [Thu Sep 23 18:43:28 2021] DELETE /volume/v3/cbcb8d142eb64773b42b0f13ca496cd5/qos-specs/02108edd-e120-4c62-a0b1-475b8416eb15?force=False => generated 100 bytes in 14 msecs (HTTP/1.1 404) 7 headers in 292 bytes (2 switches on core 0)
Sep 23 18:43:29.016109 dv-cinder-810415-4-iscsi devstack@c-api.service[107534]: /usr/local/lib/python3.8/dist-packages/oslo_context/context.py:105: DeprecationWarning: Policy enforcement is depending on the value of is_admin. This key is deprecated. Please update your policy file to use the standard policy values.
Sep 23 18:43:29.016109 dv-cinder-810415-4-iscsi devstack@c-api.service[107534]: warnings.warn('Policy enforcement is depending on the value of '
Sep 23 18:43:29.020776 dv-cinder-810415-4-iscsi devstack@c-api.service[107535]: INFO cinder.api.openstack.wsgi [None req-59c9f059-e1c4-4a8b-8648-18f33fdb6c73 tempest-QosSpecsTestJSON-566555586 tempest-QosSpecsTestJSON-566555586-project-admin] GET http://10.222.0.70/volume/v3/cbcb8d142eb64773b42b0f13ca496cd5/qos-specs/02108edd-e120-4c62-a0b1-475b8416eb15
