Sep 22 20:56:41.555175 dv-cinder-810415-3-iscsi devstack@n-api.service[94103]: [pid: 94103|app: 0|req: 1/1] 10.222.0.42 () {50 vars in 789 bytes} [Wed Sep 22 20:56:41 2021] GET /compute/v2.1/ => generated 388 bytes in 3 msecs (HTTP/1.1 200) 9 headers in 357 bytes (1 switches on core 0)
Sep 22 20:56:41.569319 dv-cinder-810415-3-iscsi devstack@n-api.service[94102]: WARNING keystonemiddleware.auth_token [None req-fad71329-1c20-4dd1-88c4-8ad2ffd2d0bb None None] AuthToken middleware is set with keystone_authtoken.service_token_roles_required set to False. This is backwards compatible but deprecated behaviour. Please set this to True.
Sep 22 20:56:41.574477 dv-cinder-810415-3-iscsi devstack@n-api.service[94102]: WARNING keystonemiddleware.auth_token [None req-fad71329-1c20-4dd1-88c4-8ad2ffd2d0bb None None] Configuring www_authenticate_uri to point to the public identity endpoint is required; clients may not be able to authenticate against an admin endpoint
Sep 22 20:56:41.581167 dv-cinder-810415-3-iscsi devstack@n-api.service[94102]: WSGI app 0 (mountpoint='') ready in 6 seconds on interpreter 0x55fa2f74e9c0 pid: 94102 (default app)
Sep 22 20:58:04.202888 dv-cinder-810415-3-iscsi devstack@n-api.service[94103]: DEBUG nova.api.openstack.wsgi [None req-21276df6-6cc3-41f1-a7d8-bb813f5d79f5 None None] Calling method '>' {{(pid=94103) _process_stack /opt/stack/nova/nova/api/openstack/wsgi.py:513}}
Sep 22 20:58:04.203883 dv-cinder-810415-3-iscsi devstack@n-api.service[94103]: INFO nova.api.openstack.requestlog [None req-21276df6-6cc3-41f1-a7d8-bb813f5d79f5 None None] 10.222.0.42 "GET /compute/v2.1" status: 200 len: 388 microversion: 2.1 time: 0.001393
Sep 22 20:58:04.204288 dv-cinder-810415-3-iscsi devstack@n-api.service[94103]: [pid: 94103|app: 0|req: 2/2] 10.222.0.42 () {54 vars in 931 bytes} [Wed Sep 22 20:58:04 2021] GET /compute/v2.1 => generated 388 bytes in 2 msecs (HTTP/1.1 200) 9 headers in 357 bytes (1 switches on core 0)
Sep 22 20:58:04.651603 dv-cinder-810415-3-iscsi devstack@n-api.service[94102]: DEBUG nova.api.openstack.wsgi [None req-80e423b4-6a6e-443a-a13f-d6b45bfc8961 admin admin] Calling method '>' {{(pid=94102) _process_stack /opt/stack/nova/nova/api/openstack/wsgi.py:513}}
Sep 22 20:58:04.680633 dv-cinder-810415-3-iscsi devstack@n-api.service[94102]: INFO nova.api.openstack.requestlog [None req-80e423b4-6a6e-443a-a13f-d6b45bfc8961 admin admin] 10.222.0.42 "GET /compute/v2.1/flavors/detail?is_public=True" status: 200 len: 15 microversion: 2.61 time: 0.468687
Sep 22 20:58:04.681569 dv-cinder-810415-3-iscsi devstack@n-api.service[94102]: [pid: 94102|app: 0|req: 1/3] 10.222.0.42 () {60 vars in 1292 bytes} [Wed Sep 22 20:58:04 2021] GET /compute/v2.1/flavors/detail?is_public=True => generated 15 bytes in 471 msecs (HTTP/1.1 200) 9 headers in 358 bytes (2 switches on core 0)
Sep 22 20:58:06.920396 dv-cinder-810415-3-iscsi devstack@n-api.service[94103]: DEBUG nova.api.openstack.wsgi [None req-21276df6-6cc3-41f1-a7d8-bb813f5d79f5 None None] Calling method '>' {{(pid=94103) _process_stack /opt/stack/nova/nova/api/openstack/wsgi.py:513}}
Sep 22 20:58:06.921442 dv-cinder-810415-3-iscsi devstack@n-api.service[94103]: INFO nova.api.openstack.requestlog [None req-21276df6-6cc3-41f1-a7d8-bb813f5d79f5 None None] 10.222.0.42 "GET /compute/v2.1" status: 200 len: 388 microversion: 2.1 time: 0.001474
Sep 22 20:58:06.922026 dv-cinder-810415-3-iscsi devstack@n-api.service[94103]: [pid: 94103|app: 0|req: 3/4] 10.222.0.42 () {54 vars in 931 bytes} [Wed Sep 22 20:58:06 2021] GET /compute/v2.1 => generated 388 bytes in 2 msecs (HTTP/1.1 200) 9 headers in 357 bytes (1 switches on core 0)
Sep 22 20:58:06.980474 dv-cinder-810415-3-iscsi devstack@n-api.service[94102]: DEBUG nova.api.openstack.wsgi [None req-eb5fd01b-112e-4bef-b7c9-cdbffe94c552 admin admin] Action: 'create', calling method: >, body: {"flavor": {"ram": 256, "disk": 1, "vcpus": 1, "swap": 0, "name": "cirros256", "rxtx_factor": 1.0, "id": "c1", "os-flavor-access:is_public": true, "OS-FLV-EXT-DATA:ephemeral": 0}} {{(pid=94102) _process_stack /opt/stack/nova/nova/api/openstack/wsgi.py:511}}
Sep 22 20:58:06.998659 dv-cinder-810415-3-iscsi devstack@n-api.service[94102]: /usr/local/lib/python3.8/dist-packages/oslo_policy/policy.py:1064: UserWarning: Policy os_compute_api:os-flavor-manage:create failed scope check. The token used to make the request was project scoped but the policy requires ['system'] scope. This behavior may change in the future where using the intended scope is required
Sep 22 20:58:06.998659 dv-cinder-810415-3-iscsi devstack@n-api.service[94102]: warnings.warn(msg)
Sep 22 20:58:07.093913 dv-cinder-810415-3-iscsi devstack@n-api.service[94102]: INFO nova.api.openstack.requestlog [None req-eb5fd01b-112e-4bef-b7c9-cdbffe94c552 admin admin] 10.222.0.42 "POST /compute/v2.1/flavors" status: 200 len: 407 microversion: 2.61 time: 0.165534
Sep 22 20:58:07.095581 dv-cinder-810415-3-iscsi devstack@n-api.service[94102]: [pid: 94102|app: 0|req: 2/5] 10.222.0.42 () {64 vars in 1283 bytes} [Wed Sep 22 20:58:06 2021] POST /compute/v2.1/flavors => generated 407 bytes in 167 msecs (HTTP/1.1 200) 9 headers in 359 bytes (2 switches on core 0)
Sep 22 20:58:07.316441 dv-cinder-810415-3-iscsi devstack@n-api.service[94103]: DEBUG nova.api.openstack.wsgi [None req-8ed22f12-271e-4ed8-b40b-d42f0f28154f admin admin] Action: 'create', calling method: >, body: {"extra_specs": {"hw_rng:allowed": "True"}} {{(pid=94103) _process_stack /opt/stack/nova/nova/api/openstack/wsgi.py:511}}
Sep 22 20:58:07.318800 dv-cinder-810415-3-iscsi devstack@n-api.service[94103]: /usr/local/lib/python3.8/dist-packages/oslo_policy/policy.py:1064: UserWarning: Policy os_compute_api:os-flavor-extra-specs:create failed scope check. The token used to make the request was project scoped but the policy requires ['system'] scope. This behavior may change in the future where using the intended scope is required
Sep 22 20:58:07.318800 dv-cinder-810415-3-iscsi devstack@n-api.service[94103]: warnings.warn(msg)
Sep 22 20:58:07.442097 dv-cinder-810415-3-iscsi devstack@n-api.service[94103]: INFO nova.api.openstack.requestlog [None req-8ed22f12-271e-4ed8-b40b-d42f0f28154f admin admin] 10.222.0.42 "POST /compute/v2.1/flavors/c1/os-extra_specs" status: 200 len: 43 microversion: 2.61 time: 0.331059
Sep 22 20:58:07.442097 dv-cinder-810415-3-iscsi devstack@n-api.service[94103]: [pid: 94103|app: 0|req: 4/6] 10.222.0.42 () {64 vars in 1336 bytes} [Wed Sep 22 20:58:07 2021] POST /compute/v2.1/flavors/c1/os-extra_specs => generated 43 bytes in 332 msecs (HTTP/1.1 200) 9 headers in 358 bytes (1 switches on core 0)
Sep 22 20:58:09.664377 dv-cinder-810415-3-iscsi devstack@n-api.service[94102]: DEBUG nova.api.openstack.wsgi [None req-eb5fd01b-112e-4bef-b7c9-cdbffe94c552 admin admin] Calling method '>' {{(pid=94102) _process_stack /opt/stack/nova/nova/api/openstack/wsgi.py:513}}
Sep 22 20:58:09.665429 dv-cinder-810415-3-iscsi devstack@n-api.service[94102]: INFO nova.api.openstack.requestlog [None req-eb5fd01b-112e-4bef-b7c9-cdbffe94c552 admin admin] 10.222.0.42 "GET /compute/v2.1" status: 200 len: 388 microversion: 2.1 time: 0.001489
Sep 22 20:58:09.665838 dv-cinder-810415-3-iscsi devstack@n-api.service[94102]: [pid: 94102|app: 0|req: 3/7] 10.222.0.42 () {54 vars in 931 bytes} [Wed Sep 22 20:58:09 2021] GET /compute/v2.1 => generated 388 bytes in 2 msecs (HTTP/1.1 200) 9 headers in 357 bytes (1 switches on core 0)
Sep 22 20:58:09.792680 dv-cinder-810415-3-iscsi devstack@n-api.service[94103]: DEBUG nova.api.openstack.wsgi [None req-3415f8fb-2fba-4a3d-81a6-228bb2d8fd05 admin admin] Action: 'create', calling method: >, body: {"flavor": {"vcpus": 1, "rxtx_factor": 1.0, "ram": 512, "name": "ds512M", "OS-FLV-EXT-DATA:ephemeral": 0, "swap": 0, "os-flavor-access:is_public": true, "disk": 5, "id": "d1"}} {{(pid=94103) _process_stack /opt/stack/nova/nova/api/openstack/wsgi.py:511}}
Sep 22 20:58:09.812000 dv-cinder-810415-3-iscsi devstack@n-api.service[94103]: /usr/local/lib/python3.8/dist-packages/oslo_policy/policy.py:1064: UserWarning: Policy os_compute_api:os-flavor-manage:create failed scope check. The token used to make the request was project scoped but the policy requires ['system'] scope. This behavior may change in the future where using the intended scope is required
Sep 22 20:58:09.812000 dv-cinder-810415-3-iscsi devstack@n-api.service[94103]: warnings.warn(msg)
Sep 22 20:58:09.907252 dv-cinder-810415-3-iscsi devstack@n-api.service[94103]: INFO nova.api.openstack.requestlog [None req-3415f8fb-2fba-4a3d-81a6-228bb2d8fd05 admin admin] 10.222.0.42 "POST /compute/v2.1/flavors" status: 200 len: 404 microversion: 2.61 time: 0.234823
Sep 22 20:58:09.907743 dv-cinder-810415-3-iscsi devstack@n-api.service[94103]: [pid: 94103|app: 0|req: 5/8] 10.222.0.42 () {64 vars in 1283 bytes} [Wed Sep 22 20:58:09 2021] POST /compute/v2.1/flavors => generated 404 bytes in 236 msecs (HTTP/1.1 200) 9 headers in 359 bytes (2 switches on core 0)
Sep 22 20:58:09.920210 dv-cinder-810415-3-iscsi devstack@n-api.service[94102]: DEBUG nova.api.openstack.wsgi [None req-2c1c863d-76ca-48f1-9a3f-c5cf359b7736 admin admin] Action: 'create', calling method: >, body: {"extra_specs": {"hw_rng:allowed": "True"}} {{(pid=94102) _process_stack /opt/stack/nova/nova/api/openstack/wsgi.py:511}}
Sep 22 20:58:09.922960 dv-cinder-810415-3-iscsi devstack@n-api.service[94102]: /usr/local/lib/python3.8/dist-packages/oslo_policy/policy.py:1064: UserWarning: Policy os_compute_api:os-flavor-extra-specs:create failed scope check. The token used to make the request was project scoped but the policy requires ['system'] scope. This behavior may change in the future where using the intended scope is required
Sep 22 20:58:09.922960 dv-cinder-810415-3-iscsi devstack@n-api.service[94102]: warnings.warn(msg)
Sep 22 20:58:10.110117 dv-cinder-810415-3-iscsi devstack@n-api.service[94102]: INFO nova.api.openstack.requestlog [None req-2c1c863d-76ca-48f1-9a3f-c5cf359b7736 admin admin] 10.222.0.42 "POST /compute/v2.1/flavors/d1/os-extra_specs" status: 200 len: 43 microversion: 2.61 time: 0.193289
Sep 22 20:58:10.111016 dv-cinder-810415-3-iscsi devstack@n-api.service[94102]: [pid: 94102|app: 0|req: 4/9] 10.222.0.42 () {64 vars in 1336 bytes} [Wed Sep 22 20:58:09 2021] POST /compute/v2.1/flavors/d1/os-extra_specs => generated 43 bytes in 195 msecs (HTTP/1.1 200) 9 headers in 358 bytes (1 switches on core 0)
Sep 22 20:58:12.338212 dv-cinder-810415-3-iscsi devstack@n-api.service[94103]: DEBUG nova.api.openstack.wsgi [None req-3415f8fb-2fba-4a3d-81a6-228bb2d8fd05 admin admin] Calling method '>' {{(pid=94103) _process_stack /opt/stack/nova/nova/api/openstack/wsgi.py:513}}
Sep 22 20:58:12.339252 dv-cinder-810415-3-iscsi devstack@n-api.service[94103]: INFO nova.api.openstack.requestlog [None req-3415f8fb-2fba-4a3d-81a6-228bb2d8fd05 admin admin] 10.222.0.42 "GET /compute/v2.1" status: 200 len: 388 microversion: 2.1 time: 0.001480
Sep 22 20:58:12.339826 dv-cinder-810415-3-iscsi devstack@n-api.service[94103]: [pid: 94103|app: 0|req: 6/10] 10.222.0.42 () {54 vars in 931 bytes} [Wed Sep 22 20:58:12 2021] GET /compute/v2.1 => generated 388 bytes in 2 msecs (HTTP/1.1 200) 9 headers in 357 bytes (1 switches on core 0)
Sep 22 20:58:12.402304 dv-cinder-810415-3-iscsi devstack@n-api.service[94102]: DEBUG nova.api.openstack.wsgi [None req-8643575b-5d3c-4daa-8180-a313c3bd8601 admin admin] Action: 'create', calling method: >, body: {"flavor": {"name": "ds1G", "rxtx_factor": 1.0, "OS-FLV-EXT-DATA:ephemeral": 0, "id": "d2", "ram": 1024, "os-flavor-access:is_public": true, "disk": 10, "swap": 0, "vcpus": 1}} {{(pid=94102) _process_stack /opt/stack/nova/nova/api/openstack/wsgi.py:511}}
Sep 22 20:58:12.467100 dv-cinder-810415-3-iscsi devstack@n-api.service[94102]: INFO nova.api.openstack.requestlog [None req-8643575b-5d3c-4daa-8180-a313c3bd8601 admin admin] 10.222.0.42 "POST /compute/v2.1/flavors" status: 200 len: 404 microversion: 2.61 time: 0.120789
Sep 22 20:58:12.467753 dv-cinder-810415-3-iscsi devstack@n-api.service[94102]: [pid: 94102|app: 0|req: 5/11] 10.222.0.42 () {64 vars in 1283 bytes} [Wed Sep 22 20:58:12 2021] POST /compute/v2.1/flavors => generated 404 bytes in 122 msecs (HTTP/1.1 200) 9 headers in 359 bytes (1 switches on core 0)
Sep 22 20:58:12.480382 dv-cinder-810415-3-iscsi devstack@n-api.service[94103]: DEBUG nova.api.openstack.wsgi [None req-71d680bd-ad39-4cac-a512-9cd6c1729dd2 admin admin] Action: 'create', calling method: >, body: {"extra_specs": {"hw_rng:allowed": "True"}} {{(pid=94103) _process_stack /opt/stack/nova/nova/api/openstack/wsgi.py:511}}
Sep 22 20:58:12.556181 dv-cinder-810415-3-iscsi devstack@n-api.service[94103]: INFO nova.api.openstack.requestlog [None req-71d680bd-ad39-4cac-a512-9cd6c1729dd2 admin admin] 10.222.0.42 "POST /compute/v2.1/flavors/d2/os-extra_specs" status: 200 len: 43 microversion: 2.61 time: 0.079853
Sep 22 20:58:12.558056 dv-cinder-810415-3-iscsi devstack@n-api.service[94103]: [pid: 94103|app: 0|req: 7/12] 10.222.0.42 () {64 vars in 1336 bytes} [Wed Sep 22 20:58:12 2021] POST /compute/v2.1/flavors/d2/os-extra_specs => generated 43 bytes in 82 msecs (HTTP/1.1 200) 9 headers in 358 bytes (1 switches on core 0)
Sep 22 20:58:14.773570 dv-cinder-810415-3-iscsi devstack@n-api.service[94102]: DEBUG nova.api.openstack.wsgi [None req-8643575b-5d3c-4daa-8180-a313c3bd8601 admin admin] Calling method '>' {{(pid=94102) _process_stack /opt/stack/nova/nova/api/openstack/wsgi.py:513}}
Sep 22 20:58:14.774573 dv-cinder-810415-3-iscsi devstack@n-api.service[94102]: INFO nova.api.openstack.requestlog [None req-8643575b-5d3c-4daa-8180-a313c3bd8601 admin admin] 10.222.0.42 "GET /compute/v2.1" status: 200 len: 388 microversion: 2.1 time: 0.001494
Sep 22 20:58:14.774970 dv-cinder-810415-3-iscsi devstack@n-api.service[94102]: [pid: 94102|app: 0|req: 6/13] 10.222.0.42 () {54 vars in 931 bytes} [Wed Sep 22 20:58:14 2021] GET /compute/v2.1 => generated 388 bytes in 2 msecs (HTTP/1.1 200) 9 headers in 357 bytes (1 switches on core 0)
Sep 22 20:58:14.833916 dv-cinder-810415-3-iscsi devstack@n-api.service[94103]: DEBUG nova.api.openstack.wsgi [None req-6b56fbf5-1e66-4d55-a385-e249b0cd71a8 admin admin] Action: 'create', calling method: >, body: {"flavor": {"rxtx_factor": 1.0, "swap": 0, "vcpus": 2, "os-flavor-access:is_public": true, "name": "ds2G", "disk": 10, "ram": 2048, "OS-FLV-EXT-DATA:ephemeral": 0, "id": "d3"}} {{(pid=94103) _process_stack /opt/stack/nova/nova/api/openstack/wsgi.py:511}}
Sep 22 20:58:14.911417 dv-cinder-810415-3-iscsi devstack@n-api.service[94103]: INFO nova.api.openstack.requestlog [None req-6b56fbf5-1e66-4d55-a385-e249b0cd71a8 admin admin] 10.222.0.42 "POST /compute/v2.1/flavors" status: 200 len: 404 microversion: 2.61 time: 0.129730
Sep 22 20:58:14.911978 dv-cinder-810415-3-iscsi devstack@n-api.service[94103]: [pid: 94103|app: 0|req: 8/14] 10.222.0.42 () {64 vars in 1283 bytes} [Wed Sep 22 20:58:14 2021] POST /compute/v2.1/flavors => generated 404 bytes in 131 msecs (HTTP/1.1 200) 9 headers in 359 bytes (2 switches on core 0)
Sep 22 20:58:14.924537 dv-cinder-810415-3-iscsi devstack@n-api.service[94102]: DEBUG nova.api.openstack.wsgi [None req-538b3946-8ac1-4acd-b158-5c9a28fc6cae admin admin] Action: 'create', calling method: >, body: {"extra_specs": {"hw_rng:allowed": "True"}} {{(pid=94102) _process_stack /opt/stack/nova/nova/api/openstack/wsgi.py:511}}
Sep 22 20:58:15.001170 dv-cinder-810415-3-iscsi devstack@n-api.service[94102]: INFO nova.api.openstack.requestlog [None req-538b3946-8ac1-4acd-b158-5c9a28fc6cae admin admin] 10.222.0.42 "POST /compute/v2.1/flavors/d3/os-extra_specs" status: 200 len: 43 microversion: 2.61 time: 0.080060
Sep 22 20:58:15.001680 dv-cinder-810415-3-iscsi devstack@n-api.service[94102]: [pid: 94102|app: 0|req: 7/15] 10.222.0.42 () {64 vars in 1336 bytes} [Wed Sep 22 20:58:14 2021] POST /compute/v2.1/flavors/d3/os-extra_specs => generated 43 bytes in 81 msecs (HTTP/1.1 200) 9 headers in 358 bytes (1 switches on core 0)
Sep 22 20:58:17.209258 dv-cinder-810415-3-iscsi devstack@n-api.service[94103]: DEBUG nova.api.openstack.wsgi [None req-6b56fbf5-1e66-4d55-a385-e249b0cd71a8 admin admin] Calling method '>' {{(pid=94103) _process_stack /opt/stack/nova/nova/api/openstack/wsgi.py:513}}
Sep 22 20:58:17.210483 dv-cinder-810415-3-iscsi devstack@n-api.service[94103]: INFO nova.api.openstack.requestlog [None req-6b56fbf5-1e66-4d55-a385-e249b0cd71a8 admin admin] 10.222.0.42 "GET /compute/v2.1" status: 200 len: 388 microversion: 2.1 time: 0.001757
Sep 22 20:58:17.210969 dv-cinder-810415-3-iscsi devstack@n-api.service[94103]: [pid: 94103|app: 0|req: 9/16] 10.222.0.42 () {54 vars in 931 bytes} [Wed Sep 22 20:58:17 2021] GET /compute/v2.1 => generated 388 bytes in 3 msecs (HTTP/1.1 200) 9 headers in 357 bytes (1 switches on core 0)
Sep 22 20:58:17.282696 dv-cinder-810415-3-iscsi devstack@n-api.service[94102]: DEBUG nova.api.openstack.wsgi [None req-d7f439a8-b2dd-4109-b00e-ec519b66a7b0 admin admin] Action: 'create', calling method: >, body: {"flavor": {"os-flavor-access:is_public": true, "swap": 0, "ram": 4096, "OS-FLV-EXT-DATA:ephemeral": 0, "name": "ds4G", "vcpus": 4, "disk": 20, "id": "d4", "rxtx_factor": 1.0}} {{(pid=94102) _process_stack /opt/stack/nova/nova/api/openstack/wsgi.py:511}}
Sep 22 20:58:17.432806 dv-cinder-810415-3-iscsi devstack@n-api.service[94102]: INFO nova.api.openstack.requestlog [None req-d7f439a8-b2dd-4109-b00e-ec519b66a7b0 admin admin] 10.222.0.42 "POST /compute/v2.1/flavors" status: 200 len: 404 microversion: 2.61 time: 0.215156
Sep 22 20:58:17.436874 dv-cinder-810415-3-iscsi devstack@n-api.service[94102]: [pid: 94102|app: 0|req: 8/17] 10.222.0.42 () {64 vars in 1283 bytes} [Wed Sep 22 20:58:17 2021] POST /compute/v2.1/flavors => generated 404 bytes in 220 msecs (HTTP/1.1 200) 9 headers in 359 bytes (2 switches on core 0)
Sep 22 20:58:17.446202 dv-cinder-810415-3-iscsi devstack@n-api.service[94103]: DEBUG nova.api.openstack.wsgi [None req-8bb4c4a9-ca48-4661-989d-eb400f5bb297 admin admin] Action: 'create', calling method: >, body: {"extra_specs": {"hw_rng:allowed": "True"}} {{(pid=94103) _process_stack /opt/stack/nova/nova/api/openstack/wsgi.py:511}}
Sep 22 20:58:17.527766 dv-cinder-810415-3-iscsi devstack@n-api.service[94103]: INFO nova.api.openstack.requestlog [None req-8bb4c4a9-ca48-4661-989d-eb400f5bb297 admin admin] 10.222.0.42 "POST /compute/v2.1/flavors/d4/os-extra_specs" status: 200 len: 43 microversion: 2.61 time: 0.085521
Sep 22 20:58:17.528339 dv-cinder-810415-3-iscsi devstack@n-api.service[94103]: [pid: 94103|app: 0|req: 10/18] 10.222.0.42 () {64 vars in 1336 bytes} [Wed Sep 22 20:58:17 2021] POST /compute/v2.1/flavors/d4/os-extra_specs => generated 43 bytes in 87 msecs (HTTP/1.1 200) 9 headers in 358 bytes (1 switches on core 0)
Sep 22 20:58:19.739476 dv-cinder-810415-3-iscsi devstack@n-api.service[94102]: DEBUG nova.api.openstack.wsgi [None req-d7f439a8-b2dd-4109-b00e-ec519b66a7b0 admin admin] Calling method '>' {{(pid=94102) _process_stack /opt/stack/nova/nova/api/openstack/wsgi.py:513}}
Sep 22 20:58:19.740652 dv-cinder-810415-3-iscsi devstack@n-api.service[94102]: INFO nova.api.openstack.requestlog [None req-d7f439a8-b2dd-4109-b00e-ec519b66a7b0 admin admin] 10.222.0.42 "GET /compute/v2.1" status: 200 len: 388 microversion: 2.1 time: 0.001607
Sep 22 20:58:19.741183 dv-cinder-810415-3-iscsi devstack@n-api.service[94102]: [pid: 94102|app: 0|req: 9/19] 10.222.0.42 () {54 vars in 931 bytes} [Wed Sep 22 20:58:19 2021] GET /compute/v2.1 => generated 388 bytes in 3 msecs (HTTP/1.1 200) 9 headers in 357 bytes (2 switches on core 0)
Sep 22 20:58:19.801500 dv-cinder-810415-3-iscsi devstack@n-api.service[94103]: DEBUG nova.api.openstack.wsgi [None req-75e477f8-9474-4c73-b910-58f948067a7b admin admin] Calling method '>' {{(pid=94103) _process_stack /opt/stack/nova/nova/api/openstack/wsgi.py:513}}
Sep 22 20:58:19.829015 dv-cinder-810415-3-iscsi devstack@n-api.service[94103]: INFO nova.api.openstack.requestlog [None req-75e477f8-9474-4c73-b910-58f948067a7b admin admin] 10.222.0.42 "GET /compute/v2.1/flavors/detail?is_public=True" status: 200 len: 2106 microversion: 2.61 time: 0.080865
Sep 22 20:58:19.829696 dv-cinder-810415-3-iscsi devstack@n-api.service[94103]: [pid: 94103|app: 0|req: 11/20] 10.222.0.42 () {60 vars in 1292 bytes} [Wed Sep 22 20:58:19 2021] GET /compute/v2.1/flavors/detail?is_public=True => generated 2106 bytes in 82 msecs (HTTP/1.1 200) 9 headers in 360 bytes (1 switches on core 0)
Sep 22 20:58:22.030742 dv-cinder-810415-3-iscsi devstack@n-api.service[94102]: DEBUG nova.api.openstack.wsgi [None req-d7f439a8-b2dd-4109-b00e-ec519b66a7b0 admin admin] Calling method '>' {{(pid=94102) _process_stack /opt/stack/nova/nova/api/openstack/wsgi.py:513}}
Sep 22 20:58:22.031754 dv-cinder-810415-3-iscsi devstack@n-api.service[94102]: INFO nova.api.openstack.requestlog [None req-d7f439a8-b2dd-4109-b00e-ec519b66a7b0 admin admin] 10.222.0.42 "GET /compute/v2.1" status: 200 len: 388 microversion: 2.1 time: 0.001433
Sep 22 20:58:22.032179 dv-cinder-810415-3-iscsi devstack@n-api.service[94102]: [pid: 94102|app: 0|req: 10/21] 10.222.0.42 () {54 vars in 931 bytes} [Wed Sep 22 20:58:22 2021] GET /compute/v2.1 => generated 388 bytes in 2 msecs (HTTP/1.1 200) 9 headers in 357 bytes (1 switches on core 0)
Sep 22 20:58:22.092252 dv-cinder-810415-3-iscsi devstack@n-api.service[94103]: DEBUG nova.api.openstack.wsgi [None req-016b6cd3-b829-4b3f-baf8-63494ceb82c8 admin admin] Action: 'create', calling method: >, body: {"flavor": {"rxtx_factor": 1.0, "vcpus": 1, "name": "m1.tiny", "OS-FLV-EXT-DATA:ephemeral": 0, "id": "1", "os-flavor-access:is_public": true, "swap": 0, "ram": 512, "disk": 1}} {{(pid=94103) _process_stack /opt/stack/nova/nova/api/openstack/wsgi.py:511}}
Sep 22 20:58:22.175416 dv-cinder-810415-3-iscsi devstack@n-api.service[94103]: INFO nova.api.openstack.requestlog [None req-016b6cd3-b829-4b3f-baf8-63494ceb82c8 admin admin] 10.222.0.42 "POST /compute/v2.1/flavors" status: 200 len: 402 microversion: 2.61 time: 0.135449
Sep 22 20:58:22.175960 dv-cinder-810415-3-iscsi devstack@n-api.service[94103]: [pid: 94103|app: 0|req: 12/22] 10.222.0.42 () {64 vars in 1283 bytes} [Wed Sep 22 20:58:22 2021] POST /compute/v2.1/flavors => generated 402 bytes in 137 msecs (HTTP/1.1 200) 9 headers in 359 bytes (2 switches on core 0)
Sep 22 20:58:22.189690 dv-cinder-810415-3-iscsi devstack@n-api.service[94102]: DEBUG nova.api.openstack.wsgi [None req-95292b7a-f832-4129-b4f1-2279f0a7bb41 admin admin] Action: 'create', calling method: >, body: {"extra_specs": {"hw_rng:allowed": "True"}} {{(pid=94102) _process_stack /opt/stack/nova/nova/api/openstack/wsgi.py:511}}
Sep 22 20:58:22.315301 dv-cinder-810415-3-iscsi devstack@n-api.service[94102]: INFO nova.api.openstack.requestlog [None req-95292b7a-f832-4129-b4f1-2279f0a7bb41 admin admin] 10.222.0.42 "POST /compute/v2.1/flavors/1/os-extra_specs" status: 200 len: 43 microversion: 2.61 time: 0.130179
Sep 22 20:58:22.315818 dv-cinder-810415-3-iscsi devstack@n-api.service[94102]: [pid: 94102|app: 0|req: 11/23] 10.222.0.42 () {64 vars in 1333 bytes} [Wed Sep 22 20:58:22 2021] POST /compute/v2.1/flavors/1/os-extra_specs => generated 43 bytes in 132 msecs (HTTP/1.1 200) 9 headers in 358 bytes (1 switches on core 0)
Sep 22 20:58:25.029351 dv-cinder-810415-3-iscsi devstack@n-api.service[94103]: DEBUG nova.api.openstack.wsgi [None req-016b6cd3-b829-4b3f-baf8-63494ceb82c8 admin admin] Calling method '>' {{(pid=94103) _process_stack /opt/stack/nova/nova/api/openstack/wsgi.py:513}}
Sep 22 20:58:25.030364 dv-cinder-810415-3-iscsi devstack@n-api.service[94103]: INFO nova.api.openstack.requestlog [None req-016b6cd3-b829-4b3f-baf8-63494ceb82c8 admin admin] 10.222.0.42 "GET /compute/v2.1" status: 200 len: 388 microversion: 2.1 time: 0.001476
Sep 22 20:58:25.030762 dv-cinder-810415-3-iscsi devstack@n-api.service[94103]: [pid: 94103|app: 0|req: 13/24] 10.222.0.42 () {54 vars in 931 bytes} [Wed Sep 22 20:58:25 2021] GET /compute/v2.1 => generated 388 bytes in 2 msecs (HTTP/1.1 200) 9 headers in 357 bytes (1 switches on core 0)
Sep 22 20:58:25.100238 dv-cinder-810415-3-iscsi devstack@n-api.service[94102]: DEBUG nova.api.openstack.wsgi [None req-114299bb-8ea1-46c0-9e74-c53f8f42940d admin admin] Action: 'create', calling method: >, body: {"flavor": {"OS-FLV-EXT-DATA:ephemeral": 0, "os-flavor-access:is_public": true, "swap": 0, "rxtx_factor": 1.0, "vcpus": 1, "disk": 20, "name": "m1.small", "id": "2", "ram": 2048}} {{(pid=94102) _process_stack /opt/stack/nova/nova/api/openstack/wsgi.py:511}}
Sep 22 20:58:25.179774 dv-cinder-810415-3-iscsi devstack@n-api.service[94102]: INFO nova.api.openstack.requestlog [None req-114299bb-8ea1-46c0-9e74-c53f8f42940d admin admin] 10.222.0.42 "POST /compute/v2.1/flavors" status: 200 len: 405 microversion: 2.61 time: 0.142417
Sep 22 20:58:25.180470 dv-cinder-810415-3-iscsi devstack@n-api.service[94102]: [pid: 94102|app: 0|req: 12/25] 10.222.0.42 () {64 vars in 1283 bytes} [Wed Sep 22 20:58:25 2021] POST /compute/v2.1/flavors => generated 405 bytes in 144 msecs (HTTP/1.1 200) 9 headers in 359 bytes (1 switches on core 0)
Sep 22 20:58:25.196364 dv-cinder-810415-3-iscsi devstack@n-api.service[94103]: DEBUG nova.api.openstack.wsgi [None req-893d8bbd-221f-449f-8999-7a8d37b59cfa admin admin] Action: 'create', calling method: >, body: {"extra_specs": {"hw_rng:allowed": "True"}} {{(pid=94103) _process_stack /opt/stack/nova/nova/api/openstack/wsgi.py:511}}
Sep 22 20:58:25.274927 dv-cinder-810415-3-iscsi devstack@n-api.service[94103]: INFO nova.api.openstack.requestlog [None req-893d8bbd-221f-449f-8999-7a8d37b59cfa admin admin] 10.222.0.42 "POST /compute/v2.1/flavors/2/os-extra_specs" status: 200 len: 43 microversion: 2.61 time: 0.083368
Sep 22 20:58:25.275566 dv-cinder-810415-3-iscsi devstack@n-api.service[94103]: [pid: 94103|app: 0|req: 14/26] 10.222.0.42 () {64 vars in 1333 bytes} [Wed Sep 22 20:58:25 2021] POST /compute/v2.1/flavors/2/os-extra_specs => generated 43 bytes in 85 msecs (HTTP/1.1 200) 9 headers in 358 bytes (1 switches on core 0)
Sep 22 20:58:27.494347 dv-cinder-810415-3-iscsi devstack@n-api.service[94102]: DEBUG nova.api.openstack.wsgi [None req-114299bb-8ea1-46c0-9e74-c53f8f42940d admin admin] Calling method '>' {{(pid=94102) _process_stack /opt/stack/nova/nova/api/openstack/wsgi.py:513}}
Sep 22 20:58:27.495357 dv-cinder-810415-3-iscsi devstack@n-api.service[94102]: INFO nova.api.openstack.requestlog [None req-114299bb-8ea1-46c0-9e74-c53f8f42940d admin admin] 10.222.0.42 "GET /compute/v2.1" status: 200 len: 388 microversion: 2.1 time: 0.001439
Sep 22 20:58:27.495767 dv-cinder-810415-3-iscsi devstack@n-api.service[94102]: [pid: 94102|app: 0|req: 13/27] 10.222.0.42 () {54 vars in 931 bytes} [Wed Sep 22 20:58:27 2021] GET /compute/v2.1 => generated 388 bytes in 2 msecs (HTTP/1.1 200) 9 headers in 357 bytes (1 switches on core 0)
Sep 22 20:58:27.554401 dv-cinder-810415-3-iscsi devstack@n-api.service[94103]: DEBUG nova.api.openstack.wsgi [None req-f30bcc2d-1cf5-41f2-abfe-8027a271dd38 admin admin] Action: 'create', calling method: >, body: {"flavor": {"disk": 40, "os-flavor-access:is_public": true, "swap": 0, "rxtx_factor": 1.0, "OS-FLV-EXT-DATA:ephemeral": 0, "name": "m1.medium", "vcpus": 2, "id": "3", "ram": 4096}} {{(pid=94103) _process_stack /opt/stack/nova/nova/api/openstack/wsgi.py:511}}
Sep 22 20:58:27.666060 dv-cinder-810415-3-iscsi devstack@n-api.service[94103]: INFO nova.api.openstack.requestlog [None req-f30bcc2d-1cf5-41f2-abfe-8027a271dd38 admin admin] 10.222.0.42 "POST /compute/v2.1/flavors" status: 200 len: 406 microversion: 2.61 time: 0.163644
Sep 22 20:58:27.666608 dv-cinder-810415-3-iscsi devstack@n-api.service[94103]: [pid: 94103|app: 0|req: 15/28] 10.222.0.42 () {64 vars in 1283 bytes} [Wed Sep 22 20:58:27 2021] POST /compute/v2.1/flavors => generated 406 bytes in 165 msecs (HTTP/1.1 200) 9 headers in 359 bytes (2 switches on core 0)
Sep 22 20:58:27.678785 dv-cinder-810415-3-iscsi devstack@n-api.service[94102]: DEBUG nova.api.openstack.wsgi [None req-e60da7f5-3742-4c07-a4cc-b742087e8e1d admin admin] Action: 'create', calling method: >, body: {"extra_specs": {"hw_rng:allowed": "True"}} {{(pid=94102) _process_stack /opt/stack/nova/nova/api/openstack/wsgi.py:511}}
Sep 22 20:58:27.805977 dv-cinder-810415-3-iscsi devstack@n-api.service[94102]: INFO nova.api.openstack.requestlog [None req-e60da7f5-3742-4c07-a4cc-b742087e8e1d admin admin] 10.222.0.42 "POST /compute/v2.1/flavors/3/os-extra_specs" status: 200 len: 43 microversion: 2.61 time: 0.130792
Sep 22 20:58:27.806554 dv-cinder-810415-3-iscsi devstack@n-api.service[94102]: [pid: 94102|app: 0|req: 14/29] 10.222.0.42 () {64 vars in 1333 bytes} [Wed Sep 22 20:58:27 2021] POST /compute/v2.1/flavors/3/os-extra_specs => generated 43 bytes in 132 msecs (HTTP/1.1 200) 9 headers in 358 bytes (1 switches on core 0)
Sep 22 20:58:30.022563 dv-cinder-810415-3-iscsi devstack@n-api.service[94103]: DEBUG nova.api.openstack.wsgi [None req-f30bcc2d-1cf5-41f2-abfe-8027a271dd38 admin admin] Calling method '>' {{(pid=94103) _process_stack /opt/stack/nova/nova/api/openstack/wsgi.py:513}}
Sep 22 20:58:30.024969 dv-cinder-810415-3-iscsi devstack@n-api.service[94103]: INFO nova.api.openstack.requestlog [None req-f30bcc2d-1cf5-41f2-abfe-8027a271dd38 admin admin] 10.222.0.42 "GET /compute/v2.1" status: 200 len: 388 microversion: 2.1 time: 0.002194
Sep 22 20:58:30.027326 dv-cinder-810415-3-iscsi devstack@n-api.service[94103]: [pid: 94103|app: 0|req: 16/30] 10.222.0.42 () {54 vars in 931 bytes} [Wed Sep 22 20:58:30 2021] GET /compute/v2.1 => generated 388 bytes in 5 msecs (HTTP/1.1 200) 9 headers in 357 bytes (1 switches on core 0)
Sep 22 20:58:30.089034 dv-cinder-810415-3-iscsi devstack@n-api.service[94102]: DEBUG nova.api.openstack.wsgi [None req-8cac29c0-a96f-482c-bb22-ba656a7d5e1b admin admin] Action: 'create', calling method: >, body: {"flavor": {"id": "4", "name": "m1.large", "vcpus": 4, "OS-FLV-EXT-DATA:ephemeral": 0, "os-flavor-access:is_public": true, "swap": 0, "rxtx_factor": 1.0, "ram": 8192, "disk": 80}} {{(pid=94102) _process_stack /opt/stack/nova/nova/api/openstack/wsgi.py:511}}
Sep 22 20:58:30.430909 dv-cinder-810415-3-iscsi devstack@n-api.service[94102]: INFO nova.api.openstack.requestlog [None req-8cac29c0-a96f-482c-bb22-ba656a7d5e1b admin admin] 10.222.0.42 "POST /compute/v2.1/flavors" status: 200 len: 405 microversion: 2.61 time: 0.397879
Sep 22 20:58:30.431935 dv-cinder-810415-3-iscsi devstack@n-api.service[94102]: [pid: 94102|app: 0|req: 15/31] 10.222.0.42 () {64 vars in 1283 bytes} [Wed Sep 22 20:58:30 2021] POST /compute/v2.1/flavors => generated 405 bytes in 400 msecs (HTTP/1.1 200) 9 headers in 359 bytes (1 switches on core 0)
Sep 22 20:58:30.444361 dv-cinder-810415-3-iscsi devstack@n-api.service[94103]: DEBUG nova.api.openstack.wsgi [None req-c119af9e-e077-4337-b20a-28b277475ede admin admin] Action: 'create', calling method: >, body: {"extra_specs": {"hw_rng:allowed": "True"}} {{(pid=94103) _process_stack /opt/stack/nova/nova/api/openstack/wsgi.py:511}}
Sep 22 20:58:30.538150 dv-cinder-810415-3-iscsi devstack@n-api.service[94103]: INFO nova.api.openstack.requestlog [None req-c119af9e-e077-4337-b20a-28b277475ede admin admin] 10.222.0.42 "POST /compute/v2.1/flavors/4/os-extra_specs" status: 200 len: 43 microversion: 2.61 time: 0.097412
Sep 22 20:58:30.538941 dv-cinder-810415-3-iscsi devstack@n-api.service[94103]: [pid: 94103|app: 0|req: 17/32] 10.222.0.42 () {64 vars in 1333 bytes} [Wed Sep 22 20:58:30 2021] POST /compute/v2.1/flavors/4/os-extra_specs => generated 43 bytes in 99 msecs (HTTP/1.1 200) 9 headers in 358 bytes (2 switches on core 0)
Sep 22 20:58:32.751931 dv-cinder-810415-3-iscsi devstack@n-api.service[94102]: DEBUG nova.api.openstack.wsgi [None req-8cac29c0-a96f-482c-bb22-ba656a7d5e1b admin admin] Calling method '>' {{(pid=94102) _process_stack /opt/stack/nova/nova/api/openstack/wsgi.py:513}}
Sep 22 20:58:32.752985 dv-cinder-810415-3-iscsi devstack@n-api.service[94102]: INFO nova.api.openstack.requestlog [None req-8cac29c0-a96f-482c-bb22-ba656a7d5e1b admin admin] 10.222.0.42 "GET /compute/v2.1" status: 200 len: 388 microversion: 2.1 time: 0.001443
Sep 22 20:58:32.753636 dv-cinder-810415-3-iscsi devstack@n-api.service[94102]: [pid: 94102|app: 0|req: 16/33] 10.222.0.42 () {54 vars in 931 bytes} [Wed Sep 22 20:58:32 2021] GET /compute/v2.1 => generated 388 bytes in 2 msecs (HTTP/1.1 200) 9 headers in 357 bytes (1 switches on core 0)
Sep 22 20:58:32.817906 dv-cinder-810415-3-iscsi devstack@n-api.service[94103]: DEBUG nova.api.openstack.wsgi [None req-c943b287-3ff7-41de-83ac-ddbf929a7eba admin admin] Action: 'create', calling method: >, body: {"flavor": {"os-flavor-access:is_public": true, "id": "5", "ram": 16384, "OS-FLV-EXT-DATA:ephemeral": 0, "vcpus": 8, "name": "m1.xlarge", "swap": 0, "disk": 160, "rxtx_factor": 1.0}} {{(pid=94103) _process_stack /opt/stack/nova/nova/api/openstack/wsgi.py:511}}
Sep 22 20:58:32.897692 dv-cinder-810415-3-iscsi devstack@n-api.service[94103]: INFO nova.api.openstack.requestlog [None req-c943b287-3ff7-41de-83ac-ddbf929a7eba admin admin] 10.222.0.42 "POST /compute/v2.1/flavors" status: 200 len: 408 microversion: 2.61 time: 0.137191
Sep 22 20:58:32.898492 dv-cinder-810415-3-iscsi devstack@n-api.service[94103]: [pid: 94103|app: 0|req: 18/34] 10.222.0.42 () {64 vars in 1283 bytes} [Wed Sep 22 20:58:32 2021] POST /compute/v2.1/flavors => generated 408 bytes in 138 msecs (HTTP/1.1 200) 9 headers in 359 bytes (2 switches on core 0)
Sep 22 20:58:32.911115 dv-cinder-810415-3-iscsi devstack@n-api.service[94102]: DEBUG nova.api.openstack.wsgi [None req-720a1e14-ee35-4740-a7dc-cab040c8a102 admin admin] Action: 'create', calling method: >, body: {"extra_specs": {"hw_rng:allowed": "True"}} {{(pid=94102) _process_stack /opt/stack/nova/nova/api/openstack/wsgi.py:511}}
Sep 22 20:58:33.040819 dv-cinder-810415-3-iscsi devstack@n-api.service[94102]: INFO nova.api.openstack.requestlog [None req-720a1e14-ee35-4740-a7dc-cab040c8a102 admin admin] 10.222.0.42 "POST /compute/v2.1/flavors/5/os-extra_specs" status: 200 len: 43 microversion: 2.61 time: 0.133412
Sep 22 20:58:33.041426 dv-cinder-810415-3-iscsi devstack@n-api.service[94102]: [pid: 94102|app: 0|req: 17/35] 10.222.0.42 () {64 vars in 1333 bytes} [Wed Sep 22 20:58:32 2021] POST /compute/v2.1/flavors/5/os-extra_specs => generated 43 bytes in 135 msecs (HTTP/1.1 200) 9 headers in 358 bytes (1 switches on core 0)
Sep 22 20:59:11.507449 dv-cinder-810415-3-iscsi devstack@n-api.service[94103]: DEBUG nova.api.openstack.wsgi [None req-c943b287-3ff7-41de-83ac-ddbf929a7eba admin admin] Calling method '>' {{(pid=94103) _process_stack /opt/stack/nova/nova/api/openstack/wsgi.py:513}}
Sep 22 20:59:11.508466 dv-cinder-810415-3-iscsi devstack@n-api.service[94103]: INFO nova.api.openstack.requestlog [None req-c943b287-3ff7-41de-83ac-ddbf929a7eba admin admin] 10.222.0.42 "GET /compute/v2.1" status: 200 len: 388 microversion: 2.1 time: 0.001433
Sep 22 20:59:11.508916 dv-cinder-810415-3-iscsi devstack@n-api.service[94103]: [pid: 94103|app: 0|req: 19/36] 10.222.0.42 () {54 vars in 931 bytes} [Wed Sep 22 20:59:11 2021] GET /compute/v2.1 => generated 388 bytes in 2 msecs (HTTP/1.1 200) 9 headers in 357 bytes (1 switches on core 0)
Sep 22 20:59:11.565868 dv-cinder-810415-3-iscsi devstack@n-api.service[94102]: DEBUG nova.api.openstack.wsgi [None req-87af3a27-a387-476c-b8c6-c50047c1f3fe admin admin] Calling method '>' {{(pid=94102) _process_stack /opt/stack/nova/nova/api/openstack/wsgi.py:513}}
Sep 22 20:59:11.582520 dv-cinder-810415-3-iscsi devstack@n-api.service[94102]: INFO nova.api.openstack.requestlog [None req-87af3a27-a387-476c-b8c6-c50047c1f3fe admin admin] 10.222.0.42 "GET /compute/v2.1/flavors/detail?is_public=True" status: 200 len: 4202 microversion: 2.61 time: 0.067208
Sep 22 20:59:11.583054 dv-cinder-810415-3-iscsi devstack@n-api.service[94102]: [pid: 94102|app: 0|req: 18/37] 10.222.0.42 () {60 vars in 1292 bytes} [Wed Sep 22 20:59:11 2021] GET /compute/v2.1/flavors/detail?is_public=True => generated 4202 bytes in 68 msecs (HTTP/1.1 200) 9 headers in 360 bytes (2 switches on core 0)
Sep 22 20:59:13.007801 dv-cinder-810415-3-iscsi devstack@n-api.service[94103]: DEBUG nova.api.openstack.wsgi [None req-c943b287-3ff7-41de-83ac-ddbf929a7eba admin admin] Calling method '>' {{(pid=94103) _process_stack /opt/stack/nova/nova/api/openstack/wsgi.py:513}}
Sep 22 20:59:13.008847 dv-cinder-810415-3-iscsi devstack@n-api.service[94103]: INFO nova.api.openstack.requestlog [None req-c943b287-3ff7-41de-83ac-ddbf929a7eba admin admin] 10.222.0.42 "GET /compute/v2.1" status: 200 len: 388 microversion: 2.1 time: 0.001398
Sep 22 20:59:13.009243 dv-cinder-810415-3-iscsi devstack@n-api.service[94103]: [pid: 94103|app: 0|req: 20/38] 10.222.0.42 () {56 vars in 1075 bytes} [Wed Sep 22 20:59:13 2021] GET /compute/v2.1 => generated 388 bytes in 2 msecs (HTTP/1.1 200) 9 headers in 357 bytes (1 switches on core 0)
Sep 22 20:59:13.198335 dv-cinder-810415-3-iscsi devstack@n-api.service[94102]: DEBUG nova.api.openstack.wsgi [None req-d21d0291-7e52-4798-a95f-4c6726f0eade admin admin] Calling method '>' {{(pid=94102) _process_stack /opt/stack/nova/nova/api/openstack/wsgi.py:513}}
Sep 22 20:59:13.203549 dv-cinder-810415-3-iscsi devstack@n-api.service[94102]: INFO nova.api.openstack.wsgi [None req-d21d0291-7e52-4798-a95f-4c6726f0eade admin admin] HTTP exception thrown: Flavor 42 could not be found.
Sep 22 20:59:13.204107 dv-cinder-810415-3-iscsi devstack@n-api.service[94102]: DEBUG nova.api.openstack.wsgi [None req-d21d0291-7e52-4798-a95f-4c6726f0eade admin admin] Returning 404 to user: Flavor 42 could not be found. {{(pid=94102) __call__ /opt/stack/nova/nova/api/openstack/wsgi.py:936}}
Sep 22 20:59:13.204928 dv-cinder-810415-3-iscsi devstack@n-api.service[94102]: INFO nova.api.openstack.requestlog [None req-d21d0291-7e52-4798-a95f-4c6726f0eade admin admin] 10.222.0.42 "GET /compute/v2.1/flavors/42" status: 404 len: 75 microversion: 2.90 time: 0.057400
Sep 22 20:59:13.205426 dv-cinder-810415-3-iscsi devstack@n-api.service[94102]: [pid: 94102|app: 0|req: 19/39] 10.222.0.42 () {60 vars in 1191 bytes} [Wed Sep 22 20:59:13 2021] GET /compute/v2.1/flavors/42 => generated 75 bytes in 58 msecs (HTTP/1.1 404) 9 headers in 380 bytes (1 switches on core 0)
Sep 22 20:59:13.215146 dv-cinder-810415-3-iscsi devstack@n-api.service[94103]: DEBUG nova.api.openstack.wsgi [None req-9059bceb-d8a9-4dae-89c3-3ab7aacc877d admin admin] Calling method '>' {{(pid=94103) _process_stack /opt/stack/nova/nova/api/openstack/wsgi.py:513}}
Sep 22 20:59:13.235500 dv-cinder-810415-3-iscsi devstack@n-api.service[94103]: INFO nova.api.openstack.requestlog [None req-9059bceb-d8a9-4dae-89c3-3ab7aacc877d admin admin] 10.222.0.42 "GET /compute/v2.1/flavors?is_public=None" status: 200 len: 2056 microversion: 2.90 time: 0.023890
Sep 22 20:59:13.236023 dv-cinder-810415-3-iscsi devstack@n-api.service[94103]: [pid: 94103|app: 0|req: 21/40] 10.222.0.42 () {60 vars in 1211 bytes} [Wed Sep 22 20:59:13 2021] GET /compute/v2.1/flavors?is_public=None => generated 2056 bytes in 25 msecs (HTTP/1.1 200) 9 headers in 360 bytes (1 switches on core 0)
Sep 22 20:59:13.246338 dv-cinder-810415-3-iscsi devstack@n-api.service[94102]: DEBUG nova.api.openstack.wsgi [None req-61c7bee5-187d-4426-961e-f440b7bc462c admin admin] Calling method '>' {{(pid=94102) _process_stack /opt/stack/nova/nova/api/openstack/wsgi.py:513}}
Sep 22 20:59:13.271572 dv-cinder-810415-3-iscsi devstack@n-api.service[94102]: INFO nova.api.openstack.requestlog [None req-61c7bee5-187d-4426-961e-f440b7bc462c admin admin] 10.222.0.42 "GET /compute/v2.1/flavors?is_public=None" status: 200 len: 2056 microversion: 2.90 time: 0.028574
Sep 22 20:59:13.272097 dv-cinder-810415-3-iscsi devstack@n-api.service[94102]: [pid: 94102|app: 0|req: 20/41] 10.222.0.42 () {60 vars in 1211 bytes} [Wed Sep 22 20:59:13 2021] GET /compute/v2.1/flavors?is_public=None => generated 2056 bytes in 30 msecs (HTTP/1.1 200) 9 headers in 360 bytes (2 switches on core 0)
Sep 22 20:59:13.281799 dv-cinder-810415-3-iscsi devstack@n-api.service[94103]: DEBUG nova.api.openstack.wsgi [None req-ab5e3b14-5d89-40bc-81f2-24e3d4acb935 admin admin] Calling method '>' {{(pid=94103) _process_stack /opt/stack/nova/nova/api/openstack/wsgi.py:513}}
Sep 22 20:59:13.287563 dv-cinder-810415-3-iscsi devstack@n-api.service[94103]: INFO nova.api.openstack.wsgi [None req-ab5e3b14-5d89-40bc-81f2-24e3d4acb935 admin admin] HTTP exception thrown: Flavor 42 could not be found.
Sep 22 20:59:13.288126 dv-cinder-810415-3-iscsi devstack@n-api.service[94103]: DEBUG nova.api.openstack.wsgi [None req-ab5e3b14-5d89-40bc-81f2-24e3d4acb935 admin admin] Returning 404 to user: Flavor 42 could not be found. {{(pid=94103) __call__ /opt/stack/nova/nova/api/openstack/wsgi.py:936}}
Sep 22 20:59:13.288937 dv-cinder-810415-3-iscsi devstack@n-api.service[94103]: INFO nova.api.openstack.requestlog [None req-ab5e3b14-5d89-40bc-81f2-24e3d4acb935 admin admin] 10.222.0.42 "GET /compute/v2.1/flavors/42" status: 404 len: 75 microversion: 2.90 time: 0.010609
Sep 22 20:59:13.289420 dv-cinder-810415-3-iscsi devstack@n-api.service[94103]: [pid: 94103|app: 0|req: 22/42] 10.222.0.42 () {60 vars in 1191 bytes} [Wed Sep 22 20:59:13 2021] GET /compute/v2.1/flavors/42 => generated 75 bytes in 12 msecs (HTTP/1.1 404) 9 headers in 380 bytes (2 switches on core 0)
Sep 22 20:59:14.629723 dv-cinder-810415-3-iscsi devstack@n-api.service[94102]: DEBUG nova.api.openstack.wsgi [None req-61c7bee5-187d-4426-961e-f440b7bc462c admin admin] Calling method '>' {{(pid=94102) _process_stack /opt/stack/nova/nova/api/openstack/wsgi.py:513}}
Sep 22 20:59:14.631393 dv-cinder-810415-3-iscsi devstack@n-api.service[94102]: INFO nova.api.openstack.requestlog [None req-61c7bee5-187d-4426-961e-f440b7bc462c admin admin] 10.222.0.42 "GET /compute/v2.1" status: 200 len: 388 microversion: 2.1 time: 0.001439
Sep 22 20:59:14.631779 dv-cinder-810415-3-iscsi devstack@n-api.service[94102]: [pid: 94102|app: 0|req: 21/43] 10.222.0.42 () {56 vars in 1075 bytes} [Wed Sep 22 20:59:14 2021] GET /compute/v2.1 => generated 388 bytes in 3 msecs (HTTP/1.1 200) 9 headers in 357 bytes (1 switches on core 0)
Sep 22 20:59:14.824467 dv-cinder-810415-3-iscsi devstack@n-api.service[94103]: DEBUG nova.api.openstack.wsgi [None req-f67f551f-741b-432b-b424-357d56072d03 admin admin] Calling method '>' {{(pid=94103) _process_stack /opt/stack/nova/nova/api/openstack/wsgi.py:513}}
Sep 22 20:59:14.830006 dv-cinder-810415-3-iscsi devstack@n-api.service[94103]: INFO nova.api.openstack.wsgi [None req-f67f551f-741b-432b-b424-357d56072d03 admin admin] HTTP exception thrown: Flavor 84 could not be found.
Sep 22 20:59:14.830564 dv-cinder-810415-3-iscsi devstack@n-api.service[94103]: DEBUG nova.api.openstack.wsgi [None req-f67f551f-741b-432b-b424-357d56072d03 admin admin] Returning 404 to user: Flavor 84 could not be found. {{(pid=94103) __call__ /opt/stack/nova/nova/api/openstack/wsgi.py:936}}
Sep 22 20:59:14.831337 dv-cinder-810415-3-iscsi devstack@n-api.service[94103]: INFO nova.api.openstack.requestlog [None req-f67f551f-741b-432b-b424-357d56072d03 admin admin] 10.222.0.42 "GET /compute/v2.1/flavors/84" status: 404 len: 75 microversion: 2.90 time: 0.058227
Sep 22 20:59:14.831833 dv-cinder-810415-3-iscsi devstack@n-api.service[94103]: [pid: 94103|app: 0|req: 23/44] 10.222.0.42 () {60 vars in 1191 bytes} [Wed Sep 22 20:59:14 2021] GET /compute/v2.1/flavors/84 => generated 75 bytes in 59 msecs (HTTP/1.1 404) 9 headers in 380 bytes (1 switches on core 0)
Sep 22 20:59:14.841610 dv-cinder-810415-3-iscsi devstack@n-api.service[94102]: DEBUG nova.api.openstack.wsgi [None req-6dd5ada8-05ef-4ae1-892c-3e89906303be admin admin] Calling method '>' {{(pid=94102) _process_stack /opt/stack/nova/nova/api/openstack/wsgi.py:513}}
Sep 22 20:59:14.855333 dv-cinder-810415-3-iscsi devstack@n-api.service[94102]: INFO nova.api.openstack.requestlog [None req-6dd5ada8-05ef-4ae1-892c-3e89906303be admin admin] 10.222.0.42 "GET /compute/v2.1/flavors?is_public=None" status: 200 len: 2056 microversion: 2.90 time: 0.017292
Sep 22 20:59:14.855896 dv-cinder-810415-3-iscsi devstack@n-api.service[94102]: [pid: 94102|app: 0|req: 22/45] 10.222.0.42 () {60 vars in 1211 bytes} [Wed Sep 22 20:59:14 2021] GET /compute/v2.1/flavors?is_public=None => generated 2056 bytes in 18 msecs (HTTP/1.1 200) 9 headers in 360 bytes (1 switches on core 0)
Sep 22 20:59:14.866438 dv-cinder-810415-3-iscsi devstack@n-api.service[94103]: DEBUG nova.api.openstack.wsgi [None req-0244a9e2-73a0-4e12-aa39-62e0e5b091d9 admin admin] Calling method '>' {{(pid=94103) _process_stack /opt/stack/nova/nova/api/openstack/wsgi.py:513}}
Sep 22 20:59:14.879623 dv-cinder-810415-3-iscsi devstack@n-api.service[94103]: INFO nova.api.openstack.requestlog [None req-0244a9e2-73a0-4e12-aa39-62e0e5b091d9 admin admin] 10.222.0.42 "GET /compute/v2.1/flavors?is_public=None" status: 200 len: 2056 microversion: 2.90 time: 0.017231
Sep 22 20:59:14.880140 dv-cinder-810415-3-iscsi devstack@n-api.service[94103]: [pid: 94103|app: 0|req: 24/46] 10.222.0.42 () {60 vars in 1211 bytes} [Wed Sep 22 20:59:14 2021] GET /compute/v2.1/flavors?is_public=None => generated 2056 bytes in 18 msecs (HTTP/1.1 200) 9 headers in 360 bytes (1 switches on core 0)
Sep 22 20:59:14.889547 dv-cinder-810415-3-iscsi devstack@n-api.service[94102]: DEBUG nova.api.openstack.wsgi [None req-2b4e1c6a-3bca-4ec4-8665-53d5d92ffcfd admin admin] Calling method '>' {{(pid=94102) _process_stack /opt/stack/nova/nova/api/openstack/wsgi.py:513}}
Sep 22 20:59:14.894747 dv-cinder-810415-3-iscsi devstack@n-api.service[94102]: INFO nova.api.openstack.wsgi [None req-2b4e1c6a-3bca-4ec4-8665-53d5d92ffcfd admin admin] HTTP exception thrown: Flavor 84 could not be found.
Sep 22 20:59:14.895308 dv-cinder-810415-3-iscsi devstack@n-api.service[94102]: DEBUG nova.api.openstack.wsgi [None req-2b4e1c6a-3bca-4ec4-8665-53d5d92ffcfd admin admin] Returning 404 to user: Flavor 84 could not be found. {{(pid=94102) __call__ /opt/stack/nova/nova/api/openstack/wsgi.py:936}}
Sep 22 20:59:14.896092 dv-cinder-810415-3-iscsi devstack@n-api.service[94102]: INFO nova.api.openstack.requestlog [None req-2b4e1c6a-3bca-4ec4-8665-53d5d92ffcfd admin admin] 10.222.0.42 "GET /compute/v2.1/flavors/84" status: 404 len: 75 microversion: 2.90 time: 0.010009
Sep 22 20:59:14.896580 dv-cinder-810415-3-iscsi devstack@n-api.service[94102]: [pid: 94102|app: 0|req: 23/47] 10.222.0.42 () {60 vars in 1191 bytes} [Wed Sep 22 20:59:14 2021] GET /compute/v2.1/flavors/84 => generated 75 bytes in 11 msecs (HTTP/1.1 404) 9 headers in 380 bytes (1 switches on core 0)
Sep 22 20:59:16.244209 dv-cinder-810415-3-iscsi devstack@n-api.service[94103]: DEBUG nova.api.openstack.wsgi [None req-0244a9e2-73a0-4e12-aa39-62e0e5b091d9 admin admin] Calling method '>' {{(pid=94103) _process_stack /opt/stack/nova/nova/api/openstack/wsgi.py:513}}
Sep 22 20:59:16.245240 dv-cinder-810415-3-iscsi devstack@n-api.service[94103]: INFO nova.api.openstack.requestlog [None req-0244a9e2-73a0-4e12-aa39-62e0e5b091d9 admin admin] 10.222.0.42 "GET /compute/v2.1" status: 200 len: 388 microversion: 2.1 time: 0.001429
Sep 22 20:59:16.245625 dv-cinder-810415-3-iscsi devstack@n-api.service[94103]: [pid: 94103|app: 0|req: 25/48] 10.222.0.42 () {56 vars in 1075 bytes} [Wed Sep 22 20:59:16 2021] GET /compute/v2.1 => generated 388 bytes in 2 msecs (HTTP/1.1 200) 9 headers in 357 bytes (1 switches on core 0)
Sep 22 20:59:16.441297 dv-cinder-810415-3-iscsi devstack@n-api.service[94102]: DEBUG nova.api.openstack.wsgi [None req-3bcbf376-a124-42fe-b729-edef9f684ad6 admin admin] Calling method '>' {{(pid=94102) _process_stack /opt/stack/nova/nova/api/openstack/wsgi.py:513}}
Sep 22 20:59:16.447252 dv-cinder-810415-3-iscsi devstack@n-api.service[94102]: INFO nova.api.openstack.wsgi [None req-3bcbf376-a124-42fe-b729-edef9f684ad6 admin admin] HTTP exception thrown: Flavor 451 could not be found.
Sep 22 20:59:16.447814 dv-cinder-810415-3-iscsi devstack@n-api.service[94102]: DEBUG nova.api.openstack.wsgi [None req-3bcbf376-a124-42fe-b729-edef9f684ad6 admin admin] Returning 404 to user: Flavor 451 could not be found. {{(pid=94102) __call__ /opt/stack/nova/nova/api/openstack/wsgi.py:936}}
Sep 22 20:59:16.448601 dv-cinder-810415-3-iscsi devstack@n-api.service[94102]: INFO nova.api.openstack.requestlog [None req-3bcbf376-a124-42fe-b729-edef9f684ad6 admin admin] 10.222.0.42 "GET /compute/v2.1/flavors/451" status: 404 len: 76 microversion: 2.90 time: 0.057834
Sep 22 20:59:16.449123 dv-cinder-810415-3-iscsi devstack@n-api.service[94102]: [pid: 94102|app: 0|req: 24/49] 10.222.0.42 () {60 vars in 1194 bytes} [Wed Sep 22 20:59:16 2021] GET /compute/v2.1/flavors/451 => generated 76 bytes in 59 msecs (HTTP/1.1 404) 9 headers in 380 bytes (1 switches on core 0)
Sep 22 20:59:16.459348 dv-cinder-810415-3-iscsi devstack@n-api.service[94103]: DEBUG nova.api.openstack.wsgi [None req-e9f97912-f0bc-4d31-823b-0fb4e7bc5262 admin admin] Calling method '>' {{(pid=94103) _process_stack /opt/stack/nova/nova/api/openstack/wsgi.py:513}}
Sep 22 20:59:16.472221 dv-cinder-810415-3-iscsi devstack@n-api.service[94103]: INFO nova.api.openstack.requestlog [None req-e9f97912-f0bc-4d31-823b-0fb4e7bc5262 admin admin] 10.222.0.42 "GET /compute/v2.1/flavors?is_public=None" status: 200 len: 2056 microversion: 2.90 time: 0.017014
Sep 22 20:59:16.472749 dv-cinder-810415-3-iscsi devstack@n-api.service[94103]: [pid: 94103|app: 0|req: 26/50] 10.222.0.42 () {60 vars in 1211 bytes} [Wed Sep 22 20:59:16 2021] GET /compute/v2.1/flavors?is_public=None => generated 2056 bytes in 18 msecs (HTTP/1.1 200) 9 headers in 360 bytes (1 switches on core 0)
Sep 22 20:59:16.482085 dv-cinder-810415-3-iscsi devstack@n-api.service[94102]: DEBUG nova.api.openstack.wsgi [None req-05dfa85c-3d52-4fc1-84b0-21005b290dce admin admin] Calling method '>' {{(pid=94102) _process_stack /opt/stack/nova/nova/api/openstack/wsgi.py:513}}
