Sep 22 13:22:46.529267 dv-cinder-810415-1-iscsi neutron-server[94654]: DEBUG neutron.plugins.ml2.drivers.mech_agent [None req-1c1f7eb2-515e-4611-b9c2-6017e0f44b64 admin admin] Checking segment: {'id': 'dbade049-8349-42d1-813b-ffc3a734aaf6', 'network_type': 'vlan', 'physical_network': 'physnet1', 'segmentation_id': 678, 'network_id': '02f36182-a78d-4d44-96c0-91f1d88d7be5'} for mappings: {'physnet1': 'br-data'} with network types: ['local', 'flat', 'vlan'] {{(pid=94654) check_segment_for_agent /opt/stack/neutron/neutron/plugins/ml2/drivers/mech_agent.py:358}}
Sep 22 13:22:46.530275 dv-cinder-810415-1-iscsi neutron-server[94654]: DEBUG neutron.scheduler.dhcp_agent_scheduler [None req-1c1f7eb2-515e-4611-b9c2-6017e0f44b64 admin admin] Network hostable DHCP agents. Network: 02f36182-a78d-4d44-96c0-91f1d88d7be5, hostable agents: ['9a73872a-d033-4d28-b77f-3ae4ef7f4571'], hosted agents: [] {{(pid=94654) _get_network_hostable_dhcp_agents /opt/stack/neutron/neutron/scheduler/dhcp_agent_scheduler.py:329}}
Sep 22 13:22:46.548624 dv-cinder-810415-1-iscsi neutron-server[94653]: DEBUG neutron.api.rpc.handlers.resources_rpc [None req-cba05bd2-4bb1-4f2a-8069-15463c478651 admin admin] Pushing event updated for resources: {'Subnet': ['ID=1f01d2ec-b15d-4a27-bfad-37a6530cfee3,revision_number=0']} {{(pid=94653) push /opt/stack/neutron/neutron/api/rpc/handlers/resources_rpc.py:237}}
Sep 22 13:22:46.646252 dv-cinder-810415-1-iscsi neutron-server[94654]: DEBUG neutron.scheduler.dhcp_agent_scheduler [None req-1c1f7eb2-515e-4611-b9c2-6017e0f44b64 admin admin] Network 02f36182-a78d-4d44-96c0-91f1d88d7be5 is scheduled to be hosted by DHCP agent 9a73872a-d033-4d28-b77f-3ae4ef7f4571 with binding_index 1 {{(pid=94654) bind /opt/stack/neutron/neutron/scheduler/dhcp_agent_scheduler.py:227}}
Sep 22 13:22:46.689817 dv-cinder-810415-1-iscsi neutron-server[94653]: DEBUG neutron.plugins.ml2.drivers.mech_agent [None req-cba05bd2-4bb1-4f2a-8069-15463c478651 admin admin] Checking segment: {'id': '027bbb9c-81f1-490e-a17a-75d73588e748', 'network_type': 'vlan', 'physical_network': 'physnet1', 'segmentation_id': 695, 'network_id': '5478da1c-b0f5-4045-bb57-ac2770750ac0'} for mappings: {'physnet1': 'br-data'} with network types: ['local', 'flat', 'vlan'] {{(pid=94653) check_segment_for_agent /opt/stack/neutron/neutron/plugins/ml2/drivers/mech_agent.py:358}}
Sep 22 13:22:46.690165 dv-cinder-810415-1-iscsi neutron-server[94653]: DEBUG neutron.scheduler.dhcp_agent_scheduler [None req-cba05bd2-4bb1-4f2a-8069-15463c478651 admin admin] Network hostable DHCP agents. Network: 5478da1c-b0f5-4045-bb57-ac2770750ac0, hostable agents: ['9a73872a-d033-4d28-b77f-3ae4ef7f4571'], hosted agents: [] {{(pid=94653) _get_network_hostable_dhcp_agents /opt/stack/neutron/neutron/scheduler/dhcp_agent_scheduler.py:329}}
Sep 22 13:22:46.705117 dv-cinder-810415-1-iscsi neutron-server[94656]: DEBUG neutron_lib.callbacks.manager [None req-34b2686d-9208-47fc-b8af-8e0643bfaccc None None] Notify callbacks [] for port, precommit_update {{(pid=94656) _notify_loop /usr/local/lib/python3.8/dist-packages/neutron_lib/callbacks/manager.py:192}}
Sep 22 13:22:46.739983 dv-cinder-810415-1-iscsi neutron-server[94653]: DEBUG neutron_lib.callbacks.manager [None req-311799e1-8b9c-453c-afe0-284838b4e666 admin admin] Notify callbacks [] for security_group, precommit_create {{(pid=94653) _notify_loop /usr/local/lib/python3.8/dist-packages/neutron_lib/callbacks/manager.py:192}}
Sep 22 13:22:46.750573 dv-cinder-810415-1-iscsi neutron-server[94654]: DEBUG neutron.wsgi [-] (94654) accepted ('10.222.0.46', 55462) {{(pid=94654) server /usr/local/lib/python3.8/dist-packages/eventlet/wsgi.py:982}}
Sep 22 13:22:46.755846 dv-cinder-810415-1-iscsi neutron-server[94654]: DEBUG neutron.api.v2.base [None req-3a87ef42-04af-4ab9-9d58-e0f9edf01651 admin admin] Request body: {'network': {'name': 'tempest-EncryptedVolumesExtendAttachedTest-464635718-network', 'tenant_id': 'd23059fe03be4b4aa7727aa00d93fe8f'}} {{(pid=94654) prepare_request_body /opt/stack/neutron/neutron/api/v2/base.py:730}}
Sep 22 13:22:46.763256 dv-cinder-810415-1-iscsi neutron-server[94654]: DEBUG neutron.scheduler.base_scheduler [None req-1c1f7eb2-515e-4611-b9c2-6017e0f44b64 admin admin] Resources bound (agent type, host, resource id): (DHCP agent, dv-cinder-810415-1-iscsi, 02f36182-a78d-4d44-96c0-91f1d88d7be5) {{(pid=94654) schedule /opt/stack/neutron/neutron/scheduler/base_scheduler.py:57}}
Sep 22 13:22:46.770874 dv-cinder-810415-1-iscsi neutron-server[94654]: DEBUG neutron.pecan_wsgi.hooks.policy_enforcement [None req-1c1f7eb2-515e-4611-b9c2-6017e0f44b64 admin admin] Attributes excluded by policy engine: ['standard_attr_id', 'shared', 'network'] {{(pid=94654) _exclude_attributes_by_policy /opt/stack/neutron/neutron/pecan_wsgi/hooks/policy_enforcement.py:255}}
Sep 22 13:22:46.771149 dv-cinder-810415-1-iscsi neutron-server[94654]: DEBUG neutron_lib.callbacks.manager [None req-1c1f7eb2-515e-4611-b9c2-6017e0f44b64 admin admin] Notify callbacks ['neutron.api.rpc.agentnotifiers.dhcp_rpc_agent_api.DhcpAgentNotifyAPI._send_dhcp_notification-603952'] for subnet, before_response {{(pid=94654) _notify_loop /usr/local/lib/python3.8/dist-packages/neutron_lib/callbacks/manager.py:192}}
Sep 22 13:22:46.778670 dv-cinder-810415-1-iscsi neutron-server[94655]: DEBUG neutron.api.rpc.handlers.dhcp_rpc [None req-e2f36ce2-f75e-4840-9bcb-1affd1893cf0 None None] Network 02f36182-a78d-4d44-96c0-91f1d88d7be5 requested from dv-cinder-810415-1-iscsi {{(pid=94655) get_network_info /opt/stack/neutron/neutron/api/rpc/handlers/dhcp_rpc.py:218}}
Sep 22 13:22:46.790498 dv-cinder-810415-1-iscsi neutron-server[94656]: DEBUG neutron_lib.callbacks.manager [None req-34b2686d-9208-47fc-b8af-8e0643bfaccc None None] Notify callbacks ['neutron.plugins.ml2.plugin.SecurityGroupServerNotifierRpcMixin._notify_sg_on_port_change-1468834', 'neutron.plugins.ml2.ovo_rpc._ObjectChangeHandler.handle_event-56645', 'neutron.api.rpc.agentnotifiers.dhcp_rpc_agent_api.DhcpAgentNotifyAPI._native_event_send_dhcp_notification-641226', 'neutron.db.l3_db.L3RpcNotifierMixin._notify_gateway_port_ip_changed-8769466048772', 'neutron.db.l3_dvrscheduler_db._notify_l3_agent_port_update-8769465545921', 'neutron.db.l3_hascheduler_db._notify_l3_agent_ha_port_update-8769465545939'] for port, after_update {{(pid=94656) _notify_loop /usr/local/lib/python3.8/dist-packages/neutron_lib/callbacks/manager.py:192}}
Sep 22 13:22:46.793573 dv-cinder-810415-1-iscsi neutron-server[94653]: DEBUG neutron_lib.callbacks.manager [None req-eb9fb75f-6669-43a2-94ca-bec6bd32e370 admin admin] Notify callbacks ['neutron.plugins.ml2.plugin.SecurityGroupDbMixin._ensure_default_security_group_handler-1468897'] for port, before_create {{(pid=94653) _notify_loop /usr/local/lib/python3.8/dist-packages/neutron_lib/callbacks/manager.py:192}}
Sep 22 13:22:46.825308 dv-cinder-810415-1-iscsi neutron-server[94653]: DEBUG neutron_lib.callbacks.manager [None req-311799e1-8b9c-453c-afe0-284838b4e666 admin admin] Notify callbacks ['neutron.plugins.ml2.ovo_rpc._ObjectChangeHandler.handle_event-636114'] for security_group, after_create {{(pid=94653) _notify_loop /usr/local/lib/python3.8/dist-packages/neutron_lib/callbacks/manager.py:192}}
Sep 22 13:22:46.861679 dv-cinder-810415-1-iscsi neutron-server[94656]: DEBUG neutron.plugins.ml2.managers [None req-34b2686d-9208-47fc-b8af-8e0643bfaccc None None] Attempting to bind port 9ff13eae-f843-46e6-a56a-aef77062b117 on host dv-cinder-810415-1-iscsi for vnic_type normal with profile {{(pid=94656) bind_port /opt/stack/neutron/neutron/plugins/ml2/managers.py:790}}
Sep 22 13:22:46.862079 dv-cinder-810415-1-iscsi neutron-server[94656]: DEBUG neutron.plugins.ml2.managers [None req-34b2686d-9208-47fc-b8af-8e0643bfaccc None None] Attempting to bind port 9ff13eae-f843-46e6-a56a-aef77062b117 by drivers openvswitch,hyperv on host dv-cinder-810415-1-iscsi at level 0 using segments [{'id': '0c670b87-4899-4cb7-9d30-a9732c3c8977', 'network_type': 'flat', 'physical_network': 'physnet1', 'segmentation_id': None, 'network_id': '80bb2038-970f-4a80-8d46-d014f3232982'}] {{(pid=94656) _bind_port_level /opt/stack/neutron/neutron/plugins/ml2/managers.py:815}}
Sep 22 13:22:46.862451 dv-cinder-810415-1-iscsi neutron-server[94656]: DEBUG neutron.plugins.ml2.drivers.mech_agent [None req-34b2686d-9208-47fc-b8af-8e0643bfaccc None None] Attempting to bind port 9ff13eae-f843-46e6-a56a-aef77062b117 on network 80bb2038-970f-4a80-8d46-d014f3232982 {{(pid=94656) bind_port /opt/stack/neutron/neutron/plugins/ml2/drivers/mech_agent.py:91}}
Sep 22 13:22:46.877443 dv-cinder-810415-1-iscsi neutron-server[94656]: DEBUG neutron.api.rpc.handlers.resources_rpc [None req-6bb91cfc-f6a0-4e59-a78f-105c77cc0b06 None None] Pushing event updated for resources: {'Port': ['ID=9ff13eae-f843-46e6-a56a-aef77062b117,revision_number=2']} {{(pid=94656) push /opt/stack/neutron/neutron/api/rpc/handlers/resources_rpc.py:237}}
Sep 22 13:22:46.881749 dv-cinder-810415-1-iscsi neutron-server[94656]: DEBUG neutron.plugins.ml2.drivers.mech_agent [None req-34b2686d-9208-47fc-b8af-8e0643bfaccc None None] Checking agent: {'id': 'f51691d3-3397-4b29-90b6-a84b3073fd56', 'agent_type': 'Open vSwitch agent', 'binary': 'neutron-openvswitch-agent', 'topic': 'N/A', 'host': 'dv-cinder-810415-1-iscsi', 'admin_state_up': True, 'created_at': datetime.datetime(2021, 9, 22, 13, 14, 30), 'started_at': datetime.datetime(2021, 9, 22, 13, 15), 'heartbeat_timestamp': datetime.datetime(2021, 9, 22, 13, 22, 31), 'description': None, 'resources_synced': None, 'availability_zone': None, 'alive': True, 'configurations': {'arp_responder_enabled': False, 'baremetal_smartnic': False, 'bridge_mappings': {'physnet1': 'br-data'}, 'datapath_type': 'system', 'devices': 0, 'enable_distributed_routing': False, 'extensions': [], 'in_distributed_mode': False, 'integration_bridge': 'br-int', 'l2_population': False, 'log_agent_heartbeats': False, 'ovs_capabilities': {'datapath_types': ['netdev', 'system'], 'iface_types': ['erspan', 'geneve', 'gre', 'internal', 'ip6erspan', 'ip6gre', 'lisp', 'patch', 'stt', 'system', 'tap', 'vxlan']}, 'ovs_hybrid_plug': False, 'resource_provider_bandwidths': {}, 'resource_provider_hypervisors': {'br-data': 'dv-cinder-810415-1-iscsi'}, 'resource_provider_inventory_defaults': {'allocation_ratio': 1.0, 'min_unit': 1, 'step_size': 1, 'reserved': 0}, 'tunnel_types': [], 'tunneling_ip': None, 'vhostuser_socket_dir': '/var/run/openvswitch'}, 'resource_versions': {'AddressGroup': '1.2', 'ConntrackHelper': '1.0', 'Log': '1.0', 'Network': '1.1', 'Port': '1.7', 'PortForwarding': '1.2', 'QosPolicy': '1.9', 'SecurityGroup': '1.4', 'SecurityGroupRule': '1.2', 'SubPort': '1.0', 'Subnet': '1.1', 'Trunk': '1.1'}} {{(pid=94656) bind_port /opt/stack/neutron/neutron/plugins/ml2/drivers/mech_agent.py:110}}
Sep 22 13:22:46.882130 dv-cinder-810415-1-iscsi neutron-server[94656]: DEBUG neutron.plugins.ml2.drivers.mech_agent [None req-34b2686d-9208-47fc-b8af-8e0643bfaccc None None] Checking segment: {'id': '0c670b87-4899-4cb7-9d30-a9732c3c8977', 'network_type': 'flat', 'physical_network': 'physnet1', 'segmentation_id': None, 'network_id': '80bb2038-970f-4a80-8d46-d014f3232982'} for mappings: {'physnet1': 'br-data'} with network types: ['local', 'flat', 'vlan'] {{(pid=94656) check_segment_for_agent /opt/stack/neutron/neutron/plugins/ml2/drivers/mech_agent.py:358}}
Sep 22 13:22:46.882538 dv-cinder-810415-1-iscsi neutron-server[94656]: DEBUG neutron_lib.callbacks.manager [None req-34b2686d-9208-47fc-b8af-8e0643bfaccc None None] Notify callbacks [] for ovs_bridge_name, before_read {{(pid=94656) _notify_loop /usr/local/lib/python3.8/dist-packages/neutron_lib/callbacks/manager.py:192}}
Sep 22 13:22:46.883001 dv-cinder-810415-1-iscsi neutron-server[94656]: DEBUG neutron.plugins.ml2.drivers.mech_agent [None req-34b2686d-9208-47fc-b8af-8e0643bfaccc None None] Bound using segment: {'id': '0c670b87-4899-4cb7-9d30-a9732c3c8977', 'network_type': 'flat', 'physical_network': 'physnet1', 'segmentation_id': None, 'network_id': '80bb2038-970f-4a80-8d46-d014f3232982'} {{(pid=94656) bind_port /opt/stack/neutron/neutron/plugins/ml2/drivers/mech_agent.py:120}}
Sep 22 13:22:46.883492 dv-cinder-810415-1-iscsi neutron-server[94656]: DEBUG neutron.plugins.ml2.managers [None req-34b2686d-9208-47fc-b8af-8e0643bfaccc None None] Bound port: 9ff13eae-f843-46e6-a56a-aef77062b117, host: dv-cinder-810415-1-iscsi, vif_type: ovs, vif_details: {"connectivity": "l2", "port_filter": true, "ovs_hybrid_plug": false, "datapath_type": "system", "bridge_name": "br-int"}, binding_levels: [{'bound_driver': 'openvswitch', 'bound_segment': {'id': '0c670b87-4899-4cb7-9d30-a9732c3c8977', 'network_type': 'flat', 'physical_network': 'physnet1', 'segmentation_id': None, 'network_id': '80bb2038-970f-4a80-8d46-d014f3232982'}}] {{(pid=94656) _bind_port_level /opt/stack/neutron/neutron/plugins/ml2/managers.py:928}}
Sep 22 13:22:46.883879 dv-cinder-810415-1-iscsi neutron-server[94656]: DEBUG neutron_lib.callbacks.manager [None req-34b2686d-9208-47fc-b8af-8e0643bfaccc None None] Notify callbacks ['neutron.plugins.ml2.plugin.SecurityGroupDbMixin._ensure_default_security_group_handler-1468897'] for port, before_update {{(pid=94656) _notify_loop /usr/local/lib/python3.8/dist-packages/neutron_lib/callbacks/manager.py:192}}
Sep 22 13:22:46.891739 dv-cinder-810415-1-iscsi neutron-server[94654]: INFO neutron.wsgi [None req-1c1f7eb2-515e-4611-b9c2-6017e0f44b64 admin admin] 10.222.0.46 "POST /v2.0/subnets HTTP/1.1" status: 201 len: 853 time: 1.1637492
Sep 22 13:22:46.895450 dv-cinder-810415-1-iscsi neutron-server[94654]: DEBUG neutron.wsgi [-] (94654) accepted ('10.222.0.46', 55472) {{(pid=94654) server /usr/local/lib/python3.8/dist-packages/eventlet/wsgi.py:982}}
Sep 22 13:22:46.908769 dv-cinder-810415-1-iscsi neutron-server[94654]: DEBUG neutron.api.v2.base [None req-64a152dd-65e7-491c-bc78-b7d4a928f01e admin admin] Request body: {'router': {'name': 'tempest-AttachVolumeShelveTestJSON-1643318825-router', 'tenant_id': '25bd49c8bbda46e79ad1eb27a6b14afd', 'external_gateway_info': {'network_id': '80bb2038-970f-4a80-8d46-d014f3232982'}}} {{(pid=94654) prepare_request_body /opt/stack/neutron/neutron/api/v2/base.py:730}}
Sep 22 13:22:46.915908 dv-cinder-810415-1-iscsi neutron-server[94653]: DEBUG neutron.api.rpc.handlers.resources_rpc [None req-311799e1-8b9c-453c-afe0-284838b4e666 admin admin] Pushing event updated for resources: {'SecurityGroup': ['ID=7e8cc522-74f3-4995-bd75-0e67f7591c09,revision_number=1']} {{(pid=94653) push /opt/stack/neutron/neutron/api/rpc/handlers/resources_rpc.py:237}}
Sep 22 13:22:46.927524 dv-cinder-810415-1-iscsi neutron-server[94653]: DEBUG neutron.scheduler.dhcp_agent_scheduler [None req-cba05bd2-4bb1-4f2a-8069-15463c478651 admin admin] Network 5478da1c-b0f5-4045-bb57-ac2770750ac0 is scheduled to be hosted by DHCP agent 9a73872a-d033-4d28-b77f-3ae4ef7f4571 with binding_index 1 {{(pid=94653) bind /opt/stack/neutron/neutron/scheduler/dhcp_agent_scheduler.py:227}}
Sep 22 13:22:46.943037 dv-cinder-810415-1-iscsi neutron-server[94653]: DEBUG neutron.scheduler.base_scheduler [None req-cba05bd2-4bb1-4f2a-8069-15463c478651 admin admin] Resources bound (agent type, host, resource id): (DHCP agent, dv-cinder-810415-1-iscsi, 5478da1c-b0f5-4045-bb57-ac2770750ac0) {{(pid=94653) schedule /opt/stack/neutron/neutron/scheduler/base_scheduler.py:57}}
Sep 22 13:22:46.957430 dv-cinder-810415-1-iscsi neutron-server[94653]: DEBUG neutron.pecan_wsgi.hooks.policy_enforcement [None req-cba05bd2-4bb1-4f2a-8069-15463c478651 admin admin] Attributes excluded by policy engine: ['standard_attr_id', 'shared', 'network'] {{(pid=94653) _exclude_attributes_by_policy /opt/stack/neutron/neutron/pecan_wsgi/hooks/policy_enforcement.py:255}}
Sep 22 13:22:46.958296 dv-cinder-810415-1-iscsi neutron-server[94653]: DEBUG neutron_lib.callbacks.manager [None req-cba05bd2-4bb1-4f2a-8069-15463c478651 admin admin] Notify callbacks ['neutron.api.rpc.agentnotifiers.dhcp_rpc_agent_api.DhcpAgentNotifyAPI._send_dhcp_notification-603952'] for subnet, before_response {{(pid=94653) _notify_loop /usr/local/lib/python3.8/dist-packages/neutron_lib/callbacks/manager.py:192}}
Sep 22 13:22:46.985360 dv-cinder-810415-1-iscsi neutron-server[94653]: INFO neutron.wsgi [None req-311799e1-8b9c-453c-afe0-284838b4e666 admin admin] 10.222.0.46 "GET /v2.0/security-groups?tenant_id=0687baab950a4700ae6ecefca50cd37f&name=default HTTP/1.1" status: 200 len: 2975 time: 1.6028011
Sep 22 13:22:46.985559 dv-cinder-810415-1-iscsi neutron-server[94654]: DEBUG neutron.wsgi [-] (94654) accepted ('10.222.0.46', 55476) {{(pid=94654) server /usr/local/lib/python3.8/dist-packages/eventlet/wsgi.py:982}}
Sep 22 13:22:46.986588 dv-cinder-810415-1-iscsi neutron-server[94656]: DEBUG neutron.plugins.ml2.db [None req-34b2686d-9208-47fc-b8af-8e0643bfaccc None None] For port 9ff13eae-f843-46e6-a56a-aef77062b117, host dv-cinder-810415-1-iscsi, cleared binding levels {{(pid=94656) clear_binding_levels /opt/stack/neutron/neutron/plugins/ml2/db.py:87}}
Sep 22 13:22:46.993213 dv-cinder-810415-1-iscsi neutron-server[94655]: DEBUG neutron.api.rpc.handlers.dhcp_rpc [None req-62b100a8-f279-43ee-bc7c-b23d97fd3c03 None None] Network 5478da1c-b0f5-4045-bb57-ac2770750ac0 requested from dv-cinder-810415-1-iscsi {{(pid=94655) get_network_info /opt/stack/neutron/neutron/api/rpc/handlers/dhcp_rpc.py:218}}
Sep 22 13:22:47.015841 dv-cinder-810415-1-iscsi neutron-server[94656]: DEBUG neutron.api.rpc.callbacks.version_manager [None req-6bb91cfc-f6a0-4e59-a78f-105c77cc0b06 None None] Version for resource type AddressGroup changed None to 1.2 on consumer Open vSwitch agent@dv-cinder-810415-1-iscsi {{(pid=94656) _set_version /opt/stack/neutron/neutron/api/rpc/callbacks/version_manager.py:113}}
Sep 22 13:22:47.019497 dv-cinder-810415-1-iscsi neutron-server[94656]: DEBUG neutron.api.rpc.callbacks.version_manager [None req-6bb91cfc-f6a0-4e59-a78f-105c77cc0b06 None None] Version for resource type ConntrackHelper changed None to 1.0 on consumer Open vSwitch agent@dv-cinder-810415-1-iscsi {{(pid=94656) _set_version /opt/stack/neutron/neutron/api/rpc/callbacks/version_manager.py:113}}
Sep 22 13:22:47.022453 dv-cinder-810415-1-iscsi neutron-server[94654]: DEBUG neutron.pecan_wsgi.hooks.quota_enforcement [None req-3a87ef42-04af-4ab9-9d58-e0f9edf01651 admin admin] Made reservation on behalf of d23059fe03be4b4aa7727aa00d93fe8f for: {'network': 1} {{(pid=94654) before /opt/stack/neutron/neutron/pecan_wsgi/hooks/quota_enforcement.py:53}}
Sep 22 13:22:47.023143 dv-cinder-810415-1-iscsi neutron-server[94656]: DEBUG neutron.api.rpc.callbacks.version_manager [None req-6bb91cfc-f6a0-4e59-a78f-105c77cc0b06 None None] Version for resource type Log changed None to 1.0 on consumer Open vSwitch agent@dv-cinder-810415-1-iscsi {{(pid=94656) _set_version /opt/stack/neutron/neutron/api/rpc/callbacks/version_manager.py:113}}
Sep 22 13:22:47.025448 dv-cinder-810415-1-iscsi neutron-server[94656]: DEBUG neutron.api.rpc.callbacks.version_manager [None req-6bb91cfc-f6a0-4e59-a78f-105c77cc0b06 None None] Version for resource type Network changed None to 1.1 on consumer Open vSwitch agent@dv-cinder-810415-1-iscsi {{(pid=94656) _set_version /opt/stack/neutron/neutron/api/rpc/callbacks/version_manager.py:113}}
Sep 22 13:22:47.025955 dv-cinder-810415-1-iscsi neutron-server[94656]: DEBUG neutron.api.rpc.callbacks.version_manager [None req-6bb91cfc-f6a0-4e59-a78f-105c77cc0b06 None None] Version for resource type Port changed None to 1.7 on consumer Open vSwitch agent@dv-cinder-810415-1-iscsi {{(pid=94656) _set_version /opt/stack/neutron/neutron/api/rpc/callbacks/version_manager.py:113}}
Sep 22 13:22:47.029641 dv-cinder-810415-1-iscsi neutron-server[94656]: DEBUG neutron.api.rpc.callbacks.version_manager [None req-6bb91cfc-f6a0-4e59-a78f-105c77cc0b06 None None] Version for resource type PortForwarding changed None to 1.2 on consumer Open vSwitch agent@dv-cinder-810415-1-iscsi {{(pid=94656) _set_version /opt/stack/neutron/neutron/api/rpc/callbacks/version_manager.py:113}}
Sep 22 13:22:47.030002 dv-cinder-810415-1-iscsi neutron-server[94656]: DEBUG neutron.api.rpc.callbacks.version_manager [None req-6bb91cfc-f6a0-4e59-a78f-105c77cc0b06 None None] Version for resource type QosPolicy changed None to 1.9 on consumer Open vSwitch agent@dv-cinder-810415-1-iscsi {{(pid=94656) _set_version /opt/stack/neutron/neutron/api/rpc/callbacks/version_manager.py:113}}
Sep 22 13:22:47.030350 dv-cinder-810415-1-iscsi neutron-server[94656]: DEBUG neutron.api.rpc.callbacks.version_manager [None req-6bb91cfc-f6a0-4e59-a78f-105c77cc0b06 None None] Version for resource type SecurityGroup changed None to 1.4 on consumer Open vSwitch agent@dv-cinder-810415-1-iscsi {{(pid=94656) _set_version /opt/stack/neutron/neutron/api/rpc/callbacks/version_manager.py:113}}
Sep 22 13:22:47.030703 dv-cinder-810415-1-iscsi neutron-server[94656]: DEBUG neutron.api.rpc.callbacks.version_manager [None req-6bb91cfc-f6a0-4e59-a78f-105c77cc0b06 None None] Version for resource type SecurityGroupRule changed None to 1.2 on consumer Open vSwitch agent@dv-cinder-810415-1-iscsi {{(pid=94656) _set_version /opt/stack/neutron/neutron/api/rpc/callbacks/version_manager.py:113}}
Sep 22 13:22:47.031967 dv-cinder-810415-1-iscsi neutron-server[94656]: DEBUG neutron.api.rpc.callbacks.version_manager [None req-6bb91cfc-f6a0-4e59-a78f-105c77cc0b06 None None] Version for resource type SubPort changed None to 1.0 on consumer Open vSwitch agent@dv-cinder-810415-1-iscsi {{(pid=94656) _set_version /opt/stack/neutron/neutron/api/rpc/callbacks/version_manager.py:113}}
Sep 22 13:22:47.032318 dv-cinder-810415-1-iscsi neutron-server[94656]: DEBUG neutron.api.rpc.callbacks.version_manager [None req-6bb91cfc-f6a0-4e59-a78f-105c77cc0b06 None None] Version for resource type Subnet changed None to 1.1 on consumer Open vSwitch agent@dv-cinder-810415-1-iscsi {{(pid=94656) _set_version /opt/stack/neutron/neutron/api/rpc/callbacks/version_manager.py:113}}
Sep 22 13:22:47.033344 dv-cinder-810415-1-iscsi neutron-server[94654]: DEBUG neutron_lib.callbacks.manager [None req-3a87ef42-04af-4ab9-9d58-e0f9edf01651 admin admin] Notify callbacks ['neutron.plugins.ml2.plugin.SecurityGroupDbMixin._ensure_default_security_group_handler-1468897'] for network, before_create {{(pid=94654) _notify_loop /usr/local/lib/python3.8/dist-packages/neutron_lib/callbacks/manager.py:192}}
Sep 22 13:22:47.035194 dv-cinder-810415-1-iscsi neutron-server[94656]: DEBUG neutron.api.rpc.callbacks.version_manager [None req-6bb91cfc-f6a0-4e59-a78f-105c77cc0b06 None None] Version for resource type Trunk changed None to 1.1 on consumer Open vSwitch agent@dv-cinder-810415-1-iscsi {{(pid=94656) _set_version /opt/stack/neutron/neutron/api/rpc/callbacks/version_manager.py:113}}
Sep 22 13:22:47.037088 dv-cinder-810415-1-iscsi neutron-server[94656]: DEBUG neutron.api.rpc.callbacks.version_manager [None req-6bb91cfc-f6a0-4e59-a78f-105c77cc0b06 None None] Tracked resource versions report:
Sep 22 13:22:47.037088 dv-cinder-810415-1-iscsi neutron-server[94656]: pushed versions:
Sep 22 13:22:47.037088 dv-cinder-810415-1-iscsi neutron-server[94656]: { 'AddressGroup': {'1.2'},
Sep 22 13:22:47.037088 dv-cinder-810415-1-iscsi neutron-server[94656]: 'ConntrackHelper': {'1.0'},
Sep 22 13:22:47.037088 dv-cinder-810415-1-iscsi neutron-server[94656]: 'Log': {'1.0'},
Sep 22 13:22:47.037088 dv-cinder-810415-1-iscsi neutron-server[94656]: 'Network': {'1.1'},
Sep 22 13:22:47.037088 dv-cinder-810415-1-iscsi neutron-server[94656]: 'Port': {'1.7'},
Sep 22 13:22:47.037088 dv-cinder-810415-1-iscsi neutron-server[94656]: 'PortForwarding': {'1.2'},
Sep 22 13:22:47.037088 dv-cinder-810415-1-iscsi neutron-server[94656]: 'QosPolicy': {'1.9'},
Sep 22 13:22:47.037088 dv-cinder-810415-1-iscsi neutron-server[94656]: 'SecurityGroup': {'1.4'},
Sep 22 13:22:47.037088 dv-cinder-810415-1-iscsi neutron-server[94656]: 'SecurityGroupRule': {'1.2'},
Sep 22 13:22:47.037088 dv-cinder-810415-1-iscsi neutron-server[94656]: 'SubPort': {'1.0'},
Sep 22 13:22:47.037088 dv-cinder-810415-1-iscsi neutron-server[94656]: 'Subnet': {'1.1'},
Sep 22 13:22:47.037088 dv-cinder-810415-1-iscsi neutron-server[94656]: 'Trunk': {'1.1'}}
Sep 22 13:22:47.037088 dv-cinder-810415-1-iscsi neutron-server[94656]: consumer versions:
Sep 22 13:22:47.037088 dv-cinder-810415-1-iscsi neutron-server[94656]: { DHCP agent@dv-cinder-810415-1-iscsi: {},
Sep 22 13:22:47.037088 dv-cinder-810415-1-iscsi neutron-server[94656]: HyperV agent@hv-cinder-81041: {},
Sep 22 13:22:47.037088 dv-cinder-810415-1-iscsi neutron-server[94656]: L3 agent@dv-cinder-810415-1-iscsi: {},
Sep 22 13:22:47.037088 dv-cinder-810415-1-iscsi neutron-server[94656]: Metadata agent@dv-cinder-810415-1-iscsi: {},
Sep 22 13:22:47.037088 dv-cinder-810415-1-iscsi neutron-server[94656]: Metering agent@dv-cinder-810415-1-iscsi: {},
Sep 22 13:22:47.037088 dv-cinder-810415-1-iscsi neutron-server[94656]: Open vSwitch agent@dv-cinder-810415-1-iscsi: { 'AddressGroup': '1.2',
Sep 22 13:22:47.037088 dv-cinder-810415-1-iscsi neutron-server[94656]: 'ConntrackHelper': '1.0',
Sep 22 13:22:47.037088 dv-cinder-810415-1-iscsi neutron-server[94656]: 'Log': '1.0',
Sep 22 13:22:47.037088 dv-cinder-810415-1-iscsi neutron-server[94656]: 'Network': '1.1',
Sep 22 13:22:47.037088 dv-cinder-810415-1-iscsi neutron-server[94656]: 'Port': '1.7',
Sep 22 13:22:47.037088 dv-cinder-810415-1-iscsi neutron-server[94656]: 'PortForwarding': '1.2',
Sep 22 13:22:47.037088 dv-cinder-810415-1-iscsi neutron-server[94656]: 'QosPolicy': '1.9',
Sep 22 13:22:47.037088 dv-cinder-810415-1-iscsi neutron-server[94656]: 'SecurityGroup': '1.4',
Sep 22 13:22:47.037088 dv-cinder-810415-1-iscsi neutron-server[94656]: 'SecurityGroupRule': '1.2',
Sep 22 13:22:47.037088 dv-cinder-810415-1-iscsi neutron-server[94656]: 'SubPort': '1.0',
Sep 22 13:22:47.037088 dv-cinder-810415-1-iscsi neutron-server[94656]: 'Subnet': '1.1',
Sep 22 13:22:47.037088 dv-cinder-810415-1-iscsi neutron-server[94656]: 'Trunk': '1.1'}}
Sep 22 13:22:47.037088 dv-cinder-810415-1-iscsi neutron-server[94656]: {{(pid=94656) report /opt/stack/neutron/neutron/api/rpc/callbacks/version_manager.py:175}}
Sep 22 13:22:47.068266 dv-cinder-810415-1-iscsi neutron-server[94656]: DEBUG neutron.plugins.ml2.db [None req-34b2686d-9208-47fc-b8af-8e0643bfaccc None None] For port 9ff13eae-f843-46e6-a56a-aef77062b117, host dv-cinder-810415-1-iscsi, set binding levels [PortBindingLevel(driver='openvswitch',host='dv-cinder-810415-1-iscsi',level=0,port_id=9ff13eae-f843-46e6-a56a-aef77062b117,segment=NetworkSegment(0c670b87-4899-4cb7-9d30-a9732c3c8977),segment_id=0c670b87-4899-4cb7-9d30-a9732c3c8977)] {{(pid=94656) set_binding_levels /opt/stack/neutron/neutron/plugins/ml2/db.py:59}}
Sep 22 13:22:47.091739 dv-cinder-810415-1-iscsi neutron-server[94655]: DEBUG neutron.api.rpc.handlers.dhcp_rpc [None req-fe339eb1-4422-4b04-b898-7a44871cab57 None None] Create dhcp port {'port': {'name': '', 'admin_state_up': True, 'device_id': 'dhcp0c518836-d975-5194-92dd-5302029d20b9-02f36182-a78d-4d44-96c0-91f1d88d7be5', 'network_id': '02f36182-a78d-4d44-96c0-91f1d88d7be5', 'tenant_id': '25bd49c8bbda46e79ad1eb27a6b14afd', 'fixed_ips': [{'subnet_id': 'e58aeb79-638b-4051-b1a2-9d16da69cec1'}]}} from dv-cinder-810415-1-iscsi. {{(pid=94655) create_dhcp_port /opt/stack/neutron/neutron/api/rpc/handlers/dhcp_rpc.py:285}}
Sep 22 13:22:47.093071 dv-cinder-810415-1-iscsi neutron-server[94655]: DEBUG neutron_lib.callbacks.manager [None req-fe339eb1-4422-4b04-b898-7a44871cab57 None None] Notify callbacks ['neutron.plugins.ml2.plugin.SecurityGroupDbMixin._ensure_default_security_group_handler-1468897'] for port, before_create {{(pid=94655) _notify_loop /usr/local/lib/python3.8/dist-packages/neutron_lib/callbacks/manager.py:192}}
Sep 22 13:22:47.128617 dv-cinder-810415-1-iscsi neutron-server[94654]: DEBUG neutron_lib.callbacks.manager [None req-3a87ef42-04af-4ab9-9d58-e0f9edf01651 admin admin] Notify callbacks [] for security_group, before_create {{(pid=94654) _notify_loop /usr/local/lib/python3.8/dist-packages/neutron_lib/callbacks/manager.py:192}}
Sep 22 13:22:47.145416 dv-cinder-810415-1-iscsi neutron-server[94656]: DEBUG neutron_lib.callbacks.manager [None req-34b2686d-9208-47fc-b8af-8e0643bfaccc None None] Notify callbacks ['neutron.plugins.ml2.plugin.SecurityGroupServerNotifierRpcMixin._notify_sg_on_port_change-1468834', 'neutron.plugins.ml2.ovo_rpc._ObjectChangeHandler.handle_event-56645', 'neutron.api.rpc.agentnotifiers.dhcp_rpc_agent_api.DhcpAgentNotifyAPI._native_event_send_dhcp_notification-641226', 'neutron.db.l3_db.L3RpcNotifierMixin._notify_gateway_port_ip_changed-8769466048772', 'neutron.db.l3_dvrscheduler_db._notify_l3_agent_port_update-8769465545921', 'neutron.db.l3_hascheduler_db._notify_l3_agent_ha_port_update-8769465545939'] for port, after_update {{(pid=94656) _notify_loop /usr/local/lib/python3.8/dist-packages/neutron_lib/callbacks/manager.py:192}}
Sep 22 13:22:47.229316 dv-cinder-810415-1-iscsi neutron-server[94653]: DEBUG neutron.db.db_base_plugin_common [None req-eb9fb75f-6669-43a2-94ca-bec6bd32e370 admin admin] Allocated IP 172.20.0.1 (00631ccd-2bf5-43ca-aa6d-946c05d540e1/35c507f5-9e73-4d2e-96fd-2f3a6cf8d950/9cdacbcd-e5f0-40b4-a8ab-00170eee3f8d) {{(pid=94653) _store_ip_allocation /opt/stack/neutron/neutron/db/db_base_plugin_common.py:131}}
Sep 22 13:22:47.254800 dv-cinder-810415-1-iscsi neutron-server[94654]: DEBUG neutron_lib.callbacks.manager [None req-64a152dd-65e7-491c-bc78-b7d4a928f01e admin admin] Notify callbacks ['neutron.services.l3_router.l3_router_plugin.L3_HA_NAT_db_mixin._before_router_create_handler-528792', 'neutron.services.l3_router.service_providers.driver_controller.DriverController._check_router_request-2197'] for router, before_create {{(pid=94654) _notify_loop /usr/local/lib/python3.8/dist-packages/neutron_lib/callbacks/manager.py:192}}
Sep 22 13:22:47.260333 dv-cinder-810415-1-iscsi neutron-server[94654]: DEBUG neutron_lib.callbacks.manager [None req-64a152dd-65e7-491c-bc78-b7d4a928f01e admin admin] Notify callbacks ['neutron.services.l3_router.l3_router_plugin.L3_HA_NAT_db_mixin._precommit_router_create-525928', 'neutron.services.l3_router.l3_router_plugin.DVRResourceOperationHandler._set_distributed_flag-529560', 'neutron.services.l3_router.l3_router_plugin.RouterAvailabilityZoneMixin._process_az_request-510471', 'neutron.services.l3_router.service_providers.driver_controller.DriverController._set_router_provider-2204'] for router, precommit_create {{(pid=94654) _notify_loop /usr/local/lib/python3.8/dist-packages/neutron_lib/callbacks/manager.py:192}}
Sep 22 13:22:47.264461 dv-cinder-810415-1-iscsi neutron-server[94655]: DEBUG neutron.api.rpc.handlers.dhcp_rpc [None req-9740746d-5688-46d7-bf72-ead61e12b975 None None] Network 5478da1c-b0f5-4045-bb57-ac2770750ac0 requested from dv-cinder-810415-1-iscsi {{(pid=94655) get_network_info /opt/stack/neutron/neutron/api/rpc/handlers/dhcp_rpc.py:218}}
Sep 22 13:22:47.306527 dv-cinder-810415-1-iscsi neutron-server[94653]: INFO neutron.wsgi [None req-cba05bd2-4bb1-4f2a-8069-15463c478651 admin admin] 10.222.0.46 "POST /v2.0/subnets HTTP/1.1" status: 201 len: 848 time: 2.0345221
Sep 22 13:22:47.385864 dv-cinder-810415-1-iscsi neutron-server[94656]: DEBUG neutron.api.rpc.handlers.resources_rpc [None req-6bb91cfc-f6a0-4e59-a78f-105c77cc0b06 None None] Pushing event updated for resources: {'Port': ['ID=9ff13eae-f843-46e6-a56a-aef77062b117,revision_number=3']} {{(pid=94656) push /opt/stack/neutron/neutron/api/rpc/handlers/resources_rpc.py:237}}
Sep 22 13:22:47.442883 dv-cinder-810415-1-iscsi neutron-server[94655]: DEBUG neutron.db.db_base_plugin_common [None req-fe339eb1-4422-4b04-b898-7a44871cab57 None None] Allocated IP 172.20.0.2 (02f36182-a78d-4d44-96c0-91f1d88d7be5/e58aeb79-638b-4051-b1a2-9d16da69cec1/5737a629-35c9-4605-86e1-2f3f3b5aef13) {{(pid=94655) _store_ip_allocation /opt/stack/neutron/neutron/db/db_base_plugin_common.py:131}}
Sep 22 13:22:47.466244 dv-cinder-810415-1-iscsi neutron-server[94656]: DEBUG neutron.db.l3_dvrscheduler_db [None req-34b2686d-9208-47fc-b8af-8e0643bfaccc None None] Routers {'35255b46-00aa-42bf-9804-9fa3363f3ef0'} bound to L3 agent in host dv-cinder-810415-1-iscsi {{(pid=94656) _get_router_ids_for_agent /opt/stack/neutron/neutron/db/l3_dvrscheduler_db.py:420}}
Sep 22 13:22:47.466915 dv-cinder-810415-1-iscsi neutron-server[94656]: DEBUG neutron.db.l3_hamode_db [None req-34b2686d-9208-47fc-b8af-8e0643bfaccc None None] neutron.services.l3_router.l3_router_plugin.L3RouterPlugin method get_ha_sync_data_for_host called with arguments (, 'dv-cinder-810415-1-iscsi', Agent(admin_state_up=True,agent_type='L3 agent',availability_zone='nova',binary='neutron-l3-agent',configurations={"agent_mode": "legacy", "ex_gw_ports": 1, "extensions": [], "floating_ips": 0, "handle_internal_only_routers": true, "interface_driver": "openvswitch", "interfaces": 1, "log_agent_heartbeats": false, "routers": 1},created_at=2021-09-22T13:14:30Z,description=,heartbeat_timestamp=2021-09-22T13:22:30Z,host='dv-cinder-810415-1-iscsi',id=18f907ce-a09f-4062-a89c-73558b0e4c47,load=0,resource_versions=,resources_synced=,started_at=2021-09-22T13:14:30Z,topic='l3_agent')) {'router_ids': ['35255b46-00aa-42bf-9804-9fa3363f3ef0'], 'active': True} {{(pid=94656) wrapper /usr/local/lib/python3.8/dist-packages/oslo_log/helpers.py:65}}
Sep 22 13:22:47.496771 dv-cinder-810415-1-iscsi neutron-server[94654]: DEBUG neutron_lib.callbacks.manager [None req-64a152dd-65e7-491c-bc78-b7d4a928f01e admin admin] Notify callbacks [] for router_controller, precommit_add_association {{(pid=94654) _notify_loop /usr/local/lib/python3.8/dist-packages/neutron_lib/callbacks/manager.py:192}}
Sep 22 13:22:47.502845 dv-cinder-810415-1-iscsi neutron-server[94653]: DEBUG neutron_lib.callbacks.manager [None req-eb9fb75f-6669-43a2-94ca-bec6bd32e370 admin admin] Notify callbacks [] for port, precommit_create {{(pid=94653) _notify_loop /usr/local/lib/python3.8/dist-packages/neutron_lib/callbacks/manager.py:192}}
Sep 22 13:22:47.508171 dv-cinder-810415-1-iscsi neutron-server[94654]: DEBUG neutron_lib.callbacks.manager [None req-8e17505a-f065-4b76-bb5d-29cf65040432 admin admin] Notify callbacks [] for security_group, before_delete {{(pid=94654) _notify_loop /usr/local/lib/python3.8/dist-packages/neutron_lib/callbacks/manager.py:192}}
Sep 22 13:22:47.563006 dv-cinder-810415-1-iscsi neutron-server[94654]: DEBUG neutron_lib.callbacks.manager [None req-8e17505a-f065-4b76-bb5d-29cf65040432 admin admin] Notify callbacks [] for security_group, precommit_delete {{(pid=94654) _notify_loop /usr/local/lib/python3.8/dist-packages/neutron_lib/callbacks/manager.py:192}}
Sep 22 13:22:47.610376 dv-cinder-810415-1-iscsi neutron-server[94653]: DEBUG neutron.wsgi [-] (94653) accepted ('10.222.0.46', 55508) {{(pid=94653) server /usr/local/lib/python3.8/dist-packages/eventlet/wsgi.py:982}}
Sep 22 13:22:47.614831 dv-cinder-810415-1-iscsi neutron-server[94653]: WARNING keystonemiddleware.auth_token [-] A valid token was submitted as a service token, but it was not a valid service token. This is incorrect but backwards compatible behaviour. This will be removed in future releases.
Sep 22 13:22:47.704105 dv-cinder-810415-1-iscsi neutron-server[94653]: DEBUG neutron_lib.callbacks.manager [None req-eb9fb75f-6669-43a2-94ca-bec6bd32e370 admin admin] Notify callbacks ['neutron.plugins.ml2.plugin.SecurityGroupServerNotifierRpcMixin._notify_sg_on_port_change-1468834', 'neutron.plugins.ml2.ovo_rpc._ObjectChangeHandler.handle_event-56645', 'neutron.api.rpc.agentnotifiers.dhcp_rpc_agent_api.DhcpAgentNotifyAPI._native_event_send_dhcp_notification-641226', 'neutron.db.l3_dvrscheduler_db._notify_l3_agent_new_port-8769465545903'] for port, after_create {{(pid=94653) _notify_loop /usr/local/lib/python3.8/dist-packages/neutron_lib/callbacks/manager.py:192}}
Sep 22 13:22:47.706582 dv-cinder-810415-1-iscsi neutron-server[94656]: DEBUG neutron.db.l3_dvr_db [None req-34b2686d-9208-47fc-b8af-8e0643bfaccc None None] Set router 35255b46-00aa-42bf-9804-9fa3363f3ef0 gateway port host: dv-cinder-810415-1-iscsi {{(pid=94656) _build_routers_list /opt/stack/neutron/neutron/db/l3_dvr_db.py:906}}
Sep 22 13:22:47.855391 dv-cinder-810415-1-iscsi neutron-server[94654]: DEBUG neutron.wsgi [-] (94654) accepted ('10.222.0.46', 55522) {{(pid=94654) server /usr/local/lib/python3.8/dist-packages/eventlet/wsgi.py:982}}
Sep 22 13:22:47.862299 dv-cinder-810415-1-iscsi neutron-server[94654]: WARNING keystonemiddleware.auth_token [-] A valid token was submitted as a service token, but it was not a valid service token. This is incorrect but backwards compatible behaviour. This will be removed in future releases.
Sep 22 13:22:47.989121 dv-cinder-810415-1-iscsi neutron-server[94655]: DEBUG neutron_lib.callbacks.manager [None req-fe339eb1-4422-4b04-b898-7a44871cab57 None None] Notify callbacks [] for port, precommit_create {{(pid=94655) _notify_loop /usr/local/lib/python3.8/dist-packages/neutron_lib/callbacks/manager.py:192}}
Sep 22 13:22:47.997948 dv-cinder-810415-1-iscsi neutron-server[94653]: DEBUG neutron.scheduler.dhcp_agent_scheduler [None req-eb9fb75f-6669-43a2-94ca-bec6bd32e370 admin admin] Network 00631ccd-2bf5-43ca-aa6d-946c05d540e1 is already hosted by enough agents. {{(pid=94653) _get_dhcp_agents_hosting_network /opt/stack/neutron/neutron/scheduler/dhcp_agent_scheduler.py:275}}
Sep 22 13:22:48.003301 dv-cinder-810415-1-iscsi neutron-server[94654]: DEBUG neutron_lib.callbacks.manager [None req-64a152dd-65e7-491c-bc78-b7d4a928f01e admin admin] Notify callbacks [] for router_gateway, precommit_update {{(pid=94654) _notify_loop /usr/local/lib/python3.8/dist-packages/neutron_lib/callbacks/manager.py:192}}
Sep 22 13:22:48.006199 dv-cinder-810415-1-iscsi neutron-server[94656]: DEBUG neutron.db.l3_hamode_db [None req-34b2686d-9208-47fc-b8af-8e0643bfaccc None None] neutron.services.l3_router.l3_router_plugin.L3RouterPlugin method _process_sync_ha_data called with arguments (, [{'id': '35255b46-00aa-42bf-9804-9fa3363f3ef0', 'name': 'tempest-ServerRescueNegativeTestJSON-1038921009-router', 'tenant_id': '0d988dcccc384000aa3ced55789d9b34', 'admin_state_up': True, 'status': 'ACTIVE', 'external_gateway_info': {'network_id': '80bb2038-970f-4a80-8d46-d014f3232982', 'external_fixed_ips': [{'subnet_id': '8a30159f-3ce6-4842-b087-3f664fcb2a96', 'ip_address': '172.27.3.234'}], 'enable_snat': True}, 'gw_port_id': '9ff13eae-f843-46e6-a56a-aef77062b117', 'description': '', 'availability_zones': ['nova'], 'distributed': False, 'ha': False, 'ha_vr_id': 0, 'availability_zone_hints': [], 'routes': [], 'flavor_id': None, 'tags': [], 'created_at': '2021-09-22T13:22:42Z', 'updated_at': '2021-09-22T13:22:44Z', 'revision_number': 3, 'project_id': '0d988dcccc384000aa3ced55789d9b34', 'gw_port': {'id': '9ff13eae-f843-46e6-a56a-aef77062b117', 'name': '', 'network_id': '80bb2038-970f-4a80-8d46-d014f3232982', 'tenant_id': '', 'mac_address': 'fa:16:3e:b3:62:9c', 'admin_state_up': True, 'status': 'DOWN', 'device_id': '35255b46-00aa-42bf-9804-9fa3363f3ef0', 'device_owner': 'network:router_gateway', 'standard_attr_id': 47, 'fixed_ips': [{'subnet_id': '8a30159f-3ce6-4842-b087-3f664fcb2a96', 'ip_address': '172.27.3.234', 'prefixlen': 24}], 'allowed_address_pairs': [], 'extra_dhcp_opts': [], 'security_groups': [], 'description': '', 'binding:vnic_type': 'normal', 'binding:profile': {}, 'binding:host_id': 'dv-cinder-810415-1-iscsi', 'binding:vif_type': 'ovs', 'binding:vif_details': {'connectivity': 'l2', 'port_filter': True, 'ovs_hybrid_plug': False, 'datapath_type': 'system', 'bridge_name': 'br-int'}, 'port_security_enabled': False, 'tags': [], 'created_at': '2021-09-22T13:22:43Z', 'updated_at': '2021-09-22T13:22:46Z', 'revision_number': 3, 'project_id': '', 'subnets': [{'id': '8a30159f-3ce6-4842-b087-3f664fcb2a96', 'cidr': '172.27.3.0/24', 'gateway_ip': '172.27.3.1', 'dns_nameservers': [], 'ipv6_ra_mode': None, 'subnetpool_id': None}], 'extra_subnets': [], 'address_scopes': {4: None, 6: None}, 'mtu': 1500}, 'enable_snat': True, 'gw_port_host': 'dv-cinder-810415-1-iscsi'}], 'dv-cinder-810415-1-iscsi', False) {} {{(pid=94656) wrapper /usr/local/lib/python3.8/dist-packages/oslo_log/helpers.py:65}}
Sep 22 13:22:48.023844 dv-cinder-810415-1-iscsi neutron-server[94653]: DEBUG neutron.scheduler.base_scheduler [None req-eb9fb75f-6669-43a2-94ca-bec6bd32e370 admin admin] Resources bound (agent type, host, resource id): {{(pid=94653) schedule /opt/stack/neutron/neutron/scheduler/base_scheduler.py:57}}
Sep 22 13:22:48.026530 dv-cinder-810415-1-iscsi neutron-server[94653]: DEBUG neutron.db.l3_dvrscheduler_db [None req-eb9fb75f-6669-43a2-94ca-bec6bd32e370 admin admin] Received port after_create {{(pid=94653) _notify_l3_agent_new_port /opt/stack/neutron/neutron/db/l3_dvrscheduler_db.py:535}}
Sep 22 13:22:48.027394 dv-cinder-810415-1-iscsi neutron-server[94653]: DEBUG neutron_lib.callbacks.manager [None req-eb9fb75f-6669-43a2-94ca-bec6bd32e370 admin admin] Notify callbacks ['neutron.services.l3_router.l3_router_plugin.DVRResourceOperationHandler._add_csnat_on_interface_create-529816'] for router_interface, before_create {{(pid=94653) _notify_loop /usr/local/lib/python3.8/dist-packages/neutron_lib/callbacks/manager.py:192}}
Sep 22 13:22:48.040591 dv-cinder-810415-1-iscsi neutron-server[94656]: DEBUG neutron.api.rpc.handlers.l3_rpc [None req-34b2686d-9208-47fc-b8af-8e0643bfaccc None None] The sync data for ids ['35255b46-00aa-42bf-9804-9fa3363f3ef0'] in dv-cinder-810415-1-iscsi is: [{'id': '35255b46-00aa-42bf-9804-9fa3363f3ef0', 'name': 'tempest-ServerRescueNegativeTestJSON-1038921009-router', 'tenant_id': '0d988dcccc384000aa3ced55789d9b34', 'admin_state_up': True, 'status': 'ACTIVE', 'external_gateway_info': {'network_id': '80bb2038-970f-4a80-8d46-d014f3232982', 'external_fixed_ips': [{'subnet_id': '8a30159f-3ce6-4842-b087-3f664fcb2a96', 'ip_address': '172.27.3.234'}], 'enable_snat': True}, 'gw_port_id': '9ff13eae-f843-46e6-a56a-aef77062b117', 'description': '', 'availability_zones': ['nova'], 'distributed': False, 'ha': False, 'ha_vr_id': 0, 'availability_zone_hints': [], 'routes': [], 'flavor_id': None, 'tags': [], 'created_at': '2021-09-22T13:22:42Z', 'updated_at': '2021-09-22T13:22:44Z', 'revision_number': 3, 'project_id': '0d988dcccc384000aa3ced55789d9b34', 'gw_port': {'id': '9ff13eae-f843-46e6-a56a-aef77062b117', 'name': '', 'network_id': '80bb2038-970f-4a80-8d46-d014f3232982', 'tenant_id': '', 'mac_address': 'fa:16:3e:b3:62:9c', 'admin_state_up': True, 'status': 'DOWN', 'device_id': '35255b46-00aa-42bf-9804-9fa3363f3ef0', 'device_owner': 'network:router_gateway', 'standard_attr_id': 47, 'fixed_ips': [{'subnet_id': '8a30159f-3ce6-4842-b087-3f664fcb2a96', 'ip_address': '172.27.3.234', 'prefixlen': 24}], 'allowed_address_pairs': [], 'extra_dhcp_opts': [], 'security_groups': [], 'description': '', 'binding:vnic_type': 'normal', 'binding:profile': {}, 'binding:host_id': 'dv-cinder-810415-1-iscsi', 'binding:vif_type': 'ovs', 'binding:vif_details': {'connectivity': 'l2', 'port_filter': True, 'ovs_hybrid_plug': False, 'datapath_type': 'system', 'bridge_name': 'br-int'}, 'port_security_enabled': False, 'tags': [], 'created_at': '2021-09-22T13:22:43Z', 'updated_at': '2021-09-22T13:22:46Z', 'revision_number': 3, 'project_id': '', 'subnets': [{'id': '8a30159f-3ce6-4842-b087-3f664fcb2a96', 'cidr': '172.27.3.0/24', 'gateway_ip': '172.27.3.1', 'dns_nameservers': [], 'ipv6_ra_mode': None, 'subnetpool_id': None}], 'extra_subnets': [], 'address_scopes': {4: None, 6: None}, 'mtu': 1500}, 'enable_snat': True, 'gw_port_host': 'dv-cinder-810415-1-iscsi'}] {{(pid=94656) sync_routers /opt/stack/neutron/neutron/api/rpc/handlers/l3_rpc.py:137}}
Sep 22 13:22:48.093512 dv-cinder-810415-1-iscsi neutron-server[94655]: DEBUG neutron_lib.callbacks.manager [None req-fe339eb1-4422-4b04-b898-7a44871cab57 None None] Notify callbacks ['neutron.plugins.ml2.plugin.SecurityGroupServerNotifierRpcMixin._notify_sg_on_port_change-1468834', 'neutron.plugins.ml2.ovo_rpc._ObjectChangeHandler.handle_event-56645', 'neutron.api.rpc.agentnotifiers.dhcp_rpc_agent_api.DhcpAgentNotifyAPI._native_event_send_dhcp_notification-641226', 'neutron.db.l3_dvrscheduler_db._notify_l3_agent_new_port-8769465545903'] for port, after_create {{(pid=94655) _notify_loop /usr/local/lib/python3.8/dist-packages/neutron_lib/callbacks/manager.py:192}}
Sep 22 13:22:48.110557 dv-cinder-810415-1-iscsi neutron-server[94654]: DEBUG neutron_lib.callbacks.manager [None req-8e17505a-f065-4b76-bb5d-29cf65040432 admin admin] Notify callbacks ['neutron.plugins.ml2.ovo_rpc._ObjectChangeHandler.handle_event-636114'] for security_group, after_delete {{(pid=94654) _notify_loop /usr/local/lib/python3.8/dist-packages/neutron_lib/callbacks/manager.py:192}}
Sep 22 13:22:48.114660 dv-cinder-810415-1-iscsi neutron-server[94654]: DEBUG neutron_lib.callbacks.manager [None req-8e17505a-f065-4b76-bb5d-29cf65040432 admin admin] Notify callbacks [] for security_group, before_response {{(pid=94654) _notify_loop /usr/local/lib/python3.8/dist-packages/neutron_lib/callbacks/manager.py:192}}
Sep 22 13:22:48.117711 dv-cinder-810415-1-iscsi neutron-server[94654]: INFO neutron.wsgi [None req-8e17505a-f065-4b76-bb5d-29cf65040432 admin admin] 10.222.0.46 "DELETE /v2.0/security-groups/7e8cc522-74f3-4995-bd75-0e67f7591c09 HTTP/1.1" status: 204 len: 168 time: 1.1286881
Sep 22 13:22:48.121057 dv-cinder-810415-1-iscsi neutron-server[94653]: DEBUG neutron.api.rpc.handlers.resources_rpc [None req-eb9fb75f-6669-43a2-94ca-bec6bd32e370 admin admin] Pushing event updated for resources: {'Port': ['ID=9cdacbcd-e5f0-40b4-a8ab-00170eee3f8d,revision_number=1']} {{(pid=94653) push /opt/stack/neutron/neutron/api/rpc/handlers/resources_rpc.py:237}}
Sep 22 13:22:48.166316 dv-cinder-810415-1-iscsi neutron-server[94654]: DEBUG neutron.api.rpc.handlers.resources_rpc [None req-8e17505a-f065-4b76-bb5d-29cf65040432 admin admin] Pushing event deleted for resources: {'SecurityGroup': ['ID=7e8cc522-74f3-4995-bd75-0e67f7591c09,revision_number=None']} {{(pid=94654) push /opt/stack/neutron/neutron/api/rpc/handlers/resources_rpc.py:237}}
Sep 22 13:22:48.168994 dv-cinder-810415-1-iscsi neutron-server[94655]: DEBUG neutron.scheduler.dhcp_agent_scheduler [None req-fe339eb1-4422-4b04-b898-7a44871cab57 None None] Network 02f36182-a78d-4d44-96c0-91f1d88d7be5 is already hosted by enough agents. {{(pid=94655) _get_dhcp_agents_hosting_network /opt/stack/neutron/neutron/scheduler/dhcp_agent_scheduler.py:275}}
Sep 22 13:22:48.171887 dv-cinder-810415-1-iscsi neutron-server[94655]: DEBUG neutron.scheduler.base_scheduler [None req-fe339eb1-4422-4b04-b898-7a44871cab57 None None] Resources bound (agent type, host, resource id): {{(pid=94655) schedule /opt/stack/neutron/neutron/scheduler/base_scheduler.py:57}}
Sep 22 13:22:48.192115 dv-cinder-810415-1-iscsi neutron-server[94654]: DEBUG neutron_lib.callbacks.manager [None req-3a87ef42-04af-4ab9-9d58-e0f9edf01651 admin admin] Notify callbacks [] for security_group, precommit_create {{(pid=94654) _notify_loop /usr/local/lib/python3.8/dist-packages/neutron_lib/callbacks/manager.py:192}}
Sep 22 13:22:48.199384 dv-cinder-810415-1-iscsi neutron-server[94654]: DEBUG neutron.pecan_wsgi.hooks.policy_enforcement [req-4a8c66aa-abc7-4258-a634-8cf47c0bd336 req-a476ed0a-117d-4332-9082-95b282fc2621 tempest-DeleteServersTestJSON-95935350 tempest-DeleteServersTestJSON-95935350-project] Attributes excluded by policy engine: ['standard_attr_id', 'vlan_transparent', 'provider:network_type', 'provider:physical_network', 'provider:segmentation_id'] {{(pid=94654) _exclude_attributes_by_policy /opt/stack/neutron/neutron/pecan_wsgi/hooks/policy_enforcement.py:255}}
Sep 22 13:22:48.200701 dv-cinder-810415-1-iscsi neutron-server[94654]: INFO neutron.wsgi [req-4a8c66aa-abc7-4258-a634-8cf47c0bd336 req-a476ed0a-117d-4332-9082-95b282fc2621 tempest-DeleteServersTestJSON-95935350 tempest-DeleteServersTestJSON-95935350-project] 10.222.0.46 "GET /v2.0/networks?id=5478da1c-b0f5-4045-bb57-ac2770750ac0 HTTP/1.1" status: 200 len: 811 time: 0.3412278
Sep 22 13:22:48.262814 dv-cinder-810415-1-iscsi neutron-server[94654]: INFO neutron.wsgi [req-4a8c66aa-abc7-4258-a634-8cf47c0bd336 req-109efaad-f03c-4098-9736-7bb0bda66955 tempest-DeleteServersTestJSON-95935350 tempest-DeleteServersTestJSON-95935350-project] 10.222.0.46 "GET /v2.0/quotas/37797a6cd6b84304bf435db653aebd62 HTTP/1.1" status: 200 len: 375 time: 0.0468740
Sep 22 13:22:48.300927 dv-cinder-810415-1-iscsi neutron-server[94655]: DEBUG neutron.db.l3_dvrscheduler_db [None req-fe339eb1-4422-4b04-b898-7a44871cab57 None None] Received port after_create {{(pid=94655) _notify_l3_agent_new_port /opt/stack/neutron/neutron/db/l3_dvrscheduler_db.py:535}}
Sep 22 13:22:48.305522 dv-cinder-810415-1-iscsi neutron-server[94654]: DEBUG neutron_lib.callbacks.manager [None req-3a87ef42-04af-4ab9-9d58-e0f9edf01651 admin admin] Notify callbacks ['neutron.plugins.ml2.ovo_rpc._ObjectChangeHandler.handle_event-636114'] for security_group, after_create {{(pid=94654) _notify_loop /usr/local/lib/python3.8/dist-packages/neutron_lib/callbacks/manager.py:192}}
Sep 22 13:22:48.336131 dv-cinder-810415-1-iscsi neutron-server[94654]: INFO neutron.wsgi [req-4a8c66aa-abc7-4258-a634-8cf47c0bd336 req-dc3b945e-82d4-4e9f-997d-0ba6e959020d tempest-DeleteServersTestJSON-95935350 tempest-DeleteServersTestJSON-95935350-project] 10.222.0.46 "GET /v2.0/ports?tenant_id=37797a6cd6b84304bf435db653aebd62&fields=id HTTP/1.1" status: 200 len: 210 time: 0.0633116
Sep 22 13:22:48.389822 dv-cinder-810415-1-iscsi neutron-server[94654]: DEBUG neutron.plugins.ml2.drivers.helpers [None req-3a87ef42-04af-4ab9-9d58-e0f9edf01651 admin admin] vlan segment allocate from pool success with {'physical_network': 'physnet1', 'vlan_id': 669} {{(pid=94654) allocate_partially_specified_segment /opt/stack/neutron/neutron/plugins/ml2/drivers/helpers.py:153}}
